I20260710 11:09:42.722812  4454 consensus_queue.cc:260] T af1081c9fc5a4d579a77dc261dc29bb8 P 590bb1db268e4b4ab31909ddd603b75e [NON_LEADER]: Queue going to NON_LEADER mode. State: All replicated index: 0, Majority replicated index: 0, Committed index: 0, Last appended: 0.0, Last appended by leader: 0, Current term: 0, Majority size: -1, State: 0, Mode: NON_LEADER, active raft config: opid_index: -1 OBSOLETE_local: false peers { permanent_uuid: "7c5446f446d448c1a55ac9ef8b5dbe77" member_type: VOTER last_known_addr { host: "127.3.14.65" port: 44819 } } peers { permanent_uuid: "a9920f3683a548f0a1883731047791a0" member_type: VOTER last_known_addr { host: "127.3.14.66" port: 43679 } } peers { permanent_uuid: "590bb1db268e4b4ab31909ddd603b75e" member_type: VOTER last_known_addr { host: "127.3.14.67" port: 42441 } }
I20260710 11:09:42.723944  4478 raft_consensus.cc:493] T 09892edff34342a490d09d14a8087669 P 590bb1db268e4b4ab31909ddd603b75e [term 0 FOLLOWER]: Starting pre-election (no leader contacted us within the election timeout)
I20260710 11:09:42.724397  4478 raft_consensus.cc:515] T 09892edff34342a490d09d14a8087669 P 590bb1db268e4b4ab31909ddd603b75e [term 0 FOLLOWER]: Starting pre-election with config: opid_index: -1 OBSOLETE_local: false peers { permanent_uuid: "7c5446f446d448c1a55ac9ef8b5dbe77" member_type: VOTER last_known_addr { host: "127.3.14.65" port: 44819 } } peers { permanent_uuid: "a9920f3683a548f0a1883731047791a0" member_type: VOTER last_known_addr { host: "127.3.14.66" port: 43679 } } peers { permanent_uuid: "590bb1db268e4b4ab31909ddd603b75e" member_type: VOTER last_known_addr { host: "127.3.14.67" port: 42441 } }
I20260710 11:09:42.726032  4454 ts_tablet_manager.cc:1434] T af1081c9fc5a4d579a77dc261dc29bb8 P 590bb1db268e4b4ab31909ddd603b75e: Time spent starting tablet: real 0.008s	user 0.008s	sys 0.001s
I20260710 11:09:42.727159  4454 tablet_bootstrap.cc:492] T 2ef150ef6afe4a5ab3e578ecff21db0c P 590bb1db268e4b4ab31909ddd603b75e: Bootstrap starting.
I20260710 11:09:42.727360  4264 tablet_service.cc:1917] Received RequestConsensusVote() RPC: tablet_id: "09892edff34342a490d09d14a8087669" candidate_uuid: "590bb1db268e4b4ab31909ddd603b75e" candidate_term: 1 candidate_status { last_received { term: 0 index: 0 } } ignore_live_leader: false dest_uuid: "7c5446f446d448c1a55ac9ef8b5dbe77" is_pre_election: true
W20260710 11:09:42.728742  4376 leader_election.cc:343] T 09892edff34342a490d09d14a8087669 P 590bb1db268e4b4ab31909ddd603b75e [CANDIDATE]: Term 1 pre-election: Tablet error from VoteRequest() call to peer 7c5446f446d448c1a55ac9ef8b5dbe77 (127.3.14.65:44819): Illegal state: must be running to vote when last-logged opid is not known
I20260710 11:09:42.727241  4460 leader_election.cc:290] T 7c49060f9e50497ebfa42543464b76cf P a9920f3683a548f0a1883731047791a0 [CANDIDATE]: Term 1 pre-election: Requested pre-vote from peers 590bb1db268e4b4ab31909ddd603b75e (127.3.14.67:42441), 7c5446f446d448c1a55ac9ef8b5dbe77 (127.3.14.65:44819)
I20260710 11:09:42.729969  4455 tablet_bootstrap.cc:492] T 7c49060f9e50497ebfa42543464b76cf P 7c5446f446d448c1a55ac9ef8b5dbe77: No bootstrap required, opened a new log
I20260710 11:09:42.730137  4478 leader_election.cc:290] T 09892edff34342a490d09d14a8087669 P 590bb1db268e4b4ab31909ddd603b75e [CANDIDATE]: Term 1 pre-election: Requested pre-vote from peers 7c5446f446d448c1a55ac9ef8b5dbe77 (127.3.14.65:44819), a9920f3683a548f0a1883731047791a0 (127.3.14.66:43679)
I20260710 11:09:42.730541  4455 ts_tablet_manager.cc:1403] T 7c49060f9e50497ebfa42543464b76cf P 7c5446f446d448c1a55ac9ef8b5dbe77: Time spent bootstrapping tablet: real 0.020s	user 0.005s	sys 0.013s
I20260710 11:09:42.732430  4339 tablet_service.cc:1917] Received RequestConsensusVote() RPC: tablet_id: "09892edff34342a490d09d14a8087669" candidate_uuid: "590bb1db268e4b4ab31909ddd603b75e" candidate_term: 1 candidate_status { last_received { term: 0 index: 0 } } ignore_live_leader: false dest_uuid: "a9920f3683a548f0a1883731047791a0" is_pre_election: true
I20260710 11:09:42.733012  4339 raft_consensus.cc:2468] T 09892edff34342a490d09d14a8087669 P a9920f3683a548f0a1883731047791a0 [term 0 FOLLOWER]: Leader pre-election vote request: Granting yes vote for candidate 590bb1db268e4b4ab31909ddd603b75e in term 0.
I20260710 11:09:42.733850  4454 tablet_bootstrap.cc:654] T 2ef150ef6afe4a5ab3e578ecff21db0c P 590bb1db268e4b4ab31909ddd603b75e: Neither blocks nor log segments found. Creating new log.
I20260710 11:09:42.734191  4377 leader_election.cc:304] T 09892edff34342a490d09d14a8087669 P 590bb1db268e4b4ab31909ddd603b75e [CANDIDATE]: Term 1 pre-election: Election decided. Result: candidate won. Election summary: received 3 responses out of 3 voters: 2 yes votes; 1 no votes. yes voters: 590bb1db268e4b4ab31909ddd603b75e, a9920f3683a548f0a1883731047791a0; no voters: 7c5446f446d448c1a55ac9ef8b5dbe77
I20260710 11:09:42.734392  4455 raft_consensus.cc:359] T 7c49060f9e50497ebfa42543464b76cf P 7c5446f446d448c1a55ac9ef8b5dbe77 [term 0 FOLLOWER]: Replica starting. Triggering 0 pending ops. Active config: opid_index: -1 OBSOLETE_local: false peers { permanent_uuid: "a9920f3683a548f0a1883731047791a0" member_type: VOTER last_known_addr { host: "127.3.14.66" port: 43679 } } peers { permanent_uuid: "590bb1db268e4b4ab31909ddd603b75e" member_type: VOTER last_known_addr { host: "127.3.14.67" port: 42441 } } peers { permanent_uuid: "7c5446f446d448c1a55ac9ef8b5dbe77" member_type: VOTER last_known_addr { host: "127.3.14.65" port: 44819 } }
I20260710 11:09:42.735212  4455 raft_consensus.cc:385] T 7c49060f9e50497ebfa42543464b76cf P 7c5446f446d448c1a55ac9ef8b5dbe77 [term 0 FOLLOWER]: Consensus starting up: Expiring failure detector timer to make a prompt election more likely
I20260710 11:09:42.735605  4455 raft_consensus.cc:740] T 7c49060f9e50497ebfa42543464b76cf P 7c5446f446d448c1a55ac9ef8b5dbe77 [term 0 FOLLOWER]: Becoming Follower/Learner. State: Replica: 7c5446f446d448c1a55ac9ef8b5dbe77, State: Initialized, Role: FOLLOWER
I20260710 11:09:42.736559  4455 consensus_queue.cc:260] T 7c49060f9e50497ebfa42543464b76cf P 7c5446f446d448c1a55ac9ef8b5dbe77 [NON_LEADER]: Queue going to NON_LEADER mode. State: All replicated index: 0, Majority replicated index: 0, Committed index: 0, Last appended: 0.0, Last appended by leader: 0, Current term: 0, Majority size: -1, State: 0, Mode: NON_LEADER, active raft config: opid_index: -1 OBSOLETE_local: false peers { permanent_uuid: "a9920f3683a548f0a1883731047791a0" member_type: VOTER last_known_addr { host: "127.3.14.66" port: 43679 } } peers { permanent_uuid: "590bb1db268e4b4ab31909ddd603b75e" member_type: VOTER last_known_addr { host: "127.3.14.67" port: 42441 } } peers { permanent_uuid: "7c5446f446d448c1a55ac9ef8b5dbe77" member_type: VOTER last_known_addr { host: "127.3.14.65" port: 44819 } }
I20260710 11:09:42.739177  4413 tablet_service.cc:1917] Received RequestConsensusVote() RPC: tablet_id: "7c49060f9e50497ebfa42543464b76cf" candidate_uuid: "a9920f3683a548f0a1883731047791a0" candidate_term: 1 candidate_status { last_received { term: 0 index: 0 } } ignore_live_leader: false dest_uuid: "590bb1db268e4b4ab31909ddd603b75e" is_pre_election: true
I20260710 11:09:42.739954  4413 raft_consensus.cc:2468] T 7c49060f9e50497ebfa42543464b76cf P 590bb1db268e4b4ab31909ddd603b75e [term 0 FOLLOWER]: Leader pre-election vote request: Granting yes vote for candidate a9920f3683a548f0a1883731047791a0 in term 0.
I20260710 11:09:42.740360  4453 ts_tablet_manager.cc:1434] T 09892edff34342a490d09d14a8087669 P a9920f3683a548f0a1883731047791a0: Time spent starting tablet: real 0.050s	user 0.007s	sys 0.000s
I20260710 11:09:42.735282  4478 raft_consensus.cc:2804] T 09892edff34342a490d09d14a8087669 P 590bb1db268e4b4ab31909ddd603b75e [term 0 FOLLOWER]: Leader pre-election won for term 1
I20260710 11:09:42.741328  4478 raft_consensus.cc:493] T 09892edff34342a490d09d14a8087669 P 590bb1db268e4b4ab31909ddd603b75e [term 0 FOLLOWER]: Starting leader election (no leader contacted us within the election timeout)
I20260710 11:09:42.741751  4478 raft_consensus.cc:3060] T 09892edff34342a490d09d14a8087669 P 590bb1db268e4b4ab31909ddd603b75e [term 0 FOLLOWER]: Advancing to term 1
I20260710 11:09:42.741950  4304 leader_election.cc:304] T 7c49060f9e50497ebfa42543464b76cf P a9920f3683a548f0a1883731047791a0 [CANDIDATE]: Term 1 pre-election: Election decided. Result: candidate won. Election summary: received 2 responses out of 3 voters: 2 yes votes; 0 no votes. yes voters: 590bb1db268e4b4ab31909ddd603b75e, a9920f3683a548f0a1883731047791a0; no voters: 
I20260710 11:09:42.743081  4460 raft_consensus.cc:2804] T 7c49060f9e50497ebfa42543464b76cf P a9920f3683a548f0a1883731047791a0 [term 0 FOLLOWER]: Leader pre-election won for term 1
I20260710 11:09:42.743510  4460 raft_consensus.cc:493] T 7c49060f9e50497ebfa42543464b76cf P a9920f3683a548f0a1883731047791a0 [term 0 FOLLOWER]: Starting leader election (no leader contacted us within the election timeout)
I20260710 11:09:42.743927  4460 raft_consensus.cc:3060] T 7c49060f9e50497ebfa42543464b76cf P a9920f3683a548f0a1883731047791a0 [term 0 FOLLOWER]: Advancing to term 1
I20260710 11:09:42.753532  4460 raft_consensus.cc:515] T 7c49060f9e50497ebfa42543464b76cf P a9920f3683a548f0a1883731047791a0 [term 1 FOLLOWER]: Starting leader election with config: opid_index: -1 OBSOLETE_local: false peers { permanent_uuid: "a9920f3683a548f0a1883731047791a0" member_type: VOTER last_known_addr { host: "127.3.14.66" port: 43679 } } peers { permanent_uuid: "590bb1db268e4b4ab31909ddd603b75e" member_type: VOTER last_known_addr { host: "127.3.14.67" port: 42441 } } peers { permanent_uuid: "7c5446f446d448c1a55ac9ef8b5dbe77" member_type: VOTER last_known_addr { host: "127.3.14.65" port: 44819 } }
I20260710 11:09:42.755638  4453 tablet_bootstrap.cc:492] T 09c8aada83404854b4b9ccbe147fdd23 P a9920f3683a548f0a1883731047791a0: Bootstrap starting.
I20260710 11:09:42.757042  4413 tablet_service.cc:1917] Received RequestConsensusVote() RPC: tablet_id: "7c49060f9e50497ebfa42543464b76cf" candidate_uuid: "a9920f3683a548f0a1883731047791a0" candidate_term: 1 candidate_status { last_received { term: 0 index: 0 } } ignore_live_leader: false dest_uuid: "590bb1db268e4b4ab31909ddd603b75e"
I20260710 11:09:42.757761  4413 raft_consensus.cc:3060] T 7c49060f9e50497ebfa42543464b76cf P 590bb1db268e4b4ab31909ddd603b75e [term 0 FOLLOWER]: Advancing to term 1
I20260710 11:09:42.761452  4461 raft_consensus.cc:515] T 24fce7186baa42f785733ce64b1fd7be P 7c5446f446d448c1a55ac9ef8b5dbe77 [term 1 FOLLOWER]: Starting leader election with config: opid_index: -1 OBSOLETE_local: false peers { permanent_uuid: "7c5446f446d448c1a55ac9ef8b5dbe77" member_type: VOTER last_known_addr { host: "127.3.14.65" port: 44819 } } peers { permanent_uuid: "a9920f3683a548f0a1883731047791a0" member_type: VOTER last_known_addr { host: "127.3.14.66" port: 43679 } } peers { permanent_uuid: "590bb1db268e4b4ab31909ddd603b75e" member_type: VOTER last_known_addr { host: "127.3.14.67" port: 42441 } }
I20260710 11:09:42.769595  4453 tablet_bootstrap.cc:654] T 09c8aada83404854b4b9ccbe147fdd23 P a9920f3683a548f0a1883731047791a0: Neither blocks nor log segments found. Creating new log.
I20260710 11:09:42.771960  4461 leader_election.cc:290] T 24fce7186baa42f785733ce64b1fd7be P 7c5446f446d448c1a55ac9ef8b5dbe77 [CANDIDATE]: Term 1 election: Requested vote from peers a9920f3683a548f0a1883731047791a0 (127.3.14.66:43679), 590bb1db268e4b4ab31909ddd603b75e (127.3.14.67:42441)
I20260710 11:09:42.772707  4413 raft_consensus.cc:2468] T 7c49060f9e50497ebfa42543464b76cf P 590bb1db268e4b4ab31909ddd603b75e [term 1 FOLLOWER]: Leader election vote request: Granting yes vote for candidate a9920f3683a548f0a1883731047791a0 in term 1.
I20260710 11:09:42.772889  4339 tablet_service.cc:1917] Received RequestConsensusVote() RPC: tablet_id: "24fce7186baa42f785733ce64b1fd7be" candidate_uuid: "7c5446f446d448c1a55ac9ef8b5dbe77" candidate_term: 1 candidate_status { last_received { term: 0 index: 0 } } ignore_live_leader: false dest_uuid: "a9920f3683a548f0a1883731047791a0"
I20260710 11:09:42.773411  4339 raft_consensus.cc:3060] T 24fce7186baa42f785733ce64b1fd7be P a9920f3683a548f0a1883731047791a0 [term 0 FOLLOWER]: Advancing to term 1
I20260710 11:09:42.773824  4304 leader_election.cc:304] T 7c49060f9e50497ebfa42543464b76cf P a9920f3683a548f0a1883731047791a0 [CANDIDATE]: Term 1 election: Election decided. Result: candidate won. Election summary: received 2 responses out of 3 voters: 2 yes votes; 0 no votes. yes voters: 590bb1db268e4b4ab31909ddd603b75e, a9920f3683a548f0a1883731047791a0; no voters: 
I20260710 11:09:42.776208  4478 raft_consensus.cc:515] T 09892edff34342a490d09d14a8087669 P 590bb1db268e4b4ab31909ddd603b75e [term 1 FOLLOWER]: Starting leader election with config: opid_index: -1 OBSOLETE_local: false peers { permanent_uuid: "7c5446f446d448c1a55ac9ef8b5dbe77" member_type: VOTER last_known_addr { host: "127.3.14.65" port: 44819 } } peers { permanent_uuid: "a9920f3683a548f0a1883731047791a0" member_type: VOTER last_known_addr { host: "127.3.14.66" port: 43679 } } peers { permanent_uuid: "590bb1db268e4b4ab31909ddd603b75e" member_type: VOTER last_known_addr { host: "127.3.14.67" port: 42441 } }
I20260710 11:09:42.778787  4264 tablet_service.cc:1917] Received RequestConsensusVote() RPC: tablet_id: "09892edff34342a490d09d14a8087669" candidate_uuid: "590bb1db268e4b4ab31909ddd603b75e" candidate_term: 1 candidate_status { last_received { term: 0 index: 0 } } ignore_live_leader: false dest_uuid: "7c5446f446d448c1a55ac9ef8b5dbe77"
I20260710 11:09:42.779579  4412 tablet_service.cc:1917] Received RequestConsensusVote() RPC: tablet_id: "24fce7186baa42f785733ce64b1fd7be" candidate_uuid: "7c5446f446d448c1a55ac9ef8b5dbe77" candidate_term: 1 candidate_status { last_received { term: 0 index: 0 } } ignore_live_leader: false dest_uuid: "590bb1db268e4b4ab31909ddd603b75e"
I20260710 11:09:42.780118  4412 raft_consensus.cc:3060] T 24fce7186baa42f785733ce64b1fd7be P 590bb1db268e4b4ab31909ddd603b75e [term 0 FOLLOWER]: Advancing to term 1
W20260710 11:09:42.780071  4376 leader_election.cc:343] T 09892edff34342a490d09d14a8087669 P 590bb1db268e4b4ab31909ddd603b75e [CANDIDATE]: Term 1 election: Tablet error from VoteRequest() call to peer 7c5446f446d448c1a55ac9ef8b5dbe77 (127.3.14.65:44819): Illegal state: must be running to vote when last-logged opid is not known
I20260710 11:09:42.783089  4478 leader_election.cc:290] T 09892edff34342a490d09d14a8087669 P 590bb1db268e4b4ab31909ddd603b75e [CANDIDATE]: Term 1 election: Requested vote from peers 7c5446f446d448c1a55ac9ef8b5dbe77 (127.3.14.65:44819), a9920f3683a548f0a1883731047791a0 (127.3.14.66:43679)
I20260710 11:09:42.785248  4338 tablet_service.cc:1917] Received RequestConsensusVote() RPC: tablet_id: "09892edff34342a490d09d14a8087669" candidate_uuid: "590bb1db268e4b4ab31909ddd603b75e" candidate_term: 1 candidate_status { last_received { term: 0 index: 0 } } ignore_live_leader: false dest_uuid: "a9920f3683a548f0a1883731047791a0"
I20260710 11:09:42.786023  4338 raft_consensus.cc:3060] T 09892edff34342a490d09d14a8087669 P a9920f3683a548f0a1883731047791a0 [term 0 FOLLOWER]: Advancing to term 1
I20260710 11:09:42.789592  4454 tablet_bootstrap.cc:492] T 2ef150ef6afe4a5ab3e578ecff21db0c P 590bb1db268e4b4ab31909ddd603b75e: No bootstrap required, opened a new log
I20260710 11:09:42.790062  4454 ts_tablet_manager.cc:1403] T 2ef150ef6afe4a5ab3e578ecff21db0c P 590bb1db268e4b4ab31909ddd603b75e: Time spent bootstrapping tablet: real 0.063s	user 0.033s	sys 0.027s
I20260710 11:09:42.793027  4454 raft_consensus.cc:359] T 2ef150ef6afe4a5ab3e578ecff21db0c P 590bb1db268e4b4ab31909ddd603b75e [term 0 FOLLOWER]: Replica starting. Triggering 0 pending ops. Active config: opid_index: -1 OBSOLETE_local: false peers { permanent_uuid: "7c5446f446d448c1a55ac9ef8b5dbe77" member_type: VOTER last_known_addr { host: "127.3.14.65" port: 44819 } } peers { permanent_uuid: "a9920f3683a548f0a1883731047791a0" member_type: VOTER last_known_addr { host: "127.3.14.66" port: 43679 } } peers { permanent_uuid: "590bb1db268e4b4ab31909ddd603b75e" member_type: VOTER last_known_addr { host: "127.3.14.67" port: 42441 } }
I20260710 11:09:42.793711  4454 raft_consensus.cc:385] T 2ef150ef6afe4a5ab3e578ecff21db0c P 590bb1db268e4b4ab31909ddd603b75e [term 0 FOLLOWER]: Consensus starting up: Expiring failure detector timer to make a prompt election more likely
I20260710 11:09:42.794088  4454 raft_consensus.cc:740] T 2ef150ef6afe4a5ab3e578ecff21db0c P 590bb1db268e4b4ab31909ddd603b75e [term 0 FOLLOWER]: Becoming Follower/Learner. State: Replica: 590bb1db268e4b4ab31909ddd603b75e, State: Initialized, Role: FOLLOWER
I20260710 11:09:42.794989  4454 consensus_queue.cc:260] T 2ef150ef6afe4a5ab3e578ecff21db0c P 590bb1db268e4b4ab31909ddd603b75e [NON_LEADER]: Queue going to NON_LEADER mode. State: All replicated index: 0, Majority replicated index: 0, Committed index: 0, Last appended: 0.0, Last appended by leader: 0, Current term: 0, Majority size: -1, State: 0, Mode: NON_LEADER, active raft config: opid_index: -1 OBSOLETE_local: false peers { permanent_uuid: "7c5446f446d448c1a55ac9ef8b5dbe77" member_type: VOTER last_known_addr { host: "127.3.14.65" port: 44819 } } peers { permanent_uuid: "a9920f3683a548f0a1883731047791a0" member_type: VOTER last_known_addr { host: "127.3.14.66" port: 43679 } } peers { permanent_uuid: "590bb1db268e4b4ab31909ddd603b75e" member_type: VOTER last_known_addr { host: "127.3.14.67" port: 42441 } }
I20260710 11:09:42.796846  4461 raft_consensus.cc:493] T af1081c9fc5a4d579a77dc261dc29bb8 P 7c5446f446d448c1a55ac9ef8b5dbe77 [term 0 FOLLOWER]: Starting pre-election (no leader contacted us within the election timeout)
I20260710 11:09:42.797204  4454 ts_tablet_manager.cc:1434] T 2ef150ef6afe4a5ab3e578ecff21db0c P 590bb1db268e4b4ab31909ddd603b75e: Time spent starting tablet: real 0.007s	user 0.006s	sys 0.000s
I20260710 11:09:42.797447  4461 raft_consensus.cc:515] T af1081c9fc5a4d579a77dc261dc29bb8 P 7c5446f446d448c1a55ac9ef8b5dbe77 [term 0 FOLLOWER]: Starting pre-election with config: opid_index: -1 OBSOLETE_local: false peers { permanent_uuid: "7c5446f446d448c1a55ac9ef8b5dbe77" member_type: VOTER last_known_addr { host: "127.3.14.65" port: 44819 } } peers { permanent_uuid: "a9920f3683a548f0a1883731047791a0" member_type: VOTER last_known_addr { host: "127.3.14.66" port: 43679 } } peers { permanent_uuid: "590bb1db268e4b4ab31909ddd603b75e" member_type: VOTER last_known_addr { host: "127.3.14.67" port: 42441 } }
I20260710 11:09:42.798144  4454 tablet_bootstrap.cc:492] T d821fedb0c854fc38d008095f4267c8a P 590bb1db268e4b4ab31909ddd603b75e: Bootstrap starting.
I20260710 11:09:42.801712  4413 tablet_service.cc:1917] Received RequestConsensusVote() RPC: tablet_id: "af1081c9fc5a4d579a77dc261dc29bb8" candidate_uuid: "7c5446f446d448c1a55ac9ef8b5dbe77" candidate_term: 1 candidate_status { last_received { term: 0 index: 0 } } ignore_live_leader: false dest_uuid: "590bb1db268e4b4ab31909ddd603b75e" is_pre_election: true
I20260710 11:09:42.802325  4413 raft_consensus.cc:2468] T af1081c9fc5a4d579a77dc261dc29bb8 P 590bb1db268e4b4ab31909ddd603b75e [term 0 FOLLOWER]: Leader pre-election vote request: Granting yes vote for candidate 7c5446f446d448c1a55ac9ef8b5dbe77 in term 0.
I20260710 11:09:42.802464  4461 leader_election.cc:290] T af1081c9fc5a4d579a77dc261dc29bb8 P 7c5446f446d448c1a55ac9ef8b5dbe77 [CANDIDATE]: Term 1 pre-election: Requested pre-vote from peers a9920f3683a548f0a1883731047791a0 (127.3.14.66:43679), 590bb1db268e4b4ab31909ddd603b75e (127.3.14.67:42441)
I20260710 11:09:42.802345  4337 tablet_service.cc:1917] Received RequestConsensusVote() RPC: tablet_id: "af1081c9fc5a4d579a77dc261dc29bb8" candidate_uuid: "7c5446f446d448c1a55ac9ef8b5dbe77" candidate_term: 1 candidate_status { last_received { term: 0 index: 0 } } ignore_live_leader: false dest_uuid: "a9920f3683a548f0a1883731047791a0" is_pre_election: true
I20260710 11:09:42.802582  4339 raft_consensus.cc:2468] T 24fce7186baa42f785733ce64b1fd7be P a9920f3683a548f0a1883731047791a0 [term 1 FOLLOWER]: Leader election vote request: Granting yes vote for candidate 7c5446f446d448c1a55ac9ef8b5dbe77 in term 1.
I20260710 11:09:42.806211  4454 tablet_bootstrap.cc:654] T d821fedb0c854fc38d008095f4267c8a P 590bb1db268e4b4ab31909ddd603b75e: Neither blocks nor log segments found. Creating new log.
W20260710 11:09:42.806371  4228 leader_election.cc:343] T af1081c9fc5a4d579a77dc261dc29bb8 P 7c5446f446d448c1a55ac9ef8b5dbe77 [CANDIDATE]: Term 1 pre-election: Tablet error from VoteRequest() call to peer a9920f3683a548f0a1883731047791a0 (127.3.14.66:43679): Illegal state: must be running to vote when last-logged opid is not known
I20260710 11:09:42.806896  4460 leader_election.cc:290] T 7c49060f9e50497ebfa42543464b76cf P a9920f3683a548f0a1883731047791a0 [CANDIDATE]: Term 1 election: Requested vote from peers 590bb1db268e4b4ab31909ddd603b75e (127.3.14.67:42441), 7c5446f446d448c1a55ac9ef8b5dbe77 (127.3.14.65:44819)
I20260710 11:09:42.806936  4229 leader_election.cc:304] T af1081c9fc5a4d579a77dc261dc29bb8 P 7c5446f446d448c1a55ac9ef8b5dbe77 [CANDIDATE]: Term 1 pre-election: Election decided. Result: candidate won. Election summary: received 3 responses out of 3 voters: 2 yes votes; 1 no votes. yes voters: 590bb1db268e4b4ab31909ddd603b75e, 7c5446f446d448c1a55ac9ef8b5dbe77; no voters: a9920f3683a548f0a1883731047791a0
I20260710 11:09:42.807550  4460 raft_consensus.cc:2804] T 7c49060f9e50497ebfa42543464b76cf P a9920f3683a548f0a1883731047791a0 [term 1 FOLLOWER]: Leader election won for term 1
I20260710 11:09:42.807736  4228 leader_election.cc:304] T 24fce7186baa42f785733ce64b1fd7be P 7c5446f446d448c1a55ac9ef8b5dbe77 [CANDIDATE]: Term 1 election: Election decided. Result: candidate won. Election summary: received 2 responses out of 3 voters: 2 yes votes; 0 no votes. yes voters: 7c5446f446d448c1a55ac9ef8b5dbe77, a9920f3683a548f0a1883731047791a0; no voters: 
I20260710 11:09:42.808041  4488 raft_consensus.cc:2804] T af1081c9fc5a4d579a77dc261dc29bb8 P 7c5446f446d448c1a55ac9ef8b5dbe77 [term 0 FOLLOWER]: Leader pre-election won for term 1
I20260710 11:09:42.801596  4412 raft_consensus.cc:2468] T 24fce7186baa42f785733ce64b1fd7be P 590bb1db268e4b4ab31909ddd603b75e [term 1 FOLLOWER]: Leader election vote request: Granting yes vote for candidate 7c5446f446d448c1a55ac9ef8b5dbe77 in term 1.
I20260710 11:09:42.808429  4488 raft_consensus.cc:493] T af1081c9fc5a4d579a77dc261dc29bb8 P 7c5446f446d448c1a55ac9ef8b5dbe77 [term 0 FOLLOWER]: Starting leader election (no leader contacted us within the election timeout)
I20260710 11:09:42.810791  4461 raft_consensus.cc:2804] T 24fce7186baa42f785733ce64b1fd7be P 7c5446f446d448c1a55ac9ef8b5dbe77 [term 1 FOLLOWER]: Leader election won for term 1
I20260710 11:09:42.811252  4461 raft_consensus.cc:697] T 24fce7186baa42f785733ce64b1fd7be P 7c5446f446d448c1a55ac9ef8b5dbe77 [term 1 LEADER]: Becoming Leader. State: Replica: 7c5446f446d448c1a55ac9ef8b5dbe77, State: Running, Role: LEADER
I20260710 11:09:42.811982  4453 tablet_bootstrap.cc:492] T 09c8aada83404854b4b9ccbe147fdd23 P a9920f3683a548f0a1883731047791a0: No bootstrap required, opened a new log
I20260710 11:09:42.808035  4460 raft_consensus.cc:697] T 7c49060f9e50497ebfa42543464b76cf P a9920f3683a548f0a1883731047791a0 [term 1 LEADER]: Becoming Leader. State: Replica: a9920f3683a548f0a1883731047791a0, State: Running, Role: LEADER
I20260710 11:09:42.812340  4488 raft_consensus.cc:3060] T af1081c9fc5a4d579a77dc261dc29bb8 P 7c5446f446d448c1a55ac9ef8b5dbe77 [term 0 FOLLOWER]: Advancing to term 1
I20260710 11:09:42.813369  4460 consensus_queue.cc:237] T 7c49060f9e50497ebfa42543464b76cf P a9920f3683a548f0a1883731047791a0 [LEADER]: Queue going to LEADER mode. State: All replicated index: 0, Majority replicated index: 0, Committed index: 0, Last appended: 0.0, Last appended by leader: 0, Current term: 1, Majority size: 2, State: 0, Mode: LEADER, active raft config: opid_index: -1 OBSOLETE_local: false peers { permanent_uuid: "a9920f3683a548f0a1883731047791a0" member_type: VOTER last_known_addr { host: "127.3.14.66" port: 43679 } } peers { permanent_uuid: "590bb1db268e4b4ab31909ddd603b75e" member_type: VOTER last_known_addr { host: "127.3.14.67" port: 42441 } } peers { permanent_uuid: "7c5446f446d448c1a55ac9ef8b5dbe77" member_type: VOTER last_known_addr { host: "127.3.14.65" port: 44819 } }
I20260710 11:09:42.812084  4455 ts_tablet_manager.cc:1434] T 7c49060f9e50497ebfa42543464b76cf P 7c5446f446d448c1a55ac9ef8b5dbe77: Time spent starting tablet: real 0.081s	user 0.014s	sys 0.034s
I20260710 11:09:42.819350  4264 tablet_service.cc:1917] Received RequestConsensusVote() RPC: tablet_id: "7c49060f9e50497ebfa42543464b76cf" candidate_uuid: "a9920f3683a548f0a1883731047791a0" candidate_term: 1 candidate_status { last_received { term: 0 index: 0 } } ignore_live_leader: false dest_uuid: "7c5446f446d448c1a55ac9ef8b5dbe77" is_pre_election: true
I20260710 11:09:42.821424  4263 tablet_service.cc:1917] Received RequestConsensusVote() RPC: tablet_id: "7c49060f9e50497ebfa42543464b76cf" candidate_uuid: "a9920f3683a548f0a1883731047791a0" candidate_term: 1 candidate_status { last_received { term: 0 index: 0 } } ignore_live_leader: false dest_uuid: "7c5446f446d448c1a55ac9ef8b5dbe77"
I20260710 11:09:42.821857  4455 tablet_bootstrap.cc:492] T 13a427380b4f436aaa35a71ce0078a5f P 7c5446f446d448c1a55ac9ef8b5dbe77: Bootstrap starting.
I20260710 11:09:42.818337  4453 ts_tablet_manager.cc:1403] T 09c8aada83404854b4b9ccbe147fdd23 P a9920f3683a548f0a1883731047791a0: Time spent bootstrapping tablet: real 0.063s	user 0.008s	sys 0.007s
I20260710 11:09:42.822458  4264 raft_consensus.cc:2468] T 7c49060f9e50497ebfa42543464b76cf P 7c5446f446d448c1a55ac9ef8b5dbe77 [term 0 FOLLOWER]: Leader pre-election vote request: Granting yes vote for candidate a9920f3683a548f0a1883731047791a0 in term 0.
I20260710 11:09:42.824855  4338 raft_consensus.cc:2468] T 09892edff34342a490d09d14a8087669 P a9920f3683a548f0a1883731047791a0 [term 1 FOLLOWER]: Leader election vote request: Granting yes vote for candidate 590bb1db268e4b4ab31909ddd603b75e in term 1.
I20260710 11:09:42.812058  4461 consensus_queue.cc:237] T 24fce7186baa42f785733ce64b1fd7be P 7c5446f446d448c1a55ac9ef8b5dbe77 [LEADER]: Queue going to LEADER mode. State: All replicated index: 0, Majority replicated index: 0, Committed index: 0, Last appended: 0.0, Last appended by leader: 0, Current term: 1, Majority size: 2, State: 0, Mode: LEADER, active raft config: opid_index: -1 OBSOLETE_local: false peers { permanent_uuid: "7c5446f446d448c1a55ac9ef8b5dbe77" member_type: VOTER last_known_addr { host: "127.3.14.65" port: 44819 } } peers { permanent_uuid: "a9920f3683a548f0a1883731047791a0" member_type: VOTER last_known_addr { host: "127.3.14.66" port: 43679 } } peers { permanent_uuid: "590bb1db268e4b4ab31909ddd603b75e" member_type: VOTER last_known_addr { host: "127.3.14.67" port: 42441 } }
I20260710 11:09:42.827795  4377 leader_election.cc:304] T 09892edff34342a490d09d14a8087669 P 590bb1db268e4b4ab31909ddd603b75e [CANDIDATE]: Term 1 election: Election decided. Result: candidate won. Election summary: received 3 responses out of 3 voters: 2 yes votes; 1 no votes. yes voters: 590bb1db268e4b4ab31909ddd603b75e, a9920f3683a548f0a1883731047791a0; no voters: 7c5446f446d448c1a55ac9ef8b5dbe77
I20260710 11:09:42.828816  4478 raft_consensus.cc:2804] T 09892edff34342a490d09d14a8087669 P 590bb1db268e4b4ab31909ddd603b75e [term 1 FOLLOWER]: Leader election won for term 1
I20260710 11:09:42.829398  4478 raft_consensus.cc:697] T 09892edff34342a490d09d14a8087669 P 590bb1db268e4b4ab31909ddd603b75e [term 1 LEADER]: Becoming Leader. State: Replica: 590bb1db268e4b4ab31909ddd603b75e, State: Running, Role: LEADER
I20260710 11:09:42.828912  4453 raft_consensus.cc:359] T 09c8aada83404854b4b9ccbe147fdd23 P a9920f3683a548f0a1883731047791a0 [term 0 FOLLOWER]: Replica starting. Triggering 0 pending ops. Active config: opid_index: -1 OBSOLETE_local: false peers { permanent_uuid: "7c5446f446d448c1a55ac9ef8b5dbe77" member_type: VOTER last_known_addr { host: "127.3.14.65" port: 44819 } } peers { permanent_uuid: "a9920f3683a548f0a1883731047791a0" member_type: VOTER last_known_addr { host: "127.3.14.66" port: 43679 } } peers { permanent_uuid: "590bb1db268e4b4ab31909ddd603b75e" member_type: VOTER last_known_addr { host: "127.3.14.67" port: 42441 } }
I20260710 11:09:42.830137  4453 raft_consensus.cc:385] T 09c8aada83404854b4b9ccbe147fdd23 P a9920f3683a548f0a1883731047791a0 [term 0 FOLLOWER]: Consensus starting up: Expiring failure detector timer to make a prompt election more likely
I20260710 11:09:42.830497  4478 consensus_queue.cc:237] T 09892edff34342a490d09d14a8087669 P 590bb1db268e4b4ab31909ddd603b75e [LEADER]: Queue going to LEADER mode. State: All replicated index: 0, Majority replicated index: 0, Committed index: 0, Last appended: 0.0, Last appended by leader: 0, Current term: 1, Majority size: 2, State: 0, Mode: LEADER, active raft config: opid_index: -1 OBSOLETE_local: false peers { permanent_uuid: "7c5446f446d448c1a55ac9ef8b5dbe77" member_type: VOTER last_known_addr { host: "127.3.14.65" port: 44819 } } peers { permanent_uuid: "a9920f3683a548f0a1883731047791a0" member_type: VOTER last_known_addr { host: "127.3.14.66" port: 43679 } } peers { permanent_uuid: "590bb1db268e4b4ab31909ddd603b75e" member_type: VOTER last_known_addr { host: "127.3.14.67" port: 42441 } }
I20260710 11:09:42.833717  4488 raft_consensus.cc:515] T af1081c9fc5a4d579a77dc261dc29bb8 P 7c5446f446d448c1a55ac9ef8b5dbe77 [term 1 FOLLOWER]: Starting leader election with config: opid_index: -1 OBSOLETE_local: false peers { permanent_uuid: "7c5446f446d448c1a55ac9ef8b5dbe77" member_type: VOTER last_known_addr { host: "127.3.14.65" port: 44819 } } peers { permanent_uuid: "a9920f3683a548f0a1883731047791a0" member_type: VOTER last_known_addr { host: "127.3.14.66" port: 43679 } } peers { permanent_uuid: "590bb1db268e4b4ab31909ddd603b75e" member_type: VOTER last_known_addr { host: "127.3.14.67" port: 42441 } }
I20260710 11:09:42.830523  4453 raft_consensus.cc:740] T 09c8aada83404854b4b9ccbe147fdd23 P a9920f3683a548f0a1883731047791a0 [term 0 FOLLOWER]: Becoming Follower/Learner. State: Replica: a9920f3683a548f0a1883731047791a0, State: Initialized, Role: FOLLOWER
I20260710 11:09:42.849165  4453 consensus_queue.cc:260] T 09c8aada83404854b4b9ccbe147fdd23 P a9920f3683a548f0a1883731047791a0 [NON_LEADER]: Queue going to NON_LEADER mode. State: All replicated index: 0, Majority replicated index: 0, Committed index: 0, Last appended: 0.0, Last appended by leader: 0, Current term: 0, Majority size: -1, State: 0, Mode: NON_LEADER, active raft config: opid_index: -1 OBSOLETE_local: false peers { permanent_uuid: "7c5446f446d448c1a55ac9ef8b5dbe77" member_type: VOTER last_known_addr { host: "127.3.14.65" port: 44819 } } peers { permanent_uuid: "a9920f3683a548f0a1883731047791a0" member_type: VOTER last_known_addr { host: "127.3.14.66" port: 43679 } } peers { permanent_uuid: "590bb1db268e4b4ab31909ddd603b75e" member_type: VOTER last_known_addr { host: "127.3.14.67" port: 42441 } }
W20260710 11:09:42.852449  4228 outbound_call.cc:321] RPC callback for RPC call kudu.consensus.ConsensusService.RequestConsensusVote -> {remote=127.3.14.66:43679, user_credentials={real_user=slave}} blocked reactor thread for 44776.7us
I20260710 11:09:42.857120  4454 tablet_bootstrap.cc:492] T d821fedb0c854fc38d008095f4267c8a P 590bb1db268e4b4ab31909ddd603b75e: No bootstrap required, opened a new log
I20260710 11:09:42.857625  4454 ts_tablet_manager.cc:1403] T d821fedb0c854fc38d008095f4267c8a P 590bb1db268e4b4ab31909ddd603b75e: Time spent bootstrapping tablet: real 0.060s	user 0.015s	sys 0.008s
I20260710 11:09:42.853927  4453 ts_tablet_manager.cc:1434] T 09c8aada83404854b4b9ccbe147fdd23 P a9920f3683a548f0a1883731047791a0: Time spent starting tablet: real 0.028s	user 0.003s	sys 0.004s
I20260710 11:09:42.860538  4455 tablet_bootstrap.cc:654] T 13a427380b4f436aaa35a71ce0078a5f P 7c5446f446d448c1a55ac9ef8b5dbe77: Neither blocks nor log segments found. Creating new log.
I20260710 11:09:42.862370  4454 raft_consensus.cc:359] T d821fedb0c854fc38d008095f4267c8a P 590bb1db268e4b4ab31909ddd603b75e [term 0 FOLLOWER]: Replica starting. Triggering 0 pending ops. Active config: opid_index: -1 OBSOLETE_local: false peers { permanent_uuid: "7c5446f446d448c1a55ac9ef8b5dbe77" member_type: VOTER last_known_addr { host: "127.3.14.65" port: 44819 } } peers { permanent_uuid: "a9920f3683a548f0a1883731047791a0" member_type: VOTER last_known_addr { host: "127.3.14.66" port: 43679 } } peers { permanent_uuid: "590bb1db268e4b4ab31909ddd603b75e" member_type: VOTER last_known_addr { host: "127.3.14.67" port: 42441 } }
I20260710 11:09:42.862951  4453 tablet_bootstrap.cc:492] T d821fedb0c854fc38d008095f4267c8a P a9920f3683a548f0a1883731047791a0: Bootstrap starting.
I20260710 11:09:42.863557  4454 raft_consensus.cc:385] T d821fedb0c854fc38d008095f4267c8a P 590bb1db268e4b4ab31909ddd603b75e [term 0 FOLLOWER]: Consensus starting up: Expiring failure detector timer to make a prompt election more likely
I20260710 11:09:42.864089  4454 raft_consensus.cc:740] T d821fedb0c854fc38d008095f4267c8a P 590bb1db268e4b4ab31909ddd603b75e [term 0 FOLLOWER]: Becoming Follower/Learner. State: Replica: 590bb1db268e4b4ab31909ddd603b75e, State: Initialized, Role: FOLLOWER
I20260710 11:09:42.868213  4159 catalog_manager.cc:5697] T 7c49060f9e50497ebfa42543464b76cf P a9920f3683a548f0a1883731047791a0 reported cstate change: term changed from 0 to 1, leader changed from <none> to a9920f3683a548f0a1883731047791a0 (127.3.14.66). New cstate: current_term: 1 leader_uuid: "a9920f3683a548f0a1883731047791a0" committed_config { opid_index: -1 OBSOLETE_local: false peers { permanent_uuid: "a9920f3683a548f0a1883731047791a0" member_type: VOTER last_known_addr { host: "127.3.14.66" port: 43679 } health_report { overall_health: HEALTHY } } peers { permanent_uuid: "590bb1db268e4b4ab31909ddd603b75e" member_type: VOTER last_known_addr { host: "127.3.14.67" port: 42441 } health_report { overall_health: UNKNOWN } } peers { permanent_uuid: "7c5446f446d448c1a55ac9ef8b5dbe77" member_type: VOTER last_known_addr { host: "127.3.14.65" port: 44819 } health_report { overall_health: UNKNOWN } } }
I20260710 11:09:42.868526  4454 consensus_queue.cc:260] T d821fedb0c854fc38d008095f4267c8a P 590bb1db268e4b4ab31909ddd603b75e [NON_LEADER]: Queue going to NON_LEADER mode. State: All replicated index: 0, Majority replicated index: 0, Committed index: 0, Last appended: 0.0, Last appended by leader: 0, Current term: 0, Majority size: -1, State: 0, Mode: NON_LEADER, active raft config: opid_index: -1 OBSOLETE_local: false peers { permanent_uuid: "7c5446f446d448c1a55ac9ef8b5dbe77" member_type: VOTER last_known_addr { host: "127.3.14.65" port: 44819 } } peers { permanent_uuid: "a9920f3683a548f0a1883731047791a0" member_type: VOTER last_known_addr { host: "127.3.14.66" port: 43679 } } peers { permanent_uuid: "590bb1db268e4b4ab31909ddd603b75e" member_type: VOTER last_known_addr { host: "127.3.14.67" port: 42441 } }
I20260710 11:09:42.871773  4454 ts_tablet_manager.cc:1434] T d821fedb0c854fc38d008095f4267c8a P 590bb1db268e4b4ab31909ddd603b75e: Time spent starting tablet: real 0.014s	user 0.005s	sys 0.001s
I20260710 11:09:42.872026  4455 tablet_bootstrap.cc:492] T 13a427380b4f436aaa35a71ce0078a5f P 7c5446f446d448c1a55ac9ef8b5dbe77: No bootstrap required, opened a new log
I20260710 11:09:42.872516  4455 ts_tablet_manager.cc:1403] T 13a427380b4f436aaa35a71ce0078a5f P 7c5446f446d448c1a55ac9ef8b5dbe77: Time spent bootstrapping tablet: real 0.051s	user 0.009s	sys 0.004s
I20260710 11:09:42.872565  4454 tablet_bootstrap.cc:492] T 675c4aad361f45aaa97d8140ca5d2057 P 590bb1db268e4b4ab31909ddd603b75e: Bootstrap starting.
I20260710 11:09:42.875481  4453 tablet_bootstrap.cc:654] T d821fedb0c854fc38d008095f4267c8a P a9920f3683a548f0a1883731047791a0: Neither blocks nor log segments found. Creating new log.
I20260710 11:09:42.875473  4455 raft_consensus.cc:359] T 13a427380b4f436aaa35a71ce0078a5f P 7c5446f446d448c1a55ac9ef8b5dbe77 [term 0 FOLLOWER]: Replica starting. Triggering 0 pending ops. Active config: opid_index: -1 OBSOLETE_local: false peers { permanent_uuid: "7c5446f446d448c1a55ac9ef8b5dbe77" member_type: VOTER last_known_addr { host: "127.3.14.65" port: 44819 } } peers { permanent_uuid: "a9920f3683a548f0a1883731047791a0" member_type: VOTER last_known_addr { host: "127.3.14.66" port: 43679 } } peers { permanent_uuid: "590bb1db268e4b4ab31909ddd603b75e" member_type: VOTER last_known_addr { host: "127.3.14.67" port: 42441 } }
I20260710 11:09:42.876315  4455 raft_consensus.cc:385] T 13a427380b4f436aaa35a71ce0078a5f P 7c5446f446d448c1a55ac9ef8b5dbe77 [term 0 FOLLOWER]: Consensus starting up: Expiring failure detector timer to make a prompt election more likely
I20260710 11:09:42.876629  4455 raft_consensus.cc:740] T 13a427380b4f436aaa35a71ce0078a5f P 7c5446f446d448c1a55ac9ef8b5dbe77 [term 0 FOLLOWER]: Becoming Follower/Learner. State: Replica: 7c5446f446d448c1a55ac9ef8b5dbe77, State: Initialized, Role: FOLLOWER
I20260710 11:09:42.877306  4455 consensus_queue.cc:260] T 13a427380b4f436aaa35a71ce0078a5f P 7c5446f446d448c1a55ac9ef8b5dbe77 [NON_LEADER]: Queue going to NON_LEADER mode. State: All replicated index: 0, Majority replicated index: 0, Committed index: 0, Last appended: 0.0, Last appended by leader: 0, Current term: 0, Majority size: -1, State: 0, Mode: NON_LEADER, active raft config: opid_index: -1 OBSOLETE_local: false peers { permanent_uuid: "7c5446f446d448c1a55ac9ef8b5dbe77" member_type: VOTER last_known_addr { host: "127.3.14.65" port: 44819 } } peers { permanent_uuid: "a9920f3683a548f0a1883731047791a0" member_type: VOTER last_known_addr { host: "127.3.14.66" port: 43679 } } peers { permanent_uuid: "590bb1db268e4b4ab31909ddd603b75e" member_type: VOTER last_known_addr { host: "127.3.14.67" port: 42441 } }
I20260710 11:09:42.878057  4454 tablet_bootstrap.cc:654] T 675c4aad361f45aaa97d8140ca5d2057 P 590bb1db268e4b4ab31909ddd603b75e: Neither blocks nor log segments found. Creating new log.
I20260710 11:09:42.879879  4455 ts_tablet_manager.cc:1434] T 13a427380b4f436aaa35a71ce0078a5f P 7c5446f446d448c1a55ac9ef8b5dbe77: Time spent starting tablet: real 0.007s	user 0.006s	sys 0.002s
I20260710 11:09:42.880167  4338 tablet_service.cc:1917] Received RequestConsensusVote() RPC: tablet_id: "af1081c9fc5a4d579a77dc261dc29bb8" candidate_uuid: "7c5446f446d448c1a55ac9ef8b5dbe77" candidate_term: 1 candidate_status { last_received { term: 0 index: 0 } } ignore_live_leader: false dest_uuid: "a9920f3683a548f0a1883731047791a0"
I20260710 11:09:42.881234  4455 tablet_bootstrap.cc:492] T 2817681f856a45848090eb92e0898d93 P 7c5446f446d448c1a55ac9ef8b5dbe77: Bootstrap starting.
W20260710 11:09:42.882165  4228 leader_election.cc:343] T af1081c9fc5a4d579a77dc261dc29bb8 P 7c5446f446d448c1a55ac9ef8b5dbe77 [CANDIDATE]: Term 1 election: Tablet error from VoteRequest() call to peer a9920f3683a548f0a1883731047791a0 (127.3.14.66:43679): Illegal state: must be running to vote when last-logged opid is not known
I20260710 11:09:42.883805  4488 leader_election.cc:290] T af1081c9fc5a4d579a77dc261dc29bb8 P 7c5446f446d448c1a55ac9ef8b5dbe77 [CANDIDATE]: Term 1 election: Requested vote from peers a9920f3683a548f0a1883731047791a0 (127.3.14.66:43679), 590bb1db268e4b4ab31909ddd603b75e (127.3.14.67:42441)
I20260710 11:09:42.884349  4412 tablet_service.cc:1917] Received RequestConsensusVote() RPC: tablet_id: "af1081c9fc5a4d579a77dc261dc29bb8" candidate_uuid: "7c5446f446d448c1a55ac9ef8b5dbe77" candidate_term: 1 candidate_status { last_received { term: 0 index: 0 } } ignore_live_leader: false dest_uuid: "590bb1db268e4b4ab31909ddd603b75e"
I20260710 11:09:42.884905  4412 raft_consensus.cc:3060] T af1081c9fc5a4d579a77dc261dc29bb8 P 590bb1db268e4b4ab31909ddd603b75e [term 0 FOLLOWER]: Advancing to term 1
I20260710 11:09:42.885071  4488 raft_consensus.cc:493] T 13a427380b4f436aaa35a71ce0078a5f P 7c5446f446d448c1a55ac9ef8b5dbe77 [term 0 FOLLOWER]: Starting pre-election (no leader contacted us within the election timeout)
I20260710 11:09:42.885576  4488 raft_consensus.cc:515] T 13a427380b4f436aaa35a71ce0078a5f P 7c5446f446d448c1a55ac9ef8b5dbe77 [term 0 FOLLOWER]: Starting pre-election with config: opid_index: -1 OBSOLETE_local: false peers { permanent_uuid: "7c5446f446d448c1a55ac9ef8b5dbe77" member_type: VOTER last_known_addr { host: "127.3.14.65" port: 44819 } } peers { permanent_uuid: "a9920f3683a548f0a1883731047791a0" member_type: VOTER last_known_addr { host: "127.3.14.66" port: 43679 } } peers { permanent_uuid: "590bb1db268e4b4ab31909ddd603b75e" member_type: VOTER last_known_addr { host: "127.3.14.67" port: 42441 } }
I20260710 11:09:42.888031  4338 tablet_service.cc:1917] Received RequestConsensusVote() RPC: tablet_id: "13a427380b4f436aaa35a71ce0078a5f" candidate_uuid: "7c5446f446d448c1a55ac9ef8b5dbe77" candidate_term: 1 candidate_status { last_received { term: 0 index: 0 } } ignore_live_leader: false dest_uuid: "a9920f3683a548f0a1883731047791a0" is_pre_election: true
I20260710 11:09:42.888746  4338 raft_consensus.cc:2393] T 13a427380b4f436aaa35a71ce0078a5f P a9920f3683a548f0a1883731047791a0 [term 1 FOLLOWER]: Leader pre-election vote request: Denying vote to candidate 7c5446f446d448c1a55ac9ef8b5dbe77 in current term 1: Already voted for candidate 590bb1db268e4b4ab31909ddd603b75e in this term.
I20260710 11:09:42.891247  4488 leader_election.cc:290] T 13a427380b4f436aaa35a71ce0078a5f P 7c5446f446d448c1a55ac9ef8b5dbe77 [CANDIDATE]: Term 1 pre-election: Requested pre-vote from peers a9920f3683a548f0a1883731047791a0 (127.3.14.66:43679), 590bb1db268e4b4ab31909ddd603b75e (127.3.14.67:42441)
I20260710 11:09:42.891950  4412 raft_consensus.cc:2468] T af1081c9fc5a4d579a77dc261dc29bb8 P 590bb1db268e4b4ab31909ddd603b75e [term 1 FOLLOWER]: Leader election vote request: Granting yes vote for candidate 7c5446f446d448c1a55ac9ef8b5dbe77 in term 1.
I20260710 11:09:42.893087  4453 tablet_bootstrap.cc:492] T d821fedb0c854fc38d008095f4267c8a P a9920f3683a548f0a1883731047791a0: No bootstrap required, opened a new log
I20260710 11:09:42.893539  4453 ts_tablet_manager.cc:1403] T d821fedb0c854fc38d008095f4267c8a P a9920f3683a548f0a1883731047791a0: Time spent bootstrapping tablet: real 0.031s	user 0.012s	sys 0.002s
I20260710 11:09:42.895637  4229 leader_election.cc:304] T af1081c9fc5a4d579a77dc261dc29bb8 P 7c5446f446d448c1a55ac9ef8b5dbe77 [CANDIDATE]: Term 1 election: Election decided. Result: candidate won. Election summary: received 3 responses out of 3 voters: 2 yes votes; 1 no votes. yes voters: 590bb1db268e4b4ab31909ddd603b75e, 7c5446f446d448c1a55ac9ef8b5dbe77; no voters: a9920f3683a548f0a1883731047791a0
I20260710 11:09:42.895987  4412 tablet_service.cc:1917] Received RequestConsensusVote() RPC: tablet_id: "13a427380b4f436aaa35a71ce0078a5f" candidate_uuid: "7c5446f446d448c1a55ac9ef8b5dbe77" candidate_term: 1 candidate_status { last_received { term: 0 index: 0 } } ignore_live_leader: false dest_uuid: "590bb1db268e4b4ab31909ddd603b75e" is_pre_election: true
I20260710 11:09:42.896384  4488 raft_consensus.cc:2804] T af1081c9fc5a4d579a77dc261dc29bb8 P 7c5446f446d448c1a55ac9ef8b5dbe77 [term 1 FOLLOWER]: Leader election won for term 1
I20260710 11:09:42.898268  4488 raft_consensus.cc:697] T af1081c9fc5a4d579a77dc261dc29bb8 P 7c5446f446d448c1a55ac9ef8b5dbe77 [term 1 LEADER]: Becoming Leader. State: Replica: 7c5446f446d448c1a55ac9ef8b5dbe77, State: Running, Role: LEADER
I20260710 11:09:42.899119  4488 consensus_queue.cc:237] T af1081c9fc5a4d579a77dc261dc29bb8 P 7c5446f446d448c1a55ac9ef8b5dbe77 [LEADER]: Queue going to LEADER mode. State: All replicated index: 0, Majority replicated index: 0, Committed index: 0, Last appended: 0.0, Last appended by leader: 0, Current term: 1, Majority size: 2, State: 0, Mode: LEADER, active raft config: opid_index: -1 OBSOLETE_local: false peers { permanent_uuid: "7c5446f446d448c1a55ac9ef8b5dbe77" member_type: VOTER last_known_addr { host: "127.3.14.65" port: 44819 } } peers { permanent_uuid: "a9920f3683a548f0a1883731047791a0" member_type: VOTER last_known_addr { host: "127.3.14.66" port: 43679 } } peers { permanent_uuid: "590bb1db268e4b4ab31909ddd603b75e" member_type: VOTER last_known_addr { host: "127.3.14.67" port: 42441 } }
I20260710 11:09:42.899538  4161 catalog_manager.cc:5697] T 09892edff34342a490d09d14a8087669 P 590bb1db268e4b4ab31909ddd603b75e reported cstate change: term changed from 0 to 1, leader changed from <none> to 590bb1db268e4b4ab31909ddd603b75e (127.3.14.67). New cstate: current_term: 1 leader_uuid: "590bb1db268e4b4ab31909ddd603b75e" committed_config { opid_index: -1 OBSOLETE_local: false peers { permanent_uuid: "7c5446f446d448c1a55ac9ef8b5dbe77" member_type: VOTER last_known_addr { host: "127.3.14.65" port: 44819 } health_report { overall_health: UNKNOWN } } peers { permanent_uuid: "a9920f3683a548f0a1883731047791a0" member_type: VOTER last_known_addr { host: "127.3.14.66" port: 43679 } health_report { overall_health: UNKNOWN } } peers { permanent_uuid: "590bb1db268e4b4ab31909ddd603b75e" member_type: VOTER last_known_addr { host: "127.3.14.67" port: 42441 } health_report { overall_health: HEALTHY } } }
I20260710 11:09:42.902966  4229 leader_election.cc:304] T 13a427380b4f436aaa35a71ce0078a5f P 7c5446f446d448c1a55ac9ef8b5dbe77 [CANDIDATE]: Term 1 pre-election: Election decided. Result: candidate lost. Election summary: received 3 responses out of 3 voters: 1 yes votes; 2 no votes. yes voters: 7c5446f446d448c1a55ac9ef8b5dbe77; no voters: 590bb1db268e4b4ab31909ddd603b75e, a9920f3683a548f0a1883731047791a0
I20260710 11:09:42.904197  4492 raft_consensus.cc:3060] T 13a427380b4f436aaa35a71ce0078a5f P 7c5446f446d448c1a55ac9ef8b5dbe77 [term 0 FOLLOWER]: Advancing to term 1
I20260710 11:09:42.904839  4454 tablet_bootstrap.cc:492] T 675c4aad361f45aaa97d8140ca5d2057 P 590bb1db268e4b4ab31909ddd603b75e: No bootstrap required, opened a new log
I20260710 11:09:42.905221  4454 ts_tablet_manager.cc:1403] T 675c4aad361f45aaa97d8140ca5d2057 P 590bb1db268e4b4ab31909ddd603b75e: Time spent bootstrapping tablet: real 0.033s	user 0.007s	sys 0.007s
I20260710 11:09:42.907151  4454 raft_consensus.cc:359] T 675c4aad361f45aaa97d8140ca5d2057 P 590bb1db268e4b4ab31909ddd603b75e [term 0 FOLLOWER]: Replica starting. Triggering 0 pending ops. Active config: opid_index: -1 OBSOLETE_local: false peers { permanent_uuid: "7c5446f446d448c1a55ac9ef8b5dbe77" member_type: VOTER last_known_addr { host: "127.3.14.65" port: 44819 } } peers { permanent_uuid: "a9920f3683a548f0a1883731047791a0" member_type: VOTER last_known_addr { host: "127.3.14.66" port: 43679 } } peers { permanent_uuid: "590bb1db268e4b4ab31909ddd603b75e" member_type: VOTER last_known_addr { host: "127.3.14.67" port: 42441 } }
I20260710 11:09:42.907714  4454 raft_consensus.cc:385] T 675c4aad361f45aaa97d8140ca5d2057 P 590bb1db268e4b4ab31909ddd603b75e [term 0 FOLLOWER]: Consensus starting up: Expiring failure detector timer to make a prompt election more likely
I20260710 11:09:42.907979  4454 raft_consensus.cc:740] T 675c4aad361f45aaa97d8140ca5d2057 P 590bb1db268e4b4ab31909ddd603b75e [term 0 FOLLOWER]: Becoming Follower/Learner. State: Replica: 590bb1db268e4b4ab31909ddd603b75e, State: Initialized, Role: FOLLOWER
I20260710 11:09:42.908661  4454 consensus_queue.cc:260] T 675c4aad361f45aaa97d8140ca5d2057 P 590bb1db268e4b4ab31909ddd603b75e [NON_LEADER]: Queue going to NON_LEADER mode. State: All replicated index: 0, Majority replicated index: 0, Committed index: 0, Last appended: 0.0, Last appended by leader: 0, Current term: 0, Majority size: -1, State: 0, Mode: NON_LEADER, active raft config: opid_index: -1 OBSOLETE_local: false peers { permanent_uuid: "7c5446f446d448c1a55ac9ef8b5dbe77" member_type: VOTER last_known_addr { host: "127.3.14.65" port: 44819 } } peers { permanent_uuid: "a9920f3683a548f0a1883731047791a0" member_type: VOTER last_known_addr { host: "127.3.14.66" port: 43679 } } peers { permanent_uuid: "590bb1db268e4b4ab31909ddd603b75e" member_type: VOTER last_known_addr { host: "127.3.14.67" port: 42441 } }
I20260710 11:09:42.910491  4454 ts_tablet_manager.cc:1434] T 675c4aad361f45aaa97d8140ca5d2057 P 590bb1db268e4b4ab31909ddd603b75e: Time spent starting tablet: real 0.005s	user 0.003s	sys 0.000s
I20260710 11:09:42.911379  4454 tablet_bootstrap.cc:492] T 2817681f856a45848090eb92e0898d93 P 590bb1db268e4b4ab31909ddd603b75e: Bootstrap starting.
I20260710 11:09:42.911479  4492 raft_consensus.cc:2749] T 13a427380b4f436aaa35a71ce0078a5f P 7c5446f446d448c1a55ac9ef8b5dbe77 [term 1 FOLLOWER]: Leader pre-election lost for term 1. Reason: could not achieve majority
I20260710 11:09:42.914278  4455 tablet_bootstrap.cc:654] T 2817681f856a45848090eb92e0898d93 P 7c5446f446d448c1a55ac9ef8b5dbe77: Neither blocks nor log segments found. Creating new log.
I20260710 11:09:42.896785  4453 raft_consensus.cc:359] T d821fedb0c854fc38d008095f4267c8a P a9920f3683a548f0a1883731047791a0 [term 0 FOLLOWER]: Replica starting. Triggering 0 pending ops. Active config: opid_index: -1 OBSOLETE_local: false peers { permanent_uuid: "7c5446f446d448c1a55ac9ef8b5dbe77" member_type: VOTER last_known_addr { host: "127.3.14.65" port: 44819 } } peers { permanent_uuid: "a9920f3683a548f0a1883731047791a0" member_type: VOTER last_known_addr { host: "127.3.14.66" port: 43679 } } peers { permanent_uuid: "590bb1db268e4b4ab31909ddd603b75e" member_type: VOTER last_known_addr { host: "127.3.14.67" port: 42441 } }
I20260710 11:09:42.914989  4453 raft_consensus.cc:385] T d821fedb0c854fc38d008095f4267c8a P a9920f3683a548f0a1883731047791a0 [term 0 FOLLOWER]: Consensus starting up: Expiring failure detector timer to make a prompt election more likely
I20260710 11:09:42.915335  4453 raft_consensus.cc:740] T d821fedb0c854fc38d008095f4267c8a P a9920f3683a548f0a1883731047791a0 [term 0 FOLLOWER]: Becoming Follower/Learner. State: Replica: a9920f3683a548f0a1883731047791a0, State: Initialized, Role: FOLLOWER
