I20260710 11:09:43.387569  4454 raft_consensus.cc:359] T 4a07bca5c577476b93e9e812f9560831 P 590bb1db268e4b4ab31909ddd603b75e [term 0 FOLLOWER]: Replica starting. Triggering 0 pending ops. Active config: opid_index: -1 OBSOLETE_local: false peers { permanent_uuid: "7c5446f446d448c1a55ac9ef8b5dbe77" member_type: VOTER last_known_addr { host: "127.3.14.65" port: 44819 } } peers { permanent_uuid: "a9920f3683a548f0a1883731047791a0" member_type: VOTER last_known_addr { host: "127.3.14.66" port: 43679 } } peers { permanent_uuid: "590bb1db268e4b4ab31909ddd603b75e" member_type: VOTER last_known_addr { host: "127.3.14.67" port: 42441 } }
I20260710 11:09:43.388465  4454 raft_consensus.cc:385] T 4a07bca5c577476b93e9e812f9560831 P 590bb1db268e4b4ab31909ddd603b75e [term 0 FOLLOWER]: Consensus starting up: Expiring failure detector timer to make a prompt election more likely
I20260710 11:09:43.388811  4454 raft_consensus.cc:740] T 4a07bca5c577476b93e9e812f9560831 P 590bb1db268e4b4ab31909ddd603b75e [term 0 FOLLOWER]: Becoming Follower/Learner. State: Replica: 590bb1db268e4b4ab31909ddd603b75e, State: Initialized, Role: FOLLOWER
I20260710 11:09:43.392787  4454 consensus_queue.cc:260] T 4a07bca5c577476b93e9e812f9560831 P 590bb1db268e4b4ab31909ddd603b75e [NON_LEADER]: Queue going to NON_LEADER mode. State: All replicated index: 0, Majority replicated index: 0, Committed index: 0, Last appended: 0.0, Last appended by leader: 0, Current term: 0, Majority size: -1, State: 0, Mode: NON_LEADER, active raft config: opid_index: -1 OBSOLETE_local: false peers { permanent_uuid: "7c5446f446d448c1a55ac9ef8b5dbe77" member_type: VOTER last_known_addr { host: "127.3.14.65" port: 44819 } } peers { permanent_uuid: "a9920f3683a548f0a1883731047791a0" member_type: VOTER last_known_addr { host: "127.3.14.66" port: 43679 } } peers { permanent_uuid: "590bb1db268e4b4ab31909ddd603b75e" member_type: VOTER last_known_addr { host: "127.3.14.67" port: 42441 } }
I20260710 11:09:43.394707  4454 ts_tablet_manager.cc:1434] T 4a07bca5c577476b93e9e812f9560831 P 590bb1db268e4b4ab31909ddd603b75e: Time spent starting tablet: real 0.010s	user 0.007s	sys 0.001s
I20260710 11:09:43.395774  4454 tablet_bootstrap.cc:492] T 6ff92ce714f4497eb1ed8a48cefbf96b P 590bb1db268e4b4ab31909ddd603b75e: Bootstrap starting.
I20260710 11:09:43.399484  4492 consensus_queue.cc:1048] T af1081c9fc5a4d579a77dc261dc29bb8 P 7c5446f446d448c1a55ac9ef8b5dbe77 [LEADER]: Connected to new peer: Peer: permanent_uuid: "590bb1db268e4b4ab31909ddd603b75e" member_type: VOTER last_known_addr { host: "127.3.14.67" port: 42441 }, Status: LMP_MISMATCH, Last received: 0.0, Next index: 1, Last known committed idx: 0, Time since last communication: 0.001s
I20260710 11:09:43.401273  4453 tablet_bootstrap.cc:492] T 2817681f856a45848090eb92e0898d93 P a9920f3683a548f0a1883731047791a0: No bootstrap required, opened a new log
I20260710 11:09:43.401788  4453 ts_tablet_manager.cc:1403] T 2817681f856a45848090eb92e0898d93 P a9920f3683a548f0a1883731047791a0: Time spent bootstrapping tablet: real 0.089s	user 0.011s	sys 0.000s
I20260710 11:09:43.404239  4453 raft_consensus.cc:359] T 2817681f856a45848090eb92e0898d93 P a9920f3683a548f0a1883731047791a0 [term 0 FOLLOWER]: Replica starting. Triggering 0 pending ops. Active config: opid_index: -1 OBSOLETE_local: false peers { permanent_uuid: "7c5446f446d448c1a55ac9ef8b5dbe77" member_type: VOTER last_known_addr { host: "127.3.14.65" port: 44819 } } peers { permanent_uuid: "a9920f3683a548f0a1883731047791a0" member_type: VOTER last_known_addr { host: "127.3.14.66" port: 43679 } } peers { permanent_uuid: "590bb1db268e4b4ab31909ddd603b75e" member_type: VOTER last_known_addr { host: "127.3.14.67" port: 42441 } }
I20260710 11:09:43.404927  4453 raft_consensus.cc:385] T 2817681f856a45848090eb92e0898d93 P a9920f3683a548f0a1883731047791a0 [term 0 FOLLOWER]: Consensus starting up: Expiring failure detector timer to make a prompt election more likely
I20260710 11:09:43.405175  4453 raft_consensus.cc:740] T 2817681f856a45848090eb92e0898d93 P a9920f3683a548f0a1883731047791a0 [term 0 FOLLOWER]: Becoming Follower/Learner. State: Replica: a9920f3683a548f0a1883731047791a0, State: Initialized, Role: FOLLOWER
I20260710 11:09:43.405980  4453 consensus_queue.cc:260] T 2817681f856a45848090eb92e0898d93 P a9920f3683a548f0a1883731047791a0 [NON_LEADER]: Queue going to NON_LEADER mode. State: All replicated index: 0, Majority replicated index: 0, Committed index: 0, Last appended: 0.0, Last appended by leader: 0, Current term: 0, Majority size: -1, State: 0, Mode: NON_LEADER, active raft config: opid_index: -1 OBSOLETE_local: false peers { permanent_uuid: "7c5446f446d448c1a55ac9ef8b5dbe77" member_type: VOTER last_known_addr { host: "127.3.14.65" port: 44819 } } peers { permanent_uuid: "a9920f3683a548f0a1883731047791a0" member_type: VOTER last_known_addr { host: "127.3.14.66" port: 43679 } } peers { permanent_uuid: "590bb1db268e4b4ab31909ddd603b75e" member_type: VOTER last_known_addr { host: "127.3.14.67" port: 42441 } }
I20260710 11:09:43.410367  4454 tablet_bootstrap.cc:654] T 6ff92ce714f4497eb1ed8a48cefbf96b P 590bb1db268e4b4ab31909ddd603b75e: Neither blocks nor log segments found. Creating new log.
I20260710 11:09:43.411530  4530 raft_consensus.cc:2749] T 675c4aad361f45aaa97d8140ca5d2057 P a9920f3683a548f0a1883731047791a0 [term 1 FOLLOWER]: Leader pre-election lost for term 1. Reason: could not achieve majority
I20260710 11:09:43.414796  4453 ts_tablet_manager.cc:1434] T 2817681f856a45848090eb92e0898d93 P a9920f3683a548f0a1883731047791a0: Time spent starting tablet: real 0.013s	user 0.007s	sys 0.000s
I20260710 11:09:43.441773  4453 tablet_bootstrap.cc:492] T 3af83ab63f774586a050e6f6505210bb P a9920f3683a548f0a1883731047791a0: Bootstrap starting.
I20260710 11:09:43.414868  4337 tablet_service.cc:1917] Received RequestConsensusVote() RPC: tablet_id: "d821fedb0c854fc38d008095f4267c8a" candidate_uuid: "590bb1db268e4b4ab31909ddd603b75e" candidate_term: 1 candidate_status { last_received { term: 0 index: 0 } } ignore_live_leader: false dest_uuid: "a9920f3683a548f0a1883731047791a0"
I20260710 11:09:43.446906  4337 raft_consensus.cc:3060] T d821fedb0c854fc38d008095f4267c8a P a9920f3683a548f0a1883731047791a0 [term 0 FOLLOWER]: Advancing to term 1
I20260710 11:09:43.447104  4455 tablet_bootstrap.cc:492] T 09892edff34342a490d09d14a8087669 P 7c5446f446d448c1a55ac9ef8b5dbe77: No bootstrap required, opened a new log
I20260710 11:09:43.447544  4455 ts_tablet_manager.cc:1403] T 09892edff34342a490d09d14a8087669 P 7c5446f446d448c1a55ac9ef8b5dbe77: Time spent bootstrapping tablet: real 0.191s	user 0.013s	sys 0.001s
I20260710 11:09:43.449946  4455 raft_consensus.cc:359] T 09892edff34342a490d09d14a8087669 P 7c5446f446d448c1a55ac9ef8b5dbe77 [term 0 FOLLOWER]: Replica starting. Triggering 0 pending ops. Active config: opid_index: -1 OBSOLETE_local: false peers { permanent_uuid: "7c5446f446d448c1a55ac9ef8b5dbe77" member_type: VOTER last_known_addr { host: "127.3.14.65" port: 44819 } } peers { permanent_uuid: "a9920f3683a548f0a1883731047791a0" member_type: VOTER last_known_addr { host: "127.3.14.66" port: 43679 } } peers { permanent_uuid: "590bb1db268e4b4ab31909ddd603b75e" member_type: VOTER last_known_addr { host: "127.3.14.67" port: 42441 } }
W20260710 11:09:43.427027  4210 auto_rebalancer.cc:288] Could not retrieve cluster info: Service unavailable: Tablet not running
I20260710 11:09:43.430923  4478 consensus_queue.cc:1048] T 09892edff34342a490d09d14a8087669 P 590bb1db268e4b4ab31909ddd603b75e [LEADER]: Connected to new peer: Peer: permanent_uuid: "a9920f3683a548f0a1883731047791a0" member_type: VOTER last_known_addr { host: "127.3.14.66" port: 43679 }, Status: LMP_MISMATCH, Last received: 0.0, Next index: 1, Last known committed idx: 0, Time since last communication: 0.001s
I20260710 11:09:43.450582  4455 raft_consensus.cc:385] T 09892edff34342a490d09d14a8087669 P 7c5446f446d448c1a55ac9ef8b5dbe77 [term 0 FOLLOWER]: Consensus starting up: Expiring failure detector timer to make a prompt election more likely
I20260710 11:09:43.451097  4455 raft_consensus.cc:740] T 09892edff34342a490d09d14a8087669 P 7c5446f446d448c1a55ac9ef8b5dbe77 [term 0 FOLLOWER]: Becoming Follower/Learner. State: Replica: 7c5446f446d448c1a55ac9ef8b5dbe77, State: Initialized, Role: FOLLOWER
I20260710 11:09:43.451869  4455 consensus_queue.cc:260] T 09892edff34342a490d09d14a8087669 P 7c5446f446d448c1a55ac9ef8b5dbe77 [NON_LEADER]: Queue going to NON_LEADER mode. State: All replicated index: 0, Majority replicated index: 0, Committed index: 0, Last appended: 0.0, Last appended by leader: 0, Current term: 0, Majority size: -1, State: 0, Mode: NON_LEADER, active raft config: opid_index: -1 OBSOLETE_local: false peers { permanent_uuid: "7c5446f446d448c1a55ac9ef8b5dbe77" member_type: VOTER last_known_addr { host: "127.3.14.65" port: 44819 } } peers { permanent_uuid: "a9920f3683a548f0a1883731047791a0" member_type: VOTER last_known_addr { host: "127.3.14.66" port: 43679 } } peers { permanent_uuid: "590bb1db268e4b4ab31909ddd603b75e" member_type: VOTER last_known_addr { host: "127.3.14.67" port: 42441 } }
I20260710 11:09:43.453989  4455 ts_tablet_manager.cc:1434] T 09892edff34342a490d09d14a8087669 P 7c5446f446d448c1a55ac9ef8b5dbe77: Time spent starting tablet: real 0.006s	user 0.006s	sys 0.000s
I20260710 11:09:43.454674  4337 raft_consensus.cc:2468] T d821fedb0c854fc38d008095f4267c8a P a9920f3683a548f0a1883731047791a0 [term 1 FOLLOWER]: Leader election vote request: Granting yes vote for candidate 590bb1db268e4b4ab31909ddd603b75e in term 1.
I20260710 11:09:43.455305  4455 tablet_bootstrap.cc:492] T 6ff92ce714f4497eb1ed8a48cefbf96b P 7c5446f446d448c1a55ac9ef8b5dbe77: Bootstrap starting.
I20260710 11:09:43.455797  4453 tablet_bootstrap.cc:654] T 3af83ab63f774586a050e6f6505210bb P a9920f3683a548f0a1883731047791a0: Neither blocks nor log segments found. Creating new log.
I20260710 11:09:43.456243  4459 raft_consensus.cc:493] T b6b72cfbe7914e1d97c4a8d1bef047cd P 590bb1db268e4b4ab31909ddd603b75e [term 0 FOLLOWER]: Starting pre-election (no leader contacted us within the election timeout)
I20260710 11:09:43.456718  4459 raft_consensus.cc:515] T b6b72cfbe7914e1d97c4a8d1bef047cd P 590bb1db268e4b4ab31909ddd603b75e [term 0 FOLLOWER]: Starting pre-election with config: opid_index: -1 OBSOLETE_local: false peers { permanent_uuid: "7c5446f446d448c1a55ac9ef8b5dbe77" member_type: VOTER last_known_addr { host: "127.3.14.65" port: 44819 } } peers { permanent_uuid: "a9920f3683a548f0a1883731047791a0" member_type: VOTER last_known_addr { host: "127.3.14.66" port: 43679 } } peers { permanent_uuid: "590bb1db268e4b4ab31909ddd603b75e" member_type: VOTER last_known_addr { host: "127.3.14.67" port: 42441 } }
I20260710 11:09:43.459267  4264 tablet_service.cc:1917] Received RequestConsensusVote() RPC: tablet_id: "b6b72cfbe7914e1d97c4a8d1bef047cd" candidate_uuid: "590bb1db268e4b4ab31909ddd603b75e" candidate_term: 1 candidate_status { last_received { term: 0 index: 0 } } ignore_live_leader: false dest_uuid: "7c5446f446d448c1a55ac9ef8b5dbe77" is_pre_election: true
I20260710 11:09:43.459416  4459 leader_election.cc:290] T b6b72cfbe7914e1d97c4a8d1bef047cd P 590bb1db268e4b4ab31909ddd603b75e [CANDIDATE]: Term 1 pre-election: Requested pre-vote from peers 7c5446f446d448c1a55ac9ef8b5dbe77 (127.3.14.65:44819), a9920f3683a548f0a1883731047791a0 (127.3.14.66:43679)
I20260710 11:09:43.460117  4454 tablet_bootstrap.cc:492] T 6ff92ce714f4497eb1ed8a48cefbf96b P 590bb1db268e4b4ab31909ddd603b75e: No bootstrap required, opened a new log
I20260710 11:09:43.455756  4160 catalog_manager.cc:5697] T d821fedb0c854fc38d008095f4267c8a P 590bb1db268e4b4ab31909ddd603b75e reported cstate change: term changed from 0 to 1, leader changed from <none> to 590bb1db268e4b4ab31909ddd603b75e (127.3.14.67). New cstate: current_term: 1 leader_uuid: "590bb1db268e4b4ab31909ddd603b75e" committed_config { opid_index: -1 OBSOLETE_local: false peers { permanent_uuid: "7c5446f446d448c1a55ac9ef8b5dbe77" member_type: VOTER last_known_addr { host: "127.3.14.65" port: 44819 } health_report { overall_health: UNKNOWN } } peers { permanent_uuid: "a9920f3683a548f0a1883731047791a0" member_type: VOTER last_known_addr { host: "127.3.14.66" port: 43679 } health_report { overall_health: UNKNOWN } } peers { permanent_uuid: "590bb1db268e4b4ab31909ddd603b75e" member_type: VOTER last_known_addr { host: "127.3.14.67" port: 42441 } health_report { overall_health: HEALTHY } } }
I20260710 11:09:43.460528  4454 ts_tablet_manager.cc:1403] T 6ff92ce714f4497eb1ed8a48cefbf96b P 590bb1db268e4b4ab31909ddd603b75e: Time spent bootstrapping tablet: real 0.065s	user 0.015s	sys 0.014s
W20260710 11:09:43.460542  4376 leader_election.cc:343] T b6b72cfbe7914e1d97c4a8d1bef047cd P 590bb1db268e4b4ab31909ddd603b75e [CANDIDATE]: Term 1 pre-election: Tablet error from VoteRequest() call to peer 7c5446f446d448c1a55ac9ef8b5dbe77 (127.3.14.65:44819): Illegal state: must be running to vote when last-logged opid is not known
I20260710 11:09:43.461479  4160 catalog_manager.cc:5697] T b3553f43030f4fe69aa09c44ca3bf2c7 P 590bb1db268e4b4ab31909ddd603b75e reported cstate change: term changed from 0 to 1, leader changed from <none> to 590bb1db268e4b4ab31909ddd603b75e (127.3.14.67). New cstate: current_term: 1 leader_uuid: "590bb1db268e4b4ab31909ddd603b75e" committed_config { opid_index: -1 OBSOLETE_local: false peers { permanent_uuid: "7c5446f446d448c1a55ac9ef8b5dbe77" member_type: VOTER last_known_addr { host: "127.3.14.65" port: 44819 } health_report { overall_health: UNKNOWN } } peers { permanent_uuid: "a9920f3683a548f0a1883731047791a0" member_type: VOTER last_known_addr { host: "127.3.14.66" port: 43679 } health_report { overall_health: UNKNOWN } } peers { permanent_uuid: "590bb1db268e4b4ab31909ddd603b75e" member_type: VOTER last_known_addr { host: "127.3.14.67" port: 42441 } health_report { overall_health: HEALTHY } } }
I20260710 11:09:43.463305  4454 raft_consensus.cc:359] T 6ff92ce714f4497eb1ed8a48cefbf96b P 590bb1db268e4b4ab31909ddd603b75e [term 0 FOLLOWER]: Replica starting. Triggering 0 pending ops. Active config: opid_index: -1 OBSOLETE_local: false peers { permanent_uuid: "7c5446f446d448c1a55ac9ef8b5dbe77" member_type: VOTER last_known_addr { host: "127.3.14.65" port: 44819 } } peers { permanent_uuid: "a9920f3683a548f0a1883731047791a0" member_type: VOTER last_known_addr { host: "127.3.14.66" port: 43679 } } peers { permanent_uuid: "590bb1db268e4b4ab31909ddd603b75e" member_type: VOTER last_known_addr { host: "127.3.14.67" port: 42441 } }
I20260710 11:09:43.465061  4454 raft_consensus.cc:385] T 6ff92ce714f4497eb1ed8a48cefbf96b P 590bb1db268e4b4ab31909ddd603b75e [term 0 FOLLOWER]: Consensus starting up: Expiring failure detector timer to make a prompt election more likely
I20260710 11:09:43.464289  4455 tablet_bootstrap.cc:654] T 6ff92ce714f4497eb1ed8a48cefbf96b P 7c5446f446d448c1a55ac9ef8b5dbe77: Neither blocks nor log segments found. Creating new log.
I20260710 11:09:43.466333  4339 tablet_service.cc:1917] Received RequestConsensusVote() RPC: tablet_id: "b6b72cfbe7914e1d97c4a8d1bef047cd" candidate_uuid: "590bb1db268e4b4ab31909ddd603b75e" candidate_term: 1 candidate_status { last_received { term: 0 index: 0 } } ignore_live_leader: false dest_uuid: "a9920f3683a548f0a1883731047791a0" is_pre_election: true
I20260710 11:09:43.468786  4453 tablet_bootstrap.cc:492] T 3af83ab63f774586a050e6f6505210bb P a9920f3683a548f0a1883731047791a0: No bootstrap required, opened a new log
I20260710 11:09:43.469259  4453 ts_tablet_manager.cc:1403] T 3af83ab63f774586a050e6f6505210bb P a9920f3683a548f0a1883731047791a0: Time spent bootstrapping tablet: real 0.028s	user 0.011s	sys 0.000s
I20260710 11:09:43.469555  4488 consensus_queue.cc:1048] T af1081c9fc5a4d579a77dc261dc29bb8 P 7c5446f446d448c1a55ac9ef8b5dbe77 [LEADER]: Connected to new peer: Peer: permanent_uuid: "a9920f3683a548f0a1883731047791a0" member_type: VOTER last_known_addr { host: "127.3.14.66" port: 43679 }, Status: LMP_MISMATCH, Last received: 0.0, Next index: 1, Last known committed idx: 0, Time since last communication: 0.000s
I20260710 11:09:43.471719  4453 raft_consensus.cc:359] T 3af83ab63f774586a050e6f6505210bb P a9920f3683a548f0a1883731047791a0 [term 0 FOLLOWER]: Replica starting. Triggering 0 pending ops. Active config: opid_index: -1 OBSOLETE_local: false peers { permanent_uuid: "7c5446f446d448c1a55ac9ef8b5dbe77" member_type: VOTER last_known_addr { host: "127.3.14.65" port: 44819 } } peers { permanent_uuid: "a9920f3683a548f0a1883731047791a0" member_type: VOTER last_known_addr { host: "127.3.14.66" port: 43679 } } peers { permanent_uuid: "590bb1db268e4b4ab31909ddd603b75e" member_type: VOTER last_known_addr { host: "127.3.14.67" port: 42441 } }
I20260710 11:09:43.472674  4453 raft_consensus.cc:385] T 3af83ab63f774586a050e6f6505210bb P a9920f3683a548f0a1883731047791a0 [term 0 FOLLOWER]: Consensus starting up: Expiring failure detector timer to make a prompt election more likely
I20260710 11:09:43.473001  4453 raft_consensus.cc:740] T 3af83ab63f774586a050e6f6505210bb P a9920f3683a548f0a1883731047791a0 [term 0 FOLLOWER]: Becoming Follower/Learner. State: Replica: a9920f3683a548f0a1883731047791a0, State: Initialized, Role: FOLLOWER
I20260710 11:09:43.465404  4454 raft_consensus.cc:740] T 6ff92ce714f4497eb1ed8a48cefbf96b P 590bb1db268e4b4ab31909ddd603b75e [term 0 FOLLOWER]: Becoming Follower/Learner. State: Replica: 590bb1db268e4b4ab31909ddd603b75e, State: Initialized, Role: FOLLOWER
I20260710 11:09:43.474063  4454 consensus_queue.cc:260] T 6ff92ce714f4497eb1ed8a48cefbf96b P 590bb1db268e4b4ab31909ddd603b75e [NON_LEADER]: Queue going to NON_LEADER mode. State: All replicated index: 0, Majority replicated index: 0, Committed index: 0, Last appended: 0.0, Last appended by leader: 0, Current term: 0, Majority size: -1, State: 0, Mode: NON_LEADER, active raft config: opid_index: -1 OBSOLETE_local: false peers { permanent_uuid: "7c5446f446d448c1a55ac9ef8b5dbe77" member_type: VOTER last_known_addr { host: "127.3.14.65" port: 44819 } } peers { permanent_uuid: "a9920f3683a548f0a1883731047791a0" member_type: VOTER last_known_addr { host: "127.3.14.66" port: 43679 } } peers { permanent_uuid: "590bb1db268e4b4ab31909ddd603b75e" member_type: VOTER last_known_addr { host: "127.3.14.67" port: 42441 } }
I20260710 11:09:43.477258  4454 ts_tablet_manager.cc:1434] T 6ff92ce714f4497eb1ed8a48cefbf96b P 590bb1db268e4b4ab31909ddd603b75e: Time spent starting tablet: real 0.016s	user 0.005s	sys 0.000s
I20260710 11:09:43.479664  4454 tablet_bootstrap.cc:492] T 2ec8000269be4831a7172e559e0cf45c P 590bb1db268e4b4ab31909ddd603b75e: Bootstrap starting.
W20260710 11:09:43.477280  4377 leader_election.cc:343] T b6b72cfbe7914e1d97c4a8d1bef047cd P 590bb1db268e4b4ab31909ddd603b75e [CANDIDATE]: Term 1 pre-election: Tablet error from VoteRequest() call to peer a9920f3683a548f0a1883731047791a0 (127.3.14.66:43679): Illegal state: must be running to vote when last-logged opid is not known
I20260710 11:09:43.480034  4377 leader_election.cc:304] T b6b72cfbe7914e1d97c4a8d1bef047cd P 590bb1db268e4b4ab31909ddd603b75e [CANDIDATE]: Term 1 pre-election: Election decided. Result: candidate lost. Election summary: received 3 responses out of 3 voters: 1 yes votes; 2 no votes. yes voters: 590bb1db268e4b4ab31909ddd603b75e; no voters: 7c5446f446d448c1a55ac9ef8b5dbe77, a9920f3683a548f0a1883731047791a0
I20260710 11:09:43.480732  4515 raft_consensus.cc:2749] T b6b72cfbe7914e1d97c4a8d1bef047cd P 590bb1db268e4b4ab31909ddd603b75e [term 0 FOLLOWER]: Leader pre-election lost for term 1. Reason: could not achieve majority
I20260710 11:09:43.474963  4453 consensus_queue.cc:260] T 3af83ab63f774586a050e6f6505210bb P a9920f3683a548f0a1883731047791a0 [NON_LEADER]: Queue going to NON_LEADER mode. State: All replicated index: 0, Majority replicated index: 0, Committed index: 0, Last appended: 0.0, Last appended by leader: 0, Current term: 0, Majority size: -1, State: 0, Mode: NON_LEADER, active raft config: opid_index: -1 OBSOLETE_local: false peers { permanent_uuid: "7c5446f446d448c1a55ac9ef8b5dbe77" member_type: VOTER last_known_addr { host: "127.3.14.65" port: 44819 } } peers { permanent_uuid: "a9920f3683a548f0a1883731047791a0" member_type: VOTER last_known_addr { host: "127.3.14.66" port: 43679 } } peers { permanent_uuid: "590bb1db268e4b4ab31909ddd603b75e" member_type: VOTER last_known_addr { host: "127.3.14.67" port: 42441 } }
I20260710 11:09:43.478792  4478 raft_consensus.cc:493] T 3af83ab63f774586a050e6f6505210bb P 590bb1db268e4b4ab31909ddd603b75e [term 0 FOLLOWER]: Starting pre-election (no leader contacted us within the election timeout)
I20260710 11:09:43.482843  4453 ts_tablet_manager.cc:1434] T 3af83ab63f774586a050e6f6505210bb P a9920f3683a548f0a1883731047791a0: Time spent starting tablet: real 0.013s	user 0.006s	sys 0.000s
I20260710 11:09:43.481704  4478 raft_consensus.cc:515] T 3af83ab63f774586a050e6f6505210bb P 590bb1db268e4b4ab31909ddd603b75e [term 0 FOLLOWER]: Starting pre-election with config: opid_index: -1 OBSOLETE_local: false peers { permanent_uuid: "7c5446f446d448c1a55ac9ef8b5dbe77" member_type: VOTER last_known_addr { host: "127.3.14.65" port: 44819 } } peers { permanent_uuid: "a9920f3683a548f0a1883731047791a0" member_type: VOTER last_known_addr { host: "127.3.14.66" port: 43679 } } peers { permanent_uuid: "590bb1db268e4b4ab31909ddd603b75e" member_type: VOTER last_known_addr { host: "127.3.14.67" port: 42441 } }
I20260710 11:09:43.486268  4478 leader_election.cc:290] T 3af83ab63f774586a050e6f6505210bb P 590bb1db268e4b4ab31909ddd603b75e [CANDIDATE]: Term 1 pre-election: Requested pre-vote from peers 7c5446f446d448c1a55ac9ef8b5dbe77 (127.3.14.65:44819), a9920f3683a548f0a1883731047791a0 (127.3.14.66:43679)
I20260710 11:09:43.487255  4264 tablet_service.cc:1917] Received RequestConsensusVote() RPC: tablet_id: "3af83ab63f774586a050e6f6505210bb" candidate_uuid: "590bb1db268e4b4ab31909ddd603b75e" candidate_term: 1 candidate_status { last_received { term: 0 index: 0 } } ignore_live_leader: false dest_uuid: "7c5446f446d448c1a55ac9ef8b5dbe77" is_pre_election: true
I20260710 11:09:43.488097  4338 tablet_service.cc:1917] Received RequestConsensusVote() RPC: tablet_id: "3af83ab63f774586a050e6f6505210bb" candidate_uuid: "590bb1db268e4b4ab31909ddd603b75e" candidate_term: 1 candidate_status { last_received { term: 0 index: 0 } } ignore_live_leader: false dest_uuid: "a9920f3683a548f0a1883731047791a0" is_pre_election: true
I20260710 11:09:43.488658  4338 raft_consensus.cc:2468] T 3af83ab63f774586a050e6f6505210bb P a9920f3683a548f0a1883731047791a0 [term 0 FOLLOWER]: Leader pre-election vote request: Granting yes vote for candidate 590bb1db268e4b4ab31909ddd603b75e in term 0.
W20260710 11:09:43.488782  4376 leader_election.cc:343] T 3af83ab63f774586a050e6f6505210bb P 590bb1db268e4b4ab31909ddd603b75e [CANDIDATE]: Term 1 pre-election: Tablet error from VoteRequest() call to peer 7c5446f446d448c1a55ac9ef8b5dbe77 (127.3.14.65:44819): Illegal state: must be running to vote when last-logged opid is not known
I20260710 11:09:43.489775  4453 tablet_bootstrap.cc:492] T 4a07bca5c577476b93e9e812f9560831 P a9920f3683a548f0a1883731047791a0: Bootstrap starting.
I20260710 11:09:43.491293  4488 raft_consensus.cc:493] T 09892edff34342a490d09d14a8087669 P 7c5446f446d448c1a55ac9ef8b5dbe77 [term 0 FOLLOWER]: Starting pre-election (no leader contacted us within the election timeout)
I20260710 11:09:43.491885  4488 raft_consensus.cc:515] T 09892edff34342a490d09d14a8087669 P 7c5446f446d448c1a55ac9ef8b5dbe77 [term 0 FOLLOWER]: Starting pre-election with config: opid_index: -1 OBSOLETE_local: false peers { permanent_uuid: "7c5446f446d448c1a55ac9ef8b5dbe77" member_type: VOTER last_known_addr { host: "127.3.14.65" port: 44819 } } peers { permanent_uuid: "a9920f3683a548f0a1883731047791a0" member_type: VOTER last_known_addr { host: "127.3.14.66" port: 43679 } } peers { permanent_uuid: "590bb1db268e4b4ab31909ddd603b75e" member_type: VOTER last_known_addr { host: "127.3.14.67" port: 42441 } }
I20260710 11:09:43.492571  4454 tablet_bootstrap.cc:654] T 2ec8000269be4831a7172e559e0cf45c P 590bb1db268e4b4ab31909ddd603b75e: Neither blocks nor log segments found. Creating new log.
I20260710 11:09:43.496076  4412 tablet_service.cc:1917] Received RequestConsensusVote() RPC: tablet_id: "09892edff34342a490d09d14a8087669" candidate_uuid: "7c5446f446d448c1a55ac9ef8b5dbe77" candidate_term: 1 candidate_status { last_received { term: 0 index: 0 } } ignore_live_leader: false dest_uuid: "590bb1db268e4b4ab31909ddd603b75e" is_pre_election: true
I20260710 11:09:43.497574  4488 leader_election.cc:290] T 09892edff34342a490d09d14a8087669 P 7c5446f446d448c1a55ac9ef8b5dbe77 [CANDIDATE]: Term 1 pre-election: Requested pre-vote from peers a9920f3683a548f0a1883731047791a0 (127.3.14.66:43679), 590bb1db268e4b4ab31909ddd603b75e (127.3.14.67:42441)
I20260710 11:09:43.499855  4377 leader_election.cc:304] T 3af83ab63f774586a050e6f6505210bb P 590bb1db268e4b4ab31909ddd603b75e [CANDIDATE]: Term 1 pre-election: Election decided. Result: candidate won. Election summary: received 3 responses out of 3 voters: 2 yes votes; 1 no votes. yes voters: 590bb1db268e4b4ab31909ddd603b75e, a9920f3683a548f0a1883731047791a0; no voters: 7c5446f446d448c1a55ac9ef8b5dbe77
I20260710 11:09:43.500932  4478 raft_consensus.cc:2804] T 3af83ab63f774586a050e6f6505210bb P 590bb1db268e4b4ab31909ddd603b75e [term 0 FOLLOWER]: Leader pre-election won for term 1
I20260710 11:09:43.501340  4478 raft_consensus.cc:493] T 3af83ab63f774586a050e6f6505210bb P 590bb1db268e4b4ab31909ddd603b75e [term 0 FOLLOWER]: Starting leader election (no leader contacted us within the election timeout)
I20260710 11:09:43.501729  4478 raft_consensus.cc:3060] T 3af83ab63f774586a050e6f6505210bb P 590bb1db268e4b4ab31909ddd603b75e [term 0 FOLLOWER]: Advancing to term 1
I20260710 11:09:43.502293  4338 tablet_service.cc:1917] Received RequestConsensusVote() RPC: tablet_id: "09892edff34342a490d09d14a8087669" candidate_uuid: "7c5446f446d448c1a55ac9ef8b5dbe77" candidate_term: 1 candidate_status { last_received { term: 0 index: 0 } } ignore_live_leader: false dest_uuid: "a9920f3683a548f0a1883731047791a0" is_pre_election: true
I20260710 11:09:43.506403  4228 leader_election.cc:304] T 09892edff34342a490d09d14a8087669 P 7c5446f446d448c1a55ac9ef8b5dbe77 [CANDIDATE]: Term 1 pre-election: Election decided. Result: candidate lost. Election summary: received 3 responses out of 3 voters: 1 yes votes; 2 no votes. yes voters: 7c5446f446d448c1a55ac9ef8b5dbe77; no voters: 590bb1db268e4b4ab31909ddd603b75e, a9920f3683a548f0a1883731047791a0
I20260710 11:09:43.507597  4488 raft_consensus.cc:2749] T 09892edff34342a490d09d14a8087669 P 7c5446f446d448c1a55ac9ef8b5dbe77 [term 0 FOLLOWER]: Leader pre-election lost for term 1. Reason: could not achieve majority
I20260710 11:09:43.510783  4478 raft_consensus.cc:515] T 3af83ab63f774586a050e6f6505210bb P 590bb1db268e4b4ab31909ddd603b75e [term 1 FOLLOWER]: Starting leader election with config: opid_index: -1 OBSOLETE_local: false peers { permanent_uuid: "7c5446f446d448c1a55ac9ef8b5dbe77" member_type: VOTER last_known_addr { host: "127.3.14.65" port: 44819 } } peers { permanent_uuid: "a9920f3683a548f0a1883731047791a0" member_type: VOTER last_known_addr { host: "127.3.14.66" port: 43679 } } peers { permanent_uuid: "590bb1db268e4b4ab31909ddd603b75e" member_type: VOTER last_known_addr { host: "127.3.14.67" port: 42441 } }
I20260710 11:09:43.518560  4478 leader_election.cc:290] T 3af83ab63f774586a050e6f6505210bb P 590bb1db268e4b4ab31909ddd603b75e [CANDIDATE]: Term 1 election: Requested vote from peers 7c5446f446d448c1a55ac9ef8b5dbe77 (127.3.14.65:44819), a9920f3683a548f0a1883731047791a0 (127.3.14.66:43679)
I20260710 11:09:43.516963  4453 tablet_bootstrap.cc:654] T 4a07bca5c577476b93e9e812f9560831 P a9920f3683a548f0a1883731047791a0: Neither blocks nor log segments found. Creating new log.
I20260710 11:09:43.515287  4455 tablet_bootstrap.cc:492] T 6ff92ce714f4497eb1ed8a48cefbf96b P 7c5446f446d448c1a55ac9ef8b5dbe77: No bootstrap required, opened a new log
I20260710 11:09:43.519639  4455 ts_tablet_manager.cc:1403] T 6ff92ce714f4497eb1ed8a48cefbf96b P 7c5446f446d448c1a55ac9ef8b5dbe77: Time spent bootstrapping tablet: real 0.064s	user 0.008s	sys 0.007s
I20260710 11:09:43.519565  4339 tablet_service.cc:1917] Received RequestConsensusVote() RPC: tablet_id: "3af83ab63f774586a050e6f6505210bb" candidate_uuid: "590bb1db268e4b4ab31909ddd603b75e" candidate_term: 1 candidate_status { last_received { term: 0 index: 0 } } ignore_live_leader: false dest_uuid: "a9920f3683a548f0a1883731047791a0"
I20260710 11:09:43.520238  4339 raft_consensus.cc:3060] T 3af83ab63f774586a050e6f6505210bb P a9920f3683a548f0a1883731047791a0 [term 0 FOLLOWER]: Advancing to term 1
I20260710 11:09:43.520884  4264 tablet_service.cc:1917] Received RequestConsensusVote() RPC: tablet_id: "3af83ab63f774586a050e6f6505210bb" candidate_uuid: "590bb1db268e4b4ab31909ddd603b75e" candidate_term: 1 candidate_status { last_received { term: 0 index: 0 } } ignore_live_leader: false dest_uuid: "7c5446f446d448c1a55ac9ef8b5dbe77"
W20260710 11:09:43.522120  4376 leader_election.cc:343] T 3af83ab63f774586a050e6f6505210bb P 590bb1db268e4b4ab31909ddd603b75e [CANDIDATE]: Term 1 election: Tablet error from VoteRequest() call to peer 7c5446f446d448c1a55ac9ef8b5dbe77 (127.3.14.65:44819): Illegal state: must be running to vote when last-logged opid is not known
I20260710 11:09:43.522286  4455 raft_consensus.cc:359] T 6ff92ce714f4497eb1ed8a48cefbf96b P 7c5446f446d448c1a55ac9ef8b5dbe77 [term 0 FOLLOWER]: Replica starting. Triggering 0 pending ops. Active config: opid_index: -1 OBSOLETE_local: false peers { permanent_uuid: "7c5446f446d448c1a55ac9ef8b5dbe77" member_type: VOTER last_known_addr { host: "127.3.14.65" port: 44819 } } peers { permanent_uuid: "a9920f3683a548f0a1883731047791a0" member_type: VOTER last_known_addr { host: "127.3.14.66" port: 43679 } } peers { permanent_uuid: "590bb1db268e4b4ab31909ddd603b75e" member_type: VOTER last_known_addr { host: "127.3.14.67" port: 42441 } }
I20260710 11:09:43.523015  4455 raft_consensus.cc:385] T 6ff92ce714f4497eb1ed8a48cefbf96b P 7c5446f446d448c1a55ac9ef8b5dbe77 [term 0 FOLLOWER]: Consensus starting up: Expiring failure detector timer to make a prompt election more likely
I20260710 11:09:43.523298  4455 raft_consensus.cc:740] T 6ff92ce714f4497eb1ed8a48cefbf96b P 7c5446f446d448c1a55ac9ef8b5dbe77 [term 0 FOLLOWER]: Becoming Follower/Learner. State: Replica: 7c5446f446d448c1a55ac9ef8b5dbe77, State: Initialized, Role: FOLLOWER
I20260710 11:09:43.523928  4455 consensus_queue.cc:260] T 6ff92ce714f4497eb1ed8a48cefbf96b P 7c5446f446d448c1a55ac9ef8b5dbe77 [NON_LEADER]: Queue going to NON_LEADER mode. State: All replicated index: 0, Majority replicated index: 0, Committed index: 0, Last appended: 0.0, Last appended by leader: 0, Current term: 0, Majority size: -1, State: 0, Mode: NON_LEADER, active raft config: opid_index: -1 OBSOLETE_local: false peers { permanent_uuid: "7c5446f446d448c1a55ac9ef8b5dbe77" member_type: VOTER last_known_addr { host: "127.3.14.65" port: 44819 } } peers { permanent_uuid: "a9920f3683a548f0a1883731047791a0" member_type: VOTER last_known_addr { host: "127.3.14.66" port: 43679 } } peers { permanent_uuid: "590bb1db268e4b4ab31909ddd603b75e" member_type: VOTER last_known_addr { host: "127.3.14.67" port: 42441 } }
I20260710 11:09:43.526376  4339 raft_consensus.cc:2468] T 3af83ab63f774586a050e6f6505210bb P a9920f3683a548f0a1883731047791a0 [term 1 FOLLOWER]: Leader election vote request: Granting yes vote for candidate 590bb1db268e4b4ab31909ddd603b75e in term 1.
I20260710 11:09:43.527068  4454 tablet_bootstrap.cc:492] T 2ec8000269be4831a7172e559e0cf45c P 590bb1db268e4b4ab31909ddd603b75e: No bootstrap required, opened a new log
I20260710 11:09:43.527488  4454 ts_tablet_manager.cc:1403] T 2ec8000269be4831a7172e559e0cf45c P 590bb1db268e4b4ab31909ddd603b75e: Time spent bootstrapping tablet: real 0.048s	user 0.010s	sys 0.000s
I20260710 11:09:43.528466  4377 leader_election.cc:304] T 3af83ab63f774586a050e6f6505210bb P 590bb1db268e4b4ab31909ddd603b75e [CANDIDATE]: Term 1 election: Election decided. Result: candidate won. Election summary: received 3 responses out of 3 voters: 2 yes votes; 1 no votes. yes voters: 590bb1db268e4b4ab31909ddd603b75e, a9920f3683a548f0a1883731047791a0; no voters: 7c5446f446d448c1a55ac9ef8b5dbe77
I20260710 11:09:43.529803  4478 raft_consensus.cc:2804] T 3af83ab63f774586a050e6f6505210bb P 590bb1db268e4b4ab31909ddd603b75e [term 1 FOLLOWER]: Leader election won for term 1
I20260710 11:09:43.529942  4455 ts_tablet_manager.cc:1434] T 6ff92ce714f4497eb1ed8a48cefbf96b P 7c5446f446d448c1a55ac9ef8b5dbe77: Time spent starting tablet: real 0.010s	user 0.005s	sys 0.000s
I20260710 11:09:43.530364  4478 raft_consensus.cc:697] T 3af83ab63f774586a050e6f6505210bb P 590bb1db268e4b4ab31909ddd603b75e [term 1 LEADER]: Becoming Leader. State: Replica: 590bb1db268e4b4ab31909ddd603b75e, State: Running, Role: LEADER
I20260710 11:09:43.530884  4455 tablet_bootstrap.cc:492] T b6b72cfbe7914e1d97c4a8d1bef047cd P 7c5446f446d448c1a55ac9ef8b5dbe77: Bootstrap starting.
I20260710 11:09:43.531371  4478 consensus_queue.cc:237] T 3af83ab63f774586a050e6f6505210bb P 590bb1db268e4b4ab31909ddd603b75e [LEADER]: Queue going to LEADER mode. State: All replicated index: 0, Majority replicated index: 0, Committed index: 0, Last appended: 0.0, Last appended by leader: 0, Current term: 1, Majority size: 2, State: 0, Mode: LEADER, active raft config: opid_index: -1 OBSOLETE_local: false peers { permanent_uuid: "7c5446f446d448c1a55ac9ef8b5dbe77" member_type: VOTER last_known_addr { host: "127.3.14.65" port: 44819 } } peers { permanent_uuid: "a9920f3683a548f0a1883731047791a0" member_type: VOTER last_known_addr { host: "127.3.14.66" port: 43679 } } peers { permanent_uuid: "590bb1db268e4b4ab31909ddd603b75e" member_type: VOTER last_known_addr { host: "127.3.14.67" port: 42441 } }
I20260710 11:09:43.537369  4454 raft_consensus.cc:359] T 2ec8000269be4831a7172e559e0cf45c P 590bb1db268e4b4ab31909ddd603b75e [term 0 FOLLOWER]: Replica starting. Triggering 0 pending ops. Active config: opid_index: -1 OBSOLETE_local: false peers { permanent_uuid: "7c5446f446d448c1a55ac9ef8b5dbe77" member_type: VOTER last_known_addr { host: "127.3.14.65" port: 44819 } } peers { permanent_uuid: "a9920f3683a548f0a1883731047791a0" member_type: VOTER last_known_addr { host: "127.3.14.66" port: 43679 } } peers { permanent_uuid: "590bb1db268e4b4ab31909ddd603b75e" member_type: VOTER last_known_addr { host: "127.3.14.67" port: 42441 } }
I20260710 11:09:43.538219  4454 raft_consensus.cc:385] T 2ec8000269be4831a7172e559e0cf45c P 590bb1db268e4b4ab31909ddd603b75e [term 0 FOLLOWER]: Consensus starting up: Expiring failure detector timer to make a prompt election more likely
I20260710 11:09:43.538544  4454 raft_consensus.cc:740] T 2ec8000269be4831a7172e559e0cf45c P 590bb1db268e4b4ab31909ddd603b75e [term 0 FOLLOWER]: Becoming Follower/Learner. State: Replica: 590bb1db268e4b4ab31909ddd603b75e, State: Initialized, Role: FOLLOWER
I20260710 11:09:43.539422  4454 consensus_queue.cc:260] T 2ec8000269be4831a7172e559e0cf45c P 590bb1db268e4b4ab31909ddd603b75e [NON_LEADER]: Queue going to NON_LEADER mode. State: All replicated index: 0, Majority replicated index: 0, Committed index: 0, Last appended: 0.0, Last appended by leader: 0, Current term: 0, Majority size: -1, State: 0, Mode: NON_LEADER, active raft config: opid_index: -1 OBSOLETE_local: false peers { permanent_uuid: "7c5446f446d448c1a55ac9ef8b5dbe77" member_type: VOTER last_known_addr { host: "127.3.14.65" port: 44819 } } peers { permanent_uuid: "a9920f3683a548f0a1883731047791a0" member_type: VOTER last_known_addr { host: "127.3.14.66" port: 43679 } } peers { permanent_uuid: "590bb1db268e4b4ab31909ddd603b75e" member_type: VOTER last_known_addr { host: "127.3.14.67" port: 42441 } }
I20260710 11:09:43.542593  4454 ts_tablet_manager.cc:1434] T 2ec8000269be4831a7172e559e0cf45c P 590bb1db268e4b4ab31909ddd603b75e: Time spent starting tablet: real 0.015s	user 0.007s	sys 0.000s
I20260710 11:09:43.543622  4454 tablet_bootstrap.cc:492] T 1f22310acaa84c7ba8329ec57d51e56f P 590bb1db268e4b4ab31909ddd603b75e: Bootstrap starting.
I20260710 11:09:43.543918  4455 tablet_bootstrap.cc:654] T b6b72cfbe7914e1d97c4a8d1bef047cd P 7c5446f446d448c1a55ac9ef8b5dbe77: Neither blocks nor log segments found. Creating new log.
I20260710 11:09:43.546213  4488 consensus_queue.cc:1048] T 675c4aad361f45aaa97d8140ca5d2057 P 7c5446f446d448c1a55ac9ef8b5dbe77 [LEADER]: Connected to new peer: Peer: permanent_uuid: "a9920f3683a548f0a1883731047791a0" member_type: VOTER last_known_addr { host: "127.3.14.66" port: 43679 }, Status: LMP_MISMATCH, Last received: 0.0, Next index: 1, Last known committed idx: 0, Time since last communication: 0.000s
I20260710 11:09:43.547502  4488 raft_consensus.cc:493] T 09c8aada83404854b4b9ccbe147fdd23 P 7c5446f446d448c1a55ac9ef8b5dbe77 [term 0 FOLLOWER]: Starting pre-election (no leader contacted us within the election timeout)
I20260710 11:09:43.546700  4162 catalog_manager.cc:5697] T 3af83ab63f774586a050e6f6505210bb P 590bb1db268e4b4ab31909ddd603b75e reported cstate change: term changed from 0 to 1, leader changed from <none> to 590bb1db268e4b4ab31909ddd603b75e (127.3.14.67). New cstate: current_term: 1 leader_uuid: "590bb1db268e4b4ab31909ddd603b75e" committed_config { opid_index: -1 OBSOLETE_local: false peers { permanent_uuid: "7c5446f446d448c1a55ac9ef8b5dbe77" member_type: VOTER last_known_addr { host: "127.3.14.65" port: 44819 } health_report { overall_health: UNKNOWN } } peers { permanent_uuid: "a9920f3683a548f0a1883731047791a0" member_type: VOTER last_known_addr { host: "127.3.14.66" port: 43679 } health_report { overall_health: UNKNOWN } } peers { permanent_uuid: "590bb1db268e4b4ab31909ddd603b75e" member_type: VOTER last_known_addr { host: "127.3.14.67" port: 42441 } health_report { overall_health: HEALTHY } } }
I20260710 11:09:43.547911  4488 raft_consensus.cc:515] T 09c8aada83404854b4b9ccbe147fdd23 P 7c5446f446d448c1a55ac9ef8b5dbe77 [term 0 FOLLOWER]: Starting pre-election with config: opid_index: -1 OBSOLETE_local: false peers { permanent_uuid: "7c5446f446d448c1a55ac9ef8b5dbe77" member_type: VOTER last_known_addr { host: "127.3.14.65" port: 44819 } } peers { permanent_uuid: "a9920f3683a548f0a1883731047791a0" member_type: VOTER last_known_addr { host: "127.3.14.66" port: 43679 } } peers { permanent_uuid: "590bb1db268e4b4ab31909ddd603b75e" member_type: VOTER last_known_addr { host: "127.3.14.67" port: 42441 } }
I20260710 11:09:43.548915  4454 tablet_bootstrap.cc:654] T 1f22310acaa84c7ba8329ec57d51e56f P 590bb1db268e4b4ab31909ddd603b75e: Neither blocks nor log segments found. Creating new log.
I20260710 11:09:43.554965  4338 tablet_service.cc:1917] Received RequestConsensusVote() RPC: tablet_id: "09c8aada83404854b4b9ccbe147fdd23" candidate_uuid: "7c5446f446d448c1a55ac9ef8b5dbe77" candidate_term: 1 candidate_status { last_received { term: 0 index: 0 } } ignore_live_leader: false dest_uuid: "a9920f3683a548f0a1883731047791a0" is_pre_election: true
I20260710 11:09:43.555977  4338 raft_consensus.cc:2393] T 09c8aada83404854b4b9ccbe147fdd23 P a9920f3683a548f0a1883731047791a0 [term 1 FOLLOWER]: Leader pre-election vote request: Denying vote to candidate 7c5446f446d448c1a55ac9ef8b5dbe77 in current term 1: Already voted for candidate 590bb1db268e4b4ab31909ddd603b75e in this term.
I20260710 11:09:43.559324  4412 tablet_service.cc:1917] Received RequestConsensusVote() RPC: tablet_id: "09c8aada83404854b4b9ccbe147fdd23" candidate_uuid: "7c5446f446d448c1a55ac9ef8b5dbe77" candidate_term: 1 candidate_status { last_received { term: 0 index: 0 } } ignore_live_leader: false dest_uuid: "590bb1db268e4b4ab31909ddd603b75e" is_pre_election: true
I20260710 11:09:43.561203  4229 leader_election.cc:304] T 09c8aada83404854b4b9ccbe147fdd23 P 7c5446f446d448c1a55ac9ef8b5dbe77 [CANDIDATE]: Term 1 pre-election: Election decided. Result: candidate lost. Election summary: received 3 responses out of 3 voters: 1 yes votes; 2 no votes. yes voters: 7c5446f446d448c1a55ac9ef8b5dbe77; no voters: 590bb1db268e4b4ab31909ddd603b75e, a9920f3683a548f0a1883731047791a0
I20260710 11:09:43.562309  4461 raft_consensus.cc:3060] T 09c8aada83404854b4b9ccbe147fdd23 P 7c5446f446d448c1a55ac9ef8b5dbe77 [term 0 FOLLOWER]: Advancing to term 1
I20260710 11:09:43.564584  4478 raft_consensus.cc:493] T 4a07bca5c577476b93e9e812f9560831 P 590bb1db268e4b4ab31909ddd603b75e [term 0 FOLLOWER]: Starting pre-election (no leader contacted us within the election timeout)
I20260710 11:09:43.565172  4478 raft_consensus.cc:515] T 4a07bca5c577476b93e9e812f9560831 P 590bb1db268e4b4ab31909ddd603b75e [term 0 FOLLOWER]: Starting pre-election with config: opid_index: -1 OBSOLETE_local: false peers { permanent_uuid: "7c5446f446d448c1a55ac9ef8b5dbe77" member_type: VOTER last_known_addr { host: "127.3.14.65" port: 44819 } } peers { permanent_uuid: "a9920f3683a548f0a1883731047791a0" member_type: VOTER last_known_addr { host: "127.3.14.66" port: 43679 } } peers { permanent_uuid: "590bb1db268e4b4ab31909ddd603b75e" member_type: VOTER last_known_addr { host: "127.3.14.67" port: 42441 } }
I20260710 11:09:43.568491  4264 tablet_service.cc:1917] Received RequestConsensusVote() RPC: tablet_id: "4a07bca5c577476b93e9e812f9560831" candidate_uuid: "590bb1db268e4b4ab31909ddd603b75e" candidate_term: 1 candidate_status { last_received { term: 0 index: 0 } } ignore_live_leader: false dest_uuid: "7c5446f446d448c1a55ac9ef8b5dbe77" is_pre_election: true
W20260710 11:09:43.570755  4376 leader_election.cc:343] T 4a07bca5c577476b93e9e812f9560831 P 590bb1db268e4b4ab31909ddd603b75e [CANDIDATE]: Term 1 pre-election: Tablet error from VoteRequest() call to peer 7c5446f446d448c1a55ac9ef8b5dbe77 (127.3.14.65:44819): Illegal state: must be running to vote when last-logged opid is not known
I20260710 11:09:43.571177  4488 leader_election.cc:290] T 09c8aada83404854b4b9ccbe147fdd23 P 7c5446f446d448c1a55ac9ef8b5dbe77 [CANDIDATE]: Term 1 pre-election: Requested pre-vote from peers a9920f3683a548f0a1883731047791a0 (127.3.14.66:43679), 590bb1db268e4b4ab31909ddd603b75e (127.3.14.67:42441)
I20260710 11:09:43.572911  4453 tablet_bootstrap.cc:492] T 4a07bca5c577476b93e9e812f9560831 P a9920f3683a548f0a1883731047791a0: No bootstrap required, opened a new log
I20260710 11:09:43.573375  4453 ts_tablet_manager.cc:1403] T 4a07bca5c577476b93e9e812f9560831 P a9920f3683a548f0a1883731047791a0: Time spent bootstrapping tablet: real 0.084s	user 0.017s	sys 0.000s
I20260710 11:09:43.574034  4338 tablet_service.cc:1917] Received RequestConsensusVote() RPC: tablet_id: "4a07bca5c577476b93e9e812f9560831" candidate_uuid: "590bb1db268e4b4ab31909ddd603b75e" candidate_term: 1 candidate_status { last_received { term: 0 index: 0 } } ignore_live_leader: false dest_uuid: "a9920f3683a548f0a1883731047791a0" is_pre_election: true
I20260710 11:09:43.574859  4478 leader_election.cc:290] T 4a07bca5c577476b93e9e812f9560831 P 590bb1db268e4b4ab31909ddd603b75e [CANDIDATE]: Term 1 pre-election: Requested pre-vote from peers 7c5446f446d448c1a55ac9ef8b5dbe77 (127.3.14.65:44819), a9920f3683a548f0a1883731047791a0 (127.3.14.66:43679)
I20260710 11:09:43.570742  4461 raft_consensus.cc:2749] T 09c8aada83404854b4b9ccbe147fdd23 P 7c5446f446d448c1a55ac9ef8b5dbe77 [term 1 FOLLOWER]: Leader pre-election lost for term 1. Reason: could not achieve majority
W20260710 11:09:43.579907  4377 leader_election.cc:343] T 4a07bca5c577476b93e9e812f9560831 P 590bb1db268e4b4ab31909ddd603b75e [CANDIDATE]: Term 1 pre-election: Tablet error from VoteRequest() call to peer a9920f3683a548f0a1883731047791a0 (127.3.14.66:43679): Illegal state: must be running to vote when last-logged opid is not known
I20260710 11:09:43.580705  4455 tablet_bootstrap.cc:492] T b6b72cfbe7914e1d97c4a8d1bef047cd P 7c5446f446d448c1a55ac9ef8b5dbe77: No bootstrap required, opened a new log
I20260710 11:09:43.580513  4377 leader_election.cc:304] T 4a07bca5c577476b93e9e812f9560831 P 590bb1db268e4b4ab31909ddd603b75e [CANDIDATE]: Term 1 pre-election: Election decided. Result: candidate lost. Election summary: received 3 responses out of 3 voters: 1 yes votes; 2 no votes. yes voters: 590bb1db268e4b4ab31909ddd603b75e; no voters: 7c5446f446d448c1a55ac9ef8b5dbe77, a9920f3683a548f0a1883731047791a0
I20260710 11:09:43.581171  4455 ts_tablet_manager.cc:1403] T b6b72cfbe7914e1d97c4a8d1bef047cd P 7c5446f446d448c1a55ac9ef8b5dbe77: Time spent bootstrapping tablet: real 0.050s	user 0.017s	sys 0.022s
I20260710 11:09:43.581923  4478 raft_consensus.cc:2749] T 4a07bca5c577476b93e9e812f9560831 P 590bb1db268e4b4ab31909ddd603b75e [term 0 FOLLOWER]: Leader pre-election lost for term 1. Reason: could not achieve majority
I20260710 11:09:43.582240  4453 raft_consensus.cc:359] T 4a07bca5c577476b93e9e812f9560831 P a9920f3683a548f0a1883731047791a0 [term 0 FOLLOWER]: Replica starting. Triggering 0 pending ops. Active config: opid_index: -1 OBSOLETE_local: false peers { permanent_uuid: "7c5446f446d448c1a55ac9ef8b5dbe77" member_type: VOTER last_known_addr { host: "127.3.14.65" port: 44819 } } peers { permanent_uuid: "a9920f3683a548f0a1883731047791a0" member_type: VOTER last_known_addr { host: "127.3.14.66" port: 43679 } } peers { permanent_uuid: "590bb1db268e4b4ab31909ddd603b75e" member_type: VOTER last_known_addr { host: "127.3.14.67" port: 42441 } }
I20260710 11:09:43.583679  4453 raft_consensus.cc:385] T 4a07bca5c577476b93e9e812f9560831 P a9920f3683a548f0a1883731047791a0 [term 0 FOLLOWER]: Consensus starting up: Expiring failure detector timer to make a prompt election more likely
I20260710 11:09:43.583923  4453 raft_consensus.cc:740] T 4a07bca5c577476b93e9e812f9560831 P a9920f3683a548f0a1883731047791a0 [term 0 FOLLOWER]: Becoming Follower/Learner. State: Replica: a9920f3683a548f0a1883731047791a0, State: Initialized, Role: FOLLOWER
I20260710 11:09:43.584262  4455 raft_consensus.cc:359] T b6b72cfbe7914e1d97c4a8d1bef047cd P 7c5446f446d448c1a55ac9ef8b5dbe77 [term 0 FOLLOWER]: Replica starting. Triggering 0 pending ops. Active config: opid_index: -1 OBSOLETE_local: false peers { permanent_uuid: "7c5446f446d448c1a55ac9ef8b5dbe77" member_type: VOTER last_known_addr { host: "127.3.14.65" port: 44819 } } peers { permanent_uuid: "a9920f3683a548f0a1883731047791a0" member_type: VOTER last_known_addr { host: "127.3.14.66" port: 43679 } } peers { permanent_uuid: "590bb1db268e4b4ab31909ddd603b75e" member_type: VOTER last_known_addr { host: "127.3.14.67" port: 42441 } }
I20260710 11:09:43.584865  4455 raft_consensus.cc:385] T b6b72cfbe7914e1d97c4a8d1bef047cd P 7c5446f446d448c1a55ac9ef8b5dbe77 [term 0 FOLLOWER]: Consensus starting up: Expiring failure detector timer to make a prompt election more likely
I20260710 11:09:43.585162  4455 raft_consensus.cc:740] T b6b72cfbe7914e1d97c4a8d1bef047cd P 7c5446f446d448c1a55ac9ef8b5dbe77 [term 0 FOLLOWER]: Becoming Follower/Learner. State: Replica: 7c5446f446d448c1a55ac9ef8b5dbe77, State: Initialized, Role: FOLLOWER
I20260710 11:09:43.585929  4455 consensus_queue.cc:260] T b6b72cfbe7914e1d97c4a8d1bef047cd P 7c5446f446d448c1a55ac9ef8b5dbe77 [NON_LEADER]: Queue going to NON_LEADER mode. State: All replicated index: 0, Majority replicated index: 0, Committed index: 0, Last appended: 0.0, Last appended by leader: 0, Current term: 0, Majority size: -1, State: 0, Mode: NON_LEADER, active raft config: opid_index: -1 OBSOLETE_local: false peers { permanent_uuid: "7c5446f446d448c1a55ac9ef8b5dbe77" member_type: VOTER last_known_addr { host: "127.3.14.65" port: 44819 } } peers { permanent_uuid: "a9920f3683a548f0a1883731047791a0" member_type: VOTER last_known_addr { host: "127.3.14.66" port: 43679 } } peers { permanent_uuid: "590bb1db268e4b4ab31909ddd603b75e" member_type: VOTER last_known_addr { host: "127.3.14.67" port: 42441 } }
I20260710 11:09:43.584510  4453 consensus_queue.cc:260] T 4a07bca5c577476b93e9e812f9560831 P a9920f3683a548f0a1883731047791a0 [NON_LEADER]: Queue going to NON_LEADER mode. State: All replicated index: 0, Majority replicated index: 0, Committed index: 0, Last appended: 0.0, Last appended by leader: 0, Current term: 0, Majority size: -1, State: 0, Mode: NON_LEADER, active raft config: opid_index: -1 OBSOLETE_local: false peers { permanent_uuid: "7c5446f446d448c1a55ac9ef8b5dbe77" member_type: VOTER last_known_addr { host: "127.3.14.65" port: 44819 } } peers { permanent_uuid: "a9920f3683a548f0a1883731047791a0" member_type: VOTER last_known_addr { host: "127.3.14.66" port: 43679 } } peers { permanent_uuid: "590bb1db268e4b4ab31909ddd603b75e" member_type: VOTER last_known_addr { host: "127.3.14.67" port: 42441 } }
I20260710 11:09:43.587965  4455 ts_tablet_manager.cc:1434] T b6b72cfbe7914e1d97c4a8d1bef047cd P 7c5446f446d448c1a55ac9ef8b5dbe77: Time spent starting tablet: real 0.006s	user 0.004s	sys 0.004s
I20260710 11:09:43.589056  4455 tablet_bootstrap.cc:492] T 3af83ab63f774586a050e6f6505210bb P 7c5446f446d448c1a55ac9ef8b5dbe77: Bootstrap starting.
I20260710 11:09:43.589143  4453 ts_tablet_manager.cc:1434] T 4a07bca5c577476b93e9e812f9560831 P a9920f3683a548f0a1883731047791a0: Time spent starting tablet: real 0.015s	user 0.008s	sys 0.000s
I20260710 11:09:43.590600  4453 tablet_bootstrap.cc:492] T 6ff92ce714f4497eb1ed8a48cefbf96b P a9920f3683a548f0a1883731047791a0: Bootstrap starting.
I20260710 11:09:43.594622  4455 tablet_bootstrap.cc:654] T 3af83ab63f774586a050e6f6505210bb P 7c5446f446d448c1a55ac9ef8b5dbe77: Neither blocks nor log segments found. Creating new log.
I20260710 11:09:43.601512  4453 tablet_bootstrap.cc:654] T 6ff92ce714f4497eb1ed8a48cefbf96b P a9920f3683a548f0a1883731047791a0: Neither blocks nor log segments found. Creating new log.
