I20260710 11:09:30.199133 11182 consensus_queue.cc:237] T d621836e810842d891a317007b23d922 P 8ff86a65e4cc448097f139e02c3488e6 [LEADER]: Queue going to LEADER mode. State: All replicated index: 0, Majority replicated index: 0, Committed index: 0, Last appended: 0.0, Last appended by leader: 0, Current term: 1, Majority size: 2, State: 0, Mode: LEADER, active raft config: opid_index: -1 OBSOLETE_local: false peers { permanent_uuid: "064339fae44d4493b9d3cedcb087bf5c" member_type: VOTER last_known_addr { host: "127.10.21.65" port: 35429 } } peers { permanent_uuid: "e51f85c795c4484aaa3ef59e0e1e20a3" member_type: VOTER last_known_addr { host: "127.10.21.66" port: 36817 } } peers { permanent_uuid: "8ff86a65e4cc448097f139e02c3488e6" member_type: VOTER last_known_addr { host: "127.10.21.67" port: 39755 } }
I20260710 11:09:30.199630 11140 raft_consensus.cc:740] T ca4aaf16382645c7a51042c1bbec15d1 P e51f85c795c4484aaa3ef59e0e1e20a3 [term 0 FOLLOWER]: Becoming Follower/Learner. State: Replica: e51f85c795c4484aaa3ef59e0e1e20a3, State: Initialized, Role: FOLLOWER
I20260710 11:09:30.199837 11025 raft_consensus.cc:2468] T a15c165d2990444ea2fed351e3967dfe P e51f85c795c4484aaa3ef59e0e1e20a3 [term 1 FOLLOWER]: Leader election vote request: Granting yes vote for candidate 8ff86a65e4cc448097f139e02c3488e6 in term 1.
I20260710 11:09:30.199141 10846 catalog_manager.cc:5697] T 3371c9acabd14f7990dd0d0abf8da0cf P e51f85c795c4484aaa3ef59e0e1e20a3 reported cstate change: term changed from 0 to 1, leader changed from <none> to e51f85c795c4484aaa3ef59e0e1e20a3 (127.10.21.66). New cstate: current_term: 1 leader_uuid: "e51f85c795c4484aaa3ef59e0e1e20a3" committed_config { opid_index: -1 OBSOLETE_local: false peers { permanent_uuid: "064339fae44d4493b9d3cedcb087bf5c" member_type: VOTER last_known_addr { host: "127.10.21.65" port: 35429 } health_report { overall_health: UNKNOWN } } peers { permanent_uuid: "e51f85c795c4484aaa3ef59e0e1e20a3" member_type: VOTER last_known_addr { host: "127.10.21.66" port: 36817 } health_report { overall_health: HEALTHY } } peers { permanent_uuid: "8ff86a65e4cc448097f139e02c3488e6" member_type: VOTER last_known_addr { host: "127.10.21.67" port: 39755 } health_report { overall_health: UNKNOWN } } }
I20260710 11:09:30.201496 11066 leader_election.cc:304] T a15c165d2990444ea2fed351e3967dfe P 8ff86a65e4cc448097f139e02c3488e6 [CANDIDATE]: Term 1 election: Election decided. Result: candidate won. Election summary: received 3 responses out of 3 voters: 2 yes votes; 1 no votes. yes voters: 8ff86a65e4cc448097f139e02c3488e6, e51f85c795c4484aaa3ef59e0e1e20a3; no voters: 064339fae44d4493b9d3cedcb087bf5c
I20260710 11:09:30.202361 11190 raft_consensus.cc:2804] T a15c165d2990444ea2fed351e3967dfe P 8ff86a65e4cc448097f139e02c3488e6 [term 1 FOLLOWER]: Leader election won for term 1
I20260710 11:09:30.202638 11181 raft_consensus.cc:697] T 72a983bce8f54bc8aa97f7a3d7925432 P 8ff86a65e4cc448097f139e02c3488e6 [term 1 LEADER]: Becoming Leader. State: Replica: 8ff86a65e4cc448097f139e02c3488e6, State: Running, Role: LEADER
I20260710 11:09:30.202991 11190 raft_consensus.cc:697] T a15c165d2990444ea2fed351e3967dfe P 8ff86a65e4cc448097f139e02c3488e6 [term 1 LEADER]: Becoming Leader. State: Replica: 8ff86a65e4cc448097f139e02c3488e6, State: Running, Role: LEADER
I20260710 11:09:30.203091 11158 raft_consensus.cc:515] T efef7d84eff149afac7f7ef0e365bc72 P e51f85c795c4484aaa3ef59e0e1e20a3 [term 1 FOLLOWER]: Starting leader election with config: opid_index: -1 OBSOLETE_local: false peers { permanent_uuid: "e51f85c795c4484aaa3ef59e0e1e20a3" member_type: VOTER last_known_addr { host: "127.10.21.66" port: 36817 } } peers { permanent_uuid: "064339fae44d4493b9d3cedcb087bf5c" member_type: VOTER last_known_addr { host: "127.10.21.65" port: 35429 } } peers { permanent_uuid: "8ff86a65e4cc448097f139e02c3488e6" member_type: VOTER last_known_addr { host: "127.10.21.67" port: 39755 } }
I20260710 11:09:30.203477 11181 consensus_queue.cc:237] T 72a983bce8f54bc8aa97f7a3d7925432 P 8ff86a65e4cc448097f139e02c3488e6 [LEADER]: Queue going to LEADER mode. State: All replicated index: 0, Majority replicated index: 0, Committed index: 0, Last appended: 0.0, Last appended by leader: 0, Current term: 1, Majority size: 2, State: 0, Mode: LEADER, active raft config: opid_index: -1 OBSOLETE_local: false peers { permanent_uuid: "064339fae44d4493b9d3cedcb087bf5c" member_type: VOTER last_known_addr { host: "127.10.21.65" port: 35429 } } peers { permanent_uuid: "e51f85c795c4484aaa3ef59e0e1e20a3" member_type: VOTER last_known_addr { host: "127.10.21.66" port: 36817 } } peers { permanent_uuid: "8ff86a65e4cc448097f139e02c3488e6" member_type: VOTER last_known_addr { host: "127.10.21.67" port: 39755 } }
I20260710 11:09:30.203776 11190 consensus_queue.cc:237] T a15c165d2990444ea2fed351e3967dfe P 8ff86a65e4cc448097f139e02c3488e6 [LEADER]: Queue going to LEADER mode. State: All replicated index: 0, Majority replicated index: 0, Committed index: 0, Last appended: 0.0, Last appended by leader: 0, Current term: 1, Majority size: 2, State: 0, Mode: LEADER, active raft config: opid_index: -1 OBSOLETE_local: false peers { permanent_uuid: "064339fae44d4493b9d3cedcb087bf5c" member_type: VOTER last_known_addr { host: "127.10.21.65" port: 35429 } } peers { permanent_uuid: "e51f85c795c4484aaa3ef59e0e1e20a3" member_type: VOTER last_known_addr { host: "127.10.21.66" port: 36817 } } peers { permanent_uuid: "8ff86a65e4cc448097f139e02c3488e6" member_type: VOTER last_known_addr { host: "127.10.21.67" port: 39755 } }
I20260710 11:09:30.205928 10951 tablet_service.cc:1917] Received RequestConsensusVote() RPC: tablet_id: "efef7d84eff149afac7f7ef0e365bc72" candidate_uuid: "e51f85c795c4484aaa3ef59e0e1e20a3" candidate_term: 1 candidate_status { last_received { term: 0 index: 0 } } ignore_live_leader: false dest_uuid: "064339fae44d4493b9d3cedcb087bf5c"
I20260710 11:09:30.206430 10951 raft_consensus.cc:3060] T efef7d84eff149afac7f7ef0e365bc72 P 064339fae44d4493b9d3cedcb087bf5c [term 0 FOLLOWER]: Advancing to term 1
I20260710 11:09:30.206259 11140 consensus_queue.cc:260] T ca4aaf16382645c7a51042c1bbec15d1 P e51f85c795c4484aaa3ef59e0e1e20a3 [NON_LEADER]: Queue going to NON_LEADER mode. State: All replicated index: 0, Majority replicated index: 0, Committed index: 0, Last appended: 0.0, Last appended by leader: 0, Current term: 0, Majority size: -1, State: 0, Mode: NON_LEADER, active raft config: opid_index: -1 OBSOLETE_local: false peers { permanent_uuid: "064339fae44d4493b9d3cedcb087bf5c" member_type: VOTER last_known_addr { host: "127.10.21.65" port: 35429 } } peers { permanent_uuid: "e51f85c795c4484aaa3ef59e0e1e20a3" member_type: VOTER last_known_addr { host: "127.10.21.66" port: 36817 } } peers { permanent_uuid: "8ff86a65e4cc448097f139e02c3488e6" member_type: VOTER last_known_addr { host: "127.10.21.67" port: 39755 } }
I20260710 11:09:30.207927 11158 leader_election.cc:290] T efef7d84eff149afac7f7ef0e365bc72 P e51f85c795c4484aaa3ef59e0e1e20a3 [CANDIDATE]: Term 1 election: Requested vote from peers 064339fae44d4493b9d3cedcb087bf5c (127.10.21.65:35429), 8ff86a65e4cc448097f139e02c3488e6 (127.10.21.67:39755)
I20260710 11:09:30.209400 11140 ts_tablet_manager.cc:1434] T ca4aaf16382645c7a51042c1bbec15d1 P e51f85c795c4484aaa3ef59e0e1e20a3: Time spent starting tablet: real 0.013s	user 0.005s	sys 0.001s
I20260710 11:09:30.206312 11098 tablet_service.cc:1917] Received RequestConsensusVote() RPC: tablet_id: "efef7d84eff149afac7f7ef0e365bc72" candidate_uuid: "e51f85c795c4484aaa3ef59e0e1e20a3" candidate_term: 1 candidate_status { last_received { term: 0 index: 0 } } ignore_live_leader: false dest_uuid: "8ff86a65e4cc448097f139e02c3488e6"
W20260710 11:09:30.210813 10991 leader_election.cc:343] T efef7d84eff149afac7f7ef0e365bc72 P e51f85c795c4484aaa3ef59e0e1e20a3 [CANDIDATE]: Term 1 election: Tablet error from VoteRequest() call to peer 8ff86a65e4cc448097f139e02c3488e6 (127.10.21.67:39755): Illegal state: must be running to vote when last-logged opid is not known
I20260710 11:09:30.214468 10951 raft_consensus.cc:2468] T efef7d84eff149afac7f7ef0e365bc72 P 064339fae44d4493b9d3cedcb087bf5c [term 1 FOLLOWER]: Leader election vote request: Granting yes vote for candidate e51f85c795c4484aaa3ef59e0e1e20a3 in term 1.
I20260710 11:09:30.215533 11143 tablet_bootstrap.cc:492] T 6662341100eb4a009ae468681f22db92 P 8ff86a65e4cc448097f139e02c3488e6: No bootstrap required, opened a new log
I20260710 11:09:30.215471 10989 leader_election.cc:304] T efef7d84eff149afac7f7ef0e365bc72 P e51f85c795c4484aaa3ef59e0e1e20a3 [CANDIDATE]: Term 1 election: Election decided. Result: candidate won. Election summary: received 3 responses out of 3 voters: 2 yes votes; 1 no votes. yes voters: 064339fae44d4493b9d3cedcb087bf5c, e51f85c795c4484aaa3ef59e0e1e20a3; no voters: 8ff86a65e4cc448097f139e02c3488e6
I20260710 11:09:30.215965 11143 ts_tablet_manager.cc:1403] T 6662341100eb4a009ae468681f22db92 P 8ff86a65e4cc448097f139e02c3488e6: Time spent bootstrapping tablet: real 0.075s	user 0.027s	sys 0.004s
I20260710 11:09:30.216907 11158 raft_consensus.cc:2804] T efef7d84eff149afac7f7ef0e365bc72 P e51f85c795c4484aaa3ef59e0e1e20a3 [term 1 FOLLOWER]: Leader election won for term 1
I20260710 11:09:30.217519 11158 raft_consensus.cc:697] T efef7d84eff149afac7f7ef0e365bc72 P e51f85c795c4484aaa3ef59e0e1e20a3 [term 1 LEADER]: Becoming Leader. State: Replica: e51f85c795c4484aaa3ef59e0e1e20a3, State: Running, Role: LEADER
I20260710 11:09:30.218734 11142 tablet_bootstrap.cc:492] T b3b0d88f47f348eaab54cd9b52837445 P 064339fae44d4493b9d3cedcb087bf5c: No bootstrap required, opened a new log
I20260710 11:09:30.218250 11158 consensus_queue.cc:237] T efef7d84eff149afac7f7ef0e365bc72 P e51f85c795c4484aaa3ef59e0e1e20a3 [LEADER]: Queue going to LEADER mode. State: All replicated index: 0, Majority replicated index: 0, Committed index: 0, Last appended: 0.0, Last appended by leader: 0, Current term: 1, Majority size: 2, State: 0, Mode: LEADER, active raft config: opid_index: -1 OBSOLETE_local: false peers { permanent_uuid: "e51f85c795c4484aaa3ef59e0e1e20a3" member_type: VOTER last_known_addr { host: "127.10.21.66" port: 36817 } } peers { permanent_uuid: "064339fae44d4493b9d3cedcb087bf5c" member_type: VOTER last_known_addr { host: "127.10.21.65" port: 35429 } } peers { permanent_uuid: "8ff86a65e4cc448097f139e02c3488e6" member_type: VOTER last_known_addr { host: "127.10.21.67" port: 39755 } }
I20260710 11:09:30.219174 11142 ts_tablet_manager.cc:1403] T b3b0d88f47f348eaab54cd9b52837445 P 064339fae44d4493b9d3cedcb087bf5c: Time spent bootstrapping tablet: real 0.063s	user 0.024s	sys 0.002s
I20260710 11:09:30.222152 11142 raft_consensus.cc:359] T b3b0d88f47f348eaab54cd9b52837445 P 064339fae44d4493b9d3cedcb087bf5c [term 0 FOLLOWER]: Replica starting. Triggering 0 pending ops. Active config: opid_index: -1 OBSOLETE_local: false peers { permanent_uuid: "064339fae44d4493b9d3cedcb087bf5c" member_type: VOTER last_known_addr { host: "127.10.21.65" port: 35429 } } peers { permanent_uuid: "e51f85c795c4484aaa3ef59e0e1e20a3" member_type: VOTER last_known_addr { host: "127.10.21.66" port: 36817 } } peers { permanent_uuid: "8ff86a65e4cc448097f139e02c3488e6" member_type: VOTER last_known_addr { host: "127.10.21.67" port: 39755 } }
I20260710 11:09:30.222738 11142 raft_consensus.cc:385] T b3b0d88f47f348eaab54cd9b52837445 P 064339fae44d4493b9d3cedcb087bf5c [term 0 FOLLOWER]: Consensus starting up: Expiring failure detector timer to make a prompt election more likely
I20260710 11:09:30.223017 11142 raft_consensus.cc:740] T b3b0d88f47f348eaab54cd9b52837445 P 064339fae44d4493b9d3cedcb087bf5c [term 0 FOLLOWER]: Becoming Follower/Learner. State: Replica: 064339fae44d4493b9d3cedcb087bf5c, State: Initialized, Role: FOLLOWER
I20260710 11:09:30.223776 11142 consensus_queue.cc:260] T b3b0d88f47f348eaab54cd9b52837445 P 064339fae44d4493b9d3cedcb087bf5c [NON_LEADER]: Queue going to NON_LEADER mode. State: All replicated index: 0, Majority replicated index: 0, Committed index: 0, Last appended: 0.0, Last appended by leader: 0, Current term: 0, Majority size: -1, State: 0, Mode: NON_LEADER, active raft config: opid_index: -1 OBSOLETE_local: false peers { permanent_uuid: "064339fae44d4493b9d3cedcb087bf5c" member_type: VOTER last_known_addr { host: "127.10.21.65" port: 35429 } } peers { permanent_uuid: "e51f85c795c4484aaa3ef59e0e1e20a3" member_type: VOTER last_known_addr { host: "127.10.21.66" port: 36817 } } peers { permanent_uuid: "8ff86a65e4cc448097f139e02c3488e6" member_type: VOTER last_known_addr { host: "127.10.21.67" port: 39755 } }
I20260710 11:09:30.223127 11143 raft_consensus.cc:359] T 6662341100eb4a009ae468681f22db92 P 8ff86a65e4cc448097f139e02c3488e6 [term 0 FOLLOWER]: Replica starting. Triggering 0 pending ops. Active config: opid_index: -1 OBSOLETE_local: false peers { permanent_uuid: "064339fae44d4493b9d3cedcb087bf5c" member_type: VOTER last_known_addr { host: "127.10.21.65" port: 35429 } } peers { permanent_uuid: "e51f85c795c4484aaa3ef59e0e1e20a3" member_type: VOTER last_known_addr { host: "127.10.21.66" port: 36817 } } peers { permanent_uuid: "8ff86a65e4cc448097f139e02c3488e6" member_type: VOTER last_known_addr { host: "127.10.21.67" port: 39755 } }
I20260710 11:09:30.225252 11143 raft_consensus.cc:385] T 6662341100eb4a009ae468681f22db92 P 8ff86a65e4cc448097f139e02c3488e6 [term 0 FOLLOWER]: Consensus starting up: Expiring failure detector timer to make a prompt election more likely
I20260710 11:09:30.225510 11143 raft_consensus.cc:740] T 6662341100eb4a009ae468681f22db92 P 8ff86a65e4cc448097f139e02c3488e6 [term 0 FOLLOWER]: Becoming Follower/Learner. State: Replica: 8ff86a65e4cc448097f139e02c3488e6, State: Initialized, Role: FOLLOWER
I20260710 11:09:30.226122 11142 ts_tablet_manager.cc:1434] T b3b0d88f47f348eaab54cd9b52837445 P 064339fae44d4493b9d3cedcb087bf5c: Time spent starting tablet: real 0.007s	user 0.006s	sys 0.000s
I20260710 11:09:30.226176 11143 consensus_queue.cc:260] T 6662341100eb4a009ae468681f22db92 P 8ff86a65e4cc448097f139e02c3488e6 [NON_LEADER]: Queue going to NON_LEADER mode. State: All replicated index: 0, Majority replicated index: 0, Committed index: 0, Last appended: 0.0, Last appended by leader: 0, Current term: 0, Majority size: -1, State: 0, Mode: NON_LEADER, active raft config: opid_index: -1 OBSOLETE_local: false peers { permanent_uuid: "064339fae44d4493b9d3cedcb087bf5c" member_type: VOTER last_known_addr { host: "127.10.21.65" port: 35429 } } peers { permanent_uuid: "e51f85c795c4484aaa3ef59e0e1e20a3" member_type: VOTER last_known_addr { host: "127.10.21.66" port: 36817 } } peers { permanent_uuid: "8ff86a65e4cc448097f139e02c3488e6" member_type: VOTER last_known_addr { host: "127.10.21.67" port: 39755 } }
I20260710 11:09:30.228255 11143 ts_tablet_manager.cc:1434] T 6662341100eb4a009ae468681f22db92 P 8ff86a65e4cc448097f139e02c3488e6: Time spent starting tablet: real 0.012s	user 0.006s	sys 0.001s
I20260710 11:09:30.229065 11143 tablet_bootstrap.cc:492] T efef7d84eff149afac7f7ef0e365bc72 P 8ff86a65e4cc448097f139e02c3488e6: Bootstrap starting.
I20260710 11:09:30.231781 10846 catalog_manager.cc:5697] T d621836e810842d891a317007b23d922 P 8ff86a65e4cc448097f139e02c3488e6 reported cstate change: term changed from 0 to 1, leader changed from <none> to 8ff86a65e4cc448097f139e02c3488e6 (127.10.21.67). New cstate: current_term: 1 leader_uuid: "8ff86a65e4cc448097f139e02c3488e6" committed_config { opid_index: -1 OBSOLETE_local: false peers { permanent_uuid: "064339fae44d4493b9d3cedcb087bf5c" member_type: VOTER last_known_addr { host: "127.10.21.65" port: 35429 } health_report { overall_health: UNKNOWN } } peers { permanent_uuid: "e51f85c795c4484aaa3ef59e0e1e20a3" member_type: VOTER last_known_addr { host: "127.10.21.66" port: 36817 } health_report { overall_health: UNKNOWN } } peers { permanent_uuid: "8ff86a65e4cc448097f139e02c3488e6" member_type: VOTER last_known_addr { host: "127.10.21.67" port: 39755 } health_report { overall_health: HEALTHY } } }
I20260710 11:09:30.233232 11142 tablet_bootstrap.cc:492] T d621836e810842d891a317007b23d922 P 064339fae44d4493b9d3cedcb087bf5c: Bootstrap starting.
I20260710 11:09:30.234249 11143 tablet_bootstrap.cc:654] T efef7d84eff149afac7f7ef0e365bc72 P 8ff86a65e4cc448097f139e02c3488e6: Neither blocks nor log segments found. Creating new log.
I20260710 11:09:30.240586 11142 tablet_bootstrap.cc:654] T d621836e810842d891a317007b23d922 P 064339fae44d4493b9d3cedcb087bf5c: Neither blocks nor log segments found. Creating new log.
I20260710 11:09:30.250216 11190 raft_consensus.cc:493] T b3b0d88f47f348eaab54cd9b52837445 P 8ff86a65e4cc448097f139e02c3488e6 [term 0 FOLLOWER]: Starting pre-election (no leader contacted us within the election timeout)
I20260710 11:09:30.250660 11190 raft_consensus.cc:515] T b3b0d88f47f348eaab54cd9b52837445 P 8ff86a65e4cc448097f139e02c3488e6 [term 0 FOLLOWER]: Starting pre-election with config: opid_index: -1 OBSOLETE_local: false peers { permanent_uuid: "064339fae44d4493b9d3cedcb087bf5c" member_type: VOTER last_known_addr { host: "127.10.21.65" port: 35429 } } peers { permanent_uuid: "e51f85c795c4484aaa3ef59e0e1e20a3" member_type: VOTER last_known_addr { host: "127.10.21.66" port: 36817 } } peers { permanent_uuid: "8ff86a65e4cc448097f139e02c3488e6" member_type: VOTER last_known_addr { host: "127.10.21.67" port: 39755 } }
I20260710 11:09:30.254033 10951 tablet_service.cc:1917] Received RequestConsensusVote() RPC: tablet_id: "b3b0d88f47f348eaab54cd9b52837445" candidate_uuid: "8ff86a65e4cc448097f139e02c3488e6" candidate_term: 1 candidate_status { last_received { term: 0 index: 0 } } ignore_live_leader: false dest_uuid: "064339fae44d4493b9d3cedcb087bf5c" is_pre_election: true
I20260710 11:09:30.254742 10951 raft_consensus.cc:2468] T b3b0d88f47f348eaab54cd9b52837445 P 064339fae44d4493b9d3cedcb087bf5c [term 0 FOLLOWER]: Leader pre-election vote request: Granting yes vote for candidate 8ff86a65e4cc448097f139e02c3488e6 in term 0.
I20260710 11:09:30.258909 11063 leader_election.cc:304] T b3b0d88f47f348eaab54cd9b52837445 P 8ff86a65e4cc448097f139e02c3488e6 [CANDIDATE]: Term 1 pre-election: Election decided. Result: candidate won. Election summary: received 2 responses out of 3 voters: 2 yes votes; 0 no votes. yes voters: 064339fae44d4493b9d3cedcb087bf5c, 8ff86a65e4cc448097f139e02c3488e6; no voters: 
I20260710 11:09:30.258401 10848 catalog_manager.cc:5697] T efef7d84eff149afac7f7ef0e365bc72 P e51f85c795c4484aaa3ef59e0e1e20a3 reported cstate change: term changed from 0 to 1, leader changed from <none> to e51f85c795c4484aaa3ef59e0e1e20a3 (127.10.21.66). New cstate: current_term: 1 leader_uuid: "e51f85c795c4484aaa3ef59e0e1e20a3" committed_config { opid_index: -1 OBSOLETE_local: false peers { permanent_uuid: "e51f85c795c4484aaa3ef59e0e1e20a3" member_type: VOTER last_known_addr { host: "127.10.21.66" port: 36817 } health_report { overall_health: HEALTHY } } peers { permanent_uuid: "064339fae44d4493b9d3cedcb087bf5c" member_type: VOTER last_known_addr { host: "127.10.21.65" port: 35429 } health_report { overall_health: UNKNOWN } } peers { permanent_uuid: "8ff86a65e4cc448097f139e02c3488e6" member_type: VOTER last_known_addr { host: "127.10.21.67" port: 39755 } health_report { overall_health: UNKNOWN } } }
I20260710 11:09:30.259786 11181 raft_consensus.cc:2804] T b3b0d88f47f348eaab54cd9b52837445 P 8ff86a65e4cc448097f139e02c3488e6 [term 0 FOLLOWER]: Leader pre-election won for term 1
I20260710 11:09:30.260156 11181 raft_consensus.cc:493] T b3b0d88f47f348eaab54cd9b52837445 P 8ff86a65e4cc448097f139e02c3488e6 [term 0 FOLLOWER]: Starting leader election (no leader contacted us within the election timeout)
I20260710 11:09:30.260483 11181 raft_consensus.cc:3060] T b3b0d88f47f348eaab54cd9b52837445 P 8ff86a65e4cc448097f139e02c3488e6 [term 0 FOLLOWER]: Advancing to term 1
I20260710 11:09:30.268628 11158 raft_consensus.cc:493] T b3b0d88f47f348eaab54cd9b52837445 P e51f85c795c4484aaa3ef59e0e1e20a3 [term 0 FOLLOWER]: Starting pre-election (no leader contacted us within the election timeout)
I20260710 11:09:30.269065 11158 raft_consensus.cc:515] T b3b0d88f47f348eaab54cd9b52837445 P e51f85c795c4484aaa3ef59e0e1e20a3 [term 0 FOLLOWER]: Starting pre-election with config: opid_index: -1 OBSOLETE_local: false peers { permanent_uuid: "064339fae44d4493b9d3cedcb087bf5c" member_type: VOTER last_known_addr { host: "127.10.21.65" port: 35429 } } peers { permanent_uuid: "e51f85c795c4484aaa3ef59e0e1e20a3" member_type: VOTER last_known_addr { host: "127.10.21.66" port: 36817 } } peers { permanent_uuid: "8ff86a65e4cc448097f139e02c3488e6" member_type: VOTER last_known_addr { host: "127.10.21.67" port: 39755 } }
I20260710 11:09:30.269361 11181 raft_consensus.cc:515] T b3b0d88f47f348eaab54cd9b52837445 P 8ff86a65e4cc448097f139e02c3488e6 [term 1 FOLLOWER]: Starting leader election with config: opid_index: -1 OBSOLETE_local: false peers { permanent_uuid: "064339fae44d4493b9d3cedcb087bf5c" member_type: VOTER last_known_addr { host: "127.10.21.65" port: 35429 } } peers { permanent_uuid: "e51f85c795c4484aaa3ef59e0e1e20a3" member_type: VOTER last_known_addr { host: "127.10.21.66" port: 36817 } } peers { permanent_uuid: "8ff86a65e4cc448097f139e02c3488e6" member_type: VOTER last_known_addr { host: "127.10.21.67" port: 39755 } }
I20260710 11:09:30.270987 11158 leader_election.cc:290] T b3b0d88f47f348eaab54cd9b52837445 P e51f85c795c4484aaa3ef59e0e1e20a3 [CANDIDATE]: Term 1 pre-election: Requested pre-vote from peers 064339fae44d4493b9d3cedcb087bf5c (127.10.21.65:35429), 8ff86a65e4cc448097f139e02c3488e6 (127.10.21.67:39755)
I20260710 11:09:30.271137 11181 leader_election.cc:290] T b3b0d88f47f348eaab54cd9b52837445 P 8ff86a65e4cc448097f139e02c3488e6 [CANDIDATE]: Term 1 election: Requested vote from peers 064339fae44d4493b9d3cedcb087bf5c (127.10.21.65:35429), e51f85c795c4484aaa3ef59e0e1e20a3 (127.10.21.66:36817)
I20260710 11:09:30.272112 10951 tablet_service.cc:1917] Received RequestConsensusVote() RPC: tablet_id: "b3b0d88f47f348eaab54cd9b52837445" candidate_uuid: "8ff86a65e4cc448097f139e02c3488e6" candidate_term: 1 candidate_status { last_received { term: 0 index: 0 } } ignore_live_leader: false dest_uuid: "064339fae44d4493b9d3cedcb087bf5c"
I20260710 11:09:30.272413 11025 tablet_service.cc:1917] Received RequestConsensusVote() RPC: tablet_id: "b3b0d88f47f348eaab54cd9b52837445" candidate_uuid: "8ff86a65e4cc448097f139e02c3488e6" candidate_term: 1 candidate_status { last_received { term: 0 index: 0 } } ignore_live_leader: false dest_uuid: "e51f85c795c4484aaa3ef59e0e1e20a3"
I20260710 11:09:30.272706 10951 raft_consensus.cc:3060] T b3b0d88f47f348eaab54cd9b52837445 P 064339fae44d4493b9d3cedcb087bf5c [term 0 FOLLOWER]: Advancing to term 1
I20260710 11:09:30.273036 11025 raft_consensus.cc:3060] T b3b0d88f47f348eaab54cd9b52837445 P e51f85c795c4484aaa3ef59e0e1e20a3 [term 0 FOLLOWER]: Advancing to term 1
I20260710 11:09:30.273900 11098 tablet_service.cc:1917] Received RequestConsensusVote() RPC: tablet_id: "b3b0d88f47f348eaab54cd9b52837445" candidate_uuid: "e51f85c795c4484aaa3ef59e0e1e20a3" candidate_term: 1 candidate_status { last_received { term: 0 index: 0 } } ignore_live_leader: false dest_uuid: "8ff86a65e4cc448097f139e02c3488e6" is_pre_election: true
I20260710 11:09:30.274588 11098 raft_consensus.cc:2393] T b3b0d88f47f348eaab54cd9b52837445 P 8ff86a65e4cc448097f139e02c3488e6 [term 1 FOLLOWER]: Leader pre-election vote request: Denying vote to candidate e51f85c795c4484aaa3ef59e0e1e20a3 in current term 1: Already voted for candidate 8ff86a65e4cc448097f139e02c3488e6 in this term.
I20260710 11:09:30.272809 10950 tablet_service.cc:1917] Received RequestConsensusVote() RPC: tablet_id: "b3b0d88f47f348eaab54cd9b52837445" candidate_uuid: "e51f85c795c4484aaa3ef59e0e1e20a3" candidate_term: 1 candidate_status { last_received { term: 0 index: 0 } } ignore_live_leader: false dest_uuid: "064339fae44d4493b9d3cedcb087bf5c" is_pre_election: true
I20260710 11:09:30.277153 10989 leader_election.cc:304] T b3b0d88f47f348eaab54cd9b52837445 P e51f85c795c4484aaa3ef59e0e1e20a3 [CANDIDATE]: Term 1 pre-election: Election decided. Result: candidate lost. Election summary: received 3 responses out of 3 voters: 1 yes votes; 2 no votes. yes voters: e51f85c795c4484aaa3ef59e0e1e20a3; no voters: 064339fae44d4493b9d3cedcb087bf5c, 8ff86a65e4cc448097f139e02c3488e6
I20260710 11:09:30.278909 11025 raft_consensus.cc:2468] T b3b0d88f47f348eaab54cd9b52837445 P e51f85c795c4484aaa3ef59e0e1e20a3 [term 1 FOLLOWER]: Leader election vote request: Granting yes vote for candidate 8ff86a65e4cc448097f139e02c3488e6 in term 1.
I20260710 11:09:30.279284 11158 raft_consensus.cc:2749] T b3b0d88f47f348eaab54cd9b52837445 P e51f85c795c4484aaa3ef59e0e1e20a3 [term 1 FOLLOWER]: Leader pre-election lost for term 1. Reason: could not achieve majority
I20260710 11:09:30.257948 10846 catalog_manager.cc:5697] T 72a983bce8f54bc8aa97f7a3d7925432 P 8ff86a65e4cc448097f139e02c3488e6 reported cstate change: term changed from 0 to 1, leader changed from <none> to 8ff86a65e4cc448097f139e02c3488e6 (127.10.21.67). New cstate: current_term: 1 leader_uuid: "8ff86a65e4cc448097f139e02c3488e6" committed_config { opid_index: -1 OBSOLETE_local: false peers { permanent_uuid: "064339fae44d4493b9d3cedcb087bf5c" member_type: VOTER last_known_addr { host: "127.10.21.65" port: 35429 } health_report { overall_health: UNKNOWN } } peers { permanent_uuid: "e51f85c795c4484aaa3ef59e0e1e20a3" member_type: VOTER last_known_addr { host: "127.10.21.66" port: 36817 } health_report { overall_health: UNKNOWN } } peers { permanent_uuid: "8ff86a65e4cc448097f139e02c3488e6" member_type: VOTER last_known_addr { host: "127.10.21.67" port: 39755 } health_report { overall_health: HEALTHY } } }
I20260710 11:09:30.279718 10951 raft_consensus.cc:2468] T b3b0d88f47f348eaab54cd9b52837445 P 064339fae44d4493b9d3cedcb087bf5c [term 1 FOLLOWER]: Leader election vote request: Granting yes vote for candidate 8ff86a65e4cc448097f139e02c3488e6 in term 1.
I20260710 11:09:30.279868 11066 leader_election.cc:304] T b3b0d88f47f348eaab54cd9b52837445 P 8ff86a65e4cc448097f139e02c3488e6 [CANDIDATE]: Term 1 election: Election decided. Result: candidate won. Election summary: received 2 responses out of 3 voters: 2 yes votes; 0 no votes. yes voters: 8ff86a65e4cc448097f139e02c3488e6, e51f85c795c4484aaa3ef59e0e1e20a3; no voters: 
I20260710 11:09:30.282218 11181 raft_consensus.cc:2804] T b3b0d88f47f348eaab54cd9b52837445 P 8ff86a65e4cc448097f139e02c3488e6 [term 1 FOLLOWER]: Leader election won for term 1
I20260710 11:09:30.281668 10846 catalog_manager.cc:5697] T a15c165d2990444ea2fed351e3967dfe P 8ff86a65e4cc448097f139e02c3488e6 reported cstate change: term changed from 0 to 1, leader changed from <none> to 8ff86a65e4cc448097f139e02c3488e6 (127.10.21.67). New cstate: current_term: 1 leader_uuid: "8ff86a65e4cc448097f139e02c3488e6" committed_config { opid_index: -1 OBSOLETE_local: false peers { permanent_uuid: "064339fae44d4493b9d3cedcb087bf5c" member_type: VOTER last_known_addr { host: "127.10.21.65" port: 35429 } health_report { overall_health: UNKNOWN } } peers { permanent_uuid: "e51f85c795c4484aaa3ef59e0e1e20a3" member_type: VOTER last_known_addr { host: "127.10.21.66" port: 36817 } health_report { overall_health: UNKNOWN } } peers { permanent_uuid: "8ff86a65e4cc448097f139e02c3488e6" member_type: VOTER last_known_addr { host: "127.10.21.67" port: 39755 } health_report { overall_health: HEALTHY } } }
I20260710 11:09:30.282825 11181 raft_consensus.cc:697] T b3b0d88f47f348eaab54cd9b52837445 P 8ff86a65e4cc448097f139e02c3488e6 [term 1 LEADER]: Becoming Leader. State: Replica: 8ff86a65e4cc448097f139e02c3488e6, State: Running, Role: LEADER
I20260710 11:09:30.283591 11181 consensus_queue.cc:237] T b3b0d88f47f348eaab54cd9b52837445 P 8ff86a65e4cc448097f139e02c3488e6 [LEADER]: Queue going to LEADER mode. State: All replicated index: 0, Majority replicated index: 0, Committed index: 0, Last appended: 0.0, Last appended by leader: 0, Current term: 1, Majority size: 2, State: 0, Mode: LEADER, active raft config: opid_index: -1 OBSOLETE_local: false peers { permanent_uuid: "064339fae44d4493b9d3cedcb087bf5c" member_type: VOTER last_known_addr { host: "127.10.21.65" port: 35429 } } peers { permanent_uuid: "e51f85c795c4484aaa3ef59e0e1e20a3" member_type: VOTER last_known_addr { host: "127.10.21.66" port: 36817 } } peers { permanent_uuid: "8ff86a65e4cc448097f139e02c3488e6" member_type: VOTER last_known_addr { host: "127.10.21.67" port: 39755 } }
I20260710 11:09:30.285542 11190 leader_election.cc:290] T b3b0d88f47f348eaab54cd9b52837445 P 8ff86a65e4cc448097f139e02c3488e6 [CANDIDATE]: Term 1 pre-election: Requested pre-vote from peers 064339fae44d4493b9d3cedcb087bf5c (127.10.21.65:35429), e51f85c795c4484aaa3ef59e0e1e20a3 (127.10.21.66:36817)
I20260710 11:09:30.285789 11025 tablet_service.cc:1917] Received RequestConsensusVote() RPC: tablet_id: "b3b0d88f47f348eaab54cd9b52837445" candidate_uuid: "8ff86a65e4cc448097f139e02c3488e6" candidate_term: 1 candidate_status { last_received { term: 0 index: 0 } } ignore_live_leader: false dest_uuid: "e51f85c795c4484aaa3ef59e0e1e20a3" is_pre_election: true
I20260710 11:09:30.286445 11025 raft_consensus.cc:2376] T b3b0d88f47f348eaab54cd9b52837445 P e51f85c795c4484aaa3ef59e0e1e20a3 [term 1 FOLLOWER]: Leader pre-election vote request: Already granted yes vote for candidate 8ff86a65e4cc448097f139e02c3488e6 in term 1. Re-sending same reply.
I20260710 11:09:30.295174 11142 tablet_bootstrap.cc:492] T d621836e810842d891a317007b23d922 P 064339fae44d4493b9d3cedcb087bf5c: No bootstrap required, opened a new log
I20260710 11:09:30.295619 11142 ts_tablet_manager.cc:1403] T d621836e810842d891a317007b23d922 P 064339fae44d4493b9d3cedcb087bf5c: Time spent bootstrapping tablet: real 0.063s	user 0.022s	sys 0.006s
I20260710 11:09:30.295194 11143 tablet_bootstrap.cc:492] T efef7d84eff149afac7f7ef0e365bc72 P 8ff86a65e4cc448097f139e02c3488e6: No bootstrap required, opened a new log
I20260710 11:09:30.296850 11143 ts_tablet_manager.cc:1403] T efef7d84eff149afac7f7ef0e365bc72 P 8ff86a65e4cc448097f139e02c3488e6: Time spent bootstrapping tablet: real 0.068s	user 0.033s	sys 0.032s
I20260710 11:09:30.298061 11142 raft_consensus.cc:359] T d621836e810842d891a317007b23d922 P 064339fae44d4493b9d3cedcb087bf5c [term 0 FOLLOWER]: Replica starting. Triggering 0 pending ops. Active config: opid_index: -1 OBSOLETE_local: false peers { permanent_uuid: "064339fae44d4493b9d3cedcb087bf5c" member_type: VOTER last_known_addr { host: "127.10.21.65" port: 35429 } } peers { permanent_uuid: "e51f85c795c4484aaa3ef59e0e1e20a3" member_type: VOTER last_known_addr { host: "127.10.21.66" port: 36817 } } peers { permanent_uuid: "8ff86a65e4cc448097f139e02c3488e6" member_type: VOTER last_known_addr { host: "127.10.21.67" port: 39755 } }
I20260710 11:09:30.298655 11142 raft_consensus.cc:385] T d621836e810842d891a317007b23d922 P 064339fae44d4493b9d3cedcb087bf5c [term 0 FOLLOWER]: Consensus starting up: Expiring failure detector timer to make a prompt election more likely
I20260710 11:09:30.298933 11142 raft_consensus.cc:740] T d621836e810842d891a317007b23d922 P 064339fae44d4493b9d3cedcb087bf5c [term 0 FOLLOWER]: Becoming Follower/Learner. State: Replica: 064339fae44d4493b9d3cedcb087bf5c, State: Initialized, Role: FOLLOWER
I20260710 11:09:30.299549 11142 consensus_queue.cc:260] T d621836e810842d891a317007b23d922 P 064339fae44d4493b9d3cedcb087bf5c [NON_LEADER]: Queue going to NON_LEADER mode. State: All replicated index: 0, Majority replicated index: 0, Committed index: 0, Last appended: 0.0, Last appended by leader: 0, Current term: 0, Majority size: -1, State: 0, Mode: NON_LEADER, active raft config: opid_index: -1 OBSOLETE_local: false peers { permanent_uuid: "064339fae44d4493b9d3cedcb087bf5c" member_type: VOTER last_known_addr { host: "127.10.21.65" port: 35429 } } peers { permanent_uuid: "e51f85c795c4484aaa3ef59e0e1e20a3" member_type: VOTER last_known_addr { host: "127.10.21.66" port: 36817 } } peers { permanent_uuid: "8ff86a65e4cc448097f139e02c3488e6" member_type: VOTER last_known_addr { host: "127.10.21.67" port: 39755 } }
I20260710 11:09:30.299629 11143 raft_consensus.cc:359] T efef7d84eff149afac7f7ef0e365bc72 P 8ff86a65e4cc448097f139e02c3488e6 [term 0 FOLLOWER]: Replica starting. Triggering 0 pending ops. Active config: opid_index: -1 OBSOLETE_local: false peers { permanent_uuid: "e51f85c795c4484aaa3ef59e0e1e20a3" member_type: VOTER last_known_addr { host: "127.10.21.66" port: 36817 } } peers { permanent_uuid: "064339fae44d4493b9d3cedcb087bf5c" member_type: VOTER last_known_addr { host: "127.10.21.65" port: 35429 } } peers { permanent_uuid: "8ff86a65e4cc448097f139e02c3488e6" member_type: VOTER last_known_addr { host: "127.10.21.67" port: 39755 } }
I20260710 11:09:30.300550 11143 raft_consensus.cc:385] T efef7d84eff149afac7f7ef0e365bc72 P 8ff86a65e4cc448097f139e02c3488e6 [term 0 FOLLOWER]: Consensus starting up: Expiring failure detector timer to make a prompt election more likely
I20260710 11:09:30.300894 11143 raft_consensus.cc:740] T efef7d84eff149afac7f7ef0e365bc72 P 8ff86a65e4cc448097f139e02c3488e6 [term 0 FOLLOWER]: Becoming Follower/Learner. State: Replica: 8ff86a65e4cc448097f139e02c3488e6, State: Initialized, Role: FOLLOWER
I20260710 11:09:30.301573 11143 consensus_queue.cc:260] T efef7d84eff149afac7f7ef0e365bc72 P 8ff86a65e4cc448097f139e02c3488e6 [NON_LEADER]: Queue going to NON_LEADER mode. State: All replicated index: 0, Majority replicated index: 0, Committed index: 0, Last appended: 0.0, Last appended by leader: 0, Current term: 0, Majority size: -1, State: 0, Mode: NON_LEADER, active raft config: opid_index: -1 OBSOLETE_local: false peers { permanent_uuid: "e51f85c795c4484aaa3ef59e0e1e20a3" member_type: VOTER last_known_addr { host: "127.10.21.66" port: 36817 } } peers { permanent_uuid: "064339fae44d4493b9d3cedcb087bf5c" member_type: VOTER last_known_addr { host: "127.10.21.65" port: 35429 } } peers { permanent_uuid: "8ff86a65e4cc448097f139e02c3488e6" member_type: VOTER last_known_addr { host: "127.10.21.67" port: 39755 } }
I20260710 11:09:30.302956 11142 ts_tablet_manager.cc:1434] T d621836e810842d891a317007b23d922 P 064339fae44d4493b9d3cedcb087bf5c: Time spent starting tablet: real 0.007s	user 0.006s	sys 0.000s
I20260710 11:09:30.303421 11143 ts_tablet_manager.cc:1434] T efef7d84eff149afac7f7ef0e365bc72 P 8ff86a65e4cc448097f139e02c3488e6: Time spent starting tablet: real 0.006s	user 0.003s	sys 0.002s
I20260710 11:09:30.303674 11142 tablet_bootstrap.cc:492] T a15c165d2990444ea2fed351e3967dfe P 064339fae44d4493b9d3cedcb087bf5c: Bootstrap starting.
I20260710 11:09:30.304234 11143 tablet_bootstrap.cc:492] T ca4aaf16382645c7a51042c1bbec15d1 P 8ff86a65e4cc448097f139e02c3488e6: Bootstrap starting.
I20260710 11:09:30.304193 10846 catalog_manager.cc:5697] T b3b0d88f47f348eaab54cd9b52837445 P 8ff86a65e4cc448097f139e02c3488e6 reported cstate change: term changed from 0 to 1, leader changed from <none> to 8ff86a65e4cc448097f139e02c3488e6 (127.10.21.67). New cstate: current_term: 1 leader_uuid: "8ff86a65e4cc448097f139e02c3488e6" committed_config { opid_index: -1 OBSOLETE_local: false peers { permanent_uuid: "064339fae44d4493b9d3cedcb087bf5c" member_type: VOTER last_known_addr { host: "127.10.21.65" port: 35429 } health_report { overall_health: UNKNOWN } } peers { permanent_uuid: "e51f85c795c4484aaa3ef59e0e1e20a3" member_type: VOTER last_known_addr { host: "127.10.21.66" port: 36817 } health_report { overall_health: UNKNOWN } } peers { permanent_uuid: "8ff86a65e4cc448097f139e02c3488e6" member_type: VOTER last_known_addr { host: "127.10.21.67" port: 39755 } health_report { overall_health: HEALTHY } } }
I20260710 11:09:30.309655 11142 tablet_bootstrap.cc:654] T a15c165d2990444ea2fed351e3967dfe P 064339fae44d4493b9d3cedcb087bf5c: Neither blocks nor log segments found. Creating new log.
I20260710 11:09:30.310127 11143 tablet_bootstrap.cc:654] T ca4aaf16382645c7a51042c1bbec15d1 P 8ff86a65e4cc448097f139e02c3488e6: Neither blocks nor log segments found. Creating new log.
I20260710 11:09:30.315652 11142 tablet_bootstrap.cc:492] T a15c165d2990444ea2fed351e3967dfe P 064339fae44d4493b9d3cedcb087bf5c: No bootstrap required, opened a new log
I20260710 11:09:30.316036 11142 ts_tablet_manager.cc:1403] T a15c165d2990444ea2fed351e3967dfe P 064339fae44d4493b9d3cedcb087bf5c: Time spent bootstrapping tablet: real 0.013s	user 0.010s	sys 0.000s
I20260710 11:09:30.316084 11143 tablet_bootstrap.cc:492] T ca4aaf16382645c7a51042c1bbec15d1 P 8ff86a65e4cc448097f139e02c3488e6: No bootstrap required, opened a new log
I20260710 11:09:30.316622 11143 ts_tablet_manager.cc:1403] T ca4aaf16382645c7a51042c1bbec15d1 P 8ff86a65e4cc448097f139e02c3488e6: Time spent bootstrapping tablet: real 0.013s	user 0.011s	sys 0.000s
I20260710 11:09:30.318521 11142 raft_consensus.cc:359] T a15c165d2990444ea2fed351e3967dfe P 064339fae44d4493b9d3cedcb087bf5c [term 0 FOLLOWER]: Replica starting. Triggering 0 pending ops. Active config: opid_index: -1 OBSOLETE_local: false peers { permanent_uuid: "064339fae44d4493b9d3cedcb087bf5c" member_type: VOTER last_known_addr { host: "127.10.21.65" port: 35429 } } peers { permanent_uuid: "e51f85c795c4484aaa3ef59e0e1e20a3" member_type: VOTER last_known_addr { host: "127.10.21.66" port: 36817 } } peers { permanent_uuid: "8ff86a65e4cc448097f139e02c3488e6" member_type: VOTER last_known_addr { host: "127.10.21.67" port: 39755 } }
I20260710 11:09:30.319116 11142 raft_consensus.cc:385] T a15c165d2990444ea2fed351e3967dfe P 064339fae44d4493b9d3cedcb087bf5c [term 0 FOLLOWER]: Consensus starting up: Expiring failure detector timer to make a prompt election more likely
I20260710 11:09:30.319109 11143 raft_consensus.cc:359] T ca4aaf16382645c7a51042c1bbec15d1 P 8ff86a65e4cc448097f139e02c3488e6 [term 0 FOLLOWER]: Replica starting. Triggering 0 pending ops. Active config: opid_index: -1 OBSOLETE_local: false peers { permanent_uuid: "064339fae44d4493b9d3cedcb087bf5c" member_type: VOTER last_known_addr { host: "127.10.21.65" port: 35429 } } peers { permanent_uuid: "e51f85c795c4484aaa3ef59e0e1e20a3" member_type: VOTER last_known_addr { host: "127.10.21.66" port: 36817 } } peers { permanent_uuid: "8ff86a65e4cc448097f139e02c3488e6" member_type: VOTER last_known_addr { host: "127.10.21.67" port: 39755 } }
I20260710 11:09:30.319849 11143 raft_consensus.cc:385] T ca4aaf16382645c7a51042c1bbec15d1 P 8ff86a65e4cc448097f139e02c3488e6 [term 0 FOLLOWER]: Consensus starting up: Expiring failure detector timer to make a prompt election more likely
I20260710 11:09:30.319518 11142 raft_consensus.cc:740] T a15c165d2990444ea2fed351e3967dfe P 064339fae44d4493b9d3cedcb087bf5c [term 0 FOLLOWER]: Becoming Follower/Learner. State: Replica: 064339fae44d4493b9d3cedcb087bf5c, State: Initialized, Role: FOLLOWER
I20260710 11:09:30.320107 11143 raft_consensus.cc:740] T ca4aaf16382645c7a51042c1bbec15d1 P 8ff86a65e4cc448097f139e02c3488e6 [term 0 FOLLOWER]: Becoming Follower/Learner. State: Replica: 8ff86a65e4cc448097f139e02c3488e6, State: Initialized, Role: FOLLOWER
I20260710 11:09:30.320528 11142 consensus_queue.cc:260] T a15c165d2990444ea2fed351e3967dfe P 064339fae44d4493b9d3cedcb087bf5c [NON_LEADER]: Queue going to NON_LEADER mode. State: All replicated index: 0, Majority replicated index: 0, Committed index: 0, Last appended: 0.0, Last appended by leader: 0, Current term: 0, Majority size: -1, State: 0, Mode: NON_LEADER, active raft config: opid_index: -1 OBSOLETE_local: false peers { permanent_uuid: "064339fae44d4493b9d3cedcb087bf5c" member_type: VOTER last_known_addr { host: "127.10.21.65" port: 35429 } } peers { permanent_uuid: "e51f85c795c4484aaa3ef59e0e1e20a3" member_type: VOTER last_known_addr { host: "127.10.21.66" port: 36817 } } peers { permanent_uuid: "8ff86a65e4cc448097f139e02c3488e6" member_type: VOTER last_known_addr { host: "127.10.21.67" port: 39755 } }
I20260710 11:09:30.320734 11143 consensus_queue.cc:260] T ca4aaf16382645c7a51042c1bbec15d1 P 8ff86a65e4cc448097f139e02c3488e6 [NON_LEADER]: Queue going to NON_LEADER mode. State: All replicated index: 0, Majority replicated index: 0, Committed index: 0, Last appended: 0.0, Last appended by leader: 0, Current term: 0, Majority size: -1, State: 0, Mode: NON_LEADER, active raft config: opid_index: -1 OBSOLETE_local: false peers { permanent_uuid: "064339fae44d4493b9d3cedcb087bf5c" member_type: VOTER last_known_addr { host: "127.10.21.65" port: 35429 } } peers { permanent_uuid: "e51f85c795c4484aaa3ef59e0e1e20a3" member_type: VOTER last_known_addr { host: "127.10.21.66" port: 36817 } } peers { permanent_uuid: "8ff86a65e4cc448097f139e02c3488e6" member_type: VOTER last_known_addr { host: "127.10.21.67" port: 39755 } }
I20260710 11:09:30.322760 11142 ts_tablet_manager.cc:1434] T a15c165d2990444ea2fed351e3967dfe P 064339fae44d4493b9d3cedcb087bf5c: Time spent starting tablet: real 0.006s	user 0.001s	sys 0.002s
I20260710 11:09:30.322767 11143 ts_tablet_manager.cc:1434] T ca4aaf16382645c7a51042c1bbec15d1 P 8ff86a65e4cc448097f139e02c3488e6: Time spent starting tablet: real 0.006s	user 0.005s	sys 0.000s
I20260710 11:09:30.525261 11173 consensus_queue.cc:1048] T 9c99e335977f43c9848966f7219acf20 P 064339fae44d4493b9d3cedcb087bf5c [LEADER]: Connected to new peer: Peer: permanent_uuid: "8ff86a65e4cc448097f139e02c3488e6" member_type: VOTER last_known_addr { host: "127.10.21.67" port: 39755 }, Status: LMP_MISMATCH, Last received: 0.0, Next index: 1, Last known committed idx: 0, Time since last communication: 0.000s
I20260710 11:09:30.535090 11173 consensus_queue.cc:1048] T 9c99e335977f43c9848966f7219acf20 P 064339fae44d4493b9d3cedcb087bf5c [LEADER]: Connected to new peer: Peer: permanent_uuid: "e51f85c795c4484aaa3ef59e0e1e20a3" member_type: VOTER last_known_addr { host: "127.10.21.66" port: 36817 }, Status: LMP_MISMATCH, Last received: 0.0, Next index: 1, Last known committed idx: 0, Time since last communication: 0.000s
I20260710 11:09:30.561013 11176 consensus_queue.cc:1048] T b1e86a3907f242f88afe34da89590021 P e51f85c795c4484aaa3ef59e0e1e20a3 [LEADER]: Connected to new peer: Peer: permanent_uuid: "8ff86a65e4cc448097f139e02c3488e6" member_type: VOTER last_known_addr { host: "127.10.21.67" port: 39755 }, Status: LMP_MISMATCH, Last received: 0.0, Next index: 1, Last known committed idx: 0, Time since last communication: 0.000s
I20260710 11:09:30.562999 11176 consensus_queue.cc:1048] T 3371c9acabd14f7990dd0d0abf8da0cf P e51f85c795c4484aaa3ef59e0e1e20a3 [LEADER]: Connected to new peer: Peer: permanent_uuid: "8ff86a65e4cc448097f139e02c3488e6" member_type: VOTER last_known_addr { host: "127.10.21.67" port: 39755 }, Status: LMP_MISMATCH, Last received: 0.0, Next index: 1, Last known committed idx: 0, Time since last communication: 0.000s
I20260710 11:09:30.571195 11176 consensus_queue.cc:1048] T b1e86a3907f242f88afe34da89590021 P e51f85c795c4484aaa3ef59e0e1e20a3 [LEADER]: Connected to new peer: Peer: permanent_uuid: "064339fae44d4493b9d3cedcb087bf5c" member_type: VOTER last_known_addr { host: "127.10.21.65" port: 35429 }, Status: LMP_MISMATCH, Last received: 0.0, Next index: 1, Last known committed idx: 0, Time since last communication: 0.000s
I20260710 11:09:30.573304 11181 raft_consensus.cc:493] T efef7d84eff149afac7f7ef0e365bc72 P 8ff86a65e4cc448097f139e02c3488e6 [term 0 FOLLOWER]: Starting pre-election (no leader contacted us within the election timeout)
I20260710 11:09:30.573760 11181 raft_consensus.cc:515] T efef7d84eff149afac7f7ef0e365bc72 P 8ff86a65e4cc448097f139e02c3488e6 [term 0 FOLLOWER]: Starting pre-election with config: opid_index: -1 OBSOLETE_local: false peers { permanent_uuid: "e51f85c795c4484aaa3ef59e0e1e20a3" member_type: VOTER last_known_addr { host: "127.10.21.66" port: 36817 } } peers { permanent_uuid: "064339fae44d4493b9d3cedcb087bf5c" member_type: VOTER last_known_addr { host: "127.10.21.65" port: 35429 } } peers { permanent_uuid: "8ff86a65e4cc448097f139e02c3488e6" member_type: VOTER last_known_addr { host: "127.10.21.67" port: 39755 } }
I20260710 11:09:30.575667 11181 leader_election.cc:290] T efef7d84eff149afac7f7ef0e365bc72 P 8ff86a65e4cc448097f139e02c3488e6 [CANDIDATE]: Term 1 pre-election: Requested pre-vote from peers e51f85c795c4484aaa3ef59e0e1e20a3 (127.10.21.66:36817), 064339fae44d4493b9d3cedcb087bf5c (127.10.21.65:35429)
I20260710 11:09:30.577540 11158 consensus_queue.cc:1048] T 3371c9acabd14f7990dd0d0abf8da0cf P e51f85c795c4484aaa3ef59e0e1e20a3 [LEADER]: Connected to new peer: Peer: permanent_uuid: "064339fae44d4493b9d3cedcb087bf5c" member_type: VOTER last_known_addr { host: "127.10.21.65" port: 35429 }, Status: LMP_MISMATCH, Last received: 0.0, Next index: 1, Last known committed idx: 0, Time since last communication: 0.000s
I20260710 11:09:30.577883 11025 tablet_service.cc:1917] Received RequestConsensusVote() RPC: tablet_id: "efef7d84eff149afac7f7ef0e365bc72" candidate_uuid: "8ff86a65e4cc448097f139e02c3488e6" candidate_term: 1 candidate_status { last_received { term: 0 index: 0 } } ignore_live_leader: false dest_uuid: "e51f85c795c4484aaa3ef59e0e1e20a3" is_pre_election: true
I20260710 11:09:30.579715 10950 tablet_service.cc:1917] Received RequestConsensusVote() RPC: tablet_id: "efef7d84eff149afac7f7ef0e365bc72" candidate_uuid: "8ff86a65e4cc448097f139e02c3488e6" candidate_term: 1 candidate_status { last_received { term: 0 index: 0 } } ignore_live_leader: false dest_uuid: "064339fae44d4493b9d3cedcb087bf5c" is_pre_election: true
I20260710 11:09:30.580448 10950 raft_consensus.cc:2393] T efef7d84eff149afac7f7ef0e365bc72 P 064339fae44d4493b9d3cedcb087bf5c [term 1 FOLLOWER]: Leader pre-election vote request: Denying vote to candidate 8ff86a65e4cc448097f139e02c3488e6 in current term 1: Already voted for candidate e51f85c795c4484aaa3ef59e0e1e20a3 in this term.
I20260710 11:09:30.581737 11063 leader_election.cc:304] T efef7d84eff149afac7f7ef0e365bc72 P 8ff86a65e4cc448097f139e02c3488e6 [CANDIDATE]: Term 1 pre-election: Election decided. Result: candidate lost. Election summary: received 3 responses out of 3 voters: 1 yes votes; 2 no votes. yes voters: 8ff86a65e4cc448097f139e02c3488e6; no voters: 064339fae44d4493b9d3cedcb087bf5c, e51f85c795c4484aaa3ef59e0e1e20a3
I20260710 11:09:30.582455 11181 raft_consensus.cc:3060] T efef7d84eff149afac7f7ef0e365bc72 P 8ff86a65e4cc448097f139e02c3488e6 [term 0 FOLLOWER]: Advancing to term 1
I20260710 11:09:30.587936 11181 raft_consensus.cc:2749] T efef7d84eff149afac7f7ef0e365bc72 P 8ff86a65e4cc448097f139e02c3488e6 [term 1 FOLLOWER]: Leader pre-election lost for term 1. Reason: could not achieve majority
I20260710 11:09:30.600813 10950 raft_consensus.cc:3060] T a15c165d2990444ea2fed351e3967dfe P 064339fae44d4493b9d3cedcb087bf5c [term 0 FOLLOWER]: Advancing to term 1
I20260710 11:09:30.605370 11173 raft_consensus.cc:493] T a15c165d2990444ea2fed351e3967dfe P 064339fae44d4493b9d3cedcb087bf5c [term 1 FOLLOWER]: Starting pre-election (no leader contacted us within the election timeout)
I20260710 11:09:30.605757 11173 raft_consensus.cc:515] T a15c165d2990444ea2fed351e3967dfe P 064339fae44d4493b9d3cedcb087bf5c [term 1 FOLLOWER]: Starting pre-election with config: opid_index: -1 OBSOLETE_local: false peers { permanent_uuid: "064339fae44d4493b9d3cedcb087bf5c" member_type: VOTER last_known_addr { host: "127.10.21.65" port: 35429 } } peers { permanent_uuid: "e51f85c795c4484aaa3ef59e0e1e20a3" member_type: VOTER last_known_addr { host: "127.10.21.66" port: 36817 } } peers { permanent_uuid: "8ff86a65e4cc448097f139e02c3488e6" member_type: VOTER last_known_addr { host: "127.10.21.67" port: 39755 } }
I20260710 11:09:30.606002 11181 consensus_queue.cc:1048] T a15c165d2990444ea2fed351e3967dfe P 8ff86a65e4cc448097f139e02c3488e6 [LEADER]: Connected to new peer: Peer: permanent_uuid: "064339fae44d4493b9d3cedcb087bf5c" member_type: VOTER last_known_addr { host: "127.10.21.65" port: 35429 }, Status: LMP_MISMATCH, Last received: 0.0, Next index: 1, Last known committed idx: 0, Time since last communication: 0.000s
I20260710 11:09:30.607970 11173 leader_election.cc:290] T a15c165d2990444ea2fed351e3967dfe P 064339fae44d4493b9d3cedcb087bf5c [CANDIDATE]: Term 2 pre-election: Requested pre-vote from peers e51f85c795c4484aaa3ef59e0e1e20a3 (127.10.21.66:36817), 8ff86a65e4cc448097f139e02c3488e6 (127.10.21.67:39755)
I20260710 11:09:30.608496 11025 tablet_service.cc:1917] Received RequestConsensusVote() RPC: tablet_id: "a15c165d2990444ea2fed351e3967dfe" candidate_uuid: "064339fae44d4493b9d3cedcb087bf5c" candidate_term: 2 candidate_status { last_received { term: 0 index: 0 } } ignore_live_leader: false dest_uuid: "e51f85c795c4484aaa3ef59e0e1e20a3" is_pre_election: true
I20260710 11:09:30.609035 11025 raft_consensus.cc:2468] T a15c165d2990444ea2fed351e3967dfe P e51f85c795c4484aaa3ef59e0e1e20a3 [term 1 FOLLOWER]: Leader pre-election vote request: Granting yes vote for candidate 064339fae44d4493b9d3cedcb087bf5c in term 1.
I20260710 11:09:30.609258 11099 tablet_service.cc:1917] Received RequestConsensusVote() RPC: tablet_id: "a15c165d2990444ea2fed351e3967dfe" candidate_uuid: "064339fae44d4493b9d3cedcb087bf5c" candidate_term: 2 candidate_status { last_received { term: 0 index: 0 } } ignore_live_leader: false dest_uuid: "8ff86a65e4cc448097f139e02c3488e6" is_pre_election: true
I20260710 11:09:30.610140 10917 leader_election.cc:304] T a15c165d2990444ea2fed351e3967dfe P 064339fae44d4493b9d3cedcb087bf5c [CANDIDATE]: Term 2 pre-election: Election decided. Result: candidate won. Election summary: received 2 responses out of 3 voters: 2 yes votes; 0 no votes. yes voters: 064339fae44d4493b9d3cedcb087bf5c, e51f85c795c4484aaa3ef59e0e1e20a3; no voters: 
I20260710 11:09:30.611430 11173 raft_consensus.cc:2804] T a15c165d2990444ea2fed351e3967dfe P 064339fae44d4493b9d3cedcb087bf5c [term 1 FOLLOWER]: Leader pre-election won for term 2
I20260710 11:09:30.611815 11173 raft_consensus.cc:493] T a15c165d2990444ea2fed351e3967dfe P 064339fae44d4493b9d3cedcb087bf5c [term 1 FOLLOWER]: Starting leader election (detected failure of leader 8ff86a65e4cc448097f139e02c3488e6)
