I20260710 11:09:41.325001 11648 raft_consensus.cc:359] T 63c6dbdcadf44e83bc598d7d91957c54 P 25998269205e450ca72aa7f01aab3920 [term 0 FOLLOWER]: Replica starting. Triggering 0 pending ops. Active config: opid_index: -1 OBSOLETE_local: false peers { permanent_uuid: "25998269205e450ca72aa7f01aab3920" member_type: VOTER last_known_addr { host: "127.10.21.65" port: 46153 } } peers { permanent_uuid: "7e3ae0857e0d427b90e8a7a37e11be46" member_type: VOTER last_known_addr { host: "127.10.21.66" port: 34773 } } peers { permanent_uuid: "d002af6b3e70429e8bbf8cc03fc2d6aa" member_type: VOTER last_known_addr { host: "127.10.21.67" port: 43837 } }
I20260710 11:09:41.325608 11648 raft_consensus.cc:385] T 63c6dbdcadf44e83bc598d7d91957c54 P 25998269205e450ca72aa7f01aab3920 [term 0 FOLLOWER]: Consensus starting up: Expiring failure detector timer to make a prompt election more likely
I20260710 11:09:41.325871 11648 raft_consensus.cc:740] T 63c6dbdcadf44e83bc598d7d91957c54 P 25998269205e450ca72aa7f01aab3920 [term 0 FOLLOWER]: Becoming Follower/Learner. State: Replica: 25998269205e450ca72aa7f01aab3920, State: Initialized, Role: FOLLOWER
I20260710 11:09:41.326180 11651 ts_tablet_manager.cc:1434] T e77428b19289479f8d3e4443acac4412 P d002af6b3e70429e8bbf8cc03fc2d6aa: Time spent starting tablet: real 0.011s	user 0.006s	sys 0.001s
I20260710 11:09:41.327032 11651 tablet_bootstrap.cc:492] T 5522e487f02c4ece8bf8ad2762c95ed9 P d002af6b3e70429e8bbf8cc03fc2d6aa: Bootstrap starting.
I20260710 11:09:41.326604 11648 consensus_queue.cc:260] T 63c6dbdcadf44e83bc598d7d91957c54 P 25998269205e450ca72aa7f01aab3920 [NON_LEADER]: Queue going to NON_LEADER mode. State: All replicated index: 0, Majority replicated index: 0, Committed index: 0, Last appended: 0.0, Last appended by leader: 0, Current term: 0, Majority size: -1, State: 0, Mode: NON_LEADER, active raft config: opid_index: -1 OBSOLETE_local: false peers { permanent_uuid: "25998269205e450ca72aa7f01aab3920" member_type: VOTER last_known_addr { host: "127.10.21.65" port: 46153 } } peers { permanent_uuid: "7e3ae0857e0d427b90e8a7a37e11be46" member_type: VOTER last_known_addr { host: "127.10.21.66" port: 34773 } } peers { permanent_uuid: "d002af6b3e70429e8bbf8cc03fc2d6aa" member_type: VOTER last_known_addr { host: "127.10.21.67" port: 43837 } }
I20260710 11:09:41.328644 11648 ts_tablet_manager.cc:1434] T 63c6dbdcadf44e83bc598d7d91957c54 P 25998269205e450ca72aa7f01aab3920: Time spent starting tablet: real 0.006s	user 0.007s	sys 0.001s
I20260710 11:09:41.329046 11647 tablet_bootstrap.cc:492] T 30fef5406a2d4e88bb9de565cffdf5e7 P 7e3ae0857e0d427b90e8a7a37e11be46: No bootstrap required, opened a new log
I20260710 11:09:41.329437 11648 tablet_bootstrap.cc:492] T 47fef4a53e2f42cfb32ad5adac4300a4 P 25998269205e450ca72aa7f01aab3920: Bootstrap starting.
I20260710 11:09:41.329496 11647 ts_tablet_manager.cc:1403] T 30fef5406a2d4e88bb9de565cffdf5e7 P 7e3ae0857e0d427b90e8a7a37e11be46: Time spent bootstrapping tablet: real 0.035s	user 0.014s	sys 0.002s
I20260710 11:09:41.332033 11647 raft_consensus.cc:359] T 30fef5406a2d4e88bb9de565cffdf5e7 P 7e3ae0857e0d427b90e8a7a37e11be46 [term 0 FOLLOWER]: Replica starting. Triggering 0 pending ops. Active config: opid_index: -1 OBSOLETE_local: false peers { permanent_uuid: "25998269205e450ca72aa7f01aab3920" member_type: VOTER last_known_addr { host: "127.10.21.65" port: 46153 } } peers { permanent_uuid: "7e3ae0857e0d427b90e8a7a37e11be46" member_type: VOTER last_known_addr { host: "127.10.21.66" port: 34773 } } peers { permanent_uuid: "d002af6b3e70429e8bbf8cc03fc2d6aa" member_type: VOTER last_known_addr { host: "127.10.21.67" port: 43837 } }
I20260710 11:09:41.332544 11651 tablet_bootstrap.cc:654] T 5522e487f02c4ece8bf8ad2762c95ed9 P d002af6b3e70429e8bbf8cc03fc2d6aa: Neither blocks nor log segments found. Creating new log.
I20260710 11:09:41.315014 11668 leader_election.cc:290] T 383b6d264cfc4a9793bc88843f6516d7 P 25998269205e450ca72aa7f01aab3920 [CANDIDATE]: Term 1 pre-election: Requested pre-vote from peers 7e3ae0857e0d427b90e8a7a37e11be46 (127.10.21.66:34773), d002af6b3e70429e8bbf8cc03fc2d6aa (127.10.21.67:43837)
I20260710 11:09:41.332793 11647 raft_consensus.cc:385] T 30fef5406a2d4e88bb9de565cffdf5e7 P 7e3ae0857e0d427b90e8a7a37e11be46 [term 0 FOLLOWER]: Consensus starting up: Expiring failure detector timer to make a prompt election more likely
I20260710 11:09:41.333756 11647 raft_consensus.cc:740] T 30fef5406a2d4e88bb9de565cffdf5e7 P 7e3ae0857e0d427b90e8a7a37e11be46 [term 0 FOLLOWER]: Becoming Follower/Learner. State: Replica: 7e3ae0857e0d427b90e8a7a37e11be46, State: Initialized, Role: FOLLOWER
I20260710 11:09:41.334486 11647 consensus_queue.cc:260] T 30fef5406a2d4e88bb9de565cffdf5e7 P 7e3ae0857e0d427b90e8a7a37e11be46 [NON_LEADER]: Queue going to NON_LEADER mode. State: All replicated index: 0, Majority replicated index: 0, Committed index: 0, Last appended: 0.0, Last appended by leader: 0, Current term: 0, Majority size: -1, State: 0, Mode: NON_LEADER, active raft config: opid_index: -1 OBSOLETE_local: false peers { permanent_uuid: "25998269205e450ca72aa7f01aab3920" member_type: VOTER last_known_addr { host: "127.10.21.65" port: 46153 } } peers { permanent_uuid: "7e3ae0857e0d427b90e8a7a37e11be46" member_type: VOTER last_known_addr { host: "127.10.21.66" port: 34773 } } peers { permanent_uuid: "d002af6b3e70429e8bbf8cc03fc2d6aa" member_type: VOTER last_known_addr { host: "127.10.21.67" port: 43837 } }
I20260710 11:09:41.338865 11648 tablet_bootstrap.cc:654] T 47fef4a53e2f42cfb32ad5adac4300a4 P 25998269205e450ca72aa7f01aab3920: Neither blocks nor log segments found. Creating new log.
I20260710 11:09:41.340354 11647 ts_tablet_manager.cc:1434] T 30fef5406a2d4e88bb9de565cffdf5e7 P 7e3ae0857e0d427b90e8a7a37e11be46: Time spent starting tablet: real 0.010s	user 0.006s	sys 0.000s
I20260710 11:09:41.341503 11647 tablet_bootstrap.cc:492] T 6ae1120ff23e4b1d9d9bde70d7f6fb41 P 7e3ae0857e0d427b90e8a7a37e11be46: Bootstrap starting.
I20260710 11:09:41.341704 11651 tablet_bootstrap.cc:492] T 5522e487f02c4ece8bf8ad2762c95ed9 P d002af6b3e70429e8bbf8cc03fc2d6aa: No bootstrap required, opened a new log
I20260710 11:09:41.342074 11651 ts_tablet_manager.cc:1403] T 5522e487f02c4ece8bf8ad2762c95ed9 P d002af6b3e70429e8bbf8cc03fc2d6aa: Time spent bootstrapping tablet: real 0.015s	user 0.009s	sys 0.004s
I20260710 11:09:41.344434 11651 raft_consensus.cc:359] T 5522e487f02c4ece8bf8ad2762c95ed9 P d002af6b3e70429e8bbf8cc03fc2d6aa [term 0 FOLLOWER]: Replica starting. Triggering 0 pending ops. Active config: opid_index: -1 OBSOLETE_local: false peers { permanent_uuid: "25998269205e450ca72aa7f01aab3920" member_type: VOTER last_known_addr { host: "127.10.21.65" port: 46153 } } peers { permanent_uuid: "7e3ae0857e0d427b90e8a7a37e11be46" member_type: VOTER last_known_addr { host: "127.10.21.66" port: 34773 } } peers { permanent_uuid: "d002af6b3e70429e8bbf8cc03fc2d6aa" member_type: VOTER last_known_addr { host: "127.10.21.67" port: 43837 } }
I20260710 11:09:41.345018 11651 raft_consensus.cc:385] T 5522e487f02c4ece8bf8ad2762c95ed9 P d002af6b3e70429e8bbf8cc03fc2d6aa [term 0 FOLLOWER]: Consensus starting up: Expiring failure detector timer to make a prompt election more likely
I20260710 11:09:41.345312 11651 raft_consensus.cc:740] T 5522e487f02c4ece8bf8ad2762c95ed9 P d002af6b3e70429e8bbf8cc03fc2d6aa [term 0 FOLLOWER]: Becoming Follower/Learner. State: Replica: d002af6b3e70429e8bbf8cc03fc2d6aa, State: Initialized, Role: FOLLOWER
I20260710 11:09:41.346633 11647 tablet_bootstrap.cc:654] T 6ae1120ff23e4b1d9d9bde70d7f6fb41 P 7e3ae0857e0d427b90e8a7a37e11be46: Neither blocks nor log segments found. Creating new log.
I20260710 11:09:41.346393 11651 consensus_queue.cc:260] T 5522e487f02c4ece8bf8ad2762c95ed9 P d002af6b3e70429e8bbf8cc03fc2d6aa [NON_LEADER]: Queue going to NON_LEADER mode. State: All replicated index: 0, Majority replicated index: 0, Committed index: 0, Last appended: 0.0, Last appended by leader: 0, Current term: 0, Majority size: -1, State: 0, Mode: NON_LEADER, active raft config: opid_index: -1 OBSOLETE_local: false peers { permanent_uuid: "25998269205e450ca72aa7f01aab3920" member_type: VOTER last_known_addr { host: "127.10.21.65" port: 46153 } } peers { permanent_uuid: "7e3ae0857e0d427b90e8a7a37e11be46" member_type: VOTER last_known_addr { host: "127.10.21.66" port: 34773 } } peers { permanent_uuid: "d002af6b3e70429e8bbf8cc03fc2d6aa" member_type: VOTER last_known_addr { host: "127.10.21.67" port: 43837 } }
I20260710 11:09:41.348536 11651 ts_tablet_manager.cc:1434] T 5522e487f02c4ece8bf8ad2762c95ed9 P d002af6b3e70429e8bbf8cc03fc2d6aa: Time spent starting tablet: real 0.006s	user 0.007s	sys 0.001s
I20260710 11:09:41.349316 11651 tablet_bootstrap.cc:492] T 47fef4a53e2f42cfb32ad5adac4300a4 P d002af6b3e70429e8bbf8cc03fc2d6aa: Bootstrap starting.
I20260710 11:09:41.354504 11651 tablet_bootstrap.cc:654] T 47fef4a53e2f42cfb32ad5adac4300a4 P d002af6b3e70429e8bbf8cc03fc2d6aa: Neither blocks nor log segments found. Creating new log.
I20260710 11:09:41.366601 11648 tablet_bootstrap.cc:492] T 47fef4a53e2f42cfb32ad5adac4300a4 P 25998269205e450ca72aa7f01aab3920: No bootstrap required, opened a new log
I20260710 11:09:41.366931 11647 tablet_bootstrap.cc:492] T 6ae1120ff23e4b1d9d9bde70d7f6fb41 P 7e3ae0857e0d427b90e8a7a37e11be46: No bootstrap required, opened a new log
I20260710 11:09:41.366994 11648 ts_tablet_manager.cc:1403] T 47fef4a53e2f42cfb32ad5adac4300a4 P 25998269205e450ca72aa7f01aab3920: Time spent bootstrapping tablet: real 0.038s	user 0.012s	sys 0.017s
I20260710 11:09:41.367389 11647 ts_tablet_manager.cc:1403] T 6ae1120ff23e4b1d9d9bde70d7f6fb41 P 7e3ae0857e0d427b90e8a7a37e11be46: Time spent bootstrapping tablet: real 0.026s	user 0.008s	sys 0.010s
I20260710 11:09:41.369220 11651 tablet_bootstrap.cc:492] T 47fef4a53e2f42cfb32ad5adac4300a4 P d002af6b3e70429e8bbf8cc03fc2d6aa: No bootstrap required, opened a new log
I20260710 11:09:41.369547 11651 ts_tablet_manager.cc:1403] T 47fef4a53e2f42cfb32ad5adac4300a4 P d002af6b3e70429e8bbf8cc03fc2d6aa: Time spent bootstrapping tablet: real 0.020s	user 0.004s	sys 0.011s
I20260710 11:09:41.369506 11648 raft_consensus.cc:359] T 47fef4a53e2f42cfb32ad5adac4300a4 P 25998269205e450ca72aa7f01aab3920 [term 0 FOLLOWER]: Replica starting. Triggering 0 pending ops. Active config: opid_index: -1 OBSOLETE_local: false peers { permanent_uuid: "25998269205e450ca72aa7f01aab3920" member_type: VOTER last_known_addr { host: "127.10.21.65" port: 46153 } } peers { permanent_uuid: "7e3ae0857e0d427b90e8a7a37e11be46" member_type: VOTER last_known_addr { host: "127.10.21.66" port: 34773 } } peers { permanent_uuid: "d002af6b3e70429e8bbf8cc03fc2d6aa" member_type: VOTER last_known_addr { host: "127.10.21.67" port: 43837 } }
I20260710 11:09:41.369648 11647 raft_consensus.cc:359] T 6ae1120ff23e4b1d9d9bde70d7f6fb41 P 7e3ae0857e0d427b90e8a7a37e11be46 [term 0 FOLLOWER]: Replica starting. Triggering 0 pending ops. Active config: opid_index: -1 OBSOLETE_local: false peers { permanent_uuid: "25998269205e450ca72aa7f01aab3920" member_type: VOTER last_known_addr { host: "127.10.21.65" port: 46153 } } peers { permanent_uuid: "7e3ae0857e0d427b90e8a7a37e11be46" member_type: VOTER last_known_addr { host: "127.10.21.66" port: 34773 } } peers { permanent_uuid: "d002af6b3e70429e8bbf8cc03fc2d6aa" member_type: VOTER last_known_addr { host: "127.10.21.67" port: 43837 } }
I20260710 11:09:41.370244 11648 raft_consensus.cc:385] T 47fef4a53e2f42cfb32ad5adac4300a4 P 25998269205e450ca72aa7f01aab3920 [term 0 FOLLOWER]: Consensus starting up: Expiring failure detector timer to make a prompt election more likely
I20260710 11:09:41.370326 11647 raft_consensus.cc:385] T 6ae1120ff23e4b1d9d9bde70d7f6fb41 P 7e3ae0857e0d427b90e8a7a37e11be46 [term 0 FOLLOWER]: Consensus starting up: Expiring failure detector timer to make a prompt election more likely
I20260710 11:09:41.370602 11648 raft_consensus.cc:740] T 47fef4a53e2f42cfb32ad5adac4300a4 P 25998269205e450ca72aa7f01aab3920 [term 0 FOLLOWER]: Becoming Follower/Learner. State: Replica: 25998269205e450ca72aa7f01aab3920, State: Initialized, Role: FOLLOWER
I20260710 11:09:41.370633 11647 raft_consensus.cc:740] T 6ae1120ff23e4b1d9d9bde70d7f6fb41 P 7e3ae0857e0d427b90e8a7a37e11be46 [term 0 FOLLOWER]: Becoming Follower/Learner. State: Replica: 7e3ae0857e0d427b90e8a7a37e11be46, State: Initialized, Role: FOLLOWER
I20260710 11:09:41.371310 11647 consensus_queue.cc:260] T 6ae1120ff23e4b1d9d9bde70d7f6fb41 P 7e3ae0857e0d427b90e8a7a37e11be46 [NON_LEADER]: Queue going to NON_LEADER mode. State: All replicated index: 0, Majority replicated index: 0, Committed index: 0, Last appended: 0.0, Last appended by leader: 0, Current term: 0, Majority size: -1, State: 0, Mode: NON_LEADER, active raft config: opid_index: -1 OBSOLETE_local: false peers { permanent_uuid: "25998269205e450ca72aa7f01aab3920" member_type: VOTER last_known_addr { host: "127.10.21.65" port: 46153 } } peers { permanent_uuid: "7e3ae0857e0d427b90e8a7a37e11be46" member_type: VOTER last_known_addr { host: "127.10.21.66" port: 34773 } } peers { permanent_uuid: "d002af6b3e70429e8bbf8cc03fc2d6aa" member_type: VOTER last_known_addr { host: "127.10.21.67" port: 43837 } }
I20260710 11:09:41.371836 11651 raft_consensus.cc:359] T 47fef4a53e2f42cfb32ad5adac4300a4 P d002af6b3e70429e8bbf8cc03fc2d6aa [term 0 FOLLOWER]: Replica starting. Triggering 0 pending ops. Active config: opid_index: -1 OBSOLETE_local: false peers { permanent_uuid: "25998269205e450ca72aa7f01aab3920" member_type: VOTER last_known_addr { host: "127.10.21.65" port: 46153 } } peers { permanent_uuid: "7e3ae0857e0d427b90e8a7a37e11be46" member_type: VOTER last_known_addr { host: "127.10.21.66" port: 34773 } } peers { permanent_uuid: "d002af6b3e70429e8bbf8cc03fc2d6aa" member_type: VOTER last_known_addr { host: "127.10.21.67" port: 43837 } }
I20260710 11:09:41.372440 11651 raft_consensus.cc:385] T 47fef4a53e2f42cfb32ad5adac4300a4 P d002af6b3e70429e8bbf8cc03fc2d6aa [term 0 FOLLOWER]: Consensus starting up: Expiring failure detector timer to make a prompt election more likely
I20260710 11:09:41.372681 11651 raft_consensus.cc:740] T 47fef4a53e2f42cfb32ad5adac4300a4 P d002af6b3e70429e8bbf8cc03fc2d6aa [term 0 FOLLOWER]: Becoming Follower/Learner. State: Replica: d002af6b3e70429e8bbf8cc03fc2d6aa, State: Initialized, Role: FOLLOWER
I20260710 11:09:41.373209 11647 ts_tablet_manager.cc:1434] T 6ae1120ff23e4b1d9d9bde70d7f6fb41 P 7e3ae0857e0d427b90e8a7a37e11be46: Time spent starting tablet: real 0.006s	user 0.006s	sys 0.000s
I20260710 11:09:41.371356 11648 consensus_queue.cc:260] T 47fef4a53e2f42cfb32ad5adac4300a4 P 25998269205e450ca72aa7f01aab3920 [NON_LEADER]: Queue going to NON_LEADER mode. State: All replicated index: 0, Majority replicated index: 0, Committed index: 0, Last appended: 0.0, Last appended by leader: 0, Current term: 0, Majority size: -1, State: 0, Mode: NON_LEADER, active raft config: opid_index: -1 OBSOLETE_local: false peers { permanent_uuid: "25998269205e450ca72aa7f01aab3920" member_type: VOTER last_known_addr { host: "127.10.21.65" port: 46153 } } peers { permanent_uuid: "7e3ae0857e0d427b90e8a7a37e11be46" member_type: VOTER last_known_addr { host: "127.10.21.66" port: 34773 } } peers { permanent_uuid: "d002af6b3e70429e8bbf8cc03fc2d6aa" member_type: VOTER last_known_addr { host: "127.10.21.67" port: 43837 } }
I20260710 11:09:41.373386 11651 consensus_queue.cc:260] T 47fef4a53e2f42cfb32ad5adac4300a4 P d002af6b3e70429e8bbf8cc03fc2d6aa [NON_LEADER]: Queue going to NON_LEADER mode. State: All replicated index: 0, Majority replicated index: 0, Committed index: 0, Last appended: 0.0, Last appended by leader: 0, Current term: 0, Majority size: -1, State: 0, Mode: NON_LEADER, active raft config: opid_index: -1 OBSOLETE_local: false peers { permanent_uuid: "25998269205e450ca72aa7f01aab3920" member_type: VOTER last_known_addr { host: "127.10.21.65" port: 46153 } } peers { permanent_uuid: "7e3ae0857e0d427b90e8a7a37e11be46" member_type: VOTER last_known_addr { host: "127.10.21.66" port: 34773 } } peers { permanent_uuid: "d002af6b3e70429e8bbf8cc03fc2d6aa" member_type: VOTER last_known_addr { host: "127.10.21.67" port: 43837 } }
I20260710 11:09:41.374039 11681 consensus_queue.cc:1048] T 01249f9ba95d49869e6665039e90329b P 7e3ae0857e0d427b90e8a7a37e11be46 [LEADER]: Connected to new peer: Peer: permanent_uuid: "25998269205e450ca72aa7f01aab3920" member_type: VOTER last_known_addr { host: "127.10.21.65" port: 46153 }, Status: LMP_MISMATCH, Last received: 0.0, Next index: 1, Last known committed idx: 0, Time since last communication: 0.000s
I20260710 11:09:41.375308 11651 ts_tablet_manager.cc:1434] T 47fef4a53e2f42cfb32ad5adac4300a4 P d002af6b3e70429e8bbf8cc03fc2d6aa: Time spent starting tablet: real 0.005s	user 0.003s	sys 0.000s
I20260710 11:09:41.378348 11648 ts_tablet_manager.cc:1434] T 47fef4a53e2f42cfb32ad5adac4300a4 P 25998269205e450ca72aa7f01aab3920: Time spent starting tablet: real 0.011s	user 0.006s	sys 0.001s
I20260710 11:09:41.379323 11648 tablet_bootstrap.cc:492] T b5f3934b81b341a29e0333cba0aa5e6e P 25998269205e450ca72aa7f01aab3920: Bootstrap starting.
I20260710 11:09:41.384105 11647 tablet_bootstrap.cc:492] T fcec2b68d2714ff7a116f57095586f2d P 7e3ae0857e0d427b90e8a7a37e11be46: Bootstrap starting.
I20260710 11:09:41.385438 11648 tablet_bootstrap.cc:654] T b5f3934b81b341a29e0333cba0aa5e6e P 25998269205e450ca72aa7f01aab3920: Neither blocks nor log segments found. Creating new log.
I20260710 11:09:41.386234 11651 tablet_bootstrap.cc:492] T d3d5d1138f14437bb016d243acd901d6 P d002af6b3e70429e8bbf8cc03fc2d6aa: Bootstrap starting.
I20260710 11:09:41.392047 11651 tablet_bootstrap.cc:654] T d3d5d1138f14437bb016d243acd901d6 P d002af6b3e70429e8bbf8cc03fc2d6aa: Neither blocks nor log segments found. Creating new log.
I20260710 11:09:41.392690 11647 tablet_bootstrap.cc:654] T fcec2b68d2714ff7a116f57095586f2d P 7e3ae0857e0d427b90e8a7a37e11be46: Neither blocks nor log segments found. Creating new log.
I20260710 11:09:41.399169 11668 raft_consensus.cc:493] T d3d5d1138f14437bb016d243acd901d6 P 25998269205e450ca72aa7f01aab3920 [term 0 FOLLOWER]: Starting pre-election (no leader contacted us within the election timeout)
I20260710 11:09:41.399677 11668 raft_consensus.cc:515] T d3d5d1138f14437bb016d243acd901d6 P 25998269205e450ca72aa7f01aab3920 [term 0 FOLLOWER]: Starting pre-election with config: opid_index: -1 OBSOLETE_local: false peers { permanent_uuid: "25998269205e450ca72aa7f01aab3920" member_type: VOTER last_known_addr { host: "127.10.21.65" port: 46153 } } peers { permanent_uuid: "7e3ae0857e0d427b90e8a7a37e11be46" member_type: VOTER last_known_addr { host: "127.10.21.66" port: 34773 } } peers { permanent_uuid: "d002af6b3e70429e8bbf8cc03fc2d6aa" member_type: VOTER last_known_addr { host: "127.10.21.67" port: 43837 } }
I20260710 11:09:41.401684 11668 leader_election.cc:290] T d3d5d1138f14437bb016d243acd901d6 P 25998269205e450ca72aa7f01aab3920 [CANDIDATE]: Term 1 pre-election: Requested pre-vote from peers 7e3ae0857e0d427b90e8a7a37e11be46 (127.10.21.66:34773), d002af6b3e70429e8bbf8cc03fc2d6aa (127.10.21.67:43837)
I20260710 11:09:41.403452 11607 tablet_service.cc:1917] Received RequestConsensusVote() RPC: tablet_id: "d3d5d1138f14437bb016d243acd901d6" candidate_uuid: "25998269205e450ca72aa7f01aab3920" candidate_term: 1 candidate_status { last_received { term: 0 index: 0 } } ignore_live_leader: false dest_uuid: "d002af6b3e70429e8bbf8cc03fc2d6aa" is_pre_election: true
I20260710 11:09:41.403762 11648 tablet_bootstrap.cc:492] T b5f3934b81b341a29e0333cba0aa5e6e P 25998269205e450ca72aa7f01aab3920: No bootstrap required, opened a new log
I20260710 11:09:41.404207 11648 ts_tablet_manager.cc:1403] T b5f3934b81b341a29e0333cba0aa5e6e P 25998269205e450ca72aa7f01aab3920: Time spent bootstrapping tablet: real 0.025s	user 0.014s	sys 0.007s
W20260710 11:09:41.404735 11423 leader_election.cc:343] T d3d5d1138f14437bb016d243acd901d6 P 25998269205e450ca72aa7f01aab3920 [CANDIDATE]: Term 1 pre-election: Tablet error from VoteRequest() call to peer d002af6b3e70429e8bbf8cc03fc2d6aa (127.10.21.67:43837): Illegal state: must be running to vote when last-logged opid is not known
I20260710 11:09:41.405021 11533 tablet_service.cc:1917] Received RequestConsensusVote() RPC: tablet_id: "d3d5d1138f14437bb016d243acd901d6" candidate_uuid: "25998269205e450ca72aa7f01aab3920" candidate_term: 1 candidate_status { last_received { term: 0 index: 0 } } ignore_live_leader: false dest_uuid: "7e3ae0857e0d427b90e8a7a37e11be46" is_pre_election: true
W20260710 11:09:41.406358 11421 leader_election.cc:343] T d3d5d1138f14437bb016d243acd901d6 P 25998269205e450ca72aa7f01aab3920 [CANDIDATE]: Term 1 pre-election: Tablet error from VoteRequest() call to peer 7e3ae0857e0d427b90e8a7a37e11be46 (127.10.21.66:34773): Illegal state: must be running to vote when last-logged opid is not known
I20260710 11:09:41.406739 11421 leader_election.cc:304] T d3d5d1138f14437bb016d243acd901d6 P 25998269205e450ca72aa7f01aab3920 [CANDIDATE]: Term 1 pre-election: Election decided. Result: candidate lost. Election summary: received 3 responses out of 3 voters: 1 yes votes; 2 no votes. yes voters: 25998269205e450ca72aa7f01aab3920; no voters: 7e3ae0857e0d427b90e8a7a37e11be46, d002af6b3e70429e8bbf8cc03fc2d6aa
I20260710 11:09:41.406713 11648 raft_consensus.cc:359] T b5f3934b81b341a29e0333cba0aa5e6e P 25998269205e450ca72aa7f01aab3920 [term 0 FOLLOWER]: Replica starting. Triggering 0 pending ops. Active config: opid_index: -1 OBSOLETE_local: false peers { permanent_uuid: "25998269205e450ca72aa7f01aab3920" member_type: VOTER last_known_addr { host: "127.10.21.65" port: 46153 } } peers { permanent_uuid: "7e3ae0857e0d427b90e8a7a37e11be46" member_type: VOTER last_known_addr { host: "127.10.21.66" port: 34773 } } peers { permanent_uuid: "d002af6b3e70429e8bbf8cc03fc2d6aa" member_type: VOTER last_known_addr { host: "127.10.21.67" port: 43837 } }
I20260710 11:09:41.407495 11648 raft_consensus.cc:385] T b5f3934b81b341a29e0333cba0aa5e6e P 25998269205e450ca72aa7f01aab3920 [term 0 FOLLOWER]: Consensus starting up: Expiring failure detector timer to make a prompt election more likely
I20260710 11:09:41.407758 11648 raft_consensus.cc:740] T b5f3934b81b341a29e0333cba0aa5e6e P 25998269205e450ca72aa7f01aab3920 [term 0 FOLLOWER]: Becoming Follower/Learner. State: Replica: 25998269205e450ca72aa7f01aab3920, State: Initialized, Role: FOLLOWER
I20260710 11:09:41.407606 11668 raft_consensus.cc:2749] T d3d5d1138f14437bb016d243acd901d6 P 25998269205e450ca72aa7f01aab3920 [term 0 FOLLOWER]: Leader pre-election lost for term 1. Reason: could not achieve majority
I20260710 11:09:41.409425 11647 tablet_bootstrap.cc:492] T fcec2b68d2714ff7a116f57095586f2d P 7e3ae0857e0d427b90e8a7a37e11be46: No bootstrap required, opened a new log
I20260710 11:09:41.409192 11648 consensus_queue.cc:260] T b5f3934b81b341a29e0333cba0aa5e6e P 25998269205e450ca72aa7f01aab3920 [NON_LEADER]: Queue going to NON_LEADER mode. State: All replicated index: 0, Majority replicated index: 0, Committed index: 0, Last appended: 0.0, Last appended by leader: 0, Current term: 0, Majority size: -1, State: 0, Mode: NON_LEADER, active raft config: opid_index: -1 OBSOLETE_local: false peers { permanent_uuid: "25998269205e450ca72aa7f01aab3920" member_type: VOTER last_known_addr { host: "127.10.21.65" port: 46153 } } peers { permanent_uuid: "7e3ae0857e0d427b90e8a7a37e11be46" member_type: VOTER last_known_addr { host: "127.10.21.66" port: 34773 } } peers { permanent_uuid: "d002af6b3e70429e8bbf8cc03fc2d6aa" member_type: VOTER last_known_addr { host: "127.10.21.67" port: 43837 } }
I20260710 11:09:41.409682 11651 tablet_bootstrap.cc:492] T d3d5d1138f14437bb016d243acd901d6 P d002af6b3e70429e8bbf8cc03fc2d6aa: No bootstrap required, opened a new log
I20260710 11:09:41.409965 11647 ts_tablet_manager.cc:1403] T fcec2b68d2714ff7a116f57095586f2d P 7e3ae0857e0d427b90e8a7a37e11be46: Time spent bootstrapping tablet: real 0.028s	user 0.006s	sys 0.004s
I20260710 11:09:41.411100 11648 ts_tablet_manager.cc:1434] T b5f3934b81b341a29e0333cba0aa5e6e P 25998269205e450ca72aa7f01aab3920: Time spent starting tablet: real 0.007s	user 0.005s	sys 0.000s
I20260710 11:09:41.411944 11648 tablet_bootstrap.cc:492] T fcec2b68d2714ff7a116f57095586f2d P 25998269205e450ca72aa7f01aab3920: Bootstrap starting.
I20260710 11:09:41.412084 11681 consensus_queue.cc:1048] T 01249f9ba95d49869e6665039e90329b P 7e3ae0857e0d427b90e8a7a37e11be46 [LEADER]: Connected to new peer: Peer: permanent_uuid: "d002af6b3e70429e8bbf8cc03fc2d6aa" member_type: VOTER last_known_addr { host: "127.10.21.67" port: 43837 }, Status: LMP_MISMATCH, Last received: 0.0, Next index: 1, Last known committed idx: 0, Time since last communication: 0.000s
I20260710 11:09:41.414002 11651 ts_tablet_manager.cc:1403] T d3d5d1138f14437bb016d243acd901d6 P d002af6b3e70429e8bbf8cc03fc2d6aa: Time spent bootstrapping tablet: real 0.028s	user 0.010s	sys 0.005s
I20260710 11:09:41.416487 11651 raft_consensus.cc:359] T d3d5d1138f14437bb016d243acd901d6 P d002af6b3e70429e8bbf8cc03fc2d6aa [term 0 FOLLOWER]: Replica starting. Triggering 0 pending ops. Active config: opid_index: -1 OBSOLETE_local: false peers { permanent_uuid: "25998269205e450ca72aa7f01aab3920" member_type: VOTER last_known_addr { host: "127.10.21.65" port: 46153 } } peers { permanent_uuid: "7e3ae0857e0d427b90e8a7a37e11be46" member_type: VOTER last_known_addr { host: "127.10.21.66" port: 34773 } } peers { permanent_uuid: "d002af6b3e70429e8bbf8cc03fc2d6aa" member_type: VOTER last_known_addr { host: "127.10.21.67" port: 43837 } }
I20260710 11:09:41.417060 11651 raft_consensus.cc:385] T d3d5d1138f14437bb016d243acd901d6 P d002af6b3e70429e8bbf8cc03fc2d6aa [term 0 FOLLOWER]: Consensus starting up: Expiring failure detector timer to make a prompt election more likely
I20260710 11:09:41.417306 11651 raft_consensus.cc:740] T d3d5d1138f14437bb016d243acd901d6 P d002af6b3e70429e8bbf8cc03fc2d6aa [term 0 FOLLOWER]: Becoming Follower/Learner. State: Replica: d002af6b3e70429e8bbf8cc03fc2d6aa, State: Initialized, Role: FOLLOWER
I20260710 11:09:41.419050 11648 tablet_bootstrap.cc:654] T fcec2b68d2714ff7a116f57095586f2d P 25998269205e450ca72aa7f01aab3920: Neither blocks nor log segments found. Creating new log.
I20260710 11:09:41.418026 11651 consensus_queue.cc:260] T d3d5d1138f14437bb016d243acd901d6 P d002af6b3e70429e8bbf8cc03fc2d6aa [NON_LEADER]: Queue going to NON_LEADER mode. State: All replicated index: 0, Majority replicated index: 0, Committed index: 0, Last appended: 0.0, Last appended by leader: 0, Current term: 0, Majority size: -1, State: 0, Mode: NON_LEADER, active raft config: opid_index: -1 OBSOLETE_local: false peers { permanent_uuid: "25998269205e450ca72aa7f01aab3920" member_type: VOTER last_known_addr { host: "127.10.21.65" port: 46153 } } peers { permanent_uuid: "7e3ae0857e0d427b90e8a7a37e11be46" member_type: VOTER last_known_addr { host: "127.10.21.66" port: 34773 } } peers { permanent_uuid: "d002af6b3e70429e8bbf8cc03fc2d6aa" member_type: VOTER last_known_addr { host: "127.10.21.67" port: 43837 } }
I20260710 11:09:41.424463 11651 ts_tablet_manager.cc:1434] T d3d5d1138f14437bb016d243acd901d6 P d002af6b3e70429e8bbf8cc03fc2d6aa: Time spent starting tablet: real 0.010s	user 0.005s	sys 0.000s
I20260710 11:09:41.425292 11651 tablet_bootstrap.cc:492] T 8bf0b621f61a4c97869a31b8978209b2 P d002af6b3e70429e8bbf8cc03fc2d6aa: Bootstrap starting.
I20260710 11:09:41.430445 11651 tablet_bootstrap.cc:654] T 8bf0b621f61a4c97869a31b8978209b2 P d002af6b3e70429e8bbf8cc03fc2d6aa: Neither blocks nor log segments found. Creating new log.
I20260710 11:09:41.436659 11647 raft_consensus.cc:359] T fcec2b68d2714ff7a116f57095586f2d P 7e3ae0857e0d427b90e8a7a37e11be46 [term 0 FOLLOWER]: Replica starting. Triggering 0 pending ops. Active config: opid_index: -1 OBSOLETE_local: false peers { permanent_uuid: "25998269205e450ca72aa7f01aab3920" member_type: VOTER last_known_addr { host: "127.10.21.65" port: 46153 } } peers { permanent_uuid: "7e3ae0857e0d427b90e8a7a37e11be46" member_type: VOTER last_known_addr { host: "127.10.21.66" port: 34773 } } peers { permanent_uuid: "d002af6b3e70429e8bbf8cc03fc2d6aa" member_type: VOTER last_known_addr { host: "127.10.21.67" port: 43837 } }
I20260710 11:09:41.446429 11647 raft_consensus.cc:385] T fcec2b68d2714ff7a116f57095586f2d P 7e3ae0857e0d427b90e8a7a37e11be46 [term 0 FOLLOWER]: Consensus starting up: Expiring failure detector timer to make a prompt election more likely
I20260710 11:09:41.446700 11647 raft_consensus.cc:740] T fcec2b68d2714ff7a116f57095586f2d P 7e3ae0857e0d427b90e8a7a37e11be46 [term 0 FOLLOWER]: Becoming Follower/Learner. State: Replica: 7e3ae0857e0d427b90e8a7a37e11be46, State: Initialized, Role: FOLLOWER
I20260710 11:09:41.447325 11647 consensus_queue.cc:260] T fcec2b68d2714ff7a116f57095586f2d P 7e3ae0857e0d427b90e8a7a37e11be46 [NON_LEADER]: Queue going to NON_LEADER mode. State: All replicated index: 0, Majority replicated index: 0, Committed index: 0, Last appended: 0.0, Last appended by leader: 0, Current term: 0, Majority size: -1, State: 0, Mode: NON_LEADER, active raft config: opid_index: -1 OBSOLETE_local: false peers { permanent_uuid: "25998269205e450ca72aa7f01aab3920" member_type: VOTER last_known_addr { host: "127.10.21.65" port: 46153 } } peers { permanent_uuid: "7e3ae0857e0d427b90e8a7a37e11be46" member_type: VOTER last_known_addr { host: "127.10.21.66" port: 34773 } } peers { permanent_uuid: "d002af6b3e70429e8bbf8cc03fc2d6aa" member_type: VOTER last_known_addr { host: "127.10.21.67" port: 43837 } }
I20260710 11:09:41.449190 11651 tablet_bootstrap.cc:492] T 8bf0b621f61a4c97869a31b8978209b2 P d002af6b3e70429e8bbf8cc03fc2d6aa: No bootstrap required, opened a new log
I20260710 11:09:41.449637 11651 ts_tablet_manager.cc:1403] T 8bf0b621f61a4c97869a31b8978209b2 P d002af6b3e70429e8bbf8cc03fc2d6aa: Time spent bootstrapping tablet: real 0.025s	user 0.005s	sys 0.015s
I20260710 11:09:41.451334 11647 ts_tablet_manager.cc:1434] T fcec2b68d2714ff7a116f57095586f2d P 7e3ae0857e0d427b90e8a7a37e11be46: Time spent starting tablet: real 0.041s	user 0.005s	sys 0.000s
I20260710 11:09:41.452874 11651 raft_consensus.cc:359] T 8bf0b621f61a4c97869a31b8978209b2 P d002af6b3e70429e8bbf8cc03fc2d6aa [term 0 FOLLOWER]: Replica starting. Triggering 0 pending ops. Active config: opid_index: -1 OBSOLETE_local: false peers { permanent_uuid: "25998269205e450ca72aa7f01aab3920" member_type: VOTER last_known_addr { host: "127.10.21.65" port: 46153 } } peers { permanent_uuid: "7e3ae0857e0d427b90e8a7a37e11be46" member_type: VOTER last_known_addr { host: "127.10.21.66" port: 34773 } } peers { permanent_uuid: "d002af6b3e70429e8bbf8cc03fc2d6aa" member_type: VOTER last_known_addr { host: "127.10.21.67" port: 43837 } }
I20260710 11:09:41.453531 11651 raft_consensus.cc:385] T 8bf0b621f61a4c97869a31b8978209b2 P d002af6b3e70429e8bbf8cc03fc2d6aa [term 0 FOLLOWER]: Consensus starting up: Expiring failure detector timer to make a prompt election more likely
I20260710 11:09:41.453786 11651 raft_consensus.cc:740] T 8bf0b621f61a4c97869a31b8978209b2 P d002af6b3e70429e8bbf8cc03fc2d6aa [term 0 FOLLOWER]: Becoming Follower/Learner. State: Replica: d002af6b3e70429e8bbf8cc03fc2d6aa, State: Initialized, Role: FOLLOWER
I20260710 11:09:41.452791 11647 tablet_bootstrap.cc:492] T e77428b19289479f8d3e4443acac4412 P 7e3ae0857e0d427b90e8a7a37e11be46: Bootstrap starting.
I20260710 11:09:41.454447 11651 consensus_queue.cc:260] T 8bf0b621f61a4c97869a31b8978209b2 P d002af6b3e70429e8bbf8cc03fc2d6aa [NON_LEADER]: Queue going to NON_LEADER mode. State: All replicated index: 0, Majority replicated index: 0, Committed index: 0, Last appended: 0.0, Last appended by leader: 0, Current term: 0, Majority size: -1, State: 0, Mode: NON_LEADER, active raft config: opid_index: -1 OBSOLETE_local: false peers { permanent_uuid: "25998269205e450ca72aa7f01aab3920" member_type: VOTER last_known_addr { host: "127.10.21.65" port: 46153 } } peers { permanent_uuid: "7e3ae0857e0d427b90e8a7a37e11be46" member_type: VOTER last_known_addr { host: "127.10.21.66" port: 34773 } } peers { permanent_uuid: "d002af6b3e70429e8bbf8cc03fc2d6aa" member_type: VOTER last_known_addr { host: "127.10.21.67" port: 43837 } }
I20260710 11:09:41.456212 11651 ts_tablet_manager.cc:1434] T 8bf0b621f61a4c97869a31b8978209b2 P d002af6b3e70429e8bbf8cc03fc2d6aa: Time spent starting tablet: real 0.006s	user 0.005s	sys 0.001s
I20260710 11:09:41.457033 11651 tablet_bootstrap.cc:492] T 383b6d264cfc4a9793bc88843f6516d7 P d002af6b3e70429e8bbf8cc03fc2d6aa: Bootstrap starting.
I20260710 11:09:41.459470 11647 tablet_bootstrap.cc:654] T e77428b19289479f8d3e4443acac4412 P 7e3ae0857e0d427b90e8a7a37e11be46: Neither blocks nor log segments found. Creating new log.
I20260710 11:09:41.462419 11651 tablet_bootstrap.cc:654] T 383b6d264cfc4a9793bc88843f6516d7 P d002af6b3e70429e8bbf8cc03fc2d6aa: Neither blocks nor log segments found. Creating new log.
I20260710 11:09:41.462917 11648 tablet_bootstrap.cc:492] T fcec2b68d2714ff7a116f57095586f2d P 25998269205e450ca72aa7f01aab3920: No bootstrap required, opened a new log
I20260710 11:09:41.463227 11699 raft_consensus.cc:493] T 0782954788f34e3ab1ea4d8b9b4b3008 P d002af6b3e70429e8bbf8cc03fc2d6aa [term 0 FOLLOWER]: Starting pre-election (no leader contacted us within the election timeout)
I20260710 11:09:41.463732 11699 raft_consensus.cc:515] T 0782954788f34e3ab1ea4d8b9b4b3008 P d002af6b3e70429e8bbf8cc03fc2d6aa [term 0 FOLLOWER]: Starting pre-election with config: opid_index: -1 OBSOLETE_local: false peers { permanent_uuid: "25998269205e450ca72aa7f01aab3920" member_type: VOTER last_known_addr { host: "127.10.21.65" port: 46153 } } peers { permanent_uuid: "7e3ae0857e0d427b90e8a7a37e11be46" member_type: VOTER last_known_addr { host: "127.10.21.66" port: 34773 } } peers { permanent_uuid: "d002af6b3e70429e8bbf8cc03fc2d6aa" member_type: VOTER last_known_addr { host: "127.10.21.67" port: 43837 } }
I20260710 11:09:41.465690 11699 leader_election.cc:290] T 0782954788f34e3ab1ea4d8b9b4b3008 P d002af6b3e70429e8bbf8cc03fc2d6aa [CANDIDATE]: Term 1 pre-election: Requested pre-vote from peers 25998269205e450ca72aa7f01aab3920 (127.10.21.65:46153), 7e3ae0857e0d427b90e8a7a37e11be46 (127.10.21.66:34773)
I20260710 11:09:41.463326 11648 ts_tablet_manager.cc:1403] T fcec2b68d2714ff7a116f57095586f2d P 25998269205e450ca72aa7f01aab3920: Time spent bootstrapping tablet: real 0.052s	user 0.027s	sys 0.011s
I20260710 11:09:41.468349 11458 tablet_service.cc:1917] Received RequestConsensusVote() RPC: tablet_id: "0782954788f34e3ab1ea4d8b9b4b3008" candidate_uuid: "d002af6b3e70429e8bbf8cc03fc2d6aa" candidate_term: 1 candidate_status { last_received { term: 0 index: 0 } } ignore_live_leader: false dest_uuid: "25998269205e450ca72aa7f01aab3920" is_pre_election: true
I20260710 11:09:41.468989 11458 raft_consensus.cc:2468] T 0782954788f34e3ab1ea4d8b9b4b3008 P 25998269205e450ca72aa7f01aab3920 [term 0 FOLLOWER]: Leader pre-election vote request: Granting yes vote for candidate d002af6b3e70429e8bbf8cc03fc2d6aa in term 0.
I20260710 11:09:41.470118 11648 raft_consensus.cc:359] T fcec2b68d2714ff7a116f57095586f2d P 25998269205e450ca72aa7f01aab3920 [term 0 FOLLOWER]: Replica starting. Triggering 0 pending ops. Active config: opid_index: -1 OBSOLETE_local: false peers { permanent_uuid: "25998269205e450ca72aa7f01aab3920" member_type: VOTER last_known_addr { host: "127.10.21.65" port: 46153 } } peers { permanent_uuid: "7e3ae0857e0d427b90e8a7a37e11be46" member_type: VOTER last_known_addr { host: "127.10.21.66" port: 34773 } } peers { permanent_uuid: "d002af6b3e70429e8bbf8cc03fc2d6aa" member_type: VOTER last_known_addr { host: "127.10.21.67" port: 43837 } }
I20260710 11:09:41.470721 11648 raft_consensus.cc:385] T fcec2b68d2714ff7a116f57095586f2d P 25998269205e450ca72aa7f01aab3920 [term 0 FOLLOWER]: Consensus starting up: Expiring failure detector timer to make a prompt election more likely
I20260710 11:09:41.470988 11648 raft_consensus.cc:740] T fcec2b68d2714ff7a116f57095586f2d P 25998269205e450ca72aa7f01aab3920 [term 0 FOLLOWER]: Becoming Follower/Learner. State: Replica: 25998269205e450ca72aa7f01aab3920, State: Initialized, Role: FOLLOWER
I20260710 11:09:41.471626 11648 consensus_queue.cc:260] T fcec2b68d2714ff7a116f57095586f2d P 25998269205e450ca72aa7f01aab3920 [NON_LEADER]: Queue going to NON_LEADER mode. State: All replicated index: 0, Majority replicated index: 0, Committed index: 0, Last appended: 0.0, Last appended by leader: 0, Current term: 0, Majority size: -1, State: 0, Mode: NON_LEADER, active raft config: opid_index: -1 OBSOLETE_local: false peers { permanent_uuid: "25998269205e450ca72aa7f01aab3920" member_type: VOTER last_known_addr { host: "127.10.21.65" port: 46153 } } peers { permanent_uuid: "7e3ae0857e0d427b90e8a7a37e11be46" member_type: VOTER last_known_addr { host: "127.10.21.66" port: 34773 } } peers { permanent_uuid: "d002af6b3e70429e8bbf8cc03fc2d6aa" member_type: VOTER last_known_addr { host: "127.10.21.67" port: 43837 } }
I20260710 11:09:41.472247 11668 consensus_queue.cc:1048] T 15a57e7ddc364b05a0d0356680e5d3ab P 25998269205e450ca72aa7f01aab3920 [LEADER]: Connected to new peer: Peer: permanent_uuid: "7e3ae0857e0d427b90e8a7a37e11be46" member_type: VOTER last_known_addr { host: "127.10.21.66" port: 34773 }, Status: LMP_MISMATCH, Last received: 0.0, Next index: 1, Last known committed idx: 0, Time since last communication: 0.000s
I20260710 11:09:41.472702 11647 tablet_bootstrap.cc:492] T e77428b19289479f8d3e4443acac4412 P 7e3ae0857e0d427b90e8a7a37e11be46: No bootstrap required, opened a new log
I20260710 11:09:41.473280 11647 ts_tablet_manager.cc:1403] T e77428b19289479f8d3e4443acac4412 P 7e3ae0857e0d427b90e8a7a37e11be46: Time spent bootstrapping tablet: real 0.021s	user 0.005s	sys 0.011s
I20260710 11:09:41.473896 11533 tablet_service.cc:1917] Received RequestConsensusVote() RPC: tablet_id: "0782954788f34e3ab1ea4d8b9b4b3008" candidate_uuid: "d002af6b3e70429e8bbf8cc03fc2d6aa" candidate_term: 1 candidate_status { last_received { term: 0 index: 0 } } ignore_live_leader: false dest_uuid: "7e3ae0857e0d427b90e8a7a37e11be46" is_pre_election: true
I20260710 11:09:41.474524 11533 raft_consensus.cc:2468] T 0782954788f34e3ab1ea4d8b9b4b3008 P 7e3ae0857e0d427b90e8a7a37e11be46 [term 0 FOLLOWER]: Leader pre-election vote request: Granting yes vote for candidate d002af6b3e70429e8bbf8cc03fc2d6aa in term 0.
I20260710 11:09:41.475448 11572 leader_election.cc:304] T 0782954788f34e3ab1ea4d8b9b4b3008 P d002af6b3e70429e8bbf8cc03fc2d6aa [CANDIDATE]: Term 1 pre-election: Election decided. Result: candidate won. Election summary: received 2 responses out of 3 voters: 2 yes votes; 0 no votes. yes voters: 25998269205e450ca72aa7f01aab3920, d002af6b3e70429e8bbf8cc03fc2d6aa; no voters: 
I20260710 11:09:41.475792 11647 raft_consensus.cc:359] T e77428b19289479f8d3e4443acac4412 P 7e3ae0857e0d427b90e8a7a37e11be46 [term 0 FOLLOWER]: Replica starting. Triggering 0 pending ops. Active config: opid_index: -1 OBSOLETE_local: false peers { permanent_uuid: "25998269205e450ca72aa7f01aab3920" member_type: VOTER last_known_addr { host: "127.10.21.65" port: 46153 } } peers { permanent_uuid: "7e3ae0857e0d427b90e8a7a37e11be46" member_type: VOTER last_known_addr { host: "127.10.21.66" port: 34773 } } peers { permanent_uuid: "d002af6b3e70429e8bbf8cc03fc2d6aa" member_type: VOTER last_known_addr { host: "127.10.21.67" port: 43837 } }
I20260710 11:09:41.476612 11647 raft_consensus.cc:385] T e77428b19289479f8d3e4443acac4412 P 7e3ae0857e0d427b90e8a7a37e11be46 [term 0 FOLLOWER]: Consensus starting up: Expiring failure detector timer to make a prompt election more likely
I20260710 11:09:41.476912 11647 raft_consensus.cc:740] T e77428b19289479f8d3e4443acac4412 P 7e3ae0857e0d427b90e8a7a37e11be46 [term 0 FOLLOWER]: Becoming Follower/Learner. State: Replica: 7e3ae0857e0d427b90e8a7a37e11be46, State: Initialized, Role: FOLLOWER
I20260710 11:09:41.477010 11648 ts_tablet_manager.cc:1434] T fcec2b68d2714ff7a116f57095586f2d P 25998269205e450ca72aa7f01aab3920: Time spent starting tablet: real 0.009s	user 0.005s	sys 0.000s
I20260710 11:09:41.477907 11648 tablet_bootstrap.cc:492] T 6ae1120ff23e4b1d9d9bde70d7f6fb41 P 25998269205e450ca72aa7f01aab3920: Bootstrap starting.
I20260710 11:09:41.477713 11647 consensus_queue.cc:260] T e77428b19289479f8d3e4443acac4412 P 7e3ae0857e0d427b90e8a7a37e11be46 [NON_LEADER]: Queue going to NON_LEADER mode. State: All replicated index: 0, Majority replicated index: 0, Committed index: 0, Last appended: 0.0, Last appended by leader: 0, Current term: 0, Majority size: -1, State: 0, Mode: NON_LEADER, active raft config: opid_index: -1 OBSOLETE_local: false peers { permanent_uuid: "25998269205e450ca72aa7f01aab3920" member_type: VOTER last_known_addr { host: "127.10.21.65" port: 46153 } } peers { permanent_uuid: "7e3ae0857e0d427b90e8a7a37e11be46" member_type: VOTER last_known_addr { host: "127.10.21.66" port: 34773 } } peers { permanent_uuid: "d002af6b3e70429e8bbf8cc03fc2d6aa" member_type: VOTER last_known_addr { host: "127.10.21.67" port: 43837 } }
I20260710 11:09:41.479902 11647 ts_tablet_manager.cc:1434] T e77428b19289479f8d3e4443acac4412 P 7e3ae0857e0d427b90e8a7a37e11be46: Time spent starting tablet: real 0.006s	user 0.002s	sys 0.003s
I20260710 11:09:41.480785 11647 tablet_bootstrap.cc:492] T 383b6d264cfc4a9793bc88843f6516d7 P 7e3ae0857e0d427b90e8a7a37e11be46: Bootstrap starting.
I20260710 11:09:41.484901 11648 tablet_bootstrap.cc:654] T 6ae1120ff23e4b1d9d9bde70d7f6fb41 P 25998269205e450ca72aa7f01aab3920: Neither blocks nor log segments found. Creating new log.
I20260710 11:09:41.485931 11647 tablet_bootstrap.cc:654] T 383b6d264cfc4a9793bc88843f6516d7 P 7e3ae0857e0d427b90e8a7a37e11be46: Neither blocks nor log segments found. Creating new log.
I20260710 11:09:41.490294 11668 raft_consensus.cc:493] T 63c6dbdcadf44e83bc598d7d91957c54 P 25998269205e450ca72aa7f01aab3920 [term 0 FOLLOWER]: Starting pre-election (no leader contacted us within the election timeout)
I20260710 11:09:41.490787 11668 raft_consensus.cc:515] T 63c6dbdcadf44e83bc598d7d91957c54 P 25998269205e450ca72aa7f01aab3920 [term 0 FOLLOWER]: Starting pre-election with config: opid_index: -1 OBSOLETE_local: false peers { permanent_uuid: "25998269205e450ca72aa7f01aab3920" member_type: VOTER last_known_addr { host: "127.10.21.65" port: 46153 } } peers { permanent_uuid: "7e3ae0857e0d427b90e8a7a37e11be46" member_type: VOTER last_known_addr { host: "127.10.21.66" port: 34773 } } peers { permanent_uuid: "d002af6b3e70429e8bbf8cc03fc2d6aa" member_type: VOTER last_known_addr { host: "127.10.21.67" port: 43837 } }
I20260710 11:09:41.493638 11668 leader_election.cc:290] T 63c6dbdcadf44e83bc598d7d91957c54 P 25998269205e450ca72aa7f01aab3920 [CANDIDATE]: Term 1 pre-election: Requested pre-vote from peers 7e3ae0857e0d427b90e8a7a37e11be46 (127.10.21.66:34773), d002af6b3e70429e8bbf8cc03fc2d6aa (127.10.21.67:43837)
I20260710 11:09:41.493824 11606 tablet_service.cc:1917] Received RequestConsensusVote() RPC: tablet_id: "63c6dbdcadf44e83bc598d7d91957c54" candidate_uuid: "25998269205e450ca72aa7f01aab3920" candidate_term: 1 candidate_status { last_received { term: 0 index: 0 } } ignore_live_leader: false dest_uuid: "d002af6b3e70429e8bbf8cc03fc2d6aa" is_pre_election: true
I20260710 11:09:41.494305 11647 tablet_bootstrap.cc:492] T 383b6d264cfc4a9793bc88843f6516d7 P 7e3ae0857e0d427b90e8a7a37e11be46: No bootstrap required, opened a new log
I20260710 11:09:41.494428 11606 raft_consensus.cc:2468] T 63c6dbdcadf44e83bc598d7d91957c54 P d002af6b3e70429e8bbf8cc03fc2d6aa [term 0 FOLLOWER]: Leader pre-election vote request: Granting yes vote for candidate 25998269205e450ca72aa7f01aab3920 in term 0.
I20260710 11:09:41.494810 11647 ts_tablet_manager.cc:1403] T 383b6d264cfc4a9793bc88843f6516d7 P 7e3ae0857e0d427b90e8a7a37e11be46: Time spent bootstrapping tablet: real 0.014s	user 0.008s	sys 0.005s
I20260710 11:09:41.495460 11532 tablet_service.cc:1917] Received RequestConsensusVote() RPC: tablet_id: "63c6dbdcadf44e83bc598d7d91957c54" candidate_uuid: "25998269205e450ca72aa7f01aab3920" candidate_term: 1 candidate_status { last_received { term: 0 index: 0 } } ignore_live_leader: false dest_uuid: "7e3ae0857e0d427b90e8a7a37e11be46" is_pre_election: true
I20260710 11:09:41.496081 11532 raft_consensus.cc:2468] T 63c6dbdcadf44e83bc598d7d91957c54 P 7e3ae0857e0d427b90e8a7a37e11be46 [term 0 FOLLOWER]: Leader pre-election vote request: Granting yes vote for candidate 25998269205e450ca72aa7f01aab3920 in term 0.
I20260710 11:09:41.497208 11423 leader_election.cc:304] T 63c6dbdcadf44e83bc598d7d91957c54 P 25998269205e450ca72aa7f01aab3920 [CANDIDATE]: Term 1 pre-election: Election decided. Result: candidate won. Election summary: received 2 responses out of 3 voters: 2 yes votes; 0 no votes. yes voters: 25998269205e450ca72aa7f01aab3920, d002af6b3e70429e8bbf8cc03fc2d6aa; no voters: 
I20260710 11:09:41.497442 11647 raft_consensus.cc:359] T 383b6d264cfc4a9793bc88843f6516d7 P 7e3ae0857e0d427b90e8a7a37e11be46 [term 0 FOLLOWER]: Replica starting. Triggering 0 pending ops. Active config: opid_index: -1 OBSOLETE_local: false peers { permanent_uuid: "25998269205e450ca72aa7f01aab3920" member_type: VOTER last_known_addr { host: "127.10.21.65" port: 46153 } } peers { permanent_uuid: "7e3ae0857e0d427b90e8a7a37e11be46" member_type: VOTER last_known_addr { host: "127.10.21.66" port: 34773 } } peers { permanent_uuid: "d002af6b3e70429e8bbf8cc03fc2d6aa" member_type: VOTER last_known_addr { host: "127.10.21.67" port: 43837 } }
I20260710 11:09:41.498826 11668 raft_consensus.cc:2804] T 63c6dbdcadf44e83bc598d7d91957c54 P 25998269205e450ca72aa7f01aab3920 [term 0 FOLLOWER]: Leader pre-election won for term 1
I20260710 11:09:41.499097 11647 raft_consensus.cc:385] T 383b6d264cfc4a9793bc88843f6516d7 P 7e3ae0857e0d427b90e8a7a37e11be46 [term 0 FOLLOWER]: Consensus starting up: Expiring failure detector timer to make a prompt election more likely
I20260710 11:09:41.499189 11668 raft_consensus.cc:493] T 63c6dbdcadf44e83bc598d7d91957c54 P 25998269205e450ca72aa7f01aab3920 [term 0 FOLLOWER]: Starting leader election (no leader contacted us within the election timeout)
I20260710 11:09:41.499672 11668 raft_consensus.cc:3060] T 63c6dbdcadf44e83bc598d7d91957c54 P 25998269205e450ca72aa7f01aab3920 [term 0 FOLLOWER]: Advancing to term 1
I20260710 11:09:41.500947 11698 raft_consensus.cc:2804] T 0782954788f34e3ab1ea4d8b9b4b3008 P d002af6b3e70429e8bbf8cc03fc2d6aa [term 0 FOLLOWER]: Leader pre-election won for term 1
I20260710 11:09:41.501317 11698 raft_consensus.cc:493] T 0782954788f34e3ab1ea4d8b9b4b3008 P d002af6b3e70429e8bbf8cc03fc2d6aa [term 0 FOLLOWER]: Starting leader election (no leader contacted us within the election timeout)
I20260710 11:09:41.501648 11698 raft_consensus.cc:3060] T 0782954788f34e3ab1ea4d8b9b4b3008 P d002af6b3e70429e8bbf8cc03fc2d6aa [term 0 FOLLOWER]: Advancing to term 1
I20260710 11:09:41.504386 11647 raft_consensus.cc:740] T 383b6d264cfc4a9793bc88843f6516d7 P 7e3ae0857e0d427b90e8a7a37e11be46 [term 0 FOLLOWER]: Becoming Follower/Learner. State: Replica: 7e3ae0857e0d427b90e8a7a37e11be46, State: Initialized, Role: FOLLOWER
I20260710 11:09:41.505183 11647 consensus_queue.cc:260] T 383b6d264cfc4a9793bc88843f6516d7 P 7e3ae0857e0d427b90e8a7a37e11be46 [NON_LEADER]: Queue going to NON_LEADER mode. State: All replicated index: 0, Majority replicated index: 0, Committed index: 0, Last appended: 0.0, Last appended by leader: 0, Current term: 0, Majority size: -1, State: 0, Mode: NON_LEADER, active raft config: opid_index: -1 OBSOLETE_local: false peers { permanent_uuid: "25998269205e450ca72aa7f01aab3920" member_type: VOTER last_known_addr { host: "127.10.21.65" port: 46153 } } peers { permanent_uuid: "7e3ae0857e0d427b90e8a7a37e11be46" member_type: VOTER last_known_addr { host: "127.10.21.66" port: 34773 } } peers { permanent_uuid: "d002af6b3e70429e8bbf8cc03fc2d6aa" member_type: VOTER last_known_addr { host: "127.10.21.67" port: 43837 } }
I20260710 11:09:41.506978 11648 tablet_bootstrap.cc:492] T 6ae1120ff23e4b1d9d9bde70d7f6fb41 P 25998269205e450ca72aa7f01aab3920: No bootstrap required, opened a new log
I20260710 11:09:41.507383 11648 ts_tablet_manager.cc:1403] T 6ae1120ff23e4b1d9d9bde70d7f6fb41 P 25998269205e450ca72aa7f01aab3920: Time spent bootstrapping tablet: real 0.030s	user 0.009s	sys 0.006s
I20260710 11:09:41.508369 11698 raft_consensus.cc:515] T 0782954788f34e3ab1ea4d8b9b4b3008 P d002af6b3e70429e8bbf8cc03fc2d6aa [term 1 FOLLOWER]: Starting leader election with config: opid_index: -1 OBSOLETE_local: false peers { permanent_uuid: "25998269205e450ca72aa7f01aab3920" member_type: VOTER last_known_addr { host: "127.10.21.65" port: 46153 } } peers { permanent_uuid: "7e3ae0857e0d427b90e8a7a37e11be46" member_type: VOTER last_known_addr { host: "127.10.21.66" port: 34773 } } peers { permanent_uuid: "d002af6b3e70429e8bbf8cc03fc2d6aa" member_type: VOTER last_known_addr { host: "127.10.21.67" port: 43837 } }
I20260710 11:09:41.509183 11647 ts_tablet_manager.cc:1434] T 383b6d264cfc4a9793bc88843f6516d7 P 7e3ae0857e0d427b90e8a7a37e11be46: Time spent starting tablet: real 0.014s	user 0.005s	sys 0.001s
I20260710 11:09:41.510087 11647 tablet_bootstrap.cc:492] T d3d5d1138f14437bb016d243acd901d6 P 7e3ae0857e0d427b90e8a7a37e11be46: Bootstrap starting.
I20260710 11:09:41.509811 11648 raft_consensus.cc:359] T 6ae1120ff23e4b1d9d9bde70d7f6fb41 P 25998269205e450ca72aa7f01aab3920 [term 0 FOLLOWER]: Replica starting. Triggering 0 pending ops. Active config: opid_index: -1 OBSOLETE_local: false peers { permanent_uuid: "25998269205e450ca72aa7f01aab3920" member_type: VOTER last_known_addr { host: "127.10.21.65" port: 46153 } } peers { permanent_uuid: "7e3ae0857e0d427b90e8a7a37e11be46" member_type: VOTER last_known_addr { host: "127.10.21.66" port: 34773 } } peers { permanent_uuid: "d002af6b3e70429e8bbf8cc03fc2d6aa" member_type: VOTER last_known_addr { host: "127.10.21.67" port: 43837 } }
