I20260710 11:09:30.525949  1528 consensus_queue.cc:1048] T 688447761feb4cf798f69f4c483efe01 P 5e66b9d4f6eb44a68c8719d951006c06 [LEADER]: Connected to new peer: Peer: permanent_uuid: "32f8ed1d44a741e4ac5b9c8bca964808" member_type: VOTER last_known_addr { host: "127.0.156.3" port: 43775 }, Status: LMP_MISMATCH, Last received: 0.0, Next index: 3, Last known committed idx: 2, Time since last communication: 0.000s
I20260710 11:09:32.574385   624 auto_leader_rebalancer.cc:141] leader rebalance for table test-workload
I20260710 11:09:32.581837  1245 tablet_service.cc:2072] Received LeaderStepDown RPC: tablet_id: "9198bdcf8802499cb54d406de4f133d6"
dest_uuid: "5e66b9d4f6eb44a68c8719d951006c06"
mode: GRACEFUL
new_leader_uuid: "32f8ed1d44a741e4ac5b9c8bca964808"
 from {username='slave'} at 127.0.0.1:56744
I20260710 11:09:32.582445  1245 raft_consensus.cc:606] T 9198bdcf8802499cb54d406de4f133d6 P 5e66b9d4f6eb44a68c8719d951006c06 [term 3 LEADER]: Received request to transfer leadership to TS 32f8ed1d44a741e4ac5b9c8bca964808
I20260710 11:09:32.584542  1245 tablet_service.cc:2072] Received LeaderStepDown RPC: tablet_id: "923a35fe03b742498af56a226b01f620"
dest_uuid: "5e66b9d4f6eb44a68c8719d951006c06"
mode: GRACEFUL
new_leader_uuid: "32f8ed1d44a741e4ac5b9c8bca964808"
 from {username='slave'} at 127.0.0.1:56744
I20260710 11:09:32.584919  1245 raft_consensus.cc:606] T 923a35fe03b742498af56a226b01f620 P 5e66b9d4f6eb44a68c8719d951006c06 [term 2 LEADER]: Received request to transfer leadership to TS 32f8ed1d44a741e4ac5b9c8bca964808
I20260710 11:09:32.586781  1245 tablet_service.cc:2072] Received LeaderStepDown RPC: tablet_id: "ad0bd8d370eb489f998349070ac377a5"
dest_uuid: "5e66b9d4f6eb44a68c8719d951006c06"
mode: GRACEFUL
new_leader_uuid: "ef9608b12f6041dd9e2338db347911a4"
 from {username='slave'} at 127.0.0.1:56744
I20260710 11:09:32.587139  1245 raft_consensus.cc:606] T ad0bd8d370eb489f998349070ac377a5 P 5e66b9d4f6eb44a68c8719d951006c06 [term 4 LEADER]: Received request to transfer leadership to TS ef9608b12f6041dd9e2338db347911a4
I20260710 11:09:32.588893  1245 tablet_service.cc:2072] Received LeaderStepDown RPC: tablet_id: "e28fa0ec68a94f1e8a26a76c84fef1ff"
dest_uuid: "5e66b9d4f6eb44a68c8719d951006c06"
mode: GRACEFUL
new_leader_uuid: "ef9608b12f6041dd9e2338db347911a4"
 from {username='slave'} at 127.0.0.1:56744
I20260710 11:09:32.589252  1245 raft_consensus.cc:606] T e28fa0ec68a94f1e8a26a76c84fef1ff P 5e66b9d4f6eb44a68c8719d951006c06 [term 3 LEADER]: Received request to transfer leadership to TS ef9608b12f6041dd9e2338db347911a4
I20260710 11:09:32.590039   624 auto_leader_rebalancer.cc:452] table: test-workload, leader rebalance finish, leader transfer count: 4
I20260710 11:09:32.590435   624 auto_leader_rebalancer.cc:527] All tables' leader rebalancing finished this round
I20260710 11:09:32.617605  1568 raft_consensus.cc:993] T ad0bd8d370eb489f998349070ac377a5 P 5e66b9d4f6eb44a68c8719d951006c06: : Instructing follower ef9608b12f6041dd9e2338db347911a4 to start an election
I20260710 11:09:32.618042  1546 raft_consensus.cc:1081] T ad0bd8d370eb489f998349070ac377a5 P 5e66b9d4f6eb44a68c8719d951006c06 [term 4 LEADER]: Signalling peer ef9608b12f6041dd9e2338db347911a4 to start an election
I20260710 11:09:32.619370  1323 tablet_service.cc:2044] Received Run Leader Election RPC: tablet_id: "ad0bd8d370eb489f998349070ac377a5"
dest_uuid: "ef9608b12f6041dd9e2338db347911a4"
 from {username='slave'} at 127.0.0.1:60500
I20260710 11:09:32.619829  1323 raft_consensus.cc:493] T ad0bd8d370eb489f998349070ac377a5 P ef9608b12f6041dd9e2338db347911a4 [term 4 FOLLOWER]: Starting forced leader election (received explicit request)
I20260710 11:09:32.620142  1323 raft_consensus.cc:3060] T ad0bd8d370eb489f998349070ac377a5 P ef9608b12f6041dd9e2338db347911a4 [term 4 FOLLOWER]: Advancing to term 5
I20260710 11:09:32.626507  1323 raft_consensus.cc:515] T ad0bd8d370eb489f998349070ac377a5 P ef9608b12f6041dd9e2338db347911a4 [term 5 FOLLOWER]: Starting forced leader election with config: opid_index: -1 OBSOLETE_local: false peers { permanent_uuid: "5e66b9d4f6eb44a68c8719d951006c06" member_type: VOTER last_known_addr { host: "127.0.156.1" port: 37001 } } peers { permanent_uuid: "ef9608b12f6041dd9e2338db347911a4" member_type: VOTER last_known_addr { host: "127.0.156.2" port: 38547 } } peers { permanent_uuid: "32f8ed1d44a741e4ac5b9c8bca964808" member_type: VOTER last_known_addr { host: "127.0.156.3" port: 43775 } }
I20260710 11:09:32.628038  1323 leader_election.cc:290] T ad0bd8d370eb489f998349070ac377a5 P ef9608b12f6041dd9e2338db347911a4 [CANDIDATE]: Term 5 election: Requested vote from peers 5e66b9d4f6eb44a68c8719d951006c06 (127.0.156.1:37001), 32f8ed1d44a741e4ac5b9c8bca964808 (127.0.156.3:43775)
I20260710 11:09:32.628717  1245 tablet_service.cc:1917] Received RequestConsensusVote() RPC: tablet_id: "ad0bd8d370eb489f998349070ac377a5" candidate_uuid: "ef9608b12f6041dd9e2338db347911a4" candidate_term: 5 candidate_status { last_received { term: 4 index: 4 } } ignore_live_leader: true dest_uuid: "5e66b9d4f6eb44a68c8719d951006c06"
I20260710 11:09:32.629081  1396 tablet_service.cc:1917] Received RequestConsensusVote() RPC: tablet_id: "ad0bd8d370eb489f998349070ac377a5" candidate_uuid: "ef9608b12f6041dd9e2338db347911a4" candidate_term: 5 candidate_status { last_received { term: 4 index: 4 } } ignore_live_leader: true dest_uuid: "32f8ed1d44a741e4ac5b9c8bca964808"
I20260710 11:09:32.629402  1245 raft_consensus.cc:3055] T ad0bd8d370eb489f998349070ac377a5 P 5e66b9d4f6eb44a68c8719d951006c06 [term 4 LEADER]: Stepping down as leader of term 4
I20260710 11:09:32.629545  1396 raft_consensus.cc:3060] T ad0bd8d370eb489f998349070ac377a5 P 32f8ed1d44a741e4ac5b9c8bca964808 [term 4 FOLLOWER]: Advancing to term 5
I20260710 11:09:32.629684  1245 raft_consensus.cc:740] T ad0bd8d370eb489f998349070ac377a5 P 5e66b9d4f6eb44a68c8719d951006c06 [term 4 LEADER]: Becoming Follower/Learner. State: Replica: 5e66b9d4f6eb44a68c8719d951006c06, State: Running, Role: LEADER
I20260710 11:09:32.630465  1245 consensus_queue.cc:260] T ad0bd8d370eb489f998349070ac377a5 P 5e66b9d4f6eb44a68c8719d951006c06 [NON_LEADER]: Queue going to NON_LEADER mode. State: All replicated index: 0, Majority replicated index: 4, Committed index: 4, Last appended: 4.4, Last appended by leader: 4, Current term: 4, Majority size: -1, State: 0, Mode: NON_LEADER, active raft config: opid_index: -1 OBSOLETE_local: false peers { permanent_uuid: "5e66b9d4f6eb44a68c8719d951006c06" member_type: VOTER last_known_addr { host: "127.0.156.1" port: 37001 } } peers { permanent_uuid: "ef9608b12f6041dd9e2338db347911a4" member_type: VOTER last_known_addr { host: "127.0.156.2" port: 38547 } } peers { permanent_uuid: "32f8ed1d44a741e4ac5b9c8bca964808" member_type: VOTER last_known_addr { host: "127.0.156.3" port: 43775 } }
I20260710 11:09:32.631284  1245 raft_consensus.cc:3060] T ad0bd8d370eb489f998349070ac377a5 P 5e66b9d4f6eb44a68c8719d951006c06 [term 4 FOLLOWER]: Advancing to term 5
I20260710 11:09:32.633803  1396 raft_consensus.cc:2468] T ad0bd8d370eb489f998349070ac377a5 P 32f8ed1d44a741e4ac5b9c8bca964808 [term 5 FOLLOWER]: Leader election vote request: Granting yes vote for candidate ef9608b12f6041dd9e2338db347911a4 in term 5.
I20260710 11:09:32.634783  1287 leader_election.cc:304] T ad0bd8d370eb489f998349070ac377a5 P ef9608b12f6041dd9e2338db347911a4 [CANDIDATE]: Term 5 election: Election decided. Result: candidate won. Election summary: received 2 responses out of 3 voters: 2 yes votes; 0 no votes. yes voters: 32f8ed1d44a741e4ac5b9c8bca964808, ef9608b12f6041dd9e2338db347911a4; no voters: 
I20260710 11:09:32.635475  1569 raft_consensus.cc:2804] T ad0bd8d370eb489f998349070ac377a5 P ef9608b12f6041dd9e2338db347911a4 [term 5 FOLLOWER]: Leader election won for term 5
I20260710 11:09:32.635663  1245 raft_consensus.cc:2468] T ad0bd8d370eb489f998349070ac377a5 P 5e66b9d4f6eb44a68c8719d951006c06 [term 5 FOLLOWER]: Leader election vote request: Granting yes vote for candidate ef9608b12f6041dd9e2338db347911a4 in term 5.
I20260710 11:09:32.636442  1569 raft_consensus.cc:697] T ad0bd8d370eb489f998349070ac377a5 P ef9608b12f6041dd9e2338db347911a4 [term 5 LEADER]: Becoming Leader. State: Replica: ef9608b12f6041dd9e2338db347911a4, State: Running, Role: LEADER
I20260710 11:09:32.637347  1569 consensus_queue.cc:237] T ad0bd8d370eb489f998349070ac377a5 P ef9608b12f6041dd9e2338db347911a4 [LEADER]: Queue going to LEADER mode. State: All replicated index: 0, Majority replicated index: 4, Committed index: 4, Last appended: 4.4, Last appended by leader: 4, Current term: 5, Majority size: 2, State: 0, Mode: LEADER, active raft config: opid_index: -1 OBSOLETE_local: false peers { permanent_uuid: "5e66b9d4f6eb44a68c8719d951006c06" member_type: VOTER last_known_addr { host: "127.0.156.1" port: 37001 } } peers { permanent_uuid: "ef9608b12f6041dd9e2338db347911a4" member_type: VOTER last_known_addr { host: "127.0.156.2" port: 38547 } } peers { permanent_uuid: "32f8ed1d44a741e4ac5b9c8bca964808" member_type: VOTER last_known_addr { host: "127.0.156.3" port: 43775 } }
I20260710 11:09:32.643251  1145 catalog_manager.cc:5697] T ad0bd8d370eb489f998349070ac377a5 P ef9608b12f6041dd9e2338db347911a4 reported cstate change: term changed from 4 to 5, leader changed from 5e66b9d4f6eb44a68c8719d951006c06 (127.0.156.1) to ef9608b12f6041dd9e2338db347911a4 (127.0.156.2). New cstate: current_term: 5 leader_uuid: "ef9608b12f6041dd9e2338db347911a4" committed_config { opid_index: -1 OBSOLETE_local: false peers { permanent_uuid: "5e66b9d4f6eb44a68c8719d951006c06" member_type: VOTER last_known_addr { host: "127.0.156.1" port: 37001 } health_report { overall_health: UNKNOWN } } peers { permanent_uuid: "ef9608b12f6041dd9e2338db347911a4" member_type: VOTER last_known_addr { host: "127.0.156.2" port: 38547 } health_report { overall_health: HEALTHY } } peers { permanent_uuid: "32f8ed1d44a741e4ac5b9c8bca964808" member_type: VOTER last_known_addr { host: "127.0.156.3" port: 43775 } health_report { overall_health: UNKNOWN } } }
I20260710 11:09:32.830353  1568 raft_consensus.cc:993] T 923a35fe03b742498af56a226b01f620 P 5e66b9d4f6eb44a68c8719d951006c06: : Instructing follower 32f8ed1d44a741e4ac5b9c8bca964808 to start an election
I20260710 11:09:32.830737  1546 raft_consensus.cc:1081] T 923a35fe03b742498af56a226b01f620 P 5e66b9d4f6eb44a68c8719d951006c06 [term 2 LEADER]: Signalling peer 32f8ed1d44a741e4ac5b9c8bca964808 to start an election
I20260710 11:09:32.831898  1396 tablet_service.cc:2044] Received Run Leader Election RPC: tablet_id: "923a35fe03b742498af56a226b01f620"
dest_uuid: "32f8ed1d44a741e4ac5b9c8bca964808"
 from {username='slave'} at 127.0.0.1:43184
I20260710 11:09:32.832257  1396 raft_consensus.cc:493] T 923a35fe03b742498af56a226b01f620 P 32f8ed1d44a741e4ac5b9c8bca964808 [term 2 FOLLOWER]: Starting forced leader election (received explicit request)
I20260710 11:09:32.832471  1396 raft_consensus.cc:3060] T 923a35fe03b742498af56a226b01f620 P 32f8ed1d44a741e4ac5b9c8bca964808 [term 2 FOLLOWER]: Advancing to term 3
I20260710 11:09:32.836225  1396 raft_consensus.cc:515] T 923a35fe03b742498af56a226b01f620 P 32f8ed1d44a741e4ac5b9c8bca964808 [term 3 FOLLOWER]: Starting forced leader election with config: opid_index: -1 OBSOLETE_local: false peers { permanent_uuid: "ef9608b12f6041dd9e2338db347911a4" member_type: VOTER last_known_addr { host: "127.0.156.2" port: 38547 } } peers { permanent_uuid: "5e66b9d4f6eb44a68c8719d951006c06" member_type: VOTER last_known_addr { host: "127.0.156.1" port: 37001 } } peers { permanent_uuid: "32f8ed1d44a741e4ac5b9c8bca964808" member_type: VOTER last_known_addr { host: "127.0.156.3" port: 43775 } }
I20260710 11:09:32.837568  1396 leader_election.cc:290] T 923a35fe03b742498af56a226b01f620 P 32f8ed1d44a741e4ac5b9c8bca964808 [CANDIDATE]: Term 3 election: Requested vote from peers ef9608b12f6041dd9e2338db347911a4 (127.0.156.2:38547), 5e66b9d4f6eb44a68c8719d951006c06 (127.0.156.1:37001)
I20260710 11:09:32.838202  1323 tablet_service.cc:1917] Received RequestConsensusVote() RPC: tablet_id: "923a35fe03b742498af56a226b01f620" candidate_uuid: "32f8ed1d44a741e4ac5b9c8bca964808" candidate_term: 3 candidate_status { last_received { term: 2 index: 2 } } ignore_live_leader: true dest_uuid: "ef9608b12f6041dd9e2338db347911a4"
I20260710 11:09:32.838523  1245 tablet_service.cc:1917] Received RequestConsensusVote() RPC: tablet_id: "923a35fe03b742498af56a226b01f620" candidate_uuid: "32f8ed1d44a741e4ac5b9c8bca964808" candidate_term: 3 candidate_status { last_received { term: 2 index: 2 } } ignore_live_leader: true dest_uuid: "5e66b9d4f6eb44a68c8719d951006c06"
I20260710 11:09:32.838797  1323 raft_consensus.cc:3060] T 923a35fe03b742498af56a226b01f620 P ef9608b12f6041dd9e2338db347911a4 [term 2 FOLLOWER]: Advancing to term 3
I20260710 11:09:32.839008  1245 raft_consensus.cc:3055] T 923a35fe03b742498af56a226b01f620 P 5e66b9d4f6eb44a68c8719d951006c06 [term 2 LEADER]: Stepping down as leader of term 2
I20260710 11:09:32.839329  1245 raft_consensus.cc:740] T 923a35fe03b742498af56a226b01f620 P 5e66b9d4f6eb44a68c8719d951006c06 [term 2 LEADER]: Becoming Follower/Learner. State: Replica: 5e66b9d4f6eb44a68c8719d951006c06, State: Running, Role: LEADER
I20260710 11:09:32.839869  1245 consensus_queue.cc:260] T 923a35fe03b742498af56a226b01f620 P 5e66b9d4f6eb44a68c8719d951006c06 [NON_LEADER]: Queue going to NON_LEADER mode. State: All replicated index: 0, Majority replicated index: 2, Committed index: 2, Last appended: 2.2, Last appended by leader: 2, Current term: 2, Majority size: -1, State: 0, Mode: NON_LEADER, active raft config: opid_index: -1 OBSOLETE_local: false peers { permanent_uuid: "ef9608b12f6041dd9e2338db347911a4" member_type: VOTER last_known_addr { host: "127.0.156.2" port: 38547 } } peers { permanent_uuid: "5e66b9d4f6eb44a68c8719d951006c06" member_type: VOTER last_known_addr { host: "127.0.156.1" port: 37001 } } peers { permanent_uuid: "32f8ed1d44a741e4ac5b9c8bca964808" member_type: VOTER last_known_addr { host: "127.0.156.3" port: 43775 } }
I20260710 11:09:32.840679  1245 raft_consensus.cc:3060] T 923a35fe03b742498af56a226b01f620 P 5e66b9d4f6eb44a68c8719d951006c06 [term 2 FOLLOWER]: Advancing to term 3
I20260710 11:09:32.842870  1323 raft_consensus.cc:2468] T 923a35fe03b742498af56a226b01f620 P ef9608b12f6041dd9e2338db347911a4 [term 3 FOLLOWER]: Leader election vote request: Granting yes vote for candidate 32f8ed1d44a741e4ac5b9c8bca964808 in term 3.
I20260710 11:09:32.843899  1361 leader_election.cc:304] T 923a35fe03b742498af56a226b01f620 P 32f8ed1d44a741e4ac5b9c8bca964808 [CANDIDATE]: Term 3 election: Election decided. Result: candidate won. Election summary: received 2 responses out of 3 voters: 2 yes votes; 0 no votes. yes voters: 32f8ed1d44a741e4ac5b9c8bca964808, ef9608b12f6041dd9e2338db347911a4; no voters: 
I20260710 11:09:32.844699  1543 raft_consensus.cc:2804] T 923a35fe03b742498af56a226b01f620 P 32f8ed1d44a741e4ac5b9c8bca964808 [term 3 FOLLOWER]: Leader election won for term 3
I20260710 11:09:32.844933  1245 raft_consensus.cc:2468] T 923a35fe03b742498af56a226b01f620 P 5e66b9d4f6eb44a68c8719d951006c06 [term 3 FOLLOWER]: Leader election vote request: Granting yes vote for candidate 32f8ed1d44a741e4ac5b9c8bca964808 in term 3.
I20260710 11:09:32.845773  1543 raft_consensus.cc:697] T 923a35fe03b742498af56a226b01f620 P 32f8ed1d44a741e4ac5b9c8bca964808 [term 3 LEADER]: Becoming Leader. State: Replica: 32f8ed1d44a741e4ac5b9c8bca964808, State: Running, Role: LEADER
I20260710 11:09:32.846582  1543 consensus_queue.cc:237] T 923a35fe03b742498af56a226b01f620 P 32f8ed1d44a741e4ac5b9c8bca964808 [LEADER]: Queue going to LEADER mode. State: All replicated index: 0, Majority replicated index: 2, Committed index: 2, Last appended: 2.2, Last appended by leader: 2, Current term: 3, Majority size: 2, State: 0, Mode: LEADER, active raft config: opid_index: -1 OBSOLETE_local: false peers { permanent_uuid: "ef9608b12f6041dd9e2338db347911a4" member_type: VOTER last_known_addr { host: "127.0.156.2" port: 38547 } } peers { permanent_uuid: "5e66b9d4f6eb44a68c8719d951006c06" member_type: VOTER last_known_addr { host: "127.0.156.1" port: 37001 } } peers { permanent_uuid: "32f8ed1d44a741e4ac5b9c8bca964808" member_type: VOTER last_known_addr { host: "127.0.156.3" port: 43775 } }
I20260710 11:09:32.852397  1145 catalog_manager.cc:5697] T 923a35fe03b742498af56a226b01f620 P 32f8ed1d44a741e4ac5b9c8bca964808 reported cstate change: term changed from 2 to 3, leader changed from 5e66b9d4f6eb44a68c8719d951006c06 (127.0.156.1) to 32f8ed1d44a741e4ac5b9c8bca964808 (127.0.156.3). New cstate: current_term: 3 leader_uuid: "32f8ed1d44a741e4ac5b9c8bca964808" committed_config { opid_index: -1 OBSOLETE_local: false peers { permanent_uuid: "ef9608b12f6041dd9e2338db347911a4" member_type: VOTER last_known_addr { host: "127.0.156.2" port: 38547 } health_report { overall_health: UNKNOWN } } peers { permanent_uuid: "5e66b9d4f6eb44a68c8719d951006c06" member_type: VOTER last_known_addr { host: "127.0.156.1" port: 37001 } health_report { overall_health: UNKNOWN } } peers { permanent_uuid: "32f8ed1d44a741e4ac5b9c8bca964808" member_type: VOTER last_known_addr { host: "127.0.156.3" port: 43775 } health_report { overall_health: HEALTHY } } }
I20260710 11:09:32.958298  1568 raft_consensus.cc:993] T 9198bdcf8802499cb54d406de4f133d6 P 5e66b9d4f6eb44a68c8719d951006c06: : Instructing follower 32f8ed1d44a741e4ac5b9c8bca964808 to start an election
I20260710 11:09:32.958665  1546 raft_consensus.cc:1081] T 9198bdcf8802499cb54d406de4f133d6 P 5e66b9d4f6eb44a68c8719d951006c06 [term 3 LEADER]: Signalling peer 32f8ed1d44a741e4ac5b9c8bca964808 to start an election
I20260710 11:09:32.959851  1396 tablet_service.cc:2044] Received Run Leader Election RPC: tablet_id: "9198bdcf8802499cb54d406de4f133d6"
dest_uuid: "32f8ed1d44a741e4ac5b9c8bca964808"
 from {username='slave'} at 127.0.0.1:43184
I20260710 11:09:32.960227  1396 raft_consensus.cc:493] T 9198bdcf8802499cb54d406de4f133d6 P 32f8ed1d44a741e4ac5b9c8bca964808 [term 3 FOLLOWER]: Starting forced leader election (received explicit request)
I20260710 11:09:32.960464  1396 raft_consensus.cc:3060] T 9198bdcf8802499cb54d406de4f133d6 P 32f8ed1d44a741e4ac5b9c8bca964808 [term 3 FOLLOWER]: Advancing to term 4
I20260710 11:09:32.964321  1396 raft_consensus.cc:515] T 9198bdcf8802499cb54d406de4f133d6 P 32f8ed1d44a741e4ac5b9c8bca964808 [term 4 FOLLOWER]: Starting forced leader election with config: opid_index: -1 OBSOLETE_local: false peers { permanent_uuid: "5e66b9d4f6eb44a68c8719d951006c06" member_type: VOTER last_known_addr { host: "127.0.156.1" port: 37001 } } peers { permanent_uuid: "ef9608b12f6041dd9e2338db347911a4" member_type: VOTER last_known_addr { host: "127.0.156.2" port: 38547 } } peers { permanent_uuid: "32f8ed1d44a741e4ac5b9c8bca964808" member_type: VOTER last_known_addr { host: "127.0.156.3" port: 43775 } }
I20260710 11:09:32.965500  1396 leader_election.cc:290] T 9198bdcf8802499cb54d406de4f133d6 P 32f8ed1d44a741e4ac5b9c8bca964808 [CANDIDATE]: Term 4 election: Requested vote from peers 5e66b9d4f6eb44a68c8719d951006c06 (127.0.156.1:37001), ef9608b12f6041dd9e2338db347911a4 (127.0.156.2:38547)
I20260710 11:09:32.966107  1245 tablet_service.cc:1917] Received RequestConsensusVote() RPC: tablet_id: "9198bdcf8802499cb54d406de4f133d6" candidate_uuid: "32f8ed1d44a741e4ac5b9c8bca964808" candidate_term: 4 candidate_status { last_received { term: 3 index: 3 } } ignore_live_leader: true dest_uuid: "5e66b9d4f6eb44a68c8719d951006c06"
I20260710 11:09:32.966445  1323 tablet_service.cc:1917] Received RequestConsensusVote() RPC: tablet_id: "9198bdcf8802499cb54d406de4f133d6" candidate_uuid: "32f8ed1d44a741e4ac5b9c8bca964808" candidate_term: 4 candidate_status { last_received { term: 3 index: 3 } } ignore_live_leader: true dest_uuid: "ef9608b12f6041dd9e2338db347911a4"
I20260710 11:09:32.966630  1245 raft_consensus.cc:3055] T 9198bdcf8802499cb54d406de4f133d6 P 5e66b9d4f6eb44a68c8719d951006c06 [term 3 LEADER]: Stepping down as leader of term 3
I20260710 11:09:32.966909  1245 raft_consensus.cc:740] T 9198bdcf8802499cb54d406de4f133d6 P 5e66b9d4f6eb44a68c8719d951006c06 [term 3 LEADER]: Becoming Follower/Learner. State: Replica: 5e66b9d4f6eb44a68c8719d951006c06, State: Running, Role: LEADER
I20260710 11:09:32.966930  1323 raft_consensus.cc:3060] T 9198bdcf8802499cb54d406de4f133d6 P ef9608b12f6041dd9e2338db347911a4 [term 3 FOLLOWER]: Advancing to term 4
I20260710 11:09:32.967691  1245 consensus_queue.cc:260] T 9198bdcf8802499cb54d406de4f133d6 P 5e66b9d4f6eb44a68c8719d951006c06 [NON_LEADER]: Queue going to NON_LEADER mode. State: All replicated index: 0, Majority replicated index: 3, Committed index: 3, Last appended: 3.3, Last appended by leader: 3, Current term: 3, Majority size: -1, State: 0, Mode: NON_LEADER, active raft config: opid_index: -1 OBSOLETE_local: false peers { permanent_uuid: "5e66b9d4f6eb44a68c8719d951006c06" member_type: VOTER last_known_addr { host: "127.0.156.1" port: 37001 } } peers { permanent_uuid: "ef9608b12f6041dd9e2338db347911a4" member_type: VOTER last_known_addr { host: "127.0.156.2" port: 38547 } } peers { permanent_uuid: "32f8ed1d44a741e4ac5b9c8bca964808" member_type: VOTER last_known_addr { host: "127.0.156.3" port: 43775 } }
I20260710 11:09:32.968817  1245 raft_consensus.cc:3060] T 9198bdcf8802499cb54d406de4f133d6 P 5e66b9d4f6eb44a68c8719d951006c06 [term 3 FOLLOWER]: Advancing to term 4
I20260710 11:09:32.972487  1323 raft_consensus.cc:2468] T 9198bdcf8802499cb54d406de4f133d6 P ef9608b12f6041dd9e2338db347911a4 [term 4 FOLLOWER]: Leader election vote request: Granting yes vote for candidate 32f8ed1d44a741e4ac5b9c8bca964808 in term 4.
I20260710 11:09:32.973387  1361 leader_election.cc:304] T 9198bdcf8802499cb54d406de4f133d6 P 32f8ed1d44a741e4ac5b9c8bca964808 [CANDIDATE]: Term 4 election: Election decided. Result: candidate won. Election summary: received 2 responses out of 3 voters: 2 yes votes; 0 no votes. yes voters: 32f8ed1d44a741e4ac5b9c8bca964808, ef9608b12f6041dd9e2338db347911a4; no voters: 
I20260710 11:09:32.974084  1543 raft_consensus.cc:2804] T 9198bdcf8802499cb54d406de4f133d6 P 32f8ed1d44a741e4ac5b9c8bca964808 [term 4 FOLLOWER]: Leader election won for term 4
I20260710 11:09:32.974444  1543 raft_consensus.cc:697] T 9198bdcf8802499cb54d406de4f133d6 P 32f8ed1d44a741e4ac5b9c8bca964808 [term 4 LEADER]: Becoming Leader. State: Replica: 32f8ed1d44a741e4ac5b9c8bca964808, State: Running, Role: LEADER
I20260710 11:09:32.974504  1245 raft_consensus.cc:2468] T 9198bdcf8802499cb54d406de4f133d6 P 5e66b9d4f6eb44a68c8719d951006c06 [term 4 FOLLOWER]: Leader election vote request: Granting yes vote for candidate 32f8ed1d44a741e4ac5b9c8bca964808 in term 4.
I20260710 11:09:32.975205  1543 consensus_queue.cc:237] T 9198bdcf8802499cb54d406de4f133d6 P 32f8ed1d44a741e4ac5b9c8bca964808 [LEADER]: Queue going to LEADER mode. State: All replicated index: 0, Majority replicated index: 3, Committed index: 3, Last appended: 3.3, Last appended by leader: 3, Current term: 4, Majority size: 2, State: 0, Mode: LEADER, active raft config: opid_index: -1 OBSOLETE_local: false peers { permanent_uuid: "5e66b9d4f6eb44a68c8719d951006c06" member_type: VOTER last_known_addr { host: "127.0.156.1" port: 37001 } } peers { permanent_uuid: "ef9608b12f6041dd9e2338db347911a4" member_type: VOTER last_known_addr { host: "127.0.156.2" port: 38547 } } peers { permanent_uuid: "32f8ed1d44a741e4ac5b9c8bca964808" member_type: VOTER last_known_addr { host: "127.0.156.3" port: 43775 } }
I20260710 11:09:32.980888  1145 catalog_manager.cc:5697] T 9198bdcf8802499cb54d406de4f133d6 P 32f8ed1d44a741e4ac5b9c8bca964808 reported cstate change: term changed from 3 to 4, leader changed from 5e66b9d4f6eb44a68c8719d951006c06 (127.0.156.1) to 32f8ed1d44a741e4ac5b9c8bca964808 (127.0.156.3). New cstate: current_term: 4 leader_uuid: "32f8ed1d44a741e4ac5b9c8bca964808" committed_config { opid_index: -1 OBSOLETE_local: false peers { permanent_uuid: "5e66b9d4f6eb44a68c8719d951006c06" member_type: VOTER last_known_addr { host: "127.0.156.1" port: 37001 } health_report { overall_health: UNKNOWN } } peers { permanent_uuid: "ef9608b12f6041dd9e2338db347911a4" member_type: VOTER last_known_addr { host: "127.0.156.2" port: 38547 } health_report { overall_health: UNKNOWN } } peers { permanent_uuid: "32f8ed1d44a741e4ac5b9c8bca964808" member_type: VOTER last_known_addr { host: "127.0.156.3" port: 43775 } health_report { overall_health: HEALTHY } } }
I20260710 11:09:33.021206  1568 raft_consensus.cc:993] T e28fa0ec68a94f1e8a26a76c84fef1ff P 5e66b9d4f6eb44a68c8719d951006c06: : Instructing follower ef9608b12f6041dd9e2338db347911a4 to start an election
I20260710 11:09:33.021595  1546 raft_consensus.cc:1081] T e28fa0ec68a94f1e8a26a76c84fef1ff P 5e66b9d4f6eb44a68c8719d951006c06 [term 3 LEADER]: Signalling peer ef9608b12f6041dd9e2338db347911a4 to start an election
I20260710 11:09:33.022784  1323 tablet_service.cc:2044] Received Run Leader Election RPC: tablet_id: "e28fa0ec68a94f1e8a26a76c84fef1ff"
dest_uuid: "ef9608b12f6041dd9e2338db347911a4"
 from {username='slave'} at 127.0.0.1:60500
I20260710 11:09:33.023181  1323 raft_consensus.cc:493] T e28fa0ec68a94f1e8a26a76c84fef1ff P ef9608b12f6041dd9e2338db347911a4 [term 3 FOLLOWER]: Starting forced leader election (received explicit request)
I20260710 11:09:33.023413  1323 raft_consensus.cc:3060] T e28fa0ec68a94f1e8a26a76c84fef1ff P ef9608b12f6041dd9e2338db347911a4 [term 3 FOLLOWER]: Advancing to term 4
I20260710 11:09:33.027153  1323 raft_consensus.cc:515] T e28fa0ec68a94f1e8a26a76c84fef1ff P ef9608b12f6041dd9e2338db347911a4 [term 4 FOLLOWER]: Starting forced leader election with config: opid_index: -1 OBSOLETE_local: false peers { permanent_uuid: "5e66b9d4f6eb44a68c8719d951006c06" member_type: VOTER last_known_addr { host: "127.0.156.1" port: 37001 } } peers { permanent_uuid: "ef9608b12f6041dd9e2338db347911a4" member_type: VOTER last_known_addr { host: "127.0.156.2" port: 38547 } } peers { permanent_uuid: "32f8ed1d44a741e4ac5b9c8bca964808" member_type: VOTER last_known_addr { host: "127.0.156.3" port: 43775 } }
I20260710 11:09:33.028340  1323 leader_election.cc:290] T e28fa0ec68a94f1e8a26a76c84fef1ff P ef9608b12f6041dd9e2338db347911a4 [CANDIDATE]: Term 4 election: Requested vote from peers 5e66b9d4f6eb44a68c8719d951006c06 (127.0.156.1:37001), 32f8ed1d44a741e4ac5b9c8bca964808 (127.0.156.3:43775)
I20260710 11:09:33.029084  1245 tablet_service.cc:1917] Received RequestConsensusVote() RPC: tablet_id: "e28fa0ec68a94f1e8a26a76c84fef1ff" candidate_uuid: "ef9608b12f6041dd9e2338db347911a4" candidate_term: 4 candidate_status { last_received { term: 3 index: 2 } } ignore_live_leader: true dest_uuid: "5e66b9d4f6eb44a68c8719d951006c06"
I20260710 11:09:33.029554  1245 raft_consensus.cc:3055] T e28fa0ec68a94f1e8a26a76c84fef1ff P 5e66b9d4f6eb44a68c8719d951006c06 [term 3 LEADER]: Stepping down as leader of term 3
I20260710 11:09:33.029454  1396 tablet_service.cc:1917] Received RequestConsensusVote() RPC: tablet_id: "e28fa0ec68a94f1e8a26a76c84fef1ff" candidate_uuid: "ef9608b12f6041dd9e2338db347911a4" candidate_term: 4 candidate_status { last_received { term: 3 index: 2 } } ignore_live_leader: true dest_uuid: "32f8ed1d44a741e4ac5b9c8bca964808"
I20260710 11:09:33.029904  1245 raft_consensus.cc:740] T e28fa0ec68a94f1e8a26a76c84fef1ff P 5e66b9d4f6eb44a68c8719d951006c06 [term 3 LEADER]: Becoming Follower/Learner. State: Replica: 5e66b9d4f6eb44a68c8719d951006c06, State: Running, Role: LEADER
I20260710 11:09:33.030134  1396 raft_consensus.cc:3060] T e28fa0ec68a94f1e8a26a76c84fef1ff P 32f8ed1d44a741e4ac5b9c8bca964808 [term 3 FOLLOWER]: Advancing to term 4
I20260710 11:09:33.030627  1245 consensus_queue.cc:260] T e28fa0ec68a94f1e8a26a76c84fef1ff P 5e66b9d4f6eb44a68c8719d951006c06 [NON_LEADER]: Queue going to NON_LEADER mode. State: All replicated index: 0, Majority replicated index: 2, Committed index: 2, Last appended: 3.2, Last appended by leader: 2, Current term: 3, Majority size: -1, State: 0, Mode: NON_LEADER, active raft config: opid_index: -1 OBSOLETE_local: false peers { permanent_uuid: "5e66b9d4f6eb44a68c8719d951006c06" member_type: VOTER last_known_addr { host: "127.0.156.1" port: 37001 } } peers { permanent_uuid: "ef9608b12f6041dd9e2338db347911a4" member_type: VOTER last_known_addr { host: "127.0.156.2" port: 38547 } } peers { permanent_uuid: "32f8ed1d44a741e4ac5b9c8bca964808" member_type: VOTER last_known_addr { host: "127.0.156.3" port: 43775 } }
I20260710 11:09:33.031423  1245 raft_consensus.cc:3060] T e28fa0ec68a94f1e8a26a76c84fef1ff P 5e66b9d4f6eb44a68c8719d951006c06 [term 3 FOLLOWER]: Advancing to term 4
I20260710 11:09:33.034689  1396 raft_consensus.cc:2468] T e28fa0ec68a94f1e8a26a76c84fef1ff P 32f8ed1d44a741e4ac5b9c8bca964808 [term 4 FOLLOWER]: Leader election vote request: Granting yes vote for candidate ef9608b12f6041dd9e2338db347911a4 in term 4.
I20260710 11:09:33.035506  1287 leader_election.cc:304] T e28fa0ec68a94f1e8a26a76c84fef1ff P ef9608b12f6041dd9e2338db347911a4 [CANDIDATE]: Term 4 election: Election decided. Result: candidate won. Election summary: received 2 responses out of 3 voters: 2 yes votes; 0 no votes. yes voters: 32f8ed1d44a741e4ac5b9c8bca964808, ef9608b12f6041dd9e2338db347911a4; no voters: 
I20260710 11:09:33.036036  1245 raft_consensus.cc:2468] T e28fa0ec68a94f1e8a26a76c84fef1ff P 5e66b9d4f6eb44a68c8719d951006c06 [term 4 FOLLOWER]: Leader election vote request: Granting yes vote for candidate ef9608b12f6041dd9e2338db347911a4 in term 4.
I20260710 11:09:33.036088  1569 raft_consensus.cc:2804] T e28fa0ec68a94f1e8a26a76c84fef1ff P ef9608b12f6041dd9e2338db347911a4 [term 4 FOLLOWER]: Leader election won for term 4
I20260710 11:09:33.036657  1569 raft_consensus.cc:697] T e28fa0ec68a94f1e8a26a76c84fef1ff P ef9608b12f6041dd9e2338db347911a4 [term 4 LEADER]: Becoming Leader. State: Replica: ef9608b12f6041dd9e2338db347911a4, State: Running, Role: LEADER
I20260710 11:09:33.037434  1569 consensus_queue.cc:237] T e28fa0ec68a94f1e8a26a76c84fef1ff P ef9608b12f6041dd9e2338db347911a4 [LEADER]: Queue going to LEADER mode. State: All replicated index: 0, Majority replicated index: 2, Committed index: 2, Last appended: 3.2, Last appended by leader: 2, Current term: 4, Majority size: 2, State: 0, Mode: LEADER, active raft config: opid_index: -1 OBSOLETE_local: false peers { permanent_uuid: "5e66b9d4f6eb44a68c8719d951006c06" member_type: VOTER last_known_addr { host: "127.0.156.1" port: 37001 } } peers { permanent_uuid: "ef9608b12f6041dd9e2338db347911a4" member_type: VOTER last_known_addr { host: "127.0.156.2" port: 38547 } } peers { permanent_uuid: "32f8ed1d44a741e4ac5b9c8bca964808" member_type: VOTER last_known_addr { host: "127.0.156.3" port: 43775 } }
I20260710 11:09:33.043608  1145 catalog_manager.cc:5697] T e28fa0ec68a94f1e8a26a76c84fef1ff P ef9608b12f6041dd9e2338db347911a4 reported cstate change: term changed from 3 to 4, leader changed from 5e66b9d4f6eb44a68c8719d951006c06 (127.0.156.1) to ef9608b12f6041dd9e2338db347911a4 (127.0.156.2). New cstate: current_term: 4 leader_uuid: "ef9608b12f6041dd9e2338db347911a4" committed_config { opid_index: -1 OBSOLETE_local: false peers { permanent_uuid: "5e66b9d4f6eb44a68c8719d951006c06" member_type: VOTER last_known_addr { host: "127.0.156.1" port: 37001 } health_report { overall_health: UNKNOWN } } peers { permanent_uuid: "ef9608b12f6041dd9e2338db347911a4" member_type: VOTER last_known_addr { host: "127.0.156.2" port: 38547 } health_report { overall_health: HEALTHY } } peers { permanent_uuid: "32f8ed1d44a741e4ac5b9c8bca964808" member_type: VOTER last_known_addr { host: "127.0.156.3" port: 43775 } health_report { overall_health: UNKNOWN } } }
I20260710 11:09:33.078424  1396 raft_consensus.cc:1275] T ad0bd8d370eb489f998349070ac377a5 P 32f8ed1d44a741e4ac5b9c8bca964808 [term 5 FOLLOWER]: Refusing update from remote peer ef9608b12f6041dd9e2338db347911a4: Log matching property violated. Preceding OpId in replica: term: 4 index: 4. Preceding OpId from leader: term: 5 index: 5. (index mismatch)
I20260710 11:09:33.079355  1569 consensus_queue.cc:1048] T ad0bd8d370eb489f998349070ac377a5 P ef9608b12f6041dd9e2338db347911a4 [LEADER]: Connected to new peer: Peer: permanent_uuid: "32f8ed1d44a741e4ac5b9c8bca964808" member_type: VOTER last_known_addr { host: "127.0.156.3" port: 43775 }, Status: LMP_MISMATCH, Last received: 0.0, Next index: 5, Last known committed idx: 4, Time since last communication: 0.000s
I20260710 11:09:33.087962  1245 raft_consensus.cc:1275] T ad0bd8d370eb489f998349070ac377a5 P 5e66b9d4f6eb44a68c8719d951006c06 [term 5 FOLLOWER]: Refusing update from remote peer ef9608b12f6041dd9e2338db347911a4: Log matching property violated. Preceding OpId in replica: term: 4 index: 4. Preceding OpId from leader: term: 5 index: 5. (index mismatch)
I20260710 11:09:33.089776  1569 consensus_queue.cc:1048] T ad0bd8d370eb489f998349070ac377a5 P ef9608b12f6041dd9e2338db347911a4 [LEADER]: Connected to new peer: Peer: permanent_uuid: "5e66b9d4f6eb44a68c8719d951006c06" member_type: VOTER last_known_addr { host: "127.0.156.1" port: 37001 }, Status: LMP_MISMATCH, Last received: 0.0, Next index: 5, Last known committed idx: 4, Time since last communication: 0.000s
I20260710 11:09:33.255697  1323 raft_consensus.cc:1275] T 923a35fe03b742498af56a226b01f620 P ef9608b12f6041dd9e2338db347911a4 [term 3 FOLLOWER]: Refusing update from remote peer 32f8ed1d44a741e4ac5b9c8bca964808: Log matching property violated. Preceding OpId in replica: term: 2 index: 2. Preceding OpId from leader: term: 3 index: 3. (index mismatch)
I20260710 11:09:33.256671  1543 consensus_queue.cc:1048] T 923a35fe03b742498af56a226b01f620 P 32f8ed1d44a741e4ac5b9c8bca964808 [LEADER]: Connected to new peer: Peer: permanent_uuid: "ef9608b12f6041dd9e2338db347911a4" member_type: VOTER last_known_addr { host: "127.0.156.2" port: 38547 }, Status: LMP_MISMATCH, Last received: 0.0, Next index: 3, Last known committed idx: 2, Time since last communication: 0.000s
I20260710 11:09:33.264508  1245 raft_consensus.cc:1275] T 923a35fe03b742498af56a226b01f620 P 5e66b9d4f6eb44a68c8719d951006c06 [term 3 FOLLOWER]: Refusing update from remote peer 32f8ed1d44a741e4ac5b9c8bca964808: Log matching property violated. Preceding OpId in replica: term: 2 index: 2. Preceding OpId from leader: term: 3 index: 3. (index mismatch)
I20260710 11:09:33.266106  1543 consensus_queue.cc:1048] T 923a35fe03b742498af56a226b01f620 P 32f8ed1d44a741e4ac5b9c8bca964808 [LEADER]: Connected to new peer: Peer: permanent_uuid: "5e66b9d4f6eb44a68c8719d951006c06" member_type: VOTER last_known_addr { host: "127.0.156.1" port: 37001 }, Status: LMP_MISMATCH, Last received: 0.0, Next index: 3, Last known committed idx: 2, Time since last communication: 0.000s
I20260710 11:09:33.354506  1245 raft_consensus.cc:1275] T 9198bdcf8802499cb54d406de4f133d6 P 5e66b9d4f6eb44a68c8719d951006c06 [term 4 FOLLOWER]: Refusing update from remote peer 32f8ed1d44a741e4ac5b9c8bca964808: Log matching property violated. Preceding OpId in replica: term: 3 index: 3. Preceding OpId from leader: term: 4 index: 4. (index mismatch)
I20260710 11:09:33.355381  1543 consensus_queue.cc:1048] T 9198bdcf8802499cb54d406de4f133d6 P 32f8ed1d44a741e4ac5b9c8bca964808 [LEADER]: Connected to new peer: Peer: permanent_uuid: "5e66b9d4f6eb44a68c8719d951006c06" member_type: VOTER last_known_addr { host: "127.0.156.1" port: 37001 }, Status: LMP_MISMATCH, Last received: 0.0, Next index: 4, Last known committed idx: 3, Time since last communication: 0.000s
I20260710 11:09:33.362317  1323 raft_consensus.cc:1275] T 9198bdcf8802499cb54d406de4f133d6 P ef9608b12f6041dd9e2338db347911a4 [term 4 FOLLOWER]: Refusing update from remote peer 32f8ed1d44a741e4ac5b9c8bca964808: Log matching property violated. Preceding OpId in replica: term: 3 index: 3. Preceding OpId from leader: term: 4 index: 4. (index mismatch)
I20260710 11:09:33.363718  1576 consensus_queue.cc:1048] T 9198bdcf8802499cb54d406de4f133d6 P 32f8ed1d44a741e4ac5b9c8bca964808 [LEADER]: Connected to new peer: Peer: permanent_uuid: "ef9608b12f6041dd9e2338db347911a4" member_type: VOTER last_known_addr { host: "127.0.156.2" port: 38547 }, Status: LMP_MISMATCH, Last received: 0.0, Next index: 4, Last known committed idx: 3, Time since last communication: 0.000s
I20260710 11:09:33.428560  1396 raft_consensus.cc:1275] T e28fa0ec68a94f1e8a26a76c84fef1ff P 32f8ed1d44a741e4ac5b9c8bca964808 [term 4 FOLLOWER]: Refusing update from remote peer ef9608b12f6041dd9e2338db347911a4: Log matching property violated. Preceding OpId in replica: term: 3 index: 2. Preceding OpId from leader: term: 4 index: 3. (index mismatch)
I20260710 11:09:33.429559  1569 consensus_queue.cc:1048] T e28fa0ec68a94f1e8a26a76c84fef1ff P ef9608b12f6041dd9e2338db347911a4 [LEADER]: Connected to new peer: Peer: permanent_uuid: "32f8ed1d44a741e4ac5b9c8bca964808" member_type: VOTER last_known_addr { host: "127.0.156.3" port: 43775 }, Status: LMP_MISMATCH, Last received: 0.0, Next index: 3, Last known committed idx: 2, Time since last communication: 0.000s
I20260710 11:09:33.439685  1245 raft_consensus.cc:1275] T e28fa0ec68a94f1e8a26a76c84fef1ff P 5e66b9d4f6eb44a68c8719d951006c06 [term 4 FOLLOWER]: Refusing update from remote peer ef9608b12f6041dd9e2338db347911a4: Log matching property violated. Preceding OpId in replica: term: 3 index: 2. Preceding OpId from leader: term: 4 index: 3. (index mismatch)
I20260710 11:09:33.440788  1569 consensus_queue.cc:1048] T e28fa0ec68a94f1e8a26a76c84fef1ff P ef9608b12f6041dd9e2338db347911a4 [LEADER]: Connected to new peer: Peer: permanent_uuid: "5e66b9d4f6eb44a68c8719d951006c06" member_type: VOTER last_known_addr { host: "127.0.156.1" port: 37001 }, Status: LMP_MISMATCH, Last received: 0.0, Next index: 3, Last known committed idx: 2, Time since last communication: 0.000s
I20260710 11:09:33.591105   624 auto_leader_rebalancer.cc:141] leader rebalance for table test-workload
I20260710 11:09:33.597118   624 tablet_server.cc:179] TabletServer@127.0.156.1:0 shutting down...
I20260710 11:09:33.618779   624 ts_tablet_manager.cc:1507] Shutting down tablet manager...
I20260710 11:09:33.619441   624 tablet_replica.cc:333] T 923a35fe03b742498af56a226b01f620 P 5e66b9d4f6eb44a68c8719d951006c06: stopping tablet replica
I20260710 11:09:33.620265   624 raft_consensus.cc:2243] T 923a35fe03b742498af56a226b01f620 P 5e66b9d4f6eb44a68c8719d951006c06 [term 3 FOLLOWER]: Raft consensus shutting down.
I20260710 11:09:33.620625   624 raft_consensus.cc:2272] T 923a35fe03b742498af56a226b01f620 P 5e66b9d4f6eb44a68c8719d951006c06 [term 3 FOLLOWER]: Raft consensus is shut down!
I20260710 11:09:33.622803   624 tablet_replica.cc:333] T e28fa0ec68a94f1e8a26a76c84fef1ff P 5e66b9d4f6eb44a68c8719d951006c06: stopping tablet replica
I20260710 11:09:33.623297   624 raft_consensus.cc:2243] T e28fa0ec68a94f1e8a26a76c84fef1ff P 5e66b9d4f6eb44a68c8719d951006c06 [term 4 FOLLOWER]: Raft consensus shutting down.
I20260710 11:09:33.623653   624 raft_consensus.cc:2272] T e28fa0ec68a94f1e8a26a76c84fef1ff P 5e66b9d4f6eb44a68c8719d951006c06 [term 4 FOLLOWER]: Raft consensus is shut down!
I20260710 11:09:33.625748   624 tablet_replica.cc:333] T 0011500ff09548eaa10eabe16c4c5f61 P 5e66b9d4f6eb44a68c8719d951006c06: stopping tablet replica
I20260710 11:09:33.626206   624 raft_consensus.cc:2243] T 0011500ff09548eaa10eabe16c4c5f61 P 5e66b9d4f6eb44a68c8719d951006c06 [term 2 FOLLOWER]: Raft consensus shutting down.
I20260710 11:09:33.626641   624 raft_consensus.cc:2272] T 0011500ff09548eaa10eabe16c4c5f61 P 5e66b9d4f6eb44a68c8719d951006c06 [term 2 FOLLOWER]: Raft consensus is shut down!
I20260710 11:09:33.628170   624 tablet_replica.cc:333] T bafd9884157943e2b551383bc08c283b P 5e66b9d4f6eb44a68c8719d951006c06: stopping tablet replica
I20260710 11:09:33.628635   624 raft_consensus.cc:2243] T bafd9884157943e2b551383bc08c283b P 5e66b9d4f6eb44a68c8719d951006c06 [term 2 LEADER]: Raft consensus shutting down.
I20260710 11:09:33.629326   624 raft_consensus.cc:2272] T bafd9884157943e2b551383bc08c283b P 5e66b9d4f6eb44a68c8719d951006c06 [term 2 FOLLOWER]: Raft consensus is shut down!
I20260710 11:09:33.630846   624 tablet_replica.cc:333] T 9198bdcf8802499cb54d406de4f133d6 P 5e66b9d4f6eb44a68c8719d951006c06: stopping tablet replica
I20260710 11:09:33.631279   624 raft_consensus.cc:2243] T 9198bdcf8802499cb54d406de4f133d6 P 5e66b9d4f6eb44a68c8719d951006c06 [term 4 FOLLOWER]: Raft consensus shutting down.
I20260710 11:09:33.631610   624 raft_consensus.cc:2272] T 9198bdcf8802499cb54d406de4f133d6 P 5e66b9d4f6eb44a68c8719d951006c06 [term 4 FOLLOWER]: Raft consensus is shut down!
I20260710 11:09:33.633394   624 tablet_replica.cc:333] T 7b5b762f68384a8da30e3f7ea4cd45f7 P 5e66b9d4f6eb44a68c8719d951006c06: stopping tablet replica
I20260710 11:09:33.633826   624 raft_consensus.cc:2243] T 7b5b762f68384a8da30e3f7ea4cd45f7 P 5e66b9d4f6eb44a68c8719d951006c06 [term 3 LEADER]: Raft consensus shutting down.
I20260710 11:09:33.634552   624 raft_consensus.cc:2272] T 7b5b762f68384a8da30e3f7ea4cd45f7 P 5e66b9d4f6eb44a68c8719d951006c06 [term 3 FOLLOWER]: Raft consensus is shut down!
I20260710 11:09:33.636075   624 tablet_replica.cc:333] T ad0bd8d370eb489f998349070ac377a5 P 5e66b9d4f6eb44a68c8719d951006c06: stopping tablet replica
I20260710 11:09:33.636497   624 raft_consensus.cc:2243] T ad0bd8d370eb489f998349070ac377a5 P 5e66b9d4f6eb44a68c8719d951006c06 [term 5 FOLLOWER]: Raft consensus shutting down.
I20260710 11:09:33.636831   624 raft_consensus.cc:2272] T ad0bd8d370eb489f998349070ac377a5 P 5e66b9d4f6eb44a68c8719d951006c06 [term 5 FOLLOWER]: Raft consensus is shut down!
I20260710 11:09:33.638634   624 tablet_replica.cc:333] T 82c3e82cfd6540b4a8f5760da008e55e P 5e66b9d4f6eb44a68c8719d951006c06: stopping tablet replica
I20260710 11:09:33.639132   624 raft_consensus.cc:2243] T 82c3e82cfd6540b4a8f5760da008e55e P 5e66b9d4f6eb44a68c8719d951006c06 [term 3 LEADER]: Raft consensus shutting down.
I20260710 11:09:33.639737   624 raft_consensus.cc:2272] T 82c3e82cfd6540b4a8f5760da008e55e P 5e66b9d4f6eb44a68c8719d951006c06 [term 3 FOLLOWER]: Raft consensus is shut down!
I20260710 11:09:33.641130   624 tablet_replica.cc:333] T 688447761feb4cf798f69f4c483efe01 P 5e66b9d4f6eb44a68c8719d951006c06: stopping tablet replica
I20260710 11:09:33.641652   624 raft_consensus.cc:2243] T 688447761feb4cf798f69f4c483efe01 P 5e66b9d4f6eb44a68c8719d951006c06 [term 3 LEADER]: Raft consensus shutting down.
I20260710 11:09:33.642410   624 raft_consensus.cc:2272] T 688447761feb4cf798f69f4c483efe01 P 5e66b9d4f6eb44a68c8719d951006c06 [term 3 FOLLOWER]: Raft consensus is shut down!
I20260710 11:09:33.644086   624 tablet_replica.cc:333] T 18f784594a95413484885cc6bbdc2262 P 5e66b9d4f6eb44a68c8719d951006c06: stopping tablet replica
I20260710 11:09:33.644485   624 raft_consensus.cc:2243] T 18f784594a95413484885cc6bbdc2262 P 5e66b9d4f6eb44a68c8719d951006c06 [term 1 FOLLOWER]: Raft consensus shutting down.
I20260710 11:09:33.644843   624 raft_consensus.cc:2272] T 18f784594a95413484885cc6bbdc2262 P 5e66b9d4f6eb44a68c8719d951006c06 [term 1 FOLLOWER]: Raft consensus is shut down!
W20260710 11:09:33.657774  1287 proxy.cc:239] Call had error, refreshing address and retrying: Remote error: Service unavailable: service kudu.consensus.ConsensusService not registered on TabletServer [suppressed 3 similar messages]
W20260710 11:09:33.661677  1287 consensus_peers.cc:597] T ad0bd8d370eb489f998349070ac377a5 P ef9608b12f6041dd9e2338db347911a4 -> Peer 5e66b9d4f6eb44a68c8719d951006c06 (127.0.156.1:37001): Couldn't send request to peer 5e66b9d4f6eb44a68c8719d951006c06. Status: Network error: recv got EOF from unknown peer (error 108). This is attempt 1: this message will repeat every 5th retry.
I20260710 11:09:33.673887   624 tablet_server.cc:196] TabletServer@127.0.156.1:0 shutdown complete.
I20260710 11:09:33.691293   624 tablet_server.cc:179] TabletServer@127.0.156.2:0 shutting down...
I20260710 11:09:33.709882   624 ts_tablet_manager.cc:1507] Shutting down tablet manager...
I20260710 11:09:33.710558   624 tablet_replica.cc:333] T 923a35fe03b742498af56a226b01f620 P ef9608b12f6041dd9e2338db347911a4: stopping tablet replica
I20260710 11:09:33.711098   624 raft_consensus.cc:2243] T 923a35fe03b742498af56a226b01f620 P ef9608b12f6041dd9e2338db347911a4 [term 3 FOLLOWER]: Raft consensus shutting down.
I20260710 11:09:33.711532   624 raft_consensus.cc:2272] T 923a35fe03b742498af56a226b01f620 P ef9608b12f6041dd9e2338db347911a4 [term 3 FOLLOWER]: Raft consensus is shut down!
I20260710 11:09:33.713542   624 tablet_replica.cc:333] T 9198bdcf8802499cb54d406de4f133d6 P ef9608b12f6041dd9e2338db347911a4: stopping tablet replica
I20260710 11:09:33.714015   624 raft_consensus.cc:2243] T 9198bdcf8802499cb54d406de4f133d6 P ef9608b12f6041dd9e2338db347911a4 [term 4 FOLLOWER]: Raft consensus shutting down.
I20260710 11:09:33.714413   624 raft_consensus.cc:2272] T 9198bdcf8802499cb54d406de4f133d6 P ef9608b12f6041dd9e2338db347911a4 [term 4 FOLLOWER]: Raft consensus is shut down!
I20260710 11:09:33.716372   624 tablet_replica.cc:333] T 0011500ff09548eaa10eabe16c4c5f61 P ef9608b12f6041dd9e2338db347911a4: stopping tablet replica
I20260710 11:09:33.716837   624 raft_consensus.cc:2243] T 0011500ff09548eaa10eabe16c4c5f61 P ef9608b12f6041dd9e2338db347911a4 [term 2 FOLLOWER]: Raft consensus shutting down.
I20260710 11:09:33.717182   624 raft_consensus.cc:2272] T 0011500ff09548eaa10eabe16c4c5f61 P ef9608b12f6041dd9e2338db347911a4 [term 2 FOLLOWER]: Raft consensus is shut down!
I20260710 11:09:33.718667   624 tablet_replica.cc:333] T bafd9884157943e2b551383bc08c283b P ef9608b12f6041dd9e2338db347911a4: stopping tablet replica
I20260710 11:09:33.719161   624 raft_consensus.cc:2243] T bafd9884157943e2b551383bc08c283b P ef9608b12f6041dd9e2338db347911a4 [term 2 FOLLOWER]: Raft consensus shutting down.
I20260710 11:09:33.719551   624 raft_consensus.cc:2272] T bafd9884157943e2b551383bc08c283b P ef9608b12f6041dd9e2338db347911a4 [term 2 FOLLOWER]: Raft consensus is shut down!
I20260710 11:09:33.720958   624 tablet_replica.cc:333] T e28fa0ec68a94f1e8a26a76c84fef1ff P ef9608b12f6041dd9e2338db347911a4: stopping tablet replica
I20260710 11:09:33.721376   624 raft_consensus.cc:2243] T e28fa0ec68a94f1e8a26a76c84fef1ff P ef9608b12f6041dd9e2338db347911a4 [term 4 LEADER]: Raft consensus shutting down.
I20260710 11:09:33.722023   624 raft_consensus.cc:2272] T e28fa0ec68a94f1e8a26a76c84fef1ff P ef9608b12f6041dd9e2338db347911a4 [term 4 FOLLOWER]: Raft consensus is shut down!
I20260710 11:09:33.723603   624 tablet_replica.cc:333] T 18f784594a95413484885cc6bbdc2262 P ef9608b12f6041dd9e2338db347911a4: stopping tablet replica
I20260710 11:09:33.724030   624 raft_consensus.cc:2243] T 18f784594a95413484885cc6bbdc2262 P ef9608b12f6041dd9e2338db347911a4 [term 1 LEADER]: Raft consensus shutting down.
I20260710 11:09:33.724642   624 raft_consensus.cc:2272] T 18f784594a95413484885cc6bbdc2262 P ef9608b12f6041dd9e2338db347911a4 [term 1 FOLLOWER]: Raft consensus is shut down!
I20260710 11:09:33.726002   624 tablet_replica.cc:333] T 688447761feb4cf798f69f4c483efe01 P ef9608b12f6041dd9e2338db347911a4: stopping tablet replica
I20260710 11:09:33.726475   624 raft_consensus.cc:2243] T 688447761feb4cf798f69f4c483efe01 P ef9608b12f6041dd9e2338db347911a4 [term 3 FOLLOWER]: Raft consensus shutting down.
I20260710 11:09:33.726850   624 raft_consensus.cc:2272] T 688447761feb4cf798f69f4c483efe01 P ef9608b12f6041dd9e2338db347911a4 [term 3 FOLLOWER]: Raft consensus is shut down!
I20260710 11:09:33.728348   624 tablet_replica.cc:333] T 82c3e82cfd6540b4a8f5760da008e55e P ef9608b12f6041dd9e2338db347911a4: stopping tablet replica
I20260710 11:09:33.728950   624 raft_consensus.cc:2243] T 82c3e82cfd6540b4a8f5760da008e55e P ef9608b12f6041dd9e2338db347911a4 [term 3 FOLLOWER]: Raft consensus shutting down.
I20260710 11:09:33.729382   624 raft_consensus.cc:2272] T 82c3e82cfd6540b4a8f5760da008e55e P ef9608b12f6041dd9e2338db347911a4 [term 3 FOLLOWER]: Raft consensus is shut down!
I20260710 11:09:33.730868   624 tablet_replica.cc:333] T 7b5b762f68384a8da30e3f7ea4cd45f7 P ef9608b12f6041dd9e2338db347911a4: stopping tablet replica
I20260710 11:09:33.731266   624 raft_consensus.cc:2243] T 7b5b762f68384a8da30e3f7ea4cd45f7 P ef9608b12f6041dd9e2338db347911a4 [term 3 FOLLOWER]: Raft consensus shutting down.
I20260710 11:09:33.731627   624 raft_consensus.cc:2272] T 7b5b762f68384a8da30e3f7ea4cd45f7 P ef9608b12f6041dd9e2338db347911a4 [term 3 FOLLOWER]: Raft consensus is shut down!
I20260710 11:09:33.733031   624 tablet_replica.cc:333] T ad0bd8d370eb489f998349070ac377a5 P ef9608b12f6041dd9e2338db347911a4: stopping tablet replica
I20260710 11:09:33.733412   624 raft_consensus.cc:2243] T ad0bd8d370eb489f998349070ac377a5 P ef9608b12f6041dd9e2338db347911a4 [term 5 LEADER]: Raft consensus shutting down.
I20260710 11:09:33.734030   624 raft_consensus.cc:2272] T ad0bd8d370eb489f998349070ac377a5 P ef9608b12f6041dd9e2338db347911a4 [term 5 FOLLOWER]: Raft consensus is shut down!
I20260710 11:09:33.751473   624 tablet_server.cc:196] TabletServer@127.0.156.2:0 shutdown complete.
I20260710 11:09:33.767566   624 tablet_server.cc:179] TabletServer@127.0.156.3:0 shutting down...
W20260710 11:09:33.787829  1361 consensus_peers.cc:597] T 923a35fe03b742498af56a226b01f620 P 32f8ed1d44a741e4ac5b9c8bca964808 -> Peer ef9608b12f6041dd9e2338db347911a4 (127.0.156.2:38547): Couldn't send request to peer ef9608b12f6041dd9e2338db347911a4. Status: Network error: Client connection negotiation failed: client connection to 127.0.156.2:38547: connect: Connection refused (error 111). This is attempt 1: this message will repeat every 5th retry.
