I20260710 11:09:14.700419  6097 leader_election.cc:290] T 8e17e02228644278a3ad9191fec5d0a5 P 264482b355f44c879cfc0461e40cc1e3 [CANDIDATE]: Term 1 election: Requested vote from peers 3cb7441237934eefa72cfa0412909375 (127.5.161.2:37667), de5e26a75cdd4aa3b886dd1f12d1275b (127.5.161.3:37003)
I20260710 11:09:14.703972  6013 leader_election.cc:304] T 877b1e9d56df47d7ad08ffab4265b88b P de5e26a75cdd4aa3b886dd1f12d1275b [CANDIDATE]: Term 1 election: Election decided. Result: candidate lost. Election summary: received 3 responses out of 3 voters: 1 yes votes; 2 no votes. yes voters: de5e26a75cdd4aa3b886dd1f12d1275b; no voters: 264482b355f44c879cfc0461e40cc1e3, 3cb7441237934eefa72cfa0412909375
I20260710 11:09:14.705454  5864 leader_election.cc:304] T 9945686186e441d69fd5da11b3836109 P 264482b355f44c879cfc0461e40cc1e3 [CANDIDATE]: Term 1 election: Election decided. Result: candidate lost. Election summary: received 3 responses out of 3 voters: 1 yes votes; 2 no votes. yes voters: 264482b355f44c879cfc0461e40cc1e3; no voters: 3cb7441237934eefa72cfa0412909375, de5e26a75cdd4aa3b886dd1f12d1275b
I20260710 11:09:14.706223  6097 raft_consensus.cc:2749] T 9945686186e441d69fd5da11b3836109 P 264482b355f44c879cfc0461e40cc1e3 [term 1 FOLLOWER]: Leader election lost for term 1. Reason: could not achieve majority
I20260710 11:09:14.707333  5973 tablet_service.cc:1917] Received RequestConsensusVote() RPC: tablet_id: "8e17e02228644278a3ad9191fec5d0a5" candidate_uuid: "264482b355f44c879cfc0461e40cc1e3" candidate_term: 1 candidate_status { last_received { term: 0 index: 0 } } ignore_live_leader: false dest_uuid: "3cb7441237934eefa72cfa0412909375"
I20260710 11:09:14.707573  6047 tablet_service.cc:1917] Received RequestConsensusVote() RPC: tablet_id: "8e17e02228644278a3ad9191fec5d0a5" candidate_uuid: "264482b355f44c879cfc0461e40cc1e3" candidate_term: 1 candidate_status { last_received { term: 0 index: 0 } } ignore_live_leader: false dest_uuid: "de5e26a75cdd4aa3b886dd1f12d1275b"
I20260710 11:09:14.708009  5973 raft_consensus.cc:3060] T 8e17e02228644278a3ad9191fec5d0a5 P 3cb7441237934eefa72cfa0412909375 [term 0 FOLLOWER]: Advancing to term 1
I20260710 11:09:14.708304  6047 raft_consensus.cc:3060] T 8e17e02228644278a3ad9191fec5d0a5 P de5e26a75cdd4aa3b886dd1f12d1275b [term 0 FOLLOWER]: Advancing to term 1
I20260710 11:09:14.710774  6130 raft_consensus.cc:2749] T 877b1e9d56df47d7ad08ffab4265b88b P de5e26a75cdd4aa3b886dd1f12d1275b [term 1 FOLLOWER]: Leader election lost for term 1. Reason: could not achieve majority
I20260710 11:09:14.715342  6047 raft_consensus.cc:2468] T 8e17e02228644278a3ad9191fec5d0a5 P de5e26a75cdd4aa3b886dd1f12d1275b [term 1 FOLLOWER]: Leader election vote request: Granting yes vote for candidate 264482b355f44c879cfc0461e40cc1e3 in term 1.
I20260710 11:09:14.718286  6093 tablet_bootstrap.cc:654] T 9945686186e441d69fd5da11b3836109 P de5e26a75cdd4aa3b886dd1f12d1275b: Neither blocks nor log segments found. Creating new log.
I20260710 11:09:14.723513  5973 raft_consensus.cc:2468] T 8e17e02228644278a3ad9191fec5d0a5 P 3cb7441237934eefa72cfa0412909375 [term 1 FOLLOWER]: Leader election vote request: Granting yes vote for candidate 264482b355f44c879cfc0461e40cc1e3 in term 1.
I20260710 11:09:14.725215  6092 tablet_bootstrap.cc:492] T 8e40aeaa228744ab8b55f4985776cf69 P 3cb7441237934eefa72cfa0412909375: No bootstrap required, opened a new log
I20260710 11:09:14.726186  6092 ts_tablet_manager.cc:1403] T 8e40aeaa228744ab8b55f4985776cf69 P 3cb7441237934eefa72cfa0412909375: Time spent bootstrapping tablet: real 0.071s	user 0.032s	sys 0.013s
I20260710 11:09:14.729176  6092 raft_consensus.cc:359] T 8e40aeaa228744ab8b55f4985776cf69 P 3cb7441237934eefa72cfa0412909375 [term 0 FOLLOWER]: Replica starting. Triggering 0 pending ops. Active config: opid_index: -1 OBSOLETE_local: false peers { permanent_uuid: "264482b355f44c879cfc0461e40cc1e3" member_type: VOTER last_known_addr { host: "127.5.161.1" port: 45753 } } peers { permanent_uuid: "3cb7441237934eefa72cfa0412909375" member_type: VOTER last_known_addr { host: "127.5.161.2" port: 37667 } } peers { permanent_uuid: "de5e26a75cdd4aa3b886dd1f12d1275b" member_type: VOTER last_known_addr { host: "127.5.161.3" port: 37003 } }
I20260710 11:09:14.729604  6092 raft_consensus.cc:385] T 8e40aeaa228744ab8b55f4985776cf69 P 3cb7441237934eefa72cfa0412909375 [term 0 FOLLOWER]: Consensus starting up: Expiring failure detector timer to make a prompt election more likely
I20260710 11:09:14.729763  6092 raft_consensus.cc:740] T 8e40aeaa228744ab8b55f4985776cf69 P 3cb7441237934eefa72cfa0412909375 [term 0 FOLLOWER]: Becoming Follower/Learner. State: Replica: 3cb7441237934eefa72cfa0412909375, State: Initialized, Role: FOLLOWER
I20260710 11:09:14.725215  5864 leader_election.cc:304] T 8e17e02228644278a3ad9191fec5d0a5 P 264482b355f44c879cfc0461e40cc1e3 [CANDIDATE]: Term 1 election: Election decided. Result: candidate won. Election summary: received 2 responses out of 3 voters: 2 yes votes; 0 no votes. yes voters: 264482b355f44c879cfc0461e40cc1e3, de5e26a75cdd4aa3b886dd1f12d1275b; no voters: 
I20260710 11:09:14.730723  6097 raft_consensus.cc:2804] T 8e17e02228644278a3ad9191fec5d0a5 P 264482b355f44c879cfc0461e40cc1e3 [term 1 FOLLOWER]: Leader election won for term 1
I20260710 11:09:14.751262  6097 raft_consensus.cc:697] T 8e17e02228644278a3ad9191fec5d0a5 P 264482b355f44c879cfc0461e40cc1e3 [term 1 LEADER]: Becoming Leader. State: Replica: 264482b355f44c879cfc0461e40cc1e3, State: Running, Role: LEADER
I20260710 11:09:14.752480  6092 consensus_queue.cc:260] T 8e40aeaa228744ab8b55f4985776cf69 P 3cb7441237934eefa72cfa0412909375 [NON_LEADER]: Queue going to NON_LEADER mode. State: All replicated index: 0, Majority replicated index: 0, Committed index: 0, Last appended: 0.0, Last appended by leader: 0, Current term: 0, Majority size: -1, State: 0, Mode: NON_LEADER, active raft config: opid_index: -1 OBSOLETE_local: false peers { permanent_uuid: "264482b355f44c879cfc0461e40cc1e3" member_type: VOTER last_known_addr { host: "127.5.161.1" port: 45753 } } peers { permanent_uuid: "3cb7441237934eefa72cfa0412909375" member_type: VOTER last_known_addr { host: "127.5.161.2" port: 37667 } } peers { permanent_uuid: "de5e26a75cdd4aa3b886dd1f12d1275b" member_type: VOTER last_known_addr { host: "127.5.161.3" port: 37003 } }
I20260710 11:09:14.755095  6092 ts_tablet_manager.cc:1434] T 8e40aeaa228744ab8b55f4985776cf69 P 3cb7441237934eefa72cfa0412909375: Time spent starting tablet: real 0.029s	user 0.006s	sys 0.004s
I20260710 11:09:14.757225  6097 consensus_queue.cc:237] T 8e17e02228644278a3ad9191fec5d0a5 P 264482b355f44c879cfc0461e40cc1e3 [LEADER]: Queue going to LEADER mode. State: All replicated index: 0, Majority replicated index: 0, Committed index: 0, Last appended: 0.0, Last appended by leader: 0, Current term: 1, Majority size: 2, State: 0, Mode: LEADER, active raft config: opid_index: -1 OBSOLETE_local: false peers { permanent_uuid: "264482b355f44c879cfc0461e40cc1e3" member_type: VOTER last_known_addr { host: "127.5.161.1" port: 45753 } } peers { permanent_uuid: "3cb7441237934eefa72cfa0412909375" member_type: VOTER last_known_addr { host: "127.5.161.2" port: 37667 } } peers { permanent_uuid: "de5e26a75cdd4aa3b886dd1f12d1275b" member_type: VOTER last_known_addr { host: "127.5.161.3" port: 37003 } }
I20260710 11:09:14.763832  5794 catalog_manager.cc:5697] T 16db99792d35496589b993b4ef4337f6 P de5e26a75cdd4aa3b886dd1f12d1275b reported cstate change: term changed from 0 to 1, leader changed from <none> to de5e26a75cdd4aa3b886dd1f12d1275b (127.5.161.3). New cstate: current_term: 1 leader_uuid: "de5e26a75cdd4aa3b886dd1f12d1275b" committed_config { opid_index: -1 OBSOLETE_local: false peers { permanent_uuid: "264482b355f44c879cfc0461e40cc1e3" member_type: VOTER last_known_addr { host: "127.5.161.1" port: 45753 } health_report { overall_health: UNKNOWN } } peers { permanent_uuid: "3cb7441237934eefa72cfa0412909375" member_type: VOTER last_known_addr { host: "127.5.161.2" port: 37667 } health_report { overall_health: UNKNOWN } } peers { permanent_uuid: "de5e26a75cdd4aa3b886dd1f12d1275b" member_type: VOTER last_known_addr { host: "127.5.161.3" port: 37003 } health_report { overall_health: HEALTHY } } }
I20260710 11:09:14.768024  6093 tablet_bootstrap.cc:492] T 9945686186e441d69fd5da11b3836109 P de5e26a75cdd4aa3b886dd1f12d1275b: No bootstrap required, opened a new log
I20260710 11:09:14.768926  6093 ts_tablet_manager.cc:1403] T 9945686186e441d69fd5da11b3836109 P de5e26a75cdd4aa3b886dd1f12d1275b: Time spent bootstrapping tablet: real 0.076s	user 0.005s	sys 0.008s
I20260710 11:09:14.771504  6093 raft_consensus.cc:359] T 9945686186e441d69fd5da11b3836109 P de5e26a75cdd4aa3b886dd1f12d1275b [term 0 FOLLOWER]: Replica starting. Triggering 0 pending ops. Active config: opid_index: -1 OBSOLETE_local: false peers { permanent_uuid: "264482b355f44c879cfc0461e40cc1e3" member_type: VOTER last_known_addr { host: "127.5.161.1" port: 45753 } } peers { permanent_uuid: "3cb7441237934eefa72cfa0412909375" member_type: VOTER last_known_addr { host: "127.5.161.2" port: 37667 } } peers { permanent_uuid: "de5e26a75cdd4aa3b886dd1f12d1275b" member_type: VOTER last_known_addr { host: "127.5.161.3" port: 37003 } }
I20260710 11:09:14.772207  6093 raft_consensus.cc:385] T 9945686186e441d69fd5da11b3836109 P de5e26a75cdd4aa3b886dd1f12d1275b [term 0 FOLLOWER]: Consensus starting up: Expiring failure detector timer to make a prompt election more likely
I20260710 11:09:14.772542  6093 raft_consensus.cc:740] T 9945686186e441d69fd5da11b3836109 P de5e26a75cdd4aa3b886dd1f12d1275b [term 0 FOLLOWER]: Becoming Follower/Learner. State: Replica: de5e26a75cdd4aa3b886dd1f12d1275b, State: Initialized, Role: FOLLOWER
I20260710 11:09:14.773198  6093 consensus_queue.cc:260] T 9945686186e441d69fd5da11b3836109 P de5e26a75cdd4aa3b886dd1f12d1275b [NON_LEADER]: Queue going to NON_LEADER mode. State: All replicated index: 0, Majority replicated index: 0, Committed index: 0, Last appended: 0.0, Last appended by leader: 0, Current term: 0, Majority size: -1, State: 0, Mode: NON_LEADER, active raft config: opid_index: -1 OBSOLETE_local: false peers { permanent_uuid: "264482b355f44c879cfc0461e40cc1e3" member_type: VOTER last_known_addr { host: "127.5.161.1" port: 45753 } } peers { permanent_uuid: "3cb7441237934eefa72cfa0412909375" member_type: VOTER last_known_addr { host: "127.5.161.2" port: 37667 } } peers { permanent_uuid: "de5e26a75cdd4aa3b886dd1f12d1275b" member_type: VOTER last_known_addr { host: "127.5.161.3" port: 37003 } }
I20260710 11:09:14.775395  6093 ts_tablet_manager.cc:1434] T 9945686186e441d69fd5da11b3836109 P de5e26a75cdd4aa3b886dd1f12d1275b: Time spent starting tablet: real 0.006s	user 0.005s	sys 0.000s
I20260710 11:09:14.774864  5795 catalog_manager.cc:5697] T 4821a1dc63694b3890dbee2b5a496bcf P 3cb7441237934eefa72cfa0412909375 reported cstate change: term changed from 0 to 1, leader changed from <none> to 3cb7441237934eefa72cfa0412909375 (127.5.161.2). New cstate: current_term: 1 leader_uuid: "3cb7441237934eefa72cfa0412909375" committed_config { opid_index: -1 OBSOLETE_local: false peers { permanent_uuid: "3cb7441237934eefa72cfa0412909375" member_type: VOTER last_known_addr { host: "127.5.161.2" port: 37667 } health_report { overall_health: HEALTHY } } peers { permanent_uuid: "de5e26a75cdd4aa3b886dd1f12d1275b" member_type: VOTER last_known_addr { host: "127.5.161.3" port: 37003 } health_report { overall_health: UNKNOWN } } peers { permanent_uuid: "264482b355f44c879cfc0461e40cc1e3" member_type: VOTER last_known_addr { host: "127.5.161.1" port: 45753 } health_report { overall_health: UNKNOWN } } }
I20260710 11:09:14.776321  6093 tablet_bootstrap.cc:492] T 3d8084ff6ab74170a100fadde9dc232b P de5e26a75cdd4aa3b886dd1f12d1275b: Bootstrap starting.
I20260710 11:09:14.776651  5795 catalog_manager.cc:5697] T 877b1e9d56df47d7ad08ffab4265b88b P 3cb7441237934eefa72cfa0412909375 reported cstate change: term changed from 0 to 1, leader changed from <none> to 3cb7441237934eefa72cfa0412909375 (127.5.161.2). New cstate: current_term: 1 leader_uuid: "3cb7441237934eefa72cfa0412909375" committed_config { opid_index: -1 OBSOLETE_local: false peers { permanent_uuid: "264482b355f44c879cfc0461e40cc1e3" member_type: VOTER last_known_addr { host: "127.5.161.1" port: 45753 } health_report { overall_health: UNKNOWN } } peers { permanent_uuid: "3cb7441237934eefa72cfa0412909375" member_type: VOTER last_known_addr { host: "127.5.161.2" port: 37667 } health_report { overall_health: HEALTHY } } peers { permanent_uuid: "de5e26a75cdd4aa3b886dd1f12d1275b" member_type: VOTER last_known_addr { host: "127.5.161.3" port: 37003 } health_report { overall_health: UNKNOWN } } }
W20260710 11:09:14.777379  5844 auto_rebalancer.cc:288] Could not retrieve cluster info: Service unavailable: Tablet not running
I20260710 11:09:14.782995  6093 tablet_bootstrap.cc:654] T 3d8084ff6ab74170a100fadde9dc232b P de5e26a75cdd4aa3b886dd1f12d1275b: Neither blocks nor log segments found. Creating new log.
I20260710 11:09:14.790082  5796 catalog_manager.cc:5697] T 8e17e02228644278a3ad9191fec5d0a5 P 264482b355f44c879cfc0461e40cc1e3 reported cstate change: term changed from 0 to 1, leader changed from <none> to 264482b355f44c879cfc0461e40cc1e3 (127.5.161.1). New cstate: current_term: 1 leader_uuid: "264482b355f44c879cfc0461e40cc1e3" committed_config { opid_index: -1 OBSOLETE_local: false peers { permanent_uuid: "264482b355f44c879cfc0461e40cc1e3" member_type: VOTER last_known_addr { host: "127.5.161.1" port: 45753 } health_report { overall_health: HEALTHY } } peers { permanent_uuid: "3cb7441237934eefa72cfa0412909375" member_type: VOTER last_known_addr { host: "127.5.161.2" port: 37667 } health_report { overall_health: UNKNOWN } } peers { permanent_uuid: "de5e26a75cdd4aa3b886dd1f12d1275b" member_type: VOTER last_known_addr { host: "127.5.161.3" port: 37003 } health_report { overall_health: UNKNOWN } } }
I20260710 11:09:14.791352  6093 tablet_bootstrap.cc:492] T 3d8084ff6ab74170a100fadde9dc232b P de5e26a75cdd4aa3b886dd1f12d1275b: No bootstrap required, opened a new log
I20260710 11:09:14.791772  6093 ts_tablet_manager.cc:1403] T 3d8084ff6ab74170a100fadde9dc232b P de5e26a75cdd4aa3b886dd1f12d1275b: Time spent bootstrapping tablet: real 0.016s	user 0.012s	sys 0.000s
I20260710 11:09:14.796351  6093 raft_consensus.cc:359] T 3d8084ff6ab74170a100fadde9dc232b P de5e26a75cdd4aa3b886dd1f12d1275b [term 0 FOLLOWER]: Replica starting. Triggering 0 pending ops. Active config: opid_index: -1 OBSOLETE_local: false peers { permanent_uuid: "264482b355f44c879cfc0461e40cc1e3" member_type: VOTER last_known_addr { host: "127.5.161.1" port: 45753 } } peers { permanent_uuid: "3cb7441237934eefa72cfa0412909375" member_type: VOTER last_known_addr { host: "127.5.161.2" port: 37667 } } peers { permanent_uuid: "de5e26a75cdd4aa3b886dd1f12d1275b" member_type: VOTER last_known_addr { host: "127.5.161.3" port: 37003 } }
I20260710 11:09:14.796969  6093 raft_consensus.cc:385] T 3d8084ff6ab74170a100fadde9dc232b P de5e26a75cdd4aa3b886dd1f12d1275b [term 0 FOLLOWER]: Consensus starting up: Expiring failure detector timer to make a prompt election more likely
I20260710 11:09:14.797230  6093 raft_consensus.cc:740] T 3d8084ff6ab74170a100fadde9dc232b P de5e26a75cdd4aa3b886dd1f12d1275b [term 0 FOLLOWER]: Becoming Follower/Learner. State: Replica: de5e26a75cdd4aa3b886dd1f12d1275b, State: Initialized, Role: FOLLOWER
I20260710 11:09:14.797851  6093 consensus_queue.cc:260] T 3d8084ff6ab74170a100fadde9dc232b P de5e26a75cdd4aa3b886dd1f12d1275b [NON_LEADER]: Queue going to NON_LEADER mode. State: All replicated index: 0, Majority replicated index: 0, Committed index: 0, Last appended: 0.0, Last appended by leader: 0, Current term: 0, Majority size: -1, State: 0, Mode: NON_LEADER, active raft config: opid_index: -1 OBSOLETE_local: false peers { permanent_uuid: "264482b355f44c879cfc0461e40cc1e3" member_type: VOTER last_known_addr { host: "127.5.161.1" port: 45753 } } peers { permanent_uuid: "3cb7441237934eefa72cfa0412909375" member_type: VOTER last_known_addr { host: "127.5.161.2" port: 37667 } } peers { permanent_uuid: "de5e26a75cdd4aa3b886dd1f12d1275b" member_type: VOTER last_known_addr { host: "127.5.161.3" port: 37003 } }
I20260710 11:09:14.799996  6093 ts_tablet_manager.cc:1434] T 3d8084ff6ab74170a100fadde9dc232b P de5e26a75cdd4aa3b886dd1f12d1275b: Time spent starting tablet: real 0.008s	user 0.006s	sys 0.000s
I20260710 11:09:14.839375  6132 raft_consensus.cc:493] T 8e40aeaa228744ab8b55f4985776cf69 P 3cb7441237934eefa72cfa0412909375 [term 0 FOLLOWER]: Starting pre-election (no leader contacted us within the election timeout)
I20260710 11:09:14.839843  6132 raft_consensus.cc:515] T 8e40aeaa228744ab8b55f4985776cf69 P 3cb7441237934eefa72cfa0412909375 [term 0 FOLLOWER]: Starting pre-election with config: opid_index: -1 OBSOLETE_local: false peers { permanent_uuid: "264482b355f44c879cfc0461e40cc1e3" member_type: VOTER last_known_addr { host: "127.5.161.1" port: 45753 } } peers { permanent_uuid: "3cb7441237934eefa72cfa0412909375" member_type: VOTER last_known_addr { host: "127.5.161.2" port: 37667 } } peers { permanent_uuid: "de5e26a75cdd4aa3b886dd1f12d1275b" member_type: VOTER last_known_addr { host: "127.5.161.3" port: 37003 } }
I20260710 11:09:14.841511  6132 leader_election.cc:290] T 8e40aeaa228744ab8b55f4985776cf69 P 3cb7441237934eefa72cfa0412909375 [CANDIDATE]: Term 1 pre-election: Requested pre-vote from peers 264482b355f44c879cfc0461e40cc1e3 (127.5.161.1:45753), de5e26a75cdd4aa3b886dd1f12d1275b (127.5.161.3:37003)
I20260710 11:09:14.842417  5898 tablet_service.cc:1917] Received RequestConsensusVote() RPC: tablet_id: "8e40aeaa228744ab8b55f4985776cf69" candidate_uuid: "3cb7441237934eefa72cfa0412909375" candidate_term: 1 candidate_status { last_received { term: 0 index: 0 } } ignore_live_leader: false dest_uuid: "264482b355f44c879cfc0461e40cc1e3" is_pre_election: true
I20260710 11:09:14.842664  6047 tablet_service.cc:1917] Received RequestConsensusVote() RPC: tablet_id: "8e40aeaa228744ab8b55f4985776cf69" candidate_uuid: "3cb7441237934eefa72cfa0412909375" candidate_term: 1 candidate_status { last_received { term: 0 index: 0 } } ignore_live_leader: false dest_uuid: "de5e26a75cdd4aa3b886dd1f12d1275b" is_pre_election: true
I20260710 11:09:14.842949  5898 raft_consensus.cc:2468] T 8e40aeaa228744ab8b55f4985776cf69 P 264482b355f44c879cfc0461e40cc1e3 [term 0 FOLLOWER]: Leader pre-election vote request: Granting yes vote for candidate 3cb7441237934eefa72cfa0412909375 in term 0.
I20260710 11:09:14.843310  6047 raft_consensus.cc:2468] T 8e40aeaa228744ab8b55f4985776cf69 P de5e26a75cdd4aa3b886dd1f12d1275b [term 0 FOLLOWER]: Leader pre-election vote request: Granting yes vote for candidate 3cb7441237934eefa72cfa0412909375 in term 0.
I20260710 11:09:14.843883  5938 leader_election.cc:304] T 8e40aeaa228744ab8b55f4985776cf69 P 3cb7441237934eefa72cfa0412909375 [CANDIDATE]: Term 1 pre-election: Election decided. Result: candidate won. Election summary: received 2 responses out of 3 voters: 2 yes votes; 0 no votes. yes voters: 264482b355f44c879cfc0461e40cc1e3, 3cb7441237934eefa72cfa0412909375; no voters: 
I20260710 11:09:14.844632  6132 raft_consensus.cc:2804] T 8e40aeaa228744ab8b55f4985776cf69 P 3cb7441237934eefa72cfa0412909375 [term 0 FOLLOWER]: Leader pre-election won for term 1
I20260710 11:09:14.844993  6132 raft_consensus.cc:493] T 8e40aeaa228744ab8b55f4985776cf69 P 3cb7441237934eefa72cfa0412909375 [term 0 FOLLOWER]: Starting leader election (no leader contacted us within the election timeout)
I20260710 11:09:14.845288  6132 raft_consensus.cc:3060] T 8e40aeaa228744ab8b55f4985776cf69 P 3cb7441237934eefa72cfa0412909375 [term 0 FOLLOWER]: Advancing to term 1
I20260710 11:09:14.849884  6132 raft_consensus.cc:515] T 8e40aeaa228744ab8b55f4985776cf69 P 3cb7441237934eefa72cfa0412909375 [term 1 FOLLOWER]: Starting leader election with config: opid_index: -1 OBSOLETE_local: false peers { permanent_uuid: "264482b355f44c879cfc0461e40cc1e3" member_type: VOTER last_known_addr { host: "127.5.161.1" port: 45753 } } peers { permanent_uuid: "3cb7441237934eefa72cfa0412909375" member_type: VOTER last_known_addr { host: "127.5.161.2" port: 37667 } } peers { permanent_uuid: "de5e26a75cdd4aa3b886dd1f12d1275b" member_type: VOTER last_known_addr { host: "127.5.161.3" port: 37003 } }
I20260710 11:09:14.852278  5898 tablet_service.cc:1917] Received RequestConsensusVote() RPC: tablet_id: "8e40aeaa228744ab8b55f4985776cf69" candidate_uuid: "3cb7441237934eefa72cfa0412909375" candidate_term: 1 candidate_status { last_received { term: 0 index: 0 } } ignore_live_leader: false dest_uuid: "264482b355f44c879cfc0461e40cc1e3"
I20260710 11:09:14.852573  6047 tablet_service.cc:1917] Received RequestConsensusVote() RPC: tablet_id: "8e40aeaa228744ab8b55f4985776cf69" candidate_uuid: "3cb7441237934eefa72cfa0412909375" candidate_term: 1 candidate_status { last_received { term: 0 index: 0 } } ignore_live_leader: false dest_uuid: "de5e26a75cdd4aa3b886dd1f12d1275b"
I20260710 11:09:14.852849  5898 raft_consensus.cc:3060] T 8e40aeaa228744ab8b55f4985776cf69 P 264482b355f44c879cfc0461e40cc1e3 [term 0 FOLLOWER]: Advancing to term 1
I20260710 11:09:14.853108  6047 raft_consensus.cc:3060] T 8e40aeaa228744ab8b55f4985776cf69 P de5e26a75cdd4aa3b886dd1f12d1275b [term 0 FOLLOWER]: Advancing to term 1
I20260710 11:09:14.856289  6132 leader_election.cc:290] T 8e40aeaa228744ab8b55f4985776cf69 P 3cb7441237934eefa72cfa0412909375 [CANDIDATE]: Term 1 election: Requested vote from peers 264482b355f44c879cfc0461e40cc1e3 (127.5.161.1:45753), de5e26a75cdd4aa3b886dd1f12d1275b (127.5.161.3:37003)
I20260710 11:09:14.859162  6047 raft_consensus.cc:2468] T 8e40aeaa228744ab8b55f4985776cf69 P de5e26a75cdd4aa3b886dd1f12d1275b [term 1 FOLLOWER]: Leader election vote request: Granting yes vote for candidate 3cb7441237934eefa72cfa0412909375 in term 1.
I20260710 11:09:14.859158  5898 raft_consensus.cc:2468] T 8e40aeaa228744ab8b55f4985776cf69 P 264482b355f44c879cfc0461e40cc1e3 [term 1 FOLLOWER]: Leader election vote request: Granting yes vote for candidate 3cb7441237934eefa72cfa0412909375 in term 1.
I20260710 11:09:14.860350  5938 leader_election.cc:304] T 8e40aeaa228744ab8b55f4985776cf69 P 3cb7441237934eefa72cfa0412909375 [CANDIDATE]: Term 1 election: Election decided. Result: candidate won. Election summary: received 2 responses out of 3 voters: 2 yes votes; 0 no votes. yes voters: 264482b355f44c879cfc0461e40cc1e3, 3cb7441237934eefa72cfa0412909375; no voters: 
I20260710 11:09:14.860968  6132 raft_consensus.cc:2804] T 8e40aeaa228744ab8b55f4985776cf69 P 3cb7441237934eefa72cfa0412909375 [term 1 FOLLOWER]: Leader election won for term 1
I20260710 11:09:14.861410  6132 raft_consensus.cc:697] T 8e40aeaa228744ab8b55f4985776cf69 P 3cb7441237934eefa72cfa0412909375 [term 1 LEADER]: Becoming Leader. State: Replica: 3cb7441237934eefa72cfa0412909375, State: Running, Role: LEADER
I20260710 11:09:14.862092  6132 consensus_queue.cc:237] T 8e40aeaa228744ab8b55f4985776cf69 P 3cb7441237934eefa72cfa0412909375 [LEADER]: Queue going to LEADER mode. State: All replicated index: 0, Majority replicated index: 0, Committed index: 0, Last appended: 0.0, Last appended by leader: 0, Current term: 1, Majority size: 2, State: 0, Mode: LEADER, active raft config: opid_index: -1 OBSOLETE_local: false peers { permanent_uuid: "264482b355f44c879cfc0461e40cc1e3" member_type: VOTER last_known_addr { host: "127.5.161.1" port: 45753 } } peers { permanent_uuid: "3cb7441237934eefa72cfa0412909375" member_type: VOTER last_known_addr { host: "127.5.161.2" port: 37667 } } peers { permanent_uuid: "de5e26a75cdd4aa3b886dd1f12d1275b" member_type: VOTER last_known_addr { host: "127.5.161.3" port: 37003 } }
I20260710 11:09:14.869513  5796 catalog_manager.cc:5697] T 8e40aeaa228744ab8b55f4985776cf69 P 3cb7441237934eefa72cfa0412909375 reported cstate change: term changed from 0 to 1, leader changed from <none> to 3cb7441237934eefa72cfa0412909375 (127.5.161.2). New cstate: current_term: 1 leader_uuid: "3cb7441237934eefa72cfa0412909375" committed_config { opid_index: -1 OBSOLETE_local: false peers { permanent_uuid: "264482b355f44c879cfc0461e40cc1e3" member_type: VOTER last_known_addr { host: "127.5.161.1" port: 45753 } health_report { overall_health: UNKNOWN } } peers { permanent_uuid: "3cb7441237934eefa72cfa0412909375" member_type: VOTER last_known_addr { host: "127.5.161.2" port: 37667 } health_report { overall_health: HEALTHY } } peers { permanent_uuid: "de5e26a75cdd4aa3b886dd1f12d1275b" member_type: VOTER last_known_addr { host: "127.5.161.3" port: 37003 } health_report { overall_health: UNKNOWN } } }
I20260710 11:09:14.938516  6133 raft_consensus.cc:493] T 3d8084ff6ab74170a100fadde9dc232b P de5e26a75cdd4aa3b886dd1f12d1275b [term 0 FOLLOWER]: Starting pre-election (no leader contacted us within the election timeout)
I20260710 11:09:14.938990  6133 raft_consensus.cc:515] T 3d8084ff6ab74170a100fadde9dc232b P de5e26a75cdd4aa3b886dd1f12d1275b [term 0 FOLLOWER]: Starting pre-election with config: opid_index: -1 OBSOLETE_local: false peers { permanent_uuid: "264482b355f44c879cfc0461e40cc1e3" member_type: VOTER last_known_addr { host: "127.5.161.1" port: 45753 } } peers { permanent_uuid: "3cb7441237934eefa72cfa0412909375" member_type: VOTER last_known_addr { host: "127.5.161.2" port: 37667 } } peers { permanent_uuid: "de5e26a75cdd4aa3b886dd1f12d1275b" member_type: VOTER last_known_addr { host: "127.5.161.3" port: 37003 } }
I20260710 11:09:14.940834  6133 leader_election.cc:290] T 3d8084ff6ab74170a100fadde9dc232b P de5e26a75cdd4aa3b886dd1f12d1275b [CANDIDATE]: Term 1 pre-election: Requested pre-vote from peers 264482b355f44c879cfc0461e40cc1e3 (127.5.161.1:45753), 3cb7441237934eefa72cfa0412909375 (127.5.161.2:37667)
I20260710 11:09:14.941613  5898 tablet_service.cc:1917] Received RequestConsensusVote() RPC: tablet_id: "3d8084ff6ab74170a100fadde9dc232b" candidate_uuid: "de5e26a75cdd4aa3b886dd1f12d1275b" candidate_term: 1 candidate_status { last_received { term: 0 index: 0 } } ignore_live_leader: false dest_uuid: "264482b355f44c879cfc0461e40cc1e3" is_pre_election: true
I20260710 11:09:14.941869  5973 tablet_service.cc:1917] Received RequestConsensusVote() RPC: tablet_id: "3d8084ff6ab74170a100fadde9dc232b" candidate_uuid: "de5e26a75cdd4aa3b886dd1f12d1275b" candidate_term: 1 candidate_status { last_received { term: 0 index: 0 } } ignore_live_leader: false dest_uuid: "3cb7441237934eefa72cfa0412909375" is_pre_election: true
I20260710 11:09:14.942251  5898 raft_consensus.cc:2468] T 3d8084ff6ab74170a100fadde9dc232b P 264482b355f44c879cfc0461e40cc1e3 [term 0 FOLLOWER]: Leader pre-election vote request: Granting yes vote for candidate de5e26a75cdd4aa3b886dd1f12d1275b in term 0.
I20260710 11:09:14.942386  5973 raft_consensus.cc:2468] T 3d8084ff6ab74170a100fadde9dc232b P 3cb7441237934eefa72cfa0412909375 [term 0 FOLLOWER]: Leader pre-election vote request: Granting yes vote for candidate de5e26a75cdd4aa3b886dd1f12d1275b in term 0.
I20260710 11:09:14.943457  6012 leader_election.cc:304] T 3d8084ff6ab74170a100fadde9dc232b P de5e26a75cdd4aa3b886dd1f12d1275b [CANDIDATE]: Term 1 pre-election: Election decided. Result: candidate won. Election summary: received 2 responses out of 3 voters: 2 yes votes; 0 no votes. yes voters: 264482b355f44c879cfc0461e40cc1e3, de5e26a75cdd4aa3b886dd1f12d1275b; no voters: 
I20260710 11:09:14.944052  6133 raft_consensus.cc:2804] T 3d8084ff6ab74170a100fadde9dc232b P de5e26a75cdd4aa3b886dd1f12d1275b [term 0 FOLLOWER]: Leader pre-election won for term 1
I20260710 11:09:14.944394  6133 raft_consensus.cc:493] T 3d8084ff6ab74170a100fadde9dc232b P de5e26a75cdd4aa3b886dd1f12d1275b [term 0 FOLLOWER]: Starting leader election (no leader contacted us within the election timeout)
I20260710 11:09:14.944644  6133 raft_consensus.cc:3060] T 3d8084ff6ab74170a100fadde9dc232b P de5e26a75cdd4aa3b886dd1f12d1275b [term 0 FOLLOWER]: Advancing to term 1
I20260710 11:09:14.948783  6133 raft_consensus.cc:515] T 3d8084ff6ab74170a100fadde9dc232b P de5e26a75cdd4aa3b886dd1f12d1275b [term 1 FOLLOWER]: Starting leader election with config: opid_index: -1 OBSOLETE_local: false peers { permanent_uuid: "264482b355f44c879cfc0461e40cc1e3" member_type: VOTER last_known_addr { host: "127.5.161.1" port: 45753 } } peers { permanent_uuid: "3cb7441237934eefa72cfa0412909375" member_type: VOTER last_known_addr { host: "127.5.161.2" port: 37667 } } peers { permanent_uuid: "de5e26a75cdd4aa3b886dd1f12d1275b" member_type: VOTER last_known_addr { host: "127.5.161.3" port: 37003 } }
I20260710 11:09:14.950654  6133 leader_election.cc:290] T 3d8084ff6ab74170a100fadde9dc232b P de5e26a75cdd4aa3b886dd1f12d1275b [CANDIDATE]: Term 1 election: Requested vote from peers 264482b355f44c879cfc0461e40cc1e3 (127.5.161.1:45753), 3cb7441237934eefa72cfa0412909375 (127.5.161.2:37667)
I20260710 11:09:14.951025  5898 tablet_service.cc:1917] Received RequestConsensusVote() RPC: tablet_id: "3d8084ff6ab74170a100fadde9dc232b" candidate_uuid: "de5e26a75cdd4aa3b886dd1f12d1275b" candidate_term: 1 candidate_status { last_received { term: 0 index: 0 } } ignore_live_leader: false dest_uuid: "264482b355f44c879cfc0461e40cc1e3"
I20260710 11:09:14.951203  5973 tablet_service.cc:1917] Received RequestConsensusVote() RPC: tablet_id: "3d8084ff6ab74170a100fadde9dc232b" candidate_uuid: "de5e26a75cdd4aa3b886dd1f12d1275b" candidate_term: 1 candidate_status { last_received { term: 0 index: 0 } } ignore_live_leader: false dest_uuid: "3cb7441237934eefa72cfa0412909375"
I20260710 11:09:14.951573  5898 raft_consensus.cc:3060] T 3d8084ff6ab74170a100fadde9dc232b P 264482b355f44c879cfc0461e40cc1e3 [term 0 FOLLOWER]: Advancing to term 1
I20260710 11:09:14.951659  5973 raft_consensus.cc:3060] T 3d8084ff6ab74170a100fadde9dc232b P 3cb7441237934eefa72cfa0412909375 [term 0 FOLLOWER]: Advancing to term 1
I20260710 11:09:14.957784  5898 raft_consensus.cc:2468] T 3d8084ff6ab74170a100fadde9dc232b P 264482b355f44c879cfc0461e40cc1e3 [term 1 FOLLOWER]: Leader election vote request: Granting yes vote for candidate de5e26a75cdd4aa3b886dd1f12d1275b in term 1.
I20260710 11:09:14.957847  5973 raft_consensus.cc:2468] T 3d8084ff6ab74170a100fadde9dc232b P 3cb7441237934eefa72cfa0412909375 [term 1 FOLLOWER]: Leader election vote request: Granting yes vote for candidate de5e26a75cdd4aa3b886dd1f12d1275b in term 1.
I20260710 11:09:14.958835  6012 leader_election.cc:304] T 3d8084ff6ab74170a100fadde9dc232b P de5e26a75cdd4aa3b886dd1f12d1275b [CANDIDATE]: Term 1 election: Election decided. Result: candidate won. Election summary: received 2 responses out of 3 voters: 2 yes votes; 0 no votes. yes voters: 264482b355f44c879cfc0461e40cc1e3, de5e26a75cdd4aa3b886dd1f12d1275b; no voters: 
I20260710 11:09:14.959857  6133 raft_consensus.cc:2804] T 3d8084ff6ab74170a100fadde9dc232b P de5e26a75cdd4aa3b886dd1f12d1275b [term 1 FOLLOWER]: Leader election won for term 1
I20260710 11:09:14.960275  6133 raft_consensus.cc:697] T 3d8084ff6ab74170a100fadde9dc232b P de5e26a75cdd4aa3b886dd1f12d1275b [term 1 LEADER]: Becoming Leader. State: Replica: de5e26a75cdd4aa3b886dd1f12d1275b, State: Running, Role: LEADER
I20260710 11:09:14.960952  6133 consensus_queue.cc:237] T 3d8084ff6ab74170a100fadde9dc232b P de5e26a75cdd4aa3b886dd1f12d1275b [LEADER]: Queue going to LEADER mode. State: All replicated index: 0, Majority replicated index: 0, Committed index: 0, Last appended: 0.0, Last appended by leader: 0, Current term: 1, Majority size: 2, State: 0, Mode: LEADER, active raft config: opid_index: -1 OBSOLETE_local: false peers { permanent_uuid: "264482b355f44c879cfc0461e40cc1e3" member_type: VOTER last_known_addr { host: "127.5.161.1" port: 45753 } } peers { permanent_uuid: "3cb7441237934eefa72cfa0412909375" member_type: VOTER last_known_addr { host: "127.5.161.2" port: 37667 } } peers { permanent_uuid: "de5e26a75cdd4aa3b886dd1f12d1275b" member_type: VOTER last_known_addr { host: "127.5.161.3" port: 37003 } }
I20260710 11:09:14.968729  5796 catalog_manager.cc:5697] T 3d8084ff6ab74170a100fadde9dc232b P de5e26a75cdd4aa3b886dd1f12d1275b reported cstate change: term changed from 0 to 1, leader changed from <none> to de5e26a75cdd4aa3b886dd1f12d1275b (127.5.161.3). New cstate: current_term: 1 leader_uuid: "de5e26a75cdd4aa3b886dd1f12d1275b" committed_config { opid_index: -1 OBSOLETE_local: false peers { permanent_uuid: "264482b355f44c879cfc0461e40cc1e3" member_type: VOTER last_known_addr { host: "127.5.161.1" port: 45753 } health_report { overall_health: UNKNOWN } } peers { permanent_uuid: "3cb7441237934eefa72cfa0412909375" member_type: VOTER last_known_addr { host: "127.5.161.2" port: 37667 } health_report { overall_health: UNKNOWN } } peers { permanent_uuid: "de5e26a75cdd4aa3b886dd1f12d1275b" member_type: VOTER last_known_addr { host: "127.5.161.3" port: 37003 } health_report { overall_health: HEALTHY } } }
I20260710 11:09:14.999019  6132 consensus_queue.cc:1048] T 4821a1dc63694b3890dbee2b5a496bcf P 3cb7441237934eefa72cfa0412909375 [LEADER]: Connected to new peer: Peer: permanent_uuid: "de5e26a75cdd4aa3b886dd1f12d1275b" member_type: VOTER last_known_addr { host: "127.5.161.3" port: 37003 }, Status: LMP_MISMATCH, Last received: 0.0, Next index: 1, Last known committed idx: 0, Time since last communication: 0.000s
I20260710 11:09:15.012511  6130 consensus_queue.cc:1048] T eed278dbeb6a4ae181ba9c5ea1d645a1 P de5e26a75cdd4aa3b886dd1f12d1275b [LEADER]: Connected to new peer: Peer: permanent_uuid: "3cb7441237934eefa72cfa0412909375" member_type: VOTER last_known_addr { host: "127.5.161.2" port: 37667 }, Status: LMP_MISMATCH, Last received: 0.0, Next index: 1, Last known committed idx: 0, Time since last communication: 0.000s
I20260710 11:09:15.033015  6128 consensus_queue.cc:1048] T 4821a1dc63694b3890dbee2b5a496bcf P 3cb7441237934eefa72cfa0412909375 [LEADER]: Connected to new peer: Peer: permanent_uuid: "264482b355f44c879cfc0461e40cc1e3" member_type: VOTER last_known_addr { host: "127.5.161.1" port: 45753 }, Status: LMP_MISMATCH, Last received: 0.0, Next index: 1, Last known committed idx: 0, Time since last communication: 0.000s
I20260710 11:09:15.036188  6133 consensus_queue.cc:1048] T eed278dbeb6a4ae181ba9c5ea1d645a1 P de5e26a75cdd4aa3b886dd1f12d1275b [LEADER]: Connected to new peer: Peer: permanent_uuid: "264482b355f44c879cfc0461e40cc1e3" member_type: VOTER last_known_addr { host: "127.5.161.1" port: 45753 }, Status: LMP_MISMATCH, Last received: 0.0, Next index: 1, Last known committed idx: 0, Time since last communication: 0.000s
I20260710 11:09:15.128418  6128 consensus_queue.cc:1048] T 600784363bb54895bc46bd6c0bc380d1 P 3cb7441237934eefa72cfa0412909375 [LEADER]: Connected to new peer: Peer: permanent_uuid: "de5e26a75cdd4aa3b886dd1f12d1275b" member_type: VOTER last_known_addr { host: "127.5.161.3" port: 37003 }, Status: LMP_MISMATCH, Last received: 0.0, Next index: 1, Last known committed idx: 0, Time since last communication: 0.000s
I20260710 11:09:15.138720  6129 consensus_queue.cc:1048] T 600784363bb54895bc46bd6c0bc380d1 P 3cb7441237934eefa72cfa0412909375 [LEADER]: Connected to new peer: Peer: permanent_uuid: "264482b355f44c879cfc0461e40cc1e3" member_type: VOTER last_known_addr { host: "127.5.161.1" port: 45753 }, Status: LMP_MISMATCH, Last received: 0.0, Next index: 1, Last known committed idx: 0, Time since last communication: 0.000s
I20260710 11:09:15.165580  6133 consensus_queue.cc:1048] T 16db99792d35496589b993b4ef4337f6 P de5e26a75cdd4aa3b886dd1f12d1275b [LEADER]: Connected to new peer: Peer: permanent_uuid: "3cb7441237934eefa72cfa0412909375" member_type: VOTER last_known_addr { host: "127.5.161.2" port: 37667 }, Status: LMP_MISMATCH, Last received: 0.0, Next index: 1, Last known committed idx: 0, Time since last communication: 0.000s
I20260710 11:09:15.168753  6129 consensus_queue.cc:1048] T 877b1e9d56df47d7ad08ffab4265b88b P 3cb7441237934eefa72cfa0412909375 [LEADER]: Connected to new peer: Peer: permanent_uuid: "264482b355f44c879cfc0461e40cc1e3" member_type: VOTER last_known_addr { host: "127.5.161.1" port: 45753 }, Status: LMP_MISMATCH, Last received: 0.0, Next index: 1, Last known committed idx: 0, Time since last communication: 0.000s
I20260710 11:09:15.180709  6130 consensus_queue.cc:1048] T 16db99792d35496589b993b4ef4337f6 P de5e26a75cdd4aa3b886dd1f12d1275b [LEADER]: Connected to new peer: Peer: permanent_uuid: "264482b355f44c879cfc0461e40cc1e3" member_type: VOTER last_known_addr { host: "127.5.161.1" port: 45753 }, Status: LMP_MISMATCH, Last received: 0.0, Next index: 1, Last known committed idx: 0, Time since last communication: 0.000s
I20260710 11:09:15.188457  6097 consensus_queue.cc:1048] T 8e17e02228644278a3ad9191fec5d0a5 P 264482b355f44c879cfc0461e40cc1e3 [LEADER]: Connected to new peer: Peer: permanent_uuid: "3cb7441237934eefa72cfa0412909375" member_type: VOTER last_known_addr { host: "127.5.161.2" port: 37667 }, Status: LMP_MISMATCH, Last received: 0.0, Next index: 1, Last known committed idx: 0, Time since last communication: 0.000s
I20260710 11:09:15.196734  6128 consensus_queue.cc:1048] T 877b1e9d56df47d7ad08ffab4265b88b P 3cb7441237934eefa72cfa0412909375 [LEADER]: Connected to new peer: Peer: permanent_uuid: "de5e26a75cdd4aa3b886dd1f12d1275b" member_type: VOTER last_known_addr { host: "127.5.161.3" port: 37003 }, Status: LMP_MISMATCH, Last received: 0.0, Next index: 1, Last known committed idx: 0, Time since last communication: 0.000s
I20260710 11:09:15.204937  6130 raft_consensus.cc:493] T 9945686186e441d69fd5da11b3836109 P de5e26a75cdd4aa3b886dd1f12d1275b [term 0 FOLLOWER]: Starting pre-election (no leader contacted us within the election timeout)
I20260710 11:09:15.205407  6130 raft_consensus.cc:515] T 9945686186e441d69fd5da11b3836109 P de5e26a75cdd4aa3b886dd1f12d1275b [term 0 FOLLOWER]: Starting pre-election with config: opid_index: -1 OBSOLETE_local: false peers { permanent_uuid: "264482b355f44c879cfc0461e40cc1e3" member_type: VOTER last_known_addr { host: "127.5.161.1" port: 45753 } } peers { permanent_uuid: "3cb7441237934eefa72cfa0412909375" member_type: VOTER last_known_addr { host: "127.5.161.2" port: 37667 } } peers { permanent_uuid: "de5e26a75cdd4aa3b886dd1f12d1275b" member_type: VOTER last_known_addr { host: "127.5.161.3" port: 37003 } }
I20260710 11:09:15.214799  6130 leader_election.cc:290] T 9945686186e441d69fd5da11b3836109 P de5e26a75cdd4aa3b886dd1f12d1275b [CANDIDATE]: Term 1 pre-election: Requested pre-vote from peers 264482b355f44c879cfc0461e40cc1e3 (127.5.161.1:45753), 3cb7441237934eefa72cfa0412909375 (127.5.161.2:37667)
I20260710 11:09:15.216974  5898 tablet_service.cc:1917] Received RequestConsensusVote() RPC: tablet_id: "9945686186e441d69fd5da11b3836109" candidate_uuid: "de5e26a75cdd4aa3b886dd1f12d1275b" candidate_term: 1 candidate_status { last_received { term: 0 index: 0 } } ignore_live_leader: false dest_uuid: "264482b355f44c879cfc0461e40cc1e3" is_pre_election: true
I20260710 11:09:15.217751  5898 raft_consensus.cc:2393] T 9945686186e441d69fd5da11b3836109 P 264482b355f44c879cfc0461e40cc1e3 [term 1 FOLLOWER]: Leader pre-election vote request: Denying vote to candidate de5e26a75cdd4aa3b886dd1f12d1275b in current term 1: Already voted for candidate 264482b355f44c879cfc0461e40cc1e3 in this term.
I20260710 11:09:15.228464  5973 tablet_service.cc:1917] Received RequestConsensusVote() RPC: tablet_id: "9945686186e441d69fd5da11b3836109" candidate_uuid: "de5e26a75cdd4aa3b886dd1f12d1275b" candidate_term: 1 candidate_status { last_received { term: 0 index: 0 } } ignore_live_leader: false dest_uuid: "3cb7441237934eefa72cfa0412909375" is_pre_election: true
I20260710 11:09:15.229213  5973 raft_consensus.cc:2393] T 9945686186e441d69fd5da11b3836109 P 3cb7441237934eefa72cfa0412909375 [term 1 FOLLOWER]: Leader pre-election vote request: Denying vote to candidate de5e26a75cdd4aa3b886dd1f12d1275b in current term 1: Already voted for candidate 3cb7441237934eefa72cfa0412909375 in this term.
I20260710 11:09:15.230172  6013 leader_election.cc:304] T 9945686186e441d69fd5da11b3836109 P de5e26a75cdd4aa3b886dd1f12d1275b [CANDIDATE]: Term 1 pre-election: Election decided. Result: candidate lost. Election summary: received 3 responses out of 3 voters: 1 yes votes; 2 no votes. yes voters: de5e26a75cdd4aa3b886dd1f12d1275b; no voters: 264482b355f44c879cfc0461e40cc1e3, 3cb7441237934eefa72cfa0412909375
I20260710 11:09:15.231369  6130 raft_consensus.cc:3060] T 9945686186e441d69fd5da11b3836109 P de5e26a75cdd4aa3b886dd1f12d1275b [term 0 FOLLOWER]: Advancing to term 1
I20260710 11:09:15.232946  6097 consensus_queue.cc:1048] T 8e17e02228644278a3ad9191fec5d0a5 P 264482b355f44c879cfc0461e40cc1e3 [LEADER]: Connected to new peer: Peer: permanent_uuid: "de5e26a75cdd4aa3b886dd1f12d1275b" member_type: VOTER last_known_addr { host: "127.5.161.3" port: 37003 }, Status: LMP_MISMATCH, Last received: 0.0, Next index: 1, Last known committed idx: 0, Time since last communication: 0.000s
I20260710 11:09:15.238026  6130 raft_consensus.cc:2749] T 9945686186e441d69fd5da11b3836109 P de5e26a75cdd4aa3b886dd1f12d1275b [term 1 FOLLOWER]: Leader pre-election lost for term 1. Reason: could not achieve majority
I20260710 11:09:15.430478  6128 consensus_queue.cc:1048] T 8e40aeaa228744ab8b55f4985776cf69 P 3cb7441237934eefa72cfa0412909375 [LEADER]: Connected to new peer: Peer: permanent_uuid: "264482b355f44c879cfc0461e40cc1e3" member_type: VOTER last_known_addr { host: "127.5.161.1" port: 45753 }, Status: LMP_MISMATCH, Last received: 0.0, Next index: 1, Last known committed idx: 0, Time since last communication: 0.000s
I20260710 11:09:15.443735  6132 consensus_queue.cc:1048] T 8e40aeaa228744ab8b55f4985776cf69 P 3cb7441237934eefa72cfa0412909375 [LEADER]: Connected to new peer: Peer: permanent_uuid: "de5e26a75cdd4aa3b886dd1f12d1275b" member_type: VOTER last_known_addr { host: "127.5.161.3" port: 37003 }, Status: LMP_MISMATCH, Last received: 0.0, Next index: 1, Last known committed idx: 0, Time since last communication: 0.000s
I20260710 11:09:15.449106  6130 consensus_queue.cc:1048] T 3d8084ff6ab74170a100fadde9dc232b P de5e26a75cdd4aa3b886dd1f12d1275b [LEADER]: Connected to new peer: Peer: permanent_uuid: "3cb7441237934eefa72cfa0412909375" member_type: VOTER last_known_addr { host: "127.5.161.2" port: 37667 }, Status: LMP_MISMATCH, Last received: 0.0, Next index: 1, Last known committed idx: 0, Time since last communication: 0.000s
I20260710 11:09:15.462193  6133 consensus_queue.cc:1048] T 3d8084ff6ab74170a100fadde9dc232b P de5e26a75cdd4aa3b886dd1f12d1275b [LEADER]: Connected to new peer: Peer: permanent_uuid: "264482b355f44c879cfc0461e40cc1e3" member_type: VOTER last_known_addr { host: "127.5.161.1" port: 45753 }, Status: LMP_MISMATCH, Last received: 0.0, Next index: 1, Last known committed idx: 0, Time since last communication: 0.000s
W20260710 11:09:15.781245  5844 auto_rebalancer.cc:288] Could not retrieve cluster info: Service unavailable: Tablet not running
W20260710 11:09:16.300287  5827 debug-util.cc:398] Leaking SignalData structure 0x7b0800062060 after lost signal to thread 5767
W20260710 11:09:16.300943  5827 debug-util.cc:398] Leaking SignalData structure 0x7b0800062740 after lost signal to thread 5830
W20260710 11:09:16.301640  5827 debug-util.cc:398] Leaking SignalData structure 0x7b08001de220 after lost signal to thread 5923
W20260710 11:09:16.302253  5827 debug-util.cc:398] Leaking SignalData structure 0x7b08000bc460 after lost signal to thread 5998
W20260710 11:09:16.302845  5827 debug-util.cc:398] Leaking SignalData structure 0x7b08001f3520 after lost signal to thread 6072
I20260710 11:09:16.528014  6181 raft_consensus.cc:493] T 9945686186e441d69fd5da11b3836109 P 264482b355f44c879cfc0461e40cc1e3 [term 1 FOLLOWER]: Starting pre-election (no leader contacted us within the election timeout)
I20260710 11:09:16.528568  6181 raft_consensus.cc:515] T 9945686186e441d69fd5da11b3836109 P 264482b355f44c879cfc0461e40cc1e3 [term 1 FOLLOWER]: Starting pre-election with config: opid_index: -1 OBSOLETE_local: false peers { permanent_uuid: "264482b355f44c879cfc0461e40cc1e3" member_type: VOTER last_known_addr { host: "127.5.161.1" port: 45753 } } peers { permanent_uuid: "3cb7441237934eefa72cfa0412909375" member_type: VOTER last_known_addr { host: "127.5.161.2" port: 37667 } } peers { permanent_uuid: "de5e26a75cdd4aa3b886dd1f12d1275b" member_type: VOTER last_known_addr { host: "127.5.161.3" port: 37003 } }
I20260710 11:09:16.530660  6181 leader_election.cc:290] T 9945686186e441d69fd5da11b3836109 P 264482b355f44c879cfc0461e40cc1e3 [CANDIDATE]: Term 2 pre-election: Requested pre-vote from peers 3cb7441237934eefa72cfa0412909375 (127.5.161.2:37667), de5e26a75cdd4aa3b886dd1f12d1275b (127.5.161.3:37003)
I20260710 11:09:16.531668  5971 tablet_service.cc:1917] Received RequestConsensusVote() RPC: tablet_id: "9945686186e441d69fd5da11b3836109" candidate_uuid: "264482b355f44c879cfc0461e40cc1e3" candidate_term: 2 candidate_status { last_received { term: 0 index: 0 } } ignore_live_leader: false dest_uuid: "3cb7441237934eefa72cfa0412909375" is_pre_election: true
I20260710 11:09:16.531661  6048 tablet_service.cc:1917] Received RequestConsensusVote() RPC: tablet_id: "9945686186e441d69fd5da11b3836109" candidate_uuid: "264482b355f44c879cfc0461e40cc1e3" candidate_term: 2 candidate_status { last_received { term: 0 index: 0 } } ignore_live_leader: false dest_uuid: "de5e26a75cdd4aa3b886dd1f12d1275b" is_pre_election: true
I20260710 11:09:16.532286  5971 raft_consensus.cc:2468] T 9945686186e441d69fd5da11b3836109 P 3cb7441237934eefa72cfa0412909375 [term 1 FOLLOWER]: Leader pre-election vote request: Granting yes vote for candidate 264482b355f44c879cfc0461e40cc1e3 in term 1.
I20260710 11:09:16.532414  6048 raft_consensus.cc:2468] T 9945686186e441d69fd5da11b3836109 P de5e26a75cdd4aa3b886dd1f12d1275b [term 1 FOLLOWER]: Leader pre-election vote request: Granting yes vote for candidate 264482b355f44c879cfc0461e40cc1e3 in term 1.
I20260710 11:09:16.533362  5864 leader_election.cc:304] T 9945686186e441d69fd5da11b3836109 P 264482b355f44c879cfc0461e40cc1e3 [CANDIDATE]: Term 2 pre-election: Election decided. Result: candidate won. Election summary: received 2 responses out of 3 voters: 2 yes votes; 0 no votes. yes voters: 264482b355f44c879cfc0461e40cc1e3, 3cb7441237934eefa72cfa0412909375; no voters: 
I20260710 11:09:16.534003  6181 raft_consensus.cc:2804] T 9945686186e441d69fd5da11b3836109 P 264482b355f44c879cfc0461e40cc1e3 [term 1 FOLLOWER]: Leader pre-election won for term 2
I20260710 11:09:16.534376  6181 raft_consensus.cc:493] T 9945686186e441d69fd5da11b3836109 P 264482b355f44c879cfc0461e40cc1e3 [term 1 FOLLOWER]: Starting leader election (no leader contacted us within the election timeout)
I20260710 11:09:16.534709  6181 raft_consensus.cc:3060] T 9945686186e441d69fd5da11b3836109 P 264482b355f44c879cfc0461e40cc1e3 [term 1 FOLLOWER]: Advancing to term 2
I20260710 11:09:16.541132  6181 raft_consensus.cc:515] T 9945686186e441d69fd5da11b3836109 P 264482b355f44c879cfc0461e40cc1e3 [term 2 FOLLOWER]: Starting leader election with config: opid_index: -1 OBSOLETE_local: false peers { permanent_uuid: "264482b355f44c879cfc0461e40cc1e3" member_type: VOTER last_known_addr { host: "127.5.161.1" port: 45753 } } peers { permanent_uuid: "3cb7441237934eefa72cfa0412909375" member_type: VOTER last_known_addr { host: "127.5.161.2" port: 37667 } } peers { permanent_uuid: "de5e26a75cdd4aa3b886dd1f12d1275b" member_type: VOTER last_known_addr { host: "127.5.161.3" port: 37003 } }
I20260710 11:09:16.543046  6181 leader_election.cc:290] T 9945686186e441d69fd5da11b3836109 P 264482b355f44c879cfc0461e40cc1e3 [CANDIDATE]: Term 2 election: Requested vote from peers 3cb7441237934eefa72cfa0412909375 (127.5.161.2:37667), de5e26a75cdd4aa3b886dd1f12d1275b (127.5.161.3:37003)
I20260710 11:09:16.543668  5971 tablet_service.cc:1917] Received RequestConsensusVote() RPC: tablet_id: "9945686186e441d69fd5da11b3836109" candidate_uuid: "264482b355f44c879cfc0461e40cc1e3" candidate_term: 2 candidate_status { last_received { term: 0 index: 0 } } ignore_live_leader: false dest_uuid: "3cb7441237934eefa72cfa0412909375"
I20260710 11:09:16.543927  6048 tablet_service.cc:1917] Received RequestConsensusVote() RPC: tablet_id: "9945686186e441d69fd5da11b3836109" candidate_uuid: "264482b355f44c879cfc0461e40cc1e3" candidate_term: 2 candidate_status { last_received { term: 0 index: 0 } } ignore_live_leader: false dest_uuid: "de5e26a75cdd4aa3b886dd1f12d1275b"
I20260710 11:09:16.544188  5971 raft_consensus.cc:3060] T 9945686186e441d69fd5da11b3836109 P 3cb7441237934eefa72cfa0412909375 [term 1 FOLLOWER]: Advancing to term 2
I20260710 11:09:16.544507  6048 raft_consensus.cc:3060] T 9945686186e441d69fd5da11b3836109 P de5e26a75cdd4aa3b886dd1f12d1275b [term 1 FOLLOWER]: Advancing to term 2
I20260710 11:09:16.548529  5971 raft_consensus.cc:2468] T 9945686186e441d69fd5da11b3836109 P 3cb7441237934eefa72cfa0412909375 [term 2 FOLLOWER]: Leader election vote request: Granting yes vote for candidate 264482b355f44c879cfc0461e40cc1e3 in term 2.
I20260710 11:09:16.549505  5864 leader_election.cc:304] T 9945686186e441d69fd5da11b3836109 P 264482b355f44c879cfc0461e40cc1e3 [CANDIDATE]: Term 2 election: Election decided. Result: candidate won. Election summary: received 2 responses out of 3 voters: 2 yes votes; 0 no votes. yes voters: 264482b355f44c879cfc0461e40cc1e3, 3cb7441237934eefa72cfa0412909375; no voters: 
I20260710 11:09:16.550114  6181 raft_consensus.cc:2804] T 9945686186e441d69fd5da11b3836109 P 264482b355f44c879cfc0461e40cc1e3 [term 2 FOLLOWER]: Leader election won for term 2
I20260710 11:09:16.550650  6048 raft_consensus.cc:2468] T 9945686186e441d69fd5da11b3836109 P de5e26a75cdd4aa3b886dd1f12d1275b [term 2 FOLLOWER]: Leader election vote request: Granting yes vote for candidate 264482b355f44c879cfc0461e40cc1e3 in term 2.
I20260710 11:09:16.551144  6181 raft_consensus.cc:697] T 9945686186e441d69fd5da11b3836109 P 264482b355f44c879cfc0461e40cc1e3 [term 2 LEADER]: Becoming Leader. State: Replica: 264482b355f44c879cfc0461e40cc1e3, State: Running, Role: LEADER
