I20260710 11:09:12.713678 13617 raft_consensus.cc:493] T e66e416d268141c29a5ee8ebd94cd529 P c310bdc1094b4719ac9debb4917fcaa4 [term 0 FOLLOWER]: Starting leader election (no leader contacted us within the election timeout)
I20260710 11:09:12.714573 13617 raft_consensus.cc:3060] T e66e416d268141c29a5ee8ebd94cd529 P c310bdc1094b4719ac9debb4917fcaa4 [term 0 FOLLOWER]: Advancing to term 1
W20260710 11:09:12.715504 13350 leader_election.cc:343] T 58eae67824044173888c6f7d219f268f P c310bdc1094b4719ac9debb4917fcaa4 [CANDIDATE]: Term 1 pre-election: Tablet error from VoteRequest() call to peer 28021594fd5341239bf7ef69c4b01eec (127.12.240.67:40889): Illegal state: must be running to vote when last-logged opid is not known
I20260710 11:09:12.717404 13349 leader_election.cc:304] T 58eae67824044173888c6f7d219f268f P c310bdc1094b4719ac9debb4917fcaa4 [CANDIDATE]: Term 1 pre-election: Election decided. Result: candidate won. Election summary: received 3 responses out of 3 voters: 2 yes votes; 1 no votes. yes voters: 5c7075d4eaf24ef68d210d8a6a8fee8c, c310bdc1094b4719ac9debb4917fcaa4; no voters: 28021594fd5341239bf7ef69c4b01eec
I20260710 11:09:12.718180 13598 raft_consensus.cc:2804] T 58eae67824044173888c6f7d219f268f P c310bdc1094b4719ac9debb4917fcaa4 [term 0 FOLLOWER]: Leader pre-election won for term 1
I20260710 11:09:12.718515 13598 raft_consensus.cc:493] T 58eae67824044173888c6f7d219f268f P c310bdc1094b4719ac9debb4917fcaa4 [term 0 FOLLOWER]: Starting leader election (no leader contacted us within the election timeout)
I20260710 11:09:12.718808 13598 raft_consensus.cc:3060] T 58eae67824044173888c6f7d219f268f P c310bdc1094b4719ac9debb4917fcaa4 [term 0 FOLLOWER]: Advancing to term 1
I20260710 11:09:12.719180 13577 tablet_bootstrap.cc:654] T a3c57daaea3c45dab6a4c8ab395fae58 P 28021594fd5341239bf7ef69c4b01eec: Neither blocks nor log segments found. Creating new log.
I20260710 11:09:12.715670 13579 raft_consensus.cc:359] T cd0ea632890f4381917578c94e707024 P 5c7075d4eaf24ef68d210d8a6a8fee8c [term 0 FOLLOWER]: Replica starting. Triggering 0 pending ops. Active config: opid_index: -1 OBSOLETE_local: false peers { permanent_uuid: "c310bdc1094b4719ac9debb4917fcaa4" member_type: VOTER last_known_addr { host: "127.12.240.65" port: 38251 } } peers { permanent_uuid: "5c7075d4eaf24ef68d210d8a6a8fee8c" member_type: VOTER last_known_addr { host: "127.12.240.66" port: 44443 } } peers { permanent_uuid: "28021594fd5341239bf7ef69c4b01eec" member_type: VOTER last_known_addr { host: "127.12.240.67" port: 40889 } }
I20260710 11:09:12.722767 13579 raft_consensus.cc:385] T cd0ea632890f4381917578c94e707024 P 5c7075d4eaf24ef68d210d8a6a8fee8c [term 0 FOLLOWER]: Consensus starting up: Expiring failure detector timer to make a prompt election more likely
I20260710 11:09:12.723059 13579 raft_consensus.cc:740] T cd0ea632890f4381917578c94e707024 P 5c7075d4eaf24ef68d210d8a6a8fee8c [term 0 FOLLOWER]: Becoming Follower/Learner. State: Replica: 5c7075d4eaf24ef68d210d8a6a8fee8c, State: Initialized, Role: FOLLOWER
I20260710 11:09:12.723680 13579 consensus_queue.cc:260] T cd0ea632890f4381917578c94e707024 P 5c7075d4eaf24ef68d210d8a6a8fee8c [NON_LEADER]: Queue going to NON_LEADER mode. State: All replicated index: 0, Majority replicated index: 0, Committed index: 0, Last appended: 0.0, Last appended by leader: 0, Current term: 0, Majority size: -1, State: 0, Mode: NON_LEADER, active raft config: opid_index: -1 OBSOLETE_local: false peers { permanent_uuid: "c310bdc1094b4719ac9debb4917fcaa4" member_type: VOTER last_known_addr { host: "127.12.240.65" port: 38251 } } peers { permanent_uuid: "5c7075d4eaf24ef68d210d8a6a8fee8c" member_type: VOTER last_known_addr { host: "127.12.240.66" port: 44443 } } peers { permanent_uuid: "28021594fd5341239bf7ef69c4b01eec" member_type: VOTER last_known_addr { host: "127.12.240.67" port: 40889 } }
I20260710 11:09:12.725888 13579 ts_tablet_manager.cc:1434] T cd0ea632890f4381917578c94e707024 P 5c7075d4eaf24ef68d210d8a6a8fee8c: Time spent starting tablet: real 0.013s	user 0.006s	sys 0.000s
I20260710 11:09:12.726830 13577 tablet_bootstrap.cc:492] T a3c57daaea3c45dab6a4c8ab395fae58 P 28021594fd5341239bf7ef69c4b01eec: No bootstrap required, opened a new log
I20260710 11:09:12.726734 13598 raft_consensus.cc:515] T 58eae67824044173888c6f7d219f268f P c310bdc1094b4719ac9debb4917fcaa4 [term 1 FOLLOWER]: Starting leader election with config: opid_index: -1 OBSOLETE_local: false peers { permanent_uuid: "c310bdc1094b4719ac9debb4917fcaa4" member_type: VOTER last_known_addr { host: "127.12.240.65" port: 38251 } } peers { permanent_uuid: "5c7075d4eaf24ef68d210d8a6a8fee8c" member_type: VOTER last_known_addr { host: "127.12.240.66" port: 44443 } } peers { permanent_uuid: "28021594fd5341239bf7ef69c4b01eec" member_type: VOTER last_known_addr { host: "127.12.240.67" port: 40889 } }
I20260710 11:09:12.727277 13577 ts_tablet_manager.cc:1403] T a3c57daaea3c45dab6a4c8ab395fae58 P 28021594fd5341239bf7ef69c4b01eec: Time spent bootstrapping tablet: real 0.046s	user 0.003s	sys 0.007s
I20260710 11:09:12.728826 13598 leader_election.cc:290] T 58eae67824044173888c6f7d219f268f P c310bdc1094b4719ac9debb4917fcaa4 [CANDIDATE]: Term 1 election: Requested vote from peers 5c7075d4eaf24ef68d210d8a6a8fee8c (127.12.240.66:44443), 28021594fd5341239bf7ef69c4b01eec (127.12.240.67:40889)
I20260710 11:09:12.731818 13617 raft_consensus.cc:515] T e66e416d268141c29a5ee8ebd94cd529 P c310bdc1094b4719ac9debb4917fcaa4 [term 1 FOLLOWER]: Starting leader election with config: opid_index: -1 OBSOLETE_local: false peers { permanent_uuid: "c310bdc1094b4719ac9debb4917fcaa4" member_type: VOTER last_known_addr { host: "127.12.240.65" port: 38251 } } peers { permanent_uuid: "5c7075d4eaf24ef68d210d8a6a8fee8c" member_type: VOTER last_known_addr { host: "127.12.240.66" port: 44443 } } peers { permanent_uuid: "28021594fd5341239bf7ef69c4b01eec" member_type: VOTER last_known_addr { host: "127.12.240.67" port: 40889 } }
I20260710 11:09:12.736068 13383 tablet_service.cc:1917] Received RequestConsensusVote() RPC: tablet_id: "58eae67824044173888c6f7d219f268f" candidate_uuid: "5c7075d4eaf24ef68d210d8a6a8fee8c" candidate_term: 1 candidate_status { last_received { term: 0 index: 0 } } ignore_live_leader: false dest_uuid: "c310bdc1094b4719ac9debb4917fcaa4" is_pre_election: true
I20260710 11:09:12.736846 13383 raft_consensus.cc:2393] T 58eae67824044173888c6f7d219f268f P c310bdc1094b4719ac9debb4917fcaa4 [term 1 FOLLOWER]: Leader pre-election vote request: Denying vote to candidate 5c7075d4eaf24ef68d210d8a6a8fee8c in current term 1: Already voted for candidate c310bdc1094b4719ac9debb4917fcaa4 in this term.
I20260710 11:09:12.737759 13617 leader_election.cc:290] T e66e416d268141c29a5ee8ebd94cd529 P c310bdc1094b4719ac9debb4917fcaa4 [CANDIDATE]: Term 1 election: Requested vote from peers 5c7075d4eaf24ef68d210d8a6a8fee8c (127.12.240.66:44443), 28021594fd5341239bf7ef69c4b01eec (127.12.240.67:40889)
I20260710 11:09:12.737764 13384 tablet_service.cc:1917] Received RequestConsensusVote() RPC: tablet_id: "d6a24e23ec9f47e58ad06712b0f09018" candidate_uuid: "5c7075d4eaf24ef68d210d8a6a8fee8c" candidate_term: 1 candidate_status { last_received { term: 0 index: 0 } } ignore_live_leader: false dest_uuid: "c310bdc1094b4719ac9debb4917fcaa4" is_pre_election: true
I20260710 11:09:12.730233 13531 tablet_service.cc:1917] Received RequestConsensusVote() RPC: tablet_id: "58eae67824044173888c6f7d219f268f" candidate_uuid: "c310bdc1094b4719ac9debb4917fcaa4" candidate_term: 1 candidate_status { last_received { term: 0 index: 0 } } ignore_live_leader: false dest_uuid: "28021594fd5341239bf7ef69c4b01eec"
I20260710 11:09:12.732525 13577 raft_consensus.cc:359] T a3c57daaea3c45dab6a4c8ab395fae58 P 28021594fd5341239bf7ef69c4b01eec [term 0 FOLLOWER]: Replica starting. Triggering 0 pending ops. Active config: opid_index: -1 OBSOLETE_local: false peers { permanent_uuid: "c310bdc1094b4719ac9debb4917fcaa4" member_type: VOTER last_known_addr { host: "127.12.240.65" port: 38251 } } peers { permanent_uuid: "5c7075d4eaf24ef68d210d8a6a8fee8c" member_type: VOTER last_known_addr { host: "127.12.240.66" port: 44443 } } peers { permanent_uuid: "28021594fd5341239bf7ef69c4b01eec" member_type: VOTER last_known_addr { host: "127.12.240.67" port: 40889 } }
I20260710 11:09:12.738628 13577 raft_consensus.cc:385] T a3c57daaea3c45dab6a4c8ab395fae58 P 28021594fd5341239bf7ef69c4b01eec [term 0 FOLLOWER]: Consensus starting up: Expiring failure detector timer to make a prompt election more likely
I20260710 11:09:12.738780 13384 raft_consensus.cc:2393] T d6a24e23ec9f47e58ad06712b0f09018 P c310bdc1094b4719ac9debb4917fcaa4 [term 1 FOLLOWER]: Leader pre-election vote request: Denying vote to candidate 5c7075d4eaf24ef68d210d8a6a8fee8c in current term 1: Already voted for candidate 28021594fd5341239bf7ef69c4b01eec in this term.
I20260710 11:09:12.738930 13577 raft_consensus.cc:740] T a3c57daaea3c45dab6a4c8ab395fae58 P 28021594fd5341239bf7ef69c4b01eec [term 0 FOLLOWER]: Becoming Follower/Learner. State: Replica: 28021594fd5341239bf7ef69c4b01eec, State: Initialized, Role: FOLLOWER
W20260710 11:09:12.739383 13350 leader_election.cc:343] T 58eae67824044173888c6f7d219f268f P c310bdc1094b4719ac9debb4917fcaa4 [CANDIDATE]: Term 1 election: Tablet error from VoteRequest() call to peer 28021594fd5341239bf7ef69c4b01eec (127.12.240.67:40889): Illegal state: must be running to vote when last-logged opid is not known
I20260710 11:09:12.737972 13532 tablet_service.cc:1917] Received RequestConsensusVote() RPC: tablet_id: "e66e416d268141c29a5ee8ebd94cd529" candidate_uuid: "c310bdc1094b4719ac9debb4917fcaa4" candidate_term: 1 candidate_status { last_received { term: 0 index: 0 } } ignore_live_leader: false dest_uuid: "28021594fd5341239bf7ef69c4b01eec"
I20260710 11:09:12.740039 13532 raft_consensus.cc:3060] T e66e416d268141c29a5ee8ebd94cd529 P 28021594fd5341239bf7ef69c4b01eec [term 0 FOLLOWER]: Advancing to term 1
I20260710 11:09:12.739665 13577 consensus_queue.cc:260] T a3c57daaea3c45dab6a4c8ab395fae58 P 28021594fd5341239bf7ef69c4b01eec [NON_LEADER]: Queue going to NON_LEADER mode. State: All replicated index: 0, Majority replicated index: 0, Committed index: 0, Last appended: 0.0, Last appended by leader: 0, Current term: 0, Majority size: -1, State: 0, Mode: NON_LEADER, active raft config: opid_index: -1 OBSOLETE_local: false peers { permanent_uuid: "c310bdc1094b4719ac9debb4917fcaa4" member_type: VOTER last_known_addr { host: "127.12.240.65" port: 38251 } } peers { permanent_uuid: "5c7075d4eaf24ef68d210d8a6a8fee8c" member_type: VOTER last_known_addr { host: "127.12.240.66" port: 44443 } } peers { permanent_uuid: "28021594fd5341239bf7ef69c4b01eec" member_type: VOTER last_known_addr { host: "127.12.240.67" port: 40889 } }
I20260710 11:09:12.740365 13422 leader_election.cc:304] T 58eae67824044173888c6f7d219f268f P 5c7075d4eaf24ef68d210d8a6a8fee8c [CANDIDATE]: Term 1 pre-election: Election decided. Result: candidate lost. Election summary: received 3 responses out of 3 voters: 1 yes votes; 2 no votes. yes voters: 5c7075d4eaf24ef68d210d8a6a8fee8c; no voters: 28021594fd5341239bf7ef69c4b01eec, c310bdc1094b4719ac9debb4917fcaa4
I20260710 11:09:12.741572 13422 leader_election.cc:304] T d6a24e23ec9f47e58ad06712b0f09018 P 5c7075d4eaf24ef68d210d8a6a8fee8c [CANDIDATE]: Term 1 pre-election: Election decided. Result: candidate lost. Election summary: received 3 responses out of 3 voters: 1 yes votes; 2 no votes. yes voters: 5c7075d4eaf24ef68d210d8a6a8fee8c; no voters: 28021594fd5341239bf7ef69c4b01eec, c310bdc1094b4719ac9debb4917fcaa4
I20260710 11:09:12.742103 13577 ts_tablet_manager.cc:1434] T a3c57daaea3c45dab6a4c8ab395fae58 P 28021594fd5341239bf7ef69c4b01eec: Time spent starting tablet: real 0.014s	user 0.005s	sys 0.001s
I20260710 11:09:12.742445 13586 raft_consensus.cc:3060] T 58eae67824044173888c6f7d219f268f P 5c7075d4eaf24ef68d210d8a6a8fee8c [term 0 FOLLOWER]: Advancing to term 1
I20260710 11:09:12.743005 13577 tablet_bootstrap.cc:492] T d266738a51334ede8843c5d9fd200908 P 28021594fd5341239bf7ef69c4b01eec: Bootstrap starting.
I20260710 11:09:12.746413 13532 raft_consensus.cc:2468] T e66e416d268141c29a5ee8ebd94cd529 P 28021594fd5341239bf7ef69c4b01eec [term 1 FOLLOWER]: Leader election vote request: Granting yes vote for candidate c310bdc1094b4719ac9debb4917fcaa4 in term 1.
I20260710 11:09:12.747478 13350 leader_election.cc:304] T e66e416d268141c29a5ee8ebd94cd529 P c310bdc1094b4719ac9debb4917fcaa4 [CANDIDATE]: Term 1 election: Election decided. Result: candidate won. Election summary: received 2 responses out of 3 voters: 2 yes votes; 0 no votes. yes voters: 28021594fd5341239bf7ef69c4b01eec, c310bdc1094b4719ac9debb4917fcaa4; no voters: 
I20260710 11:09:12.748194 13617 raft_consensus.cc:2804] T e66e416d268141c29a5ee8ebd94cd529 P c310bdc1094b4719ac9debb4917fcaa4 [term 1 FOLLOWER]: Leader election won for term 1
I20260710 11:09:12.748559 13617 raft_consensus.cc:697] T e66e416d268141c29a5ee8ebd94cd529 P c310bdc1094b4719ac9debb4917fcaa4 [term 1 LEADER]: Becoming Leader. State: Replica: c310bdc1094b4719ac9debb4917fcaa4, State: Running, Role: LEADER
I20260710 11:09:12.736876 13459 tablet_service.cc:1917] Received RequestConsensusVote() RPC: tablet_id: "e66e416d268141c29a5ee8ebd94cd529" candidate_uuid: "c310bdc1094b4719ac9debb4917fcaa4" candidate_term: 1 candidate_status { last_received { term: 0 index: 0 } } ignore_live_leader: false dest_uuid: "5c7075d4eaf24ef68d210d8a6a8fee8c"
I20260710 11:09:12.749169 13617 consensus_queue.cc:237] T e66e416d268141c29a5ee8ebd94cd529 P c310bdc1094b4719ac9debb4917fcaa4 [LEADER]: Queue going to LEADER mode. State: All replicated index: 0, Majority replicated index: 0, Committed index: 0, Last appended: 0.0, Last appended by leader: 0, Current term: 1, Majority size: 2, State: 0, Mode: LEADER, active raft config: opid_index: -1 OBSOLETE_local: false peers { permanent_uuid: "c310bdc1094b4719ac9debb4917fcaa4" member_type: VOTER last_known_addr { host: "127.12.240.65" port: 38251 } } peers { permanent_uuid: "5c7075d4eaf24ef68d210d8a6a8fee8c" member_type: VOTER last_known_addr { host: "127.12.240.66" port: 44443 } } peers { permanent_uuid: "28021594fd5341239bf7ef69c4b01eec" member_type: VOTER last_known_addr { host: "127.12.240.67" port: 40889 } }
I20260710 11:09:12.750190 13459 raft_consensus.cc:3060] T e66e416d268141c29a5ee8ebd94cd529 P 5c7075d4eaf24ef68d210d8a6a8fee8c [term 0 FOLLOWER]: Advancing to term 1
I20260710 11:09:12.752857 13624 raft_consensus.cc:3060] T d6a24e23ec9f47e58ad06712b0f09018 P 5c7075d4eaf24ef68d210d8a6a8fee8c [term 0 FOLLOWER]: Advancing to term 1
I20260710 11:09:12.729486 13458 tablet_service.cc:1917] Received RequestConsensusVote() RPC: tablet_id: "58eae67824044173888c6f7d219f268f" candidate_uuid: "c310bdc1094b4719ac9debb4917fcaa4" candidate_term: 1 candidate_status { last_received { term: 0 index: 0 } } ignore_live_leader: false dest_uuid: "5c7075d4eaf24ef68d210d8a6a8fee8c"
I20260710 11:09:12.755388 13577 tablet_bootstrap.cc:654] T d266738a51334ede8843c5d9fd200908 P 28021594fd5341239bf7ef69c4b01eec: Neither blocks nor log segments found. Creating new log.
I20260710 11:09:12.758245 13459 raft_consensus.cc:2468] T e66e416d268141c29a5ee8ebd94cd529 P 5c7075d4eaf24ef68d210d8a6a8fee8c [term 1 FOLLOWER]: Leader election vote request: Granting yes vote for candidate c310bdc1094b4719ac9debb4917fcaa4 in term 1.
I20260710 11:09:12.759582 13624 raft_consensus.cc:2749] T d6a24e23ec9f47e58ad06712b0f09018 P 5c7075d4eaf24ef68d210d8a6a8fee8c [term 1 FOLLOWER]: Leader pre-election lost for term 1. Reason: could not achieve majority
I20260710 11:09:12.759863 13586 raft_consensus.cc:2749] T 58eae67824044173888c6f7d219f268f P 5c7075d4eaf24ef68d210d8a6a8fee8c [term 1 FOLLOWER]: Leader pre-election lost for term 1. Reason: could not achieve majority
I20260710 11:09:12.761040 13624 raft_consensus.cc:493] T a3c57daaea3c45dab6a4c8ab395fae58 P 5c7075d4eaf24ef68d210d8a6a8fee8c [term 0 FOLLOWER]: Starting pre-election (no leader contacted us within the election timeout)
I20260710 11:09:12.761484 13624 raft_consensus.cc:515] T a3c57daaea3c45dab6a4c8ab395fae58 P 5c7075d4eaf24ef68d210d8a6a8fee8c [term 0 FOLLOWER]: Starting pre-election with config: opid_index: -1 OBSOLETE_local: false peers { permanent_uuid: "c310bdc1094b4719ac9debb4917fcaa4" member_type: VOTER last_known_addr { host: "127.12.240.65" port: 38251 } } peers { permanent_uuid: "5c7075d4eaf24ef68d210d8a6a8fee8c" member_type: VOTER last_known_addr { host: "127.12.240.66" port: 44443 } } peers { permanent_uuid: "28021594fd5341239bf7ef69c4b01eec" member_type: VOTER last_known_addr { host: "127.12.240.67" port: 40889 } }
I20260710 11:09:12.763531 13624 leader_election.cc:290] T a3c57daaea3c45dab6a4c8ab395fae58 P 5c7075d4eaf24ef68d210d8a6a8fee8c [CANDIDATE]: Term 1 pre-election: Requested pre-vote from peers c310bdc1094b4719ac9debb4917fcaa4 (127.12.240.65:38251), 28021594fd5341239bf7ef69c4b01eec (127.12.240.67:40889)
I20260710 11:09:12.765056 13384 tablet_service.cc:1917] Received RequestConsensusVote() RPC: tablet_id: "a3c57daaea3c45dab6a4c8ab395fae58" candidate_uuid: "5c7075d4eaf24ef68d210d8a6a8fee8c" candidate_term: 1 candidate_status { last_received { term: 0 index: 0 } } ignore_live_leader: false dest_uuid: "c310bdc1094b4719ac9debb4917fcaa4" is_pre_election: true
I20260710 11:09:12.765703 13384 raft_consensus.cc:2468] T a3c57daaea3c45dab6a4c8ab395fae58 P c310bdc1094b4719ac9debb4917fcaa4 [term 0 FOLLOWER]: Leader pre-election vote request: Granting yes vote for candidate 5c7075d4eaf24ef68d210d8a6a8fee8c in term 0.
I20260710 11:09:12.766881 13422 leader_election.cc:304] T a3c57daaea3c45dab6a4c8ab395fae58 P 5c7075d4eaf24ef68d210d8a6a8fee8c [CANDIDATE]: Term 1 pre-election: Election decided. Result: candidate won. Election summary: received 2 responses out of 3 voters: 2 yes votes; 0 no votes. yes voters: 5c7075d4eaf24ef68d210d8a6a8fee8c, c310bdc1094b4719ac9debb4917fcaa4; no voters: 
I20260710 11:09:12.767763 13624 raft_consensus.cc:2804] T a3c57daaea3c45dab6a4c8ab395fae58 P 5c7075d4eaf24ef68d210d8a6a8fee8c [term 0 FOLLOWER]: Leader pre-election won for term 1
I20260710 11:09:12.768193 13624 raft_consensus.cc:493] T a3c57daaea3c45dab6a4c8ab395fae58 P 5c7075d4eaf24ef68d210d8a6a8fee8c [term 0 FOLLOWER]: Starting leader election (no leader contacted us within the election timeout)
I20260710 11:09:12.768558 13624 raft_consensus.cc:3060] T a3c57daaea3c45dab6a4c8ab395fae58 P 5c7075d4eaf24ef68d210d8a6a8fee8c [term 0 FOLLOWER]: Advancing to term 1
I20260710 11:09:12.769985 13458 raft_consensus.cc:2468] T 58eae67824044173888c6f7d219f268f P 5c7075d4eaf24ef68d210d8a6a8fee8c [term 1 FOLLOWER]: Leader election vote request: Granting yes vote for candidate c310bdc1094b4719ac9debb4917fcaa4 in term 1.
I20260710 11:09:12.772653 13577 tablet_bootstrap.cc:492] T d266738a51334ede8843c5d9fd200908 P 28021594fd5341239bf7ef69c4b01eec: No bootstrap required, opened a new log
I20260710 11:09:12.773082 13577 ts_tablet_manager.cc:1403] T d266738a51334ede8843c5d9fd200908 P 28021594fd5341239bf7ef69c4b01eec: Time spent bootstrapping tablet: real 0.030s	user 0.012s	sys 0.003s
I20260710 11:09:12.774665 13349 leader_election.cc:304] T 58eae67824044173888c6f7d219f268f P c310bdc1094b4719ac9debb4917fcaa4 [CANDIDATE]: Term 1 election: Election decided. Result: candidate won. Election summary: received 3 responses out of 3 voters: 2 yes votes; 1 no votes. yes voters: 5c7075d4eaf24ef68d210d8a6a8fee8c, c310bdc1094b4719ac9debb4917fcaa4; no voters: 28021594fd5341239bf7ef69c4b01eec
I20260710 11:09:12.776120 13598 raft_consensus.cc:2804] T 58eae67824044173888c6f7d219f268f P c310bdc1094b4719ac9debb4917fcaa4 [term 1 FOLLOWER]: Leader election won for term 1
I20260710 11:09:12.776541 13598 raft_consensus.cc:697] T 58eae67824044173888c6f7d219f268f P c310bdc1094b4719ac9debb4917fcaa4 [term 1 LEADER]: Becoming Leader. State: Replica: c310bdc1094b4719ac9debb4917fcaa4, State: Running, Role: LEADER
I20260710 11:09:12.776892 13532 tablet_service.cc:1917] Received RequestConsensusVote() RPC: tablet_id: "a3c57daaea3c45dab6a4c8ab395fae58" candidate_uuid: "5c7075d4eaf24ef68d210d8a6a8fee8c" candidate_term: 1 candidate_status { last_received { term: 0 index: 0 } } ignore_live_leader: false dest_uuid: "28021594fd5341239bf7ef69c4b01eec" is_pre_election: true
I20260710 11:09:12.777493 13532 raft_consensus.cc:2468] T a3c57daaea3c45dab6a4c8ab395fae58 P 28021594fd5341239bf7ef69c4b01eec [term 0 FOLLOWER]: Leader pre-election vote request: Granting yes vote for candidate 5c7075d4eaf24ef68d210d8a6a8fee8c in term 0.
I20260710 11:09:12.777290 13598 consensus_queue.cc:237] T 58eae67824044173888c6f7d219f268f P c310bdc1094b4719ac9debb4917fcaa4 [LEADER]: Queue going to LEADER mode. State: All replicated index: 0, Majority replicated index: 0, Committed index: 0, Last appended: 0.0, Last appended by leader: 0, Current term: 1, Majority size: 2, State: 0, Mode: LEADER, active raft config: opid_index: -1 OBSOLETE_local: false peers { permanent_uuid: "c310bdc1094b4719ac9debb4917fcaa4" member_type: VOTER last_known_addr { host: "127.12.240.65" port: 38251 } } peers { permanent_uuid: "5c7075d4eaf24ef68d210d8a6a8fee8c" member_type: VOTER last_known_addr { host: "127.12.240.66" port: 44443 } } peers { permanent_uuid: "28021594fd5341239bf7ef69c4b01eec" member_type: VOTER last_known_addr { host: "127.12.240.67" port: 40889 } }
I20260710 11:09:12.777832 13577 raft_consensus.cc:359] T d266738a51334ede8843c5d9fd200908 P 28021594fd5341239bf7ef69c4b01eec [term 0 FOLLOWER]: Replica starting. Triggering 0 pending ops. Active config: opid_index: -1 OBSOLETE_local: false peers { permanent_uuid: "c310bdc1094b4719ac9debb4917fcaa4" member_type: VOTER last_known_addr { host: "127.12.240.65" port: 38251 } } peers { permanent_uuid: "5c7075d4eaf24ef68d210d8a6a8fee8c" member_type: VOTER last_known_addr { host: "127.12.240.66" port: 44443 } } peers { permanent_uuid: "28021594fd5341239bf7ef69c4b01eec" member_type: VOTER last_known_addr { host: "127.12.240.67" port: 40889 } }
I20260710 11:09:12.778710 13577 raft_consensus.cc:385] T d266738a51334ede8843c5d9fd200908 P 28021594fd5341239bf7ef69c4b01eec [term 0 FOLLOWER]: Consensus starting up: Expiring failure detector timer to make a prompt election more likely
I20260710 11:09:12.778978 13577 raft_consensus.cc:740] T d266738a51334ede8843c5d9fd200908 P 28021594fd5341239bf7ef69c4b01eec [term 0 FOLLOWER]: Becoming Follower/Learner. State: Replica: 28021594fd5341239bf7ef69c4b01eec, State: Initialized, Role: FOLLOWER
I20260710 11:09:12.779582 13577 consensus_queue.cc:260] T d266738a51334ede8843c5d9fd200908 P 28021594fd5341239bf7ef69c4b01eec [NON_LEADER]: Queue going to NON_LEADER mode. State: All replicated index: 0, Majority replicated index: 0, Committed index: 0, Last appended: 0.0, Last appended by leader: 0, Current term: 0, Majority size: -1, State: 0, Mode: NON_LEADER, active raft config: opid_index: -1 OBSOLETE_local: false peers { permanent_uuid: "c310bdc1094b4719ac9debb4917fcaa4" member_type: VOTER last_known_addr { host: "127.12.240.65" port: 38251 } } peers { permanent_uuid: "5c7075d4eaf24ef68d210d8a6a8fee8c" member_type: VOTER last_known_addr { host: "127.12.240.66" port: 44443 } } peers { permanent_uuid: "28021594fd5341239bf7ef69c4b01eec" member_type: VOTER last_known_addr { host: "127.12.240.67" port: 40889 } }
I20260710 11:09:12.781838 13625 raft_consensus.cc:493] T f8f06d44350c40a78457a0cb34aa5ded P 5c7075d4eaf24ef68d210d8a6a8fee8c [term 0 FOLLOWER]: Starting pre-election (no leader contacted us within the election timeout)
I20260710 11:09:12.782349 13625 raft_consensus.cc:515] T f8f06d44350c40a78457a0cb34aa5ded P 5c7075d4eaf24ef68d210d8a6a8fee8c [term 0 FOLLOWER]: Starting pre-election with config: opid_index: -1 OBSOLETE_local: false peers { permanent_uuid: "28021594fd5341239bf7ef69c4b01eec" member_type: VOTER last_known_addr { host: "127.12.240.67" port: 40889 } } peers { permanent_uuid: "c310bdc1094b4719ac9debb4917fcaa4" member_type: VOTER last_known_addr { host: "127.12.240.65" port: 38251 } } peers { permanent_uuid: "5c7075d4eaf24ef68d210d8a6a8fee8c" member_type: VOTER last_known_addr { host: "127.12.240.66" port: 44443 } }
I20260710 11:09:12.783243 13577 ts_tablet_manager.cc:1434] T d266738a51334ede8843c5d9fd200908 P 28021594fd5341239bf7ef69c4b01eec: Time spent starting tablet: real 0.010s	user 0.007s	sys 0.000s
I20260710 11:09:12.784087 13577 tablet_bootstrap.cc:492] T 58eae67824044173888c6f7d219f268f P 28021594fd5341239bf7ef69c4b01eec: Bootstrap starting.
I20260710 11:09:12.784540 13625 leader_election.cc:290] T f8f06d44350c40a78457a0cb34aa5ded P 5c7075d4eaf24ef68d210d8a6a8fee8c [CANDIDATE]: Term 1 pre-election: Requested pre-vote from peers 28021594fd5341239bf7ef69c4b01eec (127.12.240.67:40889), c310bdc1094b4719ac9debb4917fcaa4 (127.12.240.65:38251)
I20260710 11:09:12.786440 13532 tablet_service.cc:1917] Received RequestConsensusVote() RPC: tablet_id: "f8f06d44350c40a78457a0cb34aa5ded" candidate_uuid: "5c7075d4eaf24ef68d210d8a6a8fee8c" candidate_term: 1 candidate_status { last_received { term: 0 index: 0 } } ignore_live_leader: false dest_uuid: "28021594fd5341239bf7ef69c4b01eec" is_pre_election: true
I20260710 11:09:12.786988 13532 raft_consensus.cc:2468] T f8f06d44350c40a78457a0cb34aa5ded P 28021594fd5341239bf7ef69c4b01eec [term 0 FOLLOWER]: Leader pre-election vote request: Granting yes vote for candidate 5c7075d4eaf24ef68d210d8a6a8fee8c in term 0.
I20260710 11:09:12.780809 13281 catalog_manager.cc:5697] T e66e416d268141c29a5ee8ebd94cd529 P c310bdc1094b4719ac9debb4917fcaa4 reported cstate change: term changed from 0 to 1, leader changed from <none> to c310bdc1094b4719ac9debb4917fcaa4 (127.12.240.65). New cstate: current_term: 1 leader_uuid: "c310bdc1094b4719ac9debb4917fcaa4" committed_config { opid_index: -1 OBSOLETE_local: false peers { permanent_uuid: "c310bdc1094b4719ac9debb4917fcaa4" member_type: VOTER last_known_addr { host: "127.12.240.65" port: 38251 } health_report { overall_health: HEALTHY } } peers { permanent_uuid: "5c7075d4eaf24ef68d210d8a6a8fee8c" member_type: VOTER last_known_addr { host: "127.12.240.66" port: 44443 } health_report { overall_health: UNKNOWN } } peers { permanent_uuid: "28021594fd5341239bf7ef69c4b01eec" member_type: VOTER last_known_addr { host: "127.12.240.67" port: 40889 } health_report { overall_health: UNKNOWN } } }
I20260710 11:09:12.789489 13577 tablet_bootstrap.cc:654] T 58eae67824044173888c6f7d219f268f P 28021594fd5341239bf7ef69c4b01eec: Neither blocks nor log segments found. Creating new log.
I20260710 11:09:12.790386 13384 tablet_service.cc:1917] Received RequestConsensusVote() RPC: tablet_id: "f8f06d44350c40a78457a0cb34aa5ded" candidate_uuid: "5c7075d4eaf24ef68d210d8a6a8fee8c" candidate_term: 1 candidate_status { last_received { term: 0 index: 0 } } ignore_live_leader: false dest_uuid: "c310bdc1094b4719ac9debb4917fcaa4" is_pre_election: true
I20260710 11:09:12.790933 13384 raft_consensus.cc:2468] T f8f06d44350c40a78457a0cb34aa5ded P c310bdc1094b4719ac9debb4917fcaa4 [term 0 FOLLOWER]: Leader pre-election vote request: Granting yes vote for candidate 5c7075d4eaf24ef68d210d8a6a8fee8c in term 0.
I20260710 11:09:12.792796 13422 leader_election.cc:304] T f8f06d44350c40a78457a0cb34aa5ded P 5c7075d4eaf24ef68d210d8a6a8fee8c [CANDIDATE]: Term 1 pre-election: Election decided. Result: candidate won. Election summary: received 2 responses out of 3 voters: 2 yes votes; 0 no votes. yes voters: 5c7075d4eaf24ef68d210d8a6a8fee8c, c310bdc1094b4719ac9debb4917fcaa4; no voters: 
I20260710 11:09:12.795913 13625 raft_consensus.cc:2804] T f8f06d44350c40a78457a0cb34aa5ded P 5c7075d4eaf24ef68d210d8a6a8fee8c [term 0 FOLLOWER]: Leader pre-election won for term 1
I20260710 11:09:12.796247 13625 raft_consensus.cc:493] T f8f06d44350c40a78457a0cb34aa5ded P 5c7075d4eaf24ef68d210d8a6a8fee8c [term 0 FOLLOWER]: Starting leader election (no leader contacted us within the election timeout)
I20260710 11:09:12.796574 13625 raft_consensus.cc:3060] T f8f06d44350c40a78457a0cb34aa5ded P 5c7075d4eaf24ef68d210d8a6a8fee8c [term 0 FOLLOWER]: Advancing to term 1
I20260710 11:09:12.797883 13586 raft_consensus.cc:493] T d9118d5f0f8744d6b121c46705a4e0d5 P 5c7075d4eaf24ef68d210d8a6a8fee8c [term 0 FOLLOWER]: Starting pre-election (no leader contacted us within the election timeout)
I20260710 11:09:12.798316 13586 raft_consensus.cc:515] T d9118d5f0f8744d6b121c46705a4e0d5 P 5c7075d4eaf24ef68d210d8a6a8fee8c [term 0 FOLLOWER]: Starting pre-election with config: opid_index: -1 OBSOLETE_local: false peers { permanent_uuid: "c310bdc1094b4719ac9debb4917fcaa4" member_type: VOTER last_known_addr { host: "127.12.240.65" port: 38251 } } peers { permanent_uuid: "5c7075d4eaf24ef68d210d8a6a8fee8c" member_type: VOTER last_known_addr { host: "127.12.240.66" port: 44443 } } peers { permanent_uuid: "28021594fd5341239bf7ef69c4b01eec" member_type: VOTER last_known_addr { host: "127.12.240.67" port: 40889 } }
I20260710 11:09:12.800199 13586 leader_election.cc:290] T d9118d5f0f8744d6b121c46705a4e0d5 P 5c7075d4eaf24ef68d210d8a6a8fee8c [CANDIDATE]: Term 1 pre-election: Requested pre-vote from peers c310bdc1094b4719ac9debb4917fcaa4 (127.12.240.65:38251), 28021594fd5341239bf7ef69c4b01eec (127.12.240.67:40889)
I20260710 11:09:12.801054 13384 tablet_service.cc:1917] Received RequestConsensusVote() RPC: tablet_id: "d9118d5f0f8744d6b121c46705a4e0d5" candidate_uuid: "5c7075d4eaf24ef68d210d8a6a8fee8c" candidate_term: 1 candidate_status { last_received { term: 0 index: 0 } } ignore_live_leader: false dest_uuid: "c310bdc1094b4719ac9debb4917fcaa4" is_pre_election: true
I20260710 11:09:12.801298 13532 tablet_service.cc:1917] Received RequestConsensusVote() RPC: tablet_id: "d9118d5f0f8744d6b121c46705a4e0d5" candidate_uuid: "5c7075d4eaf24ef68d210d8a6a8fee8c" candidate_term: 1 candidate_status { last_received { term: 0 index: 0 } } ignore_live_leader: false dest_uuid: "28021594fd5341239bf7ef69c4b01eec" is_pre_election: true
I20260710 11:09:12.801626 13384 raft_consensus.cc:2468] T d9118d5f0f8744d6b121c46705a4e0d5 P c310bdc1094b4719ac9debb4917fcaa4 [term 0 FOLLOWER]: Leader pre-election vote request: Granting yes vote for candidate 5c7075d4eaf24ef68d210d8a6a8fee8c in term 0.
I20260710 11:09:12.801817 13532 raft_consensus.cc:2468] T d9118d5f0f8744d6b121c46705a4e0d5 P 28021594fd5341239bf7ef69c4b01eec [term 0 FOLLOWER]: Leader pre-election vote request: Granting yes vote for candidate 5c7075d4eaf24ef68d210d8a6a8fee8c in term 0.
I20260710 11:09:12.802804 13422 leader_election.cc:304] T d9118d5f0f8744d6b121c46705a4e0d5 P 5c7075d4eaf24ef68d210d8a6a8fee8c [CANDIDATE]: Term 1 pre-election: Election decided. Result: candidate won. Election summary: received 2 responses out of 3 voters: 2 yes votes; 0 no votes. yes voters: 5c7075d4eaf24ef68d210d8a6a8fee8c, c310bdc1094b4719ac9debb4917fcaa4; no voters: 
I20260710 11:09:12.803706 13586 raft_consensus.cc:2804] T d9118d5f0f8744d6b121c46705a4e0d5 P 5c7075d4eaf24ef68d210d8a6a8fee8c [term 0 FOLLOWER]: Leader pre-election won for term 1
I20260710 11:09:12.804052 13586 raft_consensus.cc:493] T d9118d5f0f8744d6b121c46705a4e0d5 P 5c7075d4eaf24ef68d210d8a6a8fee8c [term 0 FOLLOWER]: Starting leader election (no leader contacted us within the election timeout)
I20260710 11:09:12.804375 13586 raft_consensus.cc:3060] T d9118d5f0f8744d6b121c46705a4e0d5 P 5c7075d4eaf24ef68d210d8a6a8fee8c [term 0 FOLLOWER]: Advancing to term 1
I20260710 11:09:12.805912 13577 tablet_bootstrap.cc:492] T 58eae67824044173888c6f7d219f268f P 28021594fd5341239bf7ef69c4b01eec: No bootstrap required, opened a new log
I20260710 11:09:12.806301 13577 ts_tablet_manager.cc:1403] T 58eae67824044173888c6f7d219f268f P 28021594fd5341239bf7ef69c4b01eec: Time spent bootstrapping tablet: real 0.022s	user 0.010s	sys 0.007s
I20260710 11:09:12.807715 13625 raft_consensus.cc:515] T f8f06d44350c40a78457a0cb34aa5ded P 5c7075d4eaf24ef68d210d8a6a8fee8c [term 1 FOLLOWER]: Starting leader election with config: opid_index: -1 OBSOLETE_local: false peers { permanent_uuid: "28021594fd5341239bf7ef69c4b01eec" member_type: VOTER last_known_addr { host: "127.12.240.67" port: 40889 } } peers { permanent_uuid: "c310bdc1094b4719ac9debb4917fcaa4" member_type: VOTER last_known_addr { host: "127.12.240.65" port: 38251 } } peers { permanent_uuid: "5c7075d4eaf24ef68d210d8a6a8fee8c" member_type: VOTER last_known_addr { host: "127.12.240.66" port: 44443 } }
I20260710 11:09:12.808688 13577 raft_consensus.cc:359] T 58eae67824044173888c6f7d219f268f P 28021594fd5341239bf7ef69c4b01eec [term 0 FOLLOWER]: Replica starting. Triggering 0 pending ops. Active config: opid_index: -1 OBSOLETE_local: false peers { permanent_uuid: "c310bdc1094b4719ac9debb4917fcaa4" member_type: VOTER last_known_addr { host: "127.12.240.65" port: 38251 } } peers { permanent_uuid: "5c7075d4eaf24ef68d210d8a6a8fee8c" member_type: VOTER last_known_addr { host: "127.12.240.66" port: 44443 } } peers { permanent_uuid: "28021594fd5341239bf7ef69c4b01eec" member_type: VOTER last_known_addr { host: "127.12.240.67" port: 40889 } }
I20260710 11:09:12.809303 13577 raft_consensus.cc:385] T 58eae67824044173888c6f7d219f268f P 28021594fd5341239bf7ef69c4b01eec [term 0 FOLLOWER]: Consensus starting up: Expiring failure detector timer to make a prompt election more likely
I20260710 11:09:12.809582 13577 raft_consensus.cc:740] T 58eae67824044173888c6f7d219f268f P 28021594fd5341239bf7ef69c4b01eec [term 0 FOLLOWER]: Becoming Follower/Learner. State: Replica: 28021594fd5341239bf7ef69c4b01eec, State: Initialized, Role: FOLLOWER
I20260710 11:09:12.810209 13577 consensus_queue.cc:260] T 58eae67824044173888c6f7d219f268f P 28021594fd5341239bf7ef69c4b01eec [NON_LEADER]: Queue going to NON_LEADER mode. State: All replicated index: 0, Majority replicated index: 0, Committed index: 0, Last appended: 0.0, Last appended by leader: 0, Current term: 0, Majority size: -1, State: 0, Mode: NON_LEADER, active raft config: opid_index: -1 OBSOLETE_local: false peers { permanent_uuid: "c310bdc1094b4719ac9debb4917fcaa4" member_type: VOTER last_known_addr { host: "127.12.240.65" port: 38251 } } peers { permanent_uuid: "5c7075d4eaf24ef68d210d8a6a8fee8c" member_type: VOTER last_known_addr { host: "127.12.240.66" port: 44443 } } peers { permanent_uuid: "28021594fd5341239bf7ef69c4b01eec" member_type: VOTER last_known_addr { host: "127.12.240.67" port: 40889 } }
I20260710 11:09:12.810491 13532 tablet_service.cc:1917] Received RequestConsensusVote() RPC: tablet_id: "f8f06d44350c40a78457a0cb34aa5ded" candidate_uuid: "5c7075d4eaf24ef68d210d8a6a8fee8c" candidate_term: 1 candidate_status { last_received { term: 0 index: 0 } } ignore_live_leader: false dest_uuid: "28021594fd5341239bf7ef69c4b01eec"
I20260710 11:09:12.811044 13532 raft_consensus.cc:3060] T f8f06d44350c40a78457a0cb34aa5ded P 28021594fd5341239bf7ef69c4b01eec [term 0 FOLLOWER]: Advancing to term 1
I20260710 11:09:12.812321 13577 ts_tablet_manager.cc:1434] T 58eae67824044173888c6f7d219f268f P 28021594fd5341239bf7ef69c4b01eec: Time spent starting tablet: real 0.006s	user 0.006s	sys 0.001s
I20260710 11:09:12.814251 13586 raft_consensus.cc:515] T d9118d5f0f8744d6b121c46705a4e0d5 P 5c7075d4eaf24ef68d210d8a6a8fee8c [term 1 FOLLOWER]: Starting leader election with config: opid_index: -1 OBSOLETE_local: false peers { permanent_uuid: "c310bdc1094b4719ac9debb4917fcaa4" member_type: VOTER last_known_addr { host: "127.12.240.65" port: 38251 } } peers { permanent_uuid: "5c7075d4eaf24ef68d210d8a6a8fee8c" member_type: VOTER last_known_addr { host: "127.12.240.66" port: 44443 } } peers { permanent_uuid: "28021594fd5341239bf7ef69c4b01eec" member_type: VOTER last_known_addr { host: "127.12.240.67" port: 40889 } }
I20260710 11:09:12.817183 13532 raft_consensus.cc:2468] T f8f06d44350c40a78457a0cb34aa5ded P 28021594fd5341239bf7ef69c4b01eec [term 1 FOLLOWER]: Leader election vote request: Granting yes vote for candidate 5c7075d4eaf24ef68d210d8a6a8fee8c in term 1.
I20260710 11:09:12.817935 13384 tablet_service.cc:1917] Received RequestConsensusVote() RPC: tablet_id: "d9118d5f0f8744d6b121c46705a4e0d5" candidate_uuid: "5c7075d4eaf24ef68d210d8a6a8fee8c" candidate_term: 1 candidate_status { last_received { term: 0 index: 0 } } ignore_live_leader: false dest_uuid: "c310bdc1094b4719ac9debb4917fcaa4"
I20260710 11:09:12.818202 13425 leader_election.cc:304] T f8f06d44350c40a78457a0cb34aa5ded P 5c7075d4eaf24ef68d210d8a6a8fee8c [CANDIDATE]: Term 1 election: Election decided. Result: candidate won. Election summary: received 2 responses out of 3 voters: 2 yes votes; 0 no votes. yes voters: 28021594fd5341239bf7ef69c4b01eec, 5c7075d4eaf24ef68d210d8a6a8fee8c; no voters: 
I20260710 11:09:12.818468 13384 raft_consensus.cc:3060] T d9118d5f0f8744d6b121c46705a4e0d5 P c310bdc1094b4719ac9debb4917fcaa4 [term 0 FOLLOWER]: Advancing to term 1
I20260710 11:09:12.820983 13625 leader_election.cc:290] T f8f06d44350c40a78457a0cb34aa5ded P 5c7075d4eaf24ef68d210d8a6a8fee8c [CANDIDATE]: Term 1 election: Requested vote from peers 28021594fd5341239bf7ef69c4b01eec (127.12.240.67:40889), c310bdc1094b4719ac9debb4917fcaa4 (127.12.240.65:38251)
I20260710 11:09:12.821509 13625 raft_consensus.cc:2804] T f8f06d44350c40a78457a0cb34aa5ded P 5c7075d4eaf24ef68d210d8a6a8fee8c [term 1 FOLLOWER]: Leader election won for term 1
I20260710 11:09:12.821918 13625 raft_consensus.cc:697] T f8f06d44350c40a78457a0cb34aa5ded P 5c7075d4eaf24ef68d210d8a6a8fee8c [term 1 LEADER]: Becoming Leader. State: Replica: 5c7075d4eaf24ef68d210d8a6a8fee8c, State: Running, Role: LEADER
I20260710 11:09:12.822017 13383 tablet_service.cc:1917] Received RequestConsensusVote() RPC: tablet_id: "f8f06d44350c40a78457a0cb34aa5ded" candidate_uuid: "5c7075d4eaf24ef68d210d8a6a8fee8c" candidate_term: 1 candidate_status { last_received { term: 0 index: 0 } } ignore_live_leader: false dest_uuid: "c310bdc1094b4719ac9debb4917fcaa4"
I20260710 11:09:12.822579 13383 raft_consensus.cc:3060] T f8f06d44350c40a78457a0cb34aa5ded P c310bdc1094b4719ac9debb4917fcaa4 [term 0 FOLLOWER]: Advancing to term 1
I20260710 11:09:12.822678 13625 consensus_queue.cc:237] T f8f06d44350c40a78457a0cb34aa5ded P 5c7075d4eaf24ef68d210d8a6a8fee8c [LEADER]: Queue going to LEADER mode. State: All replicated index: 0, Majority replicated index: 0, Committed index: 0, Last appended: 0.0, Last appended by leader: 0, Current term: 1, Majority size: 2, State: 0, Mode: LEADER, active raft config: opid_index: -1 OBSOLETE_local: false peers { permanent_uuid: "28021594fd5341239bf7ef69c4b01eec" member_type: VOTER last_known_addr { host: "127.12.240.67" port: 40889 } } peers { permanent_uuid: "c310bdc1094b4719ac9debb4917fcaa4" member_type: VOTER last_known_addr { host: "127.12.240.65" port: 38251 } } peers { permanent_uuid: "5c7075d4eaf24ef68d210d8a6a8fee8c" member_type: VOTER last_known_addr { host: "127.12.240.66" port: 44443 } }
I20260710 11:09:12.828266 13586 leader_election.cc:290] T d9118d5f0f8744d6b121c46705a4e0d5 P 5c7075d4eaf24ef68d210d8a6a8fee8c [CANDIDATE]: Term 1 election: Requested vote from peers c310bdc1094b4719ac9debb4917fcaa4 (127.12.240.65:38251), 28021594fd5341239bf7ef69c4b01eec (127.12.240.67:40889)
I20260710 11:09:12.828684 13383 raft_consensus.cc:2468] T f8f06d44350c40a78457a0cb34aa5ded P c310bdc1094b4719ac9debb4917fcaa4 [term 1 FOLLOWER]: Leader election vote request: Granting yes vote for candidate 5c7075d4eaf24ef68d210d8a6a8fee8c in term 1.
I20260710 11:09:12.829869 13532 tablet_service.cc:1917] Received RequestConsensusVote() RPC: tablet_id: "d9118d5f0f8744d6b121c46705a4e0d5" candidate_uuid: "5c7075d4eaf24ef68d210d8a6a8fee8c" candidate_term: 1 candidate_status { last_received { term: 0 index: 0 } } ignore_live_leader: false dest_uuid: "28021594fd5341239bf7ef69c4b01eec"
I20260710 11:09:12.831148 13532 raft_consensus.cc:3060] T d9118d5f0f8744d6b121c46705a4e0d5 P 28021594fd5341239bf7ef69c4b01eec [term 0 FOLLOWER]: Advancing to term 1
I20260710 11:09:12.832430 13384 raft_consensus.cc:2468] T d9118d5f0f8744d6b121c46705a4e0d5 P c310bdc1094b4719ac9debb4917fcaa4 [term 1 FOLLOWER]: Leader election vote request: Granting yes vote for candidate 5c7075d4eaf24ef68d210d8a6a8fee8c in term 1.
I20260710 11:09:12.833101 13624 raft_consensus.cc:515] T a3c57daaea3c45dab6a4c8ab395fae58 P 5c7075d4eaf24ef68d210d8a6a8fee8c [term 1 FOLLOWER]: Starting leader election with config: opid_index: -1 OBSOLETE_local: false peers { permanent_uuid: "c310bdc1094b4719ac9debb4917fcaa4" member_type: VOTER last_known_addr { host: "127.12.240.65" port: 38251 } } peers { permanent_uuid: "5c7075d4eaf24ef68d210d8a6a8fee8c" member_type: VOTER last_known_addr { host: "127.12.240.66" port: 44443 } } peers { permanent_uuid: "28021594fd5341239bf7ef69c4b01eec" member_type: VOTER last_known_addr { host: "127.12.240.67" port: 40889 } }
I20260710 11:09:12.834802 13422 leader_election.cc:304] T d9118d5f0f8744d6b121c46705a4e0d5 P 5c7075d4eaf24ef68d210d8a6a8fee8c [CANDIDATE]: Term 1 election: Election decided. Result: candidate won. Election summary: received 2 responses out of 3 voters: 2 yes votes; 0 no votes. yes voters: 5c7075d4eaf24ef68d210d8a6a8fee8c, c310bdc1094b4719ac9debb4917fcaa4; no voters: 
I20260710 11:09:12.835855 13630 raft_consensus.cc:2804] T d9118d5f0f8744d6b121c46705a4e0d5 P 5c7075d4eaf24ef68d210d8a6a8fee8c [term 1 FOLLOWER]: Leader election won for term 1
I20260710 11:09:12.836558 13630 raft_consensus.cc:697] T d9118d5f0f8744d6b121c46705a4e0d5 P 5c7075d4eaf24ef68d210d8a6a8fee8c [term 1 LEADER]: Becoming Leader. State: Replica: 5c7075d4eaf24ef68d210d8a6a8fee8c, State: Running, Role: LEADER
I20260710 11:09:12.837244 13532 raft_consensus.cc:2468] T d9118d5f0f8744d6b121c46705a4e0d5 P 28021594fd5341239bf7ef69c4b01eec [term 1 FOLLOWER]: Leader election vote request: Granting yes vote for candidate 5c7075d4eaf24ef68d210d8a6a8fee8c in term 1.
I20260710 11:09:12.838297 13384 tablet_service.cc:1917] Received RequestConsensusVote() RPC: tablet_id: "a3c57daaea3c45dab6a4c8ab395fae58" candidate_uuid: "5c7075d4eaf24ef68d210d8a6a8fee8c" candidate_term: 1 candidate_status { last_received { term: 0 index: 0 } } ignore_live_leader: false dest_uuid: "c310bdc1094b4719ac9debb4917fcaa4"
I20260710 11:09:12.837358 13630 consensus_queue.cc:237] T d9118d5f0f8744d6b121c46705a4e0d5 P 5c7075d4eaf24ef68d210d8a6a8fee8c [LEADER]: Queue going to LEADER mode. State: All replicated index: 0, Majority replicated index: 0, Committed index: 0, Last appended: 0.0, Last appended by leader: 0, Current term: 1, Majority size: 2, State: 0, Mode: LEADER, active raft config: opid_index: -1 OBSOLETE_local: false peers { permanent_uuid: "c310bdc1094b4719ac9debb4917fcaa4" member_type: VOTER last_known_addr { host: "127.12.240.65" port: 38251 } } peers { permanent_uuid: "5c7075d4eaf24ef68d210d8a6a8fee8c" member_type: VOTER last_known_addr { host: "127.12.240.66" port: 44443 } } peers { permanent_uuid: "28021594fd5341239bf7ef69c4b01eec" member_type: VOTER last_known_addr { host: "127.12.240.67" port: 40889 } }
I20260710 11:09:12.839008 13384 raft_consensus.cc:3060] T a3c57daaea3c45dab6a4c8ab395fae58 P c310bdc1094b4719ac9debb4917fcaa4 [term 0 FOLLOWER]: Advancing to term 1
I20260710 11:09:12.841568 13532 tablet_service.cc:1917] Received RequestConsensusVote() RPC: tablet_id: "a3c57daaea3c45dab6a4c8ab395fae58" candidate_uuid: "5c7075d4eaf24ef68d210d8a6a8fee8c" candidate_term: 1 candidate_status { last_received { term: 0 index: 0 } } ignore_live_leader: false dest_uuid: "28021594fd5341239bf7ef69c4b01eec"
I20260710 11:09:12.842083 13532 raft_consensus.cc:3060] T a3c57daaea3c45dab6a4c8ab395fae58 P 28021594fd5341239bf7ef69c4b01eec [term 0 FOLLOWER]: Advancing to term 1
I20260710 11:09:12.840641 13624 leader_election.cc:290] T a3c57daaea3c45dab6a4c8ab395fae58 P 5c7075d4eaf24ef68d210d8a6a8fee8c [CANDIDATE]: Term 1 election: Requested vote from peers c310bdc1094b4719ac9debb4917fcaa4 (127.12.240.65:38251), 28021594fd5341239bf7ef69c4b01eec (127.12.240.67:40889)
I20260710 11:09:12.851753 13532 raft_consensus.cc:2468] T a3c57daaea3c45dab6a4c8ab395fae58 P 28021594fd5341239bf7ef69c4b01eec [term 1 FOLLOWER]: Leader election vote request: Granting yes vote for candidate 5c7075d4eaf24ef68d210d8a6a8fee8c in term 1.
I20260710 11:09:12.852866 13425 leader_election.cc:304] T a3c57daaea3c45dab6a4c8ab395fae58 P 5c7075d4eaf24ef68d210d8a6a8fee8c [CANDIDATE]: Term 1 election: Election decided. Result: candidate won. Election summary: received 2 responses out of 3 voters: 2 yes votes; 0 no votes. yes voters: 28021594fd5341239bf7ef69c4b01eec, 5c7075d4eaf24ef68d210d8a6a8fee8c; no voters: 
I20260710 11:09:12.853616 13630 raft_consensus.cc:2804] T a3c57daaea3c45dab6a4c8ab395fae58 P 5c7075d4eaf24ef68d210d8a6a8fee8c [term 1 FOLLOWER]: Leader election won for term 1
I20260710 11:09:12.854274 13630 raft_consensus.cc:697] T a3c57daaea3c45dab6a4c8ab395fae58 P 5c7075d4eaf24ef68d210d8a6a8fee8c [term 1 LEADER]: Becoming Leader. State: Replica: 5c7075d4eaf24ef68d210d8a6a8fee8c, State: Running, Role: LEADER
I20260710 11:09:12.855152 13630 consensus_queue.cc:237] T a3c57daaea3c45dab6a4c8ab395fae58 P 5c7075d4eaf24ef68d210d8a6a8fee8c [LEADER]: Queue going to LEADER mode. State: All replicated index: 0, Majority replicated index: 0, Committed index: 0, Last appended: 0.0, Last appended by leader: 0, Current term: 1, Majority size: 2, State: 0, Mode: LEADER, active raft config: opid_index: -1 OBSOLETE_local: false peers { permanent_uuid: "c310bdc1094b4719ac9debb4917fcaa4" member_type: VOTER last_known_addr { host: "127.12.240.65" port: 38251 } } peers { permanent_uuid: "5c7075d4eaf24ef68d210d8a6a8fee8c" member_type: VOTER last_known_addr { host: "127.12.240.66" port: 44443 } } peers { permanent_uuid: "28021594fd5341239bf7ef69c4b01eec" member_type: VOTER last_known_addr { host: "127.12.240.67" port: 40889 } }
I20260710 11:09:12.857481 13279 catalog_manager.cc:5697] T 58eae67824044173888c6f7d219f268f P c310bdc1094b4719ac9debb4917fcaa4 reported cstate change: term changed from 0 to 1, leader changed from <none> to c310bdc1094b4719ac9debb4917fcaa4 (127.12.240.65). New cstate: current_term: 1 leader_uuid: "c310bdc1094b4719ac9debb4917fcaa4" committed_config { opid_index: -1 OBSOLETE_local: false peers { permanent_uuid: "c310bdc1094b4719ac9debb4917fcaa4" member_type: VOTER last_known_addr { host: "127.12.240.65" port: 38251 } health_report { overall_health: HEALTHY } } peers { permanent_uuid: "5c7075d4eaf24ef68d210d8a6a8fee8c" member_type: VOTER last_known_addr { host: "127.12.240.66" port: 44443 } health_report { overall_health: UNKNOWN } } peers { permanent_uuid: "28021594fd5341239bf7ef69c4b01eec" member_type: VOTER last_known_addr { host: "127.12.240.67" port: 40889 } health_report { overall_health: UNKNOWN } } }
I20260710 11:09:12.858403 13281 catalog_manager.cc:5697] T f8f06d44350c40a78457a0cb34aa5ded P 5c7075d4eaf24ef68d210d8a6a8fee8c reported cstate change: term changed from 0 to 1, leader changed from <none> to 5c7075d4eaf24ef68d210d8a6a8fee8c (127.12.240.66). New cstate: current_term: 1 leader_uuid: "5c7075d4eaf24ef68d210d8a6a8fee8c" committed_config { opid_index: -1 OBSOLETE_local: false peers { permanent_uuid: "28021594fd5341239bf7ef69c4b01eec" member_type: VOTER last_known_addr { host: "127.12.240.67" port: 40889 } health_report { overall_health: UNKNOWN } } peers { permanent_uuid: "c310bdc1094b4719ac9debb4917fcaa4" member_type: VOTER last_known_addr { host: "127.12.240.65" port: 38251 } health_report { overall_health: UNKNOWN } } peers { permanent_uuid: "5c7075d4eaf24ef68d210d8a6a8fee8c" member_type: VOTER last_known_addr { host: "127.12.240.66" port: 44443 } health_report { overall_health: HEALTHY } } }
I20260710 11:09:12.863047 13582 raft_consensus.cc:493] T 58eae67824044173888c6f7d219f268f P 28021594fd5341239bf7ef69c4b01eec [term 0 FOLLOWER]: Starting pre-election (no leader contacted us within the election timeout)
I20260710 11:09:12.863502 13582 raft_consensus.cc:515] T 58eae67824044173888c6f7d219f268f P 28021594fd5341239bf7ef69c4b01eec [term 0 FOLLOWER]: Starting pre-election with config: opid_index: -1 OBSOLETE_local: false peers { permanent_uuid: "c310bdc1094b4719ac9debb4917fcaa4" member_type: VOTER last_known_addr { host: "127.12.240.65" port: 38251 } } peers { permanent_uuid: "5c7075d4eaf24ef68d210d8a6a8fee8c" member_type: VOTER last_known_addr { host: "127.12.240.66" port: 44443 } } peers { permanent_uuid: "28021594fd5341239bf7ef69c4b01eec" member_type: VOTER last_known_addr { host: "127.12.240.67" port: 40889 } }
I20260710 11:09:12.864154 13384 raft_consensus.cc:2468] T a3c57daaea3c45dab6a4c8ab395fae58 P c310bdc1094b4719ac9debb4917fcaa4 [term 1 FOLLOWER]: Leader election vote request: Granting yes vote for candidate 5c7075d4eaf24ef68d210d8a6a8fee8c in term 1.
I20260710 11:09:12.865691 13582 leader_election.cc:290] T 58eae67824044173888c6f7d219f268f P 28021594fd5341239bf7ef69c4b01eec [CANDIDATE]: Term 1 pre-election: Requested pre-vote from peers c310bdc1094b4719ac9debb4917fcaa4 (127.12.240.65:38251), 5c7075d4eaf24ef68d210d8a6a8fee8c (127.12.240.66:44443)
I20260710 11:09:12.866770 13458 tablet_service.cc:1917] Received RequestConsensusVote() RPC: tablet_id: "58eae67824044173888c6f7d219f268f" candidate_uuid: "28021594fd5341239bf7ef69c4b01eec" candidate_term: 1 candidate_status { last_received { term: 0 index: 0 } } ignore_live_leader: false dest_uuid: "5c7075d4eaf24ef68d210d8a6a8fee8c" is_pre_election: true
I20260710 11:09:12.867509 13458 raft_consensus.cc:2393] T 58eae67824044173888c6f7d219f268f P 5c7075d4eaf24ef68d210d8a6a8fee8c [term 1 FOLLOWER]: Leader pre-election vote request: Denying vote to candidate 28021594fd5341239bf7ef69c4b01eec in current term 1: Already voted for candidate c310bdc1094b4719ac9debb4917fcaa4 in this term.
I20260710 11:09:12.867888 13384 tablet_service.cc:1917] Received RequestConsensusVote() RPC: tablet_id: "58eae67824044173888c6f7d219f268f" candidate_uuid: "28021594fd5341239bf7ef69c4b01eec" candidate_term: 1 candidate_status { last_received { term: 0 index: 0 } } ignore_live_leader: false dest_uuid: "c310bdc1094b4719ac9debb4917fcaa4" is_pre_election: true
