I20260710 11:09:34.379921  6337 raft_consensus.cc:2468] T 8e96af14efc6456a9cb009306481da3f P 735fc3b209a145d3b4f7e013a7ca60db [term 0 FOLLOWER]: Leader pre-election vote request: Granting yes vote for candidate 18db414f673b475aaebff8cb8be7468b in term 0.
I20260710 11:09:34.380499  6486 tablet_service.cc:1917] Received RequestConsensusVote() RPC: tablet_id: "8e96af14efc6456a9cb009306481da3f" candidate_uuid: "18db414f673b475aaebff8cb8be7468b" candidate_term: 1 candidate_status { last_received { term: 0 index: 0 } } ignore_live_leader: false dest_uuid: "39113a9a896b44d4a0be4188bb1f3ce1" is_pre_election: true
I20260710 11:09:34.381148  6375 leader_election.cc:304] T 8e96af14efc6456a9cb009306481da3f P 18db414f673b475aaebff8cb8be7468b [CANDIDATE]: Term 1 pre-election: Election decided. Result: candidate won. Election summary: received 2 responses out of 3 voters: 2 yes votes; 0 no votes. yes voters: 18db414f673b475aaebff8cb8be7468b, 735fc3b209a145d3b4f7e013a7ca60db; no voters: 
I20260710 11:09:34.381953  6531 raft_consensus.cc:2804] T 8e96af14efc6456a9cb009306481da3f P 18db414f673b475aaebff8cb8be7468b [term 0 FOLLOWER]: Leader pre-election won for term 1
W20260710 11:09:34.382037  6378 leader_election.cc:343] T 8e96af14efc6456a9cb009306481da3f P 18db414f673b475aaebff8cb8be7468b [CANDIDATE]: Term 1 pre-election: Tablet error from VoteRequest() call to peer 39113a9a896b44d4a0be4188bb1f3ce1 (127.5.25.195:41163): Illegal state: must be running to vote when last-logged opid is not known
I20260710 11:09:34.382335  6531 raft_consensus.cc:493] T 8e96af14efc6456a9cb009306481da3f P 18db414f673b475aaebff8cb8be7468b [term 0 FOLLOWER]: Starting leader election (no leader contacted us within the election timeout)
I20260710 11:09:34.382694  6531 raft_consensus.cc:3060] T 8e96af14efc6456a9cb009306481da3f P 18db414f673b475aaebff8cb8be7468b [term 0 FOLLOWER]: Advancing to term 1
I20260710 11:09:34.386435  6530 tablet_bootstrap.cc:654] T 1c33be025f94453c9ef6a9f3970ac6b9 P 39113a9a896b44d4a0be4188bb1f3ce1: Neither blocks nor log segments found. Creating new log.
I20260710 11:09:34.389385  6531 raft_consensus.cc:515] T 8e96af14efc6456a9cb009306481da3f P 18db414f673b475aaebff8cb8be7468b [term 1 FOLLOWER]: Starting leader election with config: opid_index: -1 OBSOLETE_local: false peers { permanent_uuid: "735fc3b209a145d3b4f7e013a7ca60db" member_type: VOTER last_known_addr { host: "127.5.25.193" port: 42971 } } peers { permanent_uuid: "18db414f673b475aaebff8cb8be7468b" member_type: VOTER last_known_addr { host: "127.5.25.194" port: 34759 } } peers { permanent_uuid: "39113a9a896b44d4a0be4188bb1f3ce1" member_type: VOTER last_known_addr { host: "127.5.25.195" port: 41163 } }
I20260710 11:09:34.389822  6527 tablet_bootstrap.cc:492] T cc31a55d3fb744f5af25b7597b61f864 P 18db414f673b475aaebff8cb8be7468b: Bootstrap starting.
I20260710 11:09:34.389142  6534 raft_consensus.cc:515] T 97d99508ab2c4ef6aa37271f8299f25b P 735fc3b209a145d3b4f7e013a7ca60db [term 1 FOLLOWER]: Starting leader election with config: opid_index: -1 OBSOLETE_local: false peers { permanent_uuid: "18db414f673b475aaebff8cb8be7468b" member_type: VOTER last_known_addr { host: "127.5.25.194" port: 34759 } } peers { permanent_uuid: "735fc3b209a145d3b4f7e013a7ca60db" member_type: VOTER last_known_addr { host: "127.5.25.193" port: 42971 } } peers { permanent_uuid: "39113a9a896b44d4a0be4188bb1f3ce1" member_type: VOTER last_known_addr { host: "127.5.25.195" port: 41163 } }
I20260710 11:09:34.392796  6412 tablet_service.cc:1917] Received RequestConsensusVote() RPC: tablet_id: "97d99508ab2c4ef6aa37271f8299f25b" candidate_uuid: "735fc3b209a145d3b4f7e013a7ca60db" candidate_term: 1 candidate_status { last_received { term: 0 index: 0 } } ignore_live_leader: false dest_uuid: "18db414f673b475aaebff8cb8be7468b"
I20260710 11:09:34.396138  6527 tablet_bootstrap.cc:654] T cc31a55d3fb744f5af25b7597b61f864 P 18db414f673b475aaebff8cb8be7468b: Neither blocks nor log segments found. Creating new log.
I20260710 11:09:34.397666  6548 raft_consensus.cc:493] T 7dd821cc5eac4fc596ee38e0b251b4ea P 18db414f673b475aaebff8cb8be7468b [term 0 FOLLOWER]: Starting pre-election (no leader contacted us within the election timeout)
I20260710 11:09:34.398129  6548 raft_consensus.cc:515] T 7dd821cc5eac4fc596ee38e0b251b4ea P 18db414f673b475aaebff8cb8be7468b [term 0 FOLLOWER]: Starting pre-election with config: opid_index: -1 OBSOLETE_local: false peers { permanent_uuid: "735fc3b209a145d3b4f7e013a7ca60db" member_type: VOTER last_known_addr { host: "127.5.25.193" port: 42971 } } peers { permanent_uuid: "18db414f673b475aaebff8cb8be7468b" member_type: VOTER last_known_addr { host: "127.5.25.194" port: 34759 } } peers { permanent_uuid: "39113a9a896b44d4a0be4188bb1f3ce1" member_type: VOTER last_known_addr { host: "127.5.25.195" port: 41163 } }
I20260710 11:09:34.393316  6412 raft_consensus.cc:3060] T 97d99508ab2c4ef6aa37271f8299f25b P 18db414f673b475aaebff8cb8be7468b [term 0 FOLLOWER]: Advancing to term 1
I20260710 11:09:34.402648  6548 leader_election.cc:290] T 7dd821cc5eac4fc596ee38e0b251b4ea P 18db414f673b475aaebff8cb8be7468b [CANDIDATE]: Term 1 pre-election: Requested pre-vote from peers 735fc3b209a145d3b4f7e013a7ca60db (127.5.25.193:42971), 39113a9a896b44d4a0be4188bb1f3ce1 (127.5.25.195:41163)
I20260710 11:09:34.406687  6486 tablet_service.cc:1917] Received RequestConsensusVote() RPC: tablet_id: "7dd821cc5eac4fc596ee38e0b251b4ea" candidate_uuid: "18db414f673b475aaebff8cb8be7468b" candidate_term: 1 candidate_status { last_received { term: 0 index: 0 } } ignore_live_leader: false dest_uuid: "39113a9a896b44d4a0be4188bb1f3ce1" is_pre_election: true
I20260710 11:09:34.407367  6486 raft_consensus.cc:2468] T 7dd821cc5eac4fc596ee38e0b251b4ea P 39113a9a896b44d4a0be4188bb1f3ce1 [term 0 FOLLOWER]: Leader pre-election vote request: Granting yes vote for candidate 18db414f673b475aaebff8cb8be7468b in term 0.
I20260710 11:09:34.406687  6337 tablet_service.cc:1917] Received RequestConsensusVote() RPC: tablet_id: "7dd821cc5eac4fc596ee38e0b251b4ea" candidate_uuid: "18db414f673b475aaebff8cb8be7468b" candidate_term: 1 candidate_status { last_received { term: 0 index: 0 } } ignore_live_leader: false dest_uuid: "735fc3b209a145d3b4f7e013a7ca60db" is_pre_election: true
I20260710 11:09:34.409437  6378 leader_election.cc:304] T 7dd821cc5eac4fc596ee38e0b251b4ea P 18db414f673b475aaebff8cb8be7468b [CANDIDATE]: Term 1 pre-election: Election decided. Result: candidate won. Election summary: received 2 responses out of 3 voters: 2 yes votes; 0 no votes. yes voters: 18db414f673b475aaebff8cb8be7468b, 39113a9a896b44d4a0be4188bb1f3ce1; no voters: 
I20260710 11:09:34.410338  6548 raft_consensus.cc:2804] T 7dd821cc5eac4fc596ee38e0b251b4ea P 18db414f673b475aaebff8cb8be7468b [term 0 FOLLOWER]: Leader pre-election won for term 1
I20260710 11:09:34.410705  6548 raft_consensus.cc:493] T 7dd821cc5eac4fc596ee38e0b251b4ea P 18db414f673b475aaebff8cb8be7468b [term 0 FOLLOWER]: Starting leader election (no leader contacted us within the election timeout)
I20260710 11:09:34.411077  6548 raft_consensus.cc:3060] T 7dd821cc5eac4fc596ee38e0b251b4ea P 18db414f673b475aaebff8cb8be7468b [term 0 FOLLOWER]: Advancing to term 1
W20260710 11:09:34.410549  6375 leader_election.cc:343] T 7dd821cc5eac4fc596ee38e0b251b4ea P 18db414f673b475aaebff8cb8be7468b [CANDIDATE]: Term 1 pre-election: Tablet error from VoteRequest() call to peer 735fc3b209a145d3b4f7e013a7ca60db (127.5.25.193:42971): Illegal state: must be running to vote when last-logged opid is not known
I20260710 11:09:34.416584  6534 leader_election.cc:290] T 97d99508ab2c4ef6aa37271f8299f25b P 735fc3b209a145d3b4f7e013a7ca60db [CANDIDATE]: Term 1 election: Requested vote from peers 18db414f673b475aaebff8cb8be7468b (127.5.25.194:34759), 39113a9a896b44d4a0be4188bb1f3ce1 (127.5.25.195:41163)
I20260710 11:09:34.416497  6412 raft_consensus.cc:2468] T 97d99508ab2c4ef6aa37271f8299f25b P 18db414f673b475aaebff8cb8be7468b [term 1 FOLLOWER]: Leader election vote request: Granting yes vote for candidate 735fc3b209a145d3b4f7e013a7ca60db in term 1.
I20260710 11:09:34.420053  6526 tablet_bootstrap.cc:492] T 4308ccb304914fe787c216cff4c563f2 P 735fc3b209a145d3b4f7e013a7ca60db: No bootstrap required, opened a new log
I20260710 11:09:34.418963  6337 tablet_service.cc:1917] Received RequestConsensusVote() RPC: tablet_id: "8e96af14efc6456a9cb009306481da3f" candidate_uuid: "18db414f673b475aaebff8cb8be7468b" candidate_term: 1 candidate_status { last_received { term: 0 index: 0 } } ignore_live_leader: false dest_uuid: "735fc3b209a145d3b4f7e013a7ca60db"
I20260710 11:09:34.421592  6526 ts_tablet_manager.cc:1403] T 4308ccb304914fe787c216cff4c563f2 P 735fc3b209a145d3b4f7e013a7ca60db: Time spent bootstrapping tablet: real 0.090s	user 0.025s	sys 0.056s
I20260710 11:09:34.421732  6337 raft_consensus.cc:3060] T 8e96af14efc6456a9cb009306481da3f P 735fc3b209a145d3b4f7e013a7ca60db [term 0 FOLLOWER]: Advancing to term 1
I20260710 11:09:34.422020  6300 leader_election.cc:304] T 97d99508ab2c4ef6aa37271f8299f25b P 735fc3b209a145d3b4f7e013a7ca60db [CANDIDATE]: Term 1 election: Election decided. Result: candidate won. Election summary: received 2 responses out of 3 voters: 2 yes votes; 0 no votes. yes voters: 18db414f673b475aaebff8cb8be7468b, 735fc3b209a145d3b4f7e013a7ca60db; no voters: 
I20260710 11:09:34.422487  6527 tablet_bootstrap.cc:492] T cc31a55d3fb744f5af25b7597b61f864 P 18db414f673b475aaebff8cb8be7468b: No bootstrap required, opened a new log
I20260710 11:09:34.422909  6534 raft_consensus.cc:2804] T 97d99508ab2c4ef6aa37271f8299f25b P 735fc3b209a145d3b4f7e013a7ca60db [term 1 FOLLOWER]: Leader election won for term 1
I20260710 11:09:34.417781  6486 tablet_service.cc:1917] Received RequestConsensusVote() RPC: tablet_id: "97d99508ab2c4ef6aa37271f8299f25b" candidate_uuid: "735fc3b209a145d3b4f7e013a7ca60db" candidate_term: 1 candidate_status { last_received { term: 0 index: 0 } } ignore_live_leader: false dest_uuid: "39113a9a896b44d4a0be4188bb1f3ce1"
I20260710 11:09:34.422927  6527 ts_tablet_manager.cc:1403] T cc31a55d3fb744f5af25b7597b61f864 P 18db414f673b475aaebff8cb8be7468b: Time spent bootstrapping tablet: real 0.033s	user 0.016s	sys 0.010s
I20260710 11:09:34.424523  6526 raft_consensus.cc:359] T 4308ccb304914fe787c216cff4c563f2 P 735fc3b209a145d3b4f7e013a7ca60db [term 0 FOLLOWER]: Replica starting. Triggering 0 pending ops. Active config: opid_index: -1 OBSOLETE_local: false peers { permanent_uuid: "735fc3b209a145d3b4f7e013a7ca60db" member_type: VOTER last_known_addr { host: "127.5.25.193" port: 42971 } } peers { permanent_uuid: "18db414f673b475aaebff8cb8be7468b" member_type: VOTER last_known_addr { host: "127.5.25.194" port: 34759 } } peers { permanent_uuid: "39113a9a896b44d4a0be4188bb1f3ce1" member_type: VOTER last_known_addr { host: "127.5.25.195" port: 41163 } }
I20260710 11:09:34.425181  6526 raft_consensus.cc:385] T 4308ccb304914fe787c216cff4c563f2 P 735fc3b209a145d3b4f7e013a7ca60db [term 0 FOLLOWER]: Consensus starting up: Expiring failure detector timer to make a prompt election more likely
I20260710 11:09:34.419773  6485 tablet_service.cc:1917] Received RequestConsensusVote() RPC: tablet_id: "8e96af14efc6456a9cb009306481da3f" candidate_uuid: "18db414f673b475aaebff8cb8be7468b" candidate_term: 1 candidate_status { last_received { term: 0 index: 0 } } ignore_live_leader: false dest_uuid: "39113a9a896b44d4a0be4188bb1f3ce1"
I20260710 11:09:34.425473  6526 raft_consensus.cc:740] T 4308ccb304914fe787c216cff4c563f2 P 735fc3b209a145d3b4f7e013a7ca60db [term 0 FOLLOWER]: Becoming Follower/Learner. State: Replica: 735fc3b209a145d3b4f7e013a7ca60db, State: Initialized, Role: FOLLOWER
W20260710 11:09:34.425722  6303 leader_election.cc:343] T 97d99508ab2c4ef6aa37271f8299f25b P 735fc3b209a145d3b4f7e013a7ca60db [CANDIDATE]: Term 1 election: Tablet error from VoteRequest() call to peer 39113a9a896b44d4a0be4188bb1f3ce1 (127.5.25.195:41163): Illegal state: must be running to vote when last-logged opid is not known
W20260710 11:09:34.426429  6378 leader_election.cc:343] T 8e96af14efc6456a9cb009306481da3f P 18db414f673b475aaebff8cb8be7468b [CANDIDATE]: Term 1 election: Tablet error from VoteRequest() call to peer 39113a9a896b44d4a0be4188bb1f3ce1 (127.5.25.195:41163): Illegal state: must be running to vote when last-logged opid is not known
I20260710 11:09:34.426273  6526 consensus_queue.cc:260] T 4308ccb304914fe787c216cff4c563f2 P 735fc3b209a145d3b4f7e013a7ca60db [NON_LEADER]: Queue going to NON_LEADER mode. State: All replicated index: 0, Majority replicated index: 0, Committed index: 0, Last appended: 0.0, Last appended by leader: 0, Current term: 0, Majority size: -1, State: 0, Mode: NON_LEADER, active raft config: opid_index: -1 OBSOLETE_local: false peers { permanent_uuid: "735fc3b209a145d3b4f7e013a7ca60db" member_type: VOTER last_known_addr { host: "127.5.25.193" port: 42971 } } peers { permanent_uuid: "18db414f673b475aaebff8cb8be7468b" member_type: VOTER last_known_addr { host: "127.5.25.194" port: 34759 } } peers { permanent_uuid: "39113a9a896b44d4a0be4188bb1f3ce1" member_type: VOTER last_known_addr { host: "127.5.25.195" port: 41163 } }
I20260710 11:09:34.426851  6527 raft_consensus.cc:359] T cc31a55d3fb744f5af25b7597b61f864 P 18db414f673b475aaebff8cb8be7468b [term 0 FOLLOWER]: Replica starting. Triggering 0 pending ops. Active config: opid_index: -1 OBSOLETE_local: false peers { permanent_uuid: "735fc3b209a145d3b4f7e013a7ca60db" member_type: VOTER last_known_addr { host: "127.5.25.193" port: 42971 } } peers { permanent_uuid: "18db414f673b475aaebff8cb8be7468b" member_type: VOTER last_known_addr { host: "127.5.25.194" port: 34759 } } peers { permanent_uuid: "39113a9a896b44d4a0be4188bb1f3ce1" member_type: VOTER last_known_addr { host: "127.5.25.195" port: 41163 } }
I20260710 11:09:34.427582  6527 raft_consensus.cc:385] T cc31a55d3fb744f5af25b7597b61f864 P 18db414f673b475aaebff8cb8be7468b [term 0 FOLLOWER]: Consensus starting up: Expiring failure detector timer to make a prompt election more likely
I20260710 11:09:34.427868  6527 raft_consensus.cc:740] T cc31a55d3fb744f5af25b7597b61f864 P 18db414f673b475aaebff8cb8be7468b [term 0 FOLLOWER]: Becoming Follower/Learner. State: Replica: 18db414f673b475aaebff8cb8be7468b, State: Initialized, Role: FOLLOWER
I20260710 11:09:34.428762  6527 consensus_queue.cc:260] T cc31a55d3fb744f5af25b7597b61f864 P 18db414f673b475aaebff8cb8be7468b [NON_LEADER]: Queue going to NON_LEADER mode. State: All replicated index: 0, Majority replicated index: 0, Committed index: 0, Last appended: 0.0, Last appended by leader: 0, Current term: 0, Majority size: -1, State: 0, Mode: NON_LEADER, active raft config: opid_index: -1 OBSOLETE_local: false peers { permanent_uuid: "735fc3b209a145d3b4f7e013a7ca60db" member_type: VOTER last_known_addr { host: "127.5.25.193" port: 42971 } } peers { permanent_uuid: "18db414f673b475aaebff8cb8be7468b" member_type: VOTER last_known_addr { host: "127.5.25.194" port: 34759 } } peers { permanent_uuid: "39113a9a896b44d4a0be4188bb1f3ce1" member_type: VOTER last_known_addr { host: "127.5.25.195" port: 41163 } }
I20260710 11:09:34.430179  6337 raft_consensus.cc:2468] T 8e96af14efc6456a9cb009306481da3f P 735fc3b209a145d3b4f7e013a7ca60db [term 1 FOLLOWER]: Leader election vote request: Granting yes vote for candidate 18db414f673b475aaebff8cb8be7468b in term 1.
I20260710 11:09:34.431224  6527 ts_tablet_manager.cc:1434] T cc31a55d3fb744f5af25b7597b61f864 P 18db414f673b475aaebff8cb8be7468b: Time spent starting tablet: real 0.007s	user 0.005s	sys 0.000s
I20260710 11:09:34.431430  6375 leader_election.cc:304] T 8e96af14efc6456a9cb009306481da3f P 18db414f673b475aaebff8cb8be7468b [CANDIDATE]: Term 1 election: Election decided. Result: candidate won. Election summary: received 3 responses out of 3 voters: 2 yes votes; 1 no votes. yes voters: 18db414f673b475aaebff8cb8be7468b, 735fc3b209a145d3b4f7e013a7ca60db; no voters: 39113a9a896b44d4a0be4188bb1f3ce1
I20260710 11:09:34.432301  6527 tablet_bootstrap.cc:492] T db8ba7cec1c14afb9346704d15b54410 P 18db414f673b475aaebff8cb8be7468b: Bootstrap starting.
I20260710 11:09:34.432294  6539 raft_consensus.cc:2804] T 8e96af14efc6456a9cb009306481da3f P 18db414f673b475aaebff8cb8be7468b [term 1 FOLLOWER]: Leader election won for term 1
I20260710 11:09:34.418565  6531 leader_election.cc:290] T 8e96af14efc6456a9cb009306481da3f P 18db414f673b475aaebff8cb8be7468b [CANDIDATE]: Term 1 election: Requested vote from peers 735fc3b209a145d3b4f7e013a7ca60db (127.5.25.193:42971), 39113a9a896b44d4a0be4188bb1f3ce1 (127.5.25.195:41163)
I20260710 11:09:34.419806  6548 raft_consensus.cc:515] T 7dd821cc5eac4fc596ee38e0b251b4ea P 18db414f673b475aaebff8cb8be7468b [term 1 FOLLOWER]: Starting leader election with config: opid_index: -1 OBSOLETE_local: false peers { permanent_uuid: "735fc3b209a145d3b4f7e013a7ca60db" member_type: VOTER last_known_addr { host: "127.5.25.193" port: 42971 } } peers { permanent_uuid: "18db414f673b475aaebff8cb8be7468b" member_type: VOTER last_known_addr { host: "127.5.25.194" port: 34759 } } peers { permanent_uuid: "39113a9a896b44d4a0be4188bb1f3ce1" member_type: VOTER last_known_addr { host: "127.5.25.195" port: 41163 } }
I20260710 11:09:34.435012  6530 tablet_bootstrap.cc:492] T 1c33be025f94453c9ef6a9f3970ac6b9 P 39113a9a896b44d4a0be4188bb1f3ce1: No bootstrap required, opened a new log
I20260710 11:09:34.435456  6530 ts_tablet_manager.cc:1403] T 1c33be025f94453c9ef6a9f3970ac6b9 P 39113a9a896b44d4a0be4188bb1f3ce1: Time spent bootstrapping tablet: real 0.056s	user 0.010s	sys 0.006s
I20260710 11:09:34.438443  6530 raft_consensus.cc:359] T 1c33be025f94453c9ef6a9f3970ac6b9 P 39113a9a896b44d4a0be4188bb1f3ce1 [term 0 FOLLOWER]: Replica starting. Triggering 0 pending ops. Active config: opid_index: -1 OBSOLETE_local: false peers { permanent_uuid: "735fc3b209a145d3b4f7e013a7ca60db" member_type: VOTER last_known_addr { host: "127.5.25.193" port: 42971 } } peers { permanent_uuid: "18db414f673b475aaebff8cb8be7468b" member_type: VOTER last_known_addr { host: "127.5.25.194" port: 34759 } } peers { permanent_uuid: "39113a9a896b44d4a0be4188bb1f3ce1" member_type: VOTER last_known_addr { host: "127.5.25.195" port: 41163 } }
I20260710 11:09:34.439100  6530 raft_consensus.cc:385] T 1c33be025f94453c9ef6a9f3970ac6b9 P 39113a9a896b44d4a0be4188bb1f3ce1 [term 0 FOLLOWER]: Consensus starting up: Expiring failure detector timer to make a prompt election more likely
I20260710 11:09:34.439373  6530 raft_consensus.cc:740] T 1c33be025f94453c9ef6a9f3970ac6b9 P 39113a9a896b44d4a0be4188bb1f3ce1 [term 0 FOLLOWER]: Becoming Follower/Learner. State: Replica: 39113a9a896b44d4a0be4188bb1f3ce1, State: Initialized, Role: FOLLOWER
I20260710 11:09:34.440438  6548 leader_election.cc:290] T 7dd821cc5eac4fc596ee38e0b251b4ea P 18db414f673b475aaebff8cb8be7468b [CANDIDATE]: Term 1 election: Requested vote from peers 735fc3b209a145d3b4f7e013a7ca60db (127.5.25.193:42971), 39113a9a896b44d4a0be4188bb1f3ce1 (127.5.25.195:41163)
I20260710 11:09:34.441926  6485 tablet_service.cc:1917] Received RequestConsensusVote() RPC: tablet_id: "7dd821cc5eac4fc596ee38e0b251b4ea" candidate_uuid: "18db414f673b475aaebff8cb8be7468b" candidate_term: 1 candidate_status { last_received { term: 0 index: 0 } } ignore_live_leader: false dest_uuid: "39113a9a896b44d4a0be4188bb1f3ce1"
I20260710 11:09:34.442523  6485 raft_consensus.cc:3060] T 7dd821cc5eac4fc596ee38e0b251b4ea P 39113a9a896b44d4a0be4188bb1f3ce1 [term 0 FOLLOWER]: Advancing to term 1
I20260710 11:09:34.444885  6534 raft_consensus.cc:697] T 97d99508ab2c4ef6aa37271f8299f25b P 735fc3b209a145d3b4f7e013a7ca60db [term 1 LEADER]: Becoming Leader. State: Replica: 735fc3b209a145d3b4f7e013a7ca60db, State: Running, Role: LEADER
I20260710 11:09:34.445966  6527 tablet_bootstrap.cc:654] T db8ba7cec1c14afb9346704d15b54410 P 18db414f673b475aaebff8cb8be7468b: Neither blocks nor log segments found. Creating new log.
I20260710 11:09:34.445899  6534 consensus_queue.cc:237] T 97d99508ab2c4ef6aa37271f8299f25b P 735fc3b209a145d3b4f7e013a7ca60db [LEADER]: Queue going to LEADER mode. State: All replicated index: 0, Majority replicated index: 0, Committed index: 0, Last appended: 0.0, Last appended by leader: 0, Current term: 1, Majority size: 2, State: 0, Mode: LEADER, active raft config: opid_index: -1 OBSOLETE_local: false peers { permanent_uuid: "18db414f673b475aaebff8cb8be7468b" member_type: VOTER last_known_addr { host: "127.5.25.194" port: 34759 } } peers { permanent_uuid: "735fc3b209a145d3b4f7e013a7ca60db" member_type: VOTER last_known_addr { host: "127.5.25.193" port: 42971 } } peers { permanent_uuid: "39113a9a896b44d4a0be4188bb1f3ce1" member_type: VOTER last_known_addr { host: "127.5.25.195" port: 41163 } }
I20260710 11:09:34.440222  6530 consensus_queue.cc:260] T 1c33be025f94453c9ef6a9f3970ac6b9 P 39113a9a896b44d4a0be4188bb1f3ce1 [NON_LEADER]: Queue going to NON_LEADER mode. State: All replicated index: 0, Majority replicated index: 0, Committed index: 0, Last appended: 0.0, Last appended by leader: 0, Current term: 0, Majority size: -1, State: 0, Mode: NON_LEADER, active raft config: opid_index: -1 OBSOLETE_local: false peers { permanent_uuid: "735fc3b209a145d3b4f7e013a7ca60db" member_type: VOTER last_known_addr { host: "127.5.25.193" port: 42971 } } peers { permanent_uuid: "18db414f673b475aaebff8cb8be7468b" member_type: VOTER last_known_addr { host: "127.5.25.194" port: 34759 } } peers { permanent_uuid: "39113a9a896b44d4a0be4188bb1f3ce1" member_type: VOTER last_known_addr { host: "127.5.25.195" port: 41163 } }
I20260710 11:09:34.452548  6530 ts_tablet_manager.cc:1434] T 1c33be025f94453c9ef6a9f3970ac6b9 P 39113a9a896b44d4a0be4188bb1f3ce1: Time spent starting tablet: real 0.017s	user 0.006s	sys 0.001s
I20260710 11:09:34.453552  6530 tablet_bootstrap.cc:492] T cc31a55d3fb744f5af25b7597b61f864 P 39113a9a896b44d4a0be4188bb1f3ce1: Bootstrap starting.
I20260710 11:09:34.457499  6234 catalog_manager.cc:5697] T 97d99508ab2c4ef6aa37271f8299f25b P 735fc3b209a145d3b4f7e013a7ca60db reported cstate change: term changed from 0 to 1, leader changed from <none> to 735fc3b209a145d3b4f7e013a7ca60db (127.5.25.193). New cstate: current_term: 1 leader_uuid: "735fc3b209a145d3b4f7e013a7ca60db" committed_config { opid_index: -1 OBSOLETE_local: false peers { permanent_uuid: "18db414f673b475aaebff8cb8be7468b" member_type: VOTER last_known_addr { host: "127.5.25.194" port: 34759 } health_report { overall_health: UNKNOWN } } peers { permanent_uuid: "735fc3b209a145d3b4f7e013a7ca60db" member_type: VOTER last_known_addr { host: "127.5.25.193" port: 42971 } health_report { overall_health: HEALTHY } } peers { permanent_uuid: "39113a9a896b44d4a0be4188bb1f3ce1" member_type: VOTER last_known_addr { host: "127.5.25.195" port: 41163 } health_report { overall_health: UNKNOWN } } }
I20260710 11:09:34.459738  6530 tablet_bootstrap.cc:654] T cc31a55d3fb744f5af25b7597b61f864 P 39113a9a896b44d4a0be4188bb1f3ce1: Neither blocks nor log segments found. Creating new log.
I20260710 11:09:34.465701  6526 ts_tablet_manager.cc:1434] T 4308ccb304914fe787c216cff4c563f2 P 735fc3b209a145d3b4f7e013a7ca60db: Time spent starting tablet: real 0.044s	user 0.024s	sys 0.018s
I20260710 11:09:34.465771  6527 tablet_bootstrap.cc:492] T db8ba7cec1c14afb9346704d15b54410 P 18db414f673b475aaebff8cb8be7468b: No bootstrap required, opened a new log
I20260710 11:09:34.466323  6527 ts_tablet_manager.cc:1403] T db8ba7cec1c14afb9346704d15b54410 P 18db414f673b475aaebff8cb8be7468b: Time spent bootstrapping tablet: real 0.034s	user 0.012s	sys 0.000s
I20260710 11:09:34.466774  6526 tablet_bootstrap.cc:492] T 35711c958e6b4aa78765ce7072f164e1 P 735fc3b209a145d3b4f7e013a7ca60db: Bootstrap starting.
I20260710 11:09:34.468845  6527 raft_consensus.cc:359] T db8ba7cec1c14afb9346704d15b54410 P 18db414f673b475aaebff8cb8be7468b [term 0 FOLLOWER]: Replica starting. Triggering 0 pending ops. Active config: opid_index: -1 OBSOLETE_local: false peers { permanent_uuid: "735fc3b209a145d3b4f7e013a7ca60db" member_type: VOTER last_known_addr { host: "127.5.25.193" port: 42971 } } peers { permanent_uuid: "18db414f673b475aaebff8cb8be7468b" member_type: VOTER last_known_addr { host: "127.5.25.194" port: 34759 } } peers { permanent_uuid: "39113a9a896b44d4a0be4188bb1f3ce1" member_type: VOTER last_known_addr { host: "127.5.25.195" port: 41163 } }
I20260710 11:09:34.469491  6527 raft_consensus.cc:385] T db8ba7cec1c14afb9346704d15b54410 P 18db414f673b475aaebff8cb8be7468b [term 0 FOLLOWER]: Consensus starting up: Expiring failure detector timer to make a prompt election more likely
I20260710 11:09:34.469825  6527 raft_consensus.cc:740] T db8ba7cec1c14afb9346704d15b54410 P 18db414f673b475aaebff8cb8be7468b [term 0 FOLLOWER]: Becoming Follower/Learner. State: Replica: 18db414f673b475aaebff8cb8be7468b, State: Initialized, Role: FOLLOWER
I20260710 11:09:34.469955  6337 tablet_service.cc:1917] Received RequestConsensusVote() RPC: tablet_id: "7dd821cc5eac4fc596ee38e0b251b4ea" candidate_uuid: "18db414f673b475aaebff8cb8be7468b" candidate_term: 1 candidate_status { last_received { term: 0 index: 0 } } ignore_live_leader: false dest_uuid: "735fc3b209a145d3b4f7e013a7ca60db"
W20260710 11:09:34.471251  6375 leader_election.cc:343] T 7dd821cc5eac4fc596ee38e0b251b4ea P 18db414f673b475aaebff8cb8be7468b [CANDIDATE]: Term 1 election: Tablet error from VoteRequest() call to peer 735fc3b209a145d3b4f7e013a7ca60db (127.5.25.193:42971): Illegal state: must be running to vote when last-logged opid is not known
I20260710 11:09:34.471730  6527 consensus_queue.cc:260] T db8ba7cec1c14afb9346704d15b54410 P 18db414f673b475aaebff8cb8be7468b [NON_LEADER]: Queue going to NON_LEADER mode. State: All replicated index: 0, Majority replicated index: 0, Committed index: 0, Last appended: 0.0, Last appended by leader: 0, Current term: 0, Majority size: -1, State: 0, Mode: NON_LEADER, active raft config: opid_index: -1 OBSOLETE_local: false peers { permanent_uuid: "735fc3b209a145d3b4f7e013a7ca60db" member_type: VOTER last_known_addr { host: "127.5.25.193" port: 42971 } } peers { permanent_uuid: "18db414f673b475aaebff8cb8be7468b" member_type: VOTER last_known_addr { host: "127.5.25.194" port: 34759 } } peers { permanent_uuid: "39113a9a896b44d4a0be4188bb1f3ce1" member_type: VOTER last_known_addr { host: "127.5.25.195" port: 41163 } }
I20260710 11:09:34.469434  6485 raft_consensus.cc:2468] T 7dd821cc5eac4fc596ee38e0b251b4ea P 39113a9a896b44d4a0be4188bb1f3ce1 [term 1 FOLLOWER]: Leader election vote request: Granting yes vote for candidate 18db414f673b475aaebff8cb8be7468b in term 1.
I20260710 11:09:34.473202  6526 tablet_bootstrap.cc:654] T 35711c958e6b4aa78765ce7072f164e1 P 735fc3b209a145d3b4f7e013a7ca60db: Neither blocks nor log segments found. Creating new log.
I20260710 11:09:34.473723  6378 leader_election.cc:304] T 7dd821cc5eac4fc596ee38e0b251b4ea P 18db414f673b475aaebff8cb8be7468b [CANDIDATE]: Term 1 election: Election decided. Result: candidate won. Election summary: received 3 responses out of 3 voters: 2 yes votes; 1 no votes. yes voters: 18db414f673b475aaebff8cb8be7468b, 39113a9a896b44d4a0be4188bb1f3ce1; no voters: 735fc3b209a145d3b4f7e013a7ca60db
I20260710 11:09:34.474630  6548 raft_consensus.cc:2804] T 7dd821cc5eac4fc596ee38e0b251b4ea P 18db414f673b475aaebff8cb8be7468b [term 1 FOLLOWER]: Leader election won for term 1
I20260710 11:09:34.475136  6548 raft_consensus.cc:697] T 7dd821cc5eac4fc596ee38e0b251b4ea P 18db414f673b475aaebff8cb8be7468b [term 1 LEADER]: Becoming Leader. State: Replica: 18db414f673b475aaebff8cb8be7468b, State: Running, Role: LEADER
I20260710 11:09:34.475925  6530 tablet_bootstrap.cc:492] T cc31a55d3fb744f5af25b7597b61f864 P 39113a9a896b44d4a0be4188bb1f3ce1: No bootstrap required, opened a new log
I20260710 11:09:34.476405  6530 ts_tablet_manager.cc:1403] T cc31a55d3fb744f5af25b7597b61f864 P 39113a9a896b44d4a0be4188bb1f3ce1: Time spent bootstrapping tablet: real 0.023s	user 0.007s	sys 0.003s
I20260710 11:09:34.475893  6548 consensus_queue.cc:237] T 7dd821cc5eac4fc596ee38e0b251b4ea P 18db414f673b475aaebff8cb8be7468b [LEADER]: Queue going to LEADER mode. State: All replicated index: 0, Majority replicated index: 0, Committed index: 0, Last appended: 0.0, Last appended by leader: 0, Current term: 1, Majority size: 2, State: 0, Mode: LEADER, active raft config: opid_index: -1 OBSOLETE_local: false peers { permanent_uuid: "735fc3b209a145d3b4f7e013a7ca60db" member_type: VOTER last_known_addr { host: "127.5.25.193" port: 42971 } } peers { permanent_uuid: "18db414f673b475aaebff8cb8be7468b" member_type: VOTER last_known_addr { host: "127.5.25.194" port: 34759 } } peers { permanent_uuid: "39113a9a896b44d4a0be4188bb1f3ce1" member_type: VOTER last_known_addr { host: "127.5.25.195" port: 41163 } }
I20260710 11:09:34.473694  6527 ts_tablet_manager.cc:1434] T db8ba7cec1c14afb9346704d15b54410 P 18db414f673b475aaebff8cb8be7468b: Time spent starting tablet: real 0.007s	user 0.006s	sys 0.000s
I20260710 11:09:34.478688  6539 raft_consensus.cc:697] T 8e96af14efc6456a9cb009306481da3f P 18db414f673b475aaebff8cb8be7468b [term 1 LEADER]: Becoming Leader. State: Replica: 18db414f673b475aaebff8cb8be7468b, State: Running, Role: LEADER
I20260710 11:09:34.479900  6527 tablet_bootstrap.cc:492] T 71d9b787a663470fa9066ba2d417befa P 18db414f673b475aaebff8cb8be7468b: Bootstrap starting.
I20260710 11:09:34.480067  6539 consensus_queue.cc:237] T 8e96af14efc6456a9cb009306481da3f P 18db414f673b475aaebff8cb8be7468b [LEADER]: Queue going to LEADER mode. State: All replicated index: 0, Majority replicated index: 0, Committed index: 0, Last appended: 0.0, Last appended by leader: 0, Current term: 1, Majority size: 2, State: 0, Mode: LEADER, active raft config: opid_index: -1 OBSOLETE_local: false peers { permanent_uuid: "735fc3b209a145d3b4f7e013a7ca60db" member_type: VOTER last_known_addr { host: "127.5.25.193" port: 42971 } } peers { permanent_uuid: "18db414f673b475aaebff8cb8be7468b" member_type: VOTER last_known_addr { host: "127.5.25.194" port: 34759 } } peers { permanent_uuid: "39113a9a896b44d4a0be4188bb1f3ce1" member_type: VOTER last_known_addr { host: "127.5.25.195" port: 41163 } }
I20260710 11:09:34.485913  6527 tablet_bootstrap.cc:654] T 71d9b787a663470fa9066ba2d417befa P 18db414f673b475aaebff8cb8be7468b: Neither blocks nor log segments found. Creating new log.
I20260710 11:09:34.487161  6526 tablet_bootstrap.cc:492] T 35711c958e6b4aa78765ce7072f164e1 P 735fc3b209a145d3b4f7e013a7ca60db: No bootstrap required, opened a new log
I20260710 11:09:34.487655  6526 ts_tablet_manager.cc:1403] T 35711c958e6b4aa78765ce7072f164e1 P 735fc3b209a145d3b4f7e013a7ca60db: Time spent bootstrapping tablet: real 0.021s	user 0.009s	sys 0.009s
I20260710 11:09:34.478838  6530 raft_consensus.cc:359] T cc31a55d3fb744f5af25b7597b61f864 P 39113a9a896b44d4a0be4188bb1f3ce1 [term 0 FOLLOWER]: Replica starting. Triggering 0 pending ops. Active config: opid_index: -1 OBSOLETE_local: false peers { permanent_uuid: "735fc3b209a145d3b4f7e013a7ca60db" member_type: VOTER last_known_addr { host: "127.5.25.193" port: 42971 } } peers { permanent_uuid: "18db414f673b475aaebff8cb8be7468b" member_type: VOTER last_known_addr { host: "127.5.25.194" port: 34759 } } peers { permanent_uuid: "39113a9a896b44d4a0be4188bb1f3ce1" member_type: VOTER last_known_addr { host: "127.5.25.195" port: 41163 } }
I20260710 11:09:34.488373  6530 raft_consensus.cc:385] T cc31a55d3fb744f5af25b7597b61f864 P 39113a9a896b44d4a0be4188bb1f3ce1 [term 0 FOLLOWER]: Consensus starting up: Expiring failure detector timer to make a prompt election more likely
I20260710 11:09:34.488580  6530 raft_consensus.cc:740] T cc31a55d3fb744f5af25b7597b61f864 P 39113a9a896b44d4a0be4188bb1f3ce1 [term 0 FOLLOWER]: Becoming Follower/Learner. State: Replica: 39113a9a896b44d4a0be4188bb1f3ce1, State: Initialized, Role: FOLLOWER
I20260710 11:09:34.489122  6530 consensus_queue.cc:260] T cc31a55d3fb744f5af25b7597b61f864 P 39113a9a896b44d4a0be4188bb1f3ce1 [NON_LEADER]: Queue going to NON_LEADER mode. State: All replicated index: 0, Majority replicated index: 0, Committed index: 0, Last appended: 0.0, Last appended by leader: 0, Current term: 0, Majority size: -1, State: 0, Mode: NON_LEADER, active raft config: opid_index: -1 OBSOLETE_local: false peers { permanent_uuid: "735fc3b209a145d3b4f7e013a7ca60db" member_type: VOTER last_known_addr { host: "127.5.25.193" port: 42971 } } peers { permanent_uuid: "18db414f673b475aaebff8cb8be7468b" member_type: VOTER last_known_addr { host: "127.5.25.194" port: 34759 } } peers { permanent_uuid: "39113a9a896b44d4a0be4188bb1f3ce1" member_type: VOTER last_known_addr { host: "127.5.25.195" port: 41163 } }
I20260710 11:09:34.490222  6556 raft_consensus.cc:493] T 71d9b787a663470fa9066ba2d417befa P 39113a9a896b44d4a0be4188bb1f3ce1 [term 0 FOLLOWER]: Starting pre-election (no leader contacted us within the election timeout)
I20260710 11:09:34.490705  6556 raft_consensus.cc:515] T 71d9b787a663470fa9066ba2d417befa P 39113a9a896b44d4a0be4188bb1f3ce1 [term 0 FOLLOWER]: Starting pre-election with config: opid_index: -1 OBSOLETE_local: false peers { permanent_uuid: "735fc3b209a145d3b4f7e013a7ca60db" member_type: VOTER last_known_addr { host: "127.5.25.193" port: 42971 } } peers { permanent_uuid: "18db414f673b475aaebff8cb8be7468b" member_type: VOTER last_known_addr { host: "127.5.25.194" port: 34759 } } peers { permanent_uuid: "39113a9a896b44d4a0be4188bb1f3ce1" member_type: VOTER last_known_addr { host: "127.5.25.195" port: 41163 } }
I20260710 11:09:34.492460  6526 raft_consensus.cc:359] T 35711c958e6b4aa78765ce7072f164e1 P 735fc3b209a145d3b4f7e013a7ca60db [term 0 FOLLOWER]: Replica starting. Triggering 0 pending ops. Active config: opid_index: -1 OBSOLETE_local: false peers { permanent_uuid: "735fc3b209a145d3b4f7e013a7ca60db" member_type: VOTER last_known_addr { host: "127.5.25.193" port: 42971 } } peers { permanent_uuid: "18db414f673b475aaebff8cb8be7468b" member_type: VOTER last_known_addr { host: "127.5.25.194" port: 34759 } } peers { permanent_uuid: "39113a9a896b44d4a0be4188bb1f3ce1" member_type: VOTER last_known_addr { host: "127.5.25.195" port: 41163 } }
I20260710 11:09:34.492949  6556 leader_election.cc:290] T 71d9b787a663470fa9066ba2d417befa P 39113a9a896b44d4a0be4188bb1f3ce1 [CANDIDATE]: Term 1 pre-election: Requested pre-vote from peers 735fc3b209a145d3b4f7e013a7ca60db (127.5.25.193:42971), 18db414f673b475aaebff8cb8be7468b (127.5.25.194:34759)
I20260710 11:09:34.493172  6526 raft_consensus.cc:385] T 35711c958e6b4aa78765ce7072f164e1 P 735fc3b209a145d3b4f7e013a7ca60db [term 0 FOLLOWER]: Consensus starting up: Expiring failure detector timer to make a prompt election more likely
I20260710 11:09:34.493520  6526 raft_consensus.cc:740] T 35711c958e6b4aa78765ce7072f164e1 P 735fc3b209a145d3b4f7e013a7ca60db [term 0 FOLLOWER]: Becoming Follower/Learner. State: Replica: 735fc3b209a145d3b4f7e013a7ca60db, State: Initialized, Role: FOLLOWER
I20260710 11:09:34.494177  6526 consensus_queue.cc:260] T 35711c958e6b4aa78765ce7072f164e1 P 735fc3b209a145d3b4f7e013a7ca60db [NON_LEADER]: Queue going to NON_LEADER mode. State: All replicated index: 0, Majority replicated index: 0, Committed index: 0, Last appended: 0.0, Last appended by leader: 0, Current term: 0, Majority size: -1, State: 0, Mode: NON_LEADER, active raft config: opid_index: -1 OBSOLETE_local: false peers { permanent_uuid: "735fc3b209a145d3b4f7e013a7ca60db" member_type: VOTER last_known_addr { host: "127.5.25.193" port: 42971 } } peers { permanent_uuid: "18db414f673b475aaebff8cb8be7468b" member_type: VOTER last_known_addr { host: "127.5.25.194" port: 34759 } } peers { permanent_uuid: "39113a9a896b44d4a0be4188bb1f3ce1" member_type: VOTER last_known_addr { host: "127.5.25.195" port: 41163 } }
I20260710 11:09:34.494920  6412 tablet_service.cc:1917] Received RequestConsensusVote() RPC: tablet_id: "71d9b787a663470fa9066ba2d417befa" candidate_uuid: "39113a9a896b44d4a0be4188bb1f3ce1" candidate_term: 1 candidate_status { last_received { term: 0 index: 0 } } ignore_live_leader: false dest_uuid: "18db414f673b475aaebff8cb8be7468b" is_pre_election: true
I20260710 11:09:34.495115  6337 tablet_service.cc:1917] Received RequestConsensusVote() RPC: tablet_id: "71d9b787a663470fa9066ba2d417befa" candidate_uuid: "39113a9a896b44d4a0be4188bb1f3ce1" candidate_term: 1 candidate_status { last_received { term: 0 index: 0 } } ignore_live_leader: false dest_uuid: "735fc3b209a145d3b4f7e013a7ca60db" is_pre_election: true
W20260710 11:09:34.496352  6449 leader_election.cc:343] T 71d9b787a663470fa9066ba2d417befa P 39113a9a896b44d4a0be4188bb1f3ce1 [CANDIDATE]: Term 1 pre-election: Tablet error from VoteRequest() call to peer 18db414f673b475aaebff8cb8be7468b (127.5.25.194:34759): Illegal state: must be running to vote when last-logged opid is not known
I20260710 11:09:34.499038  6526 ts_tablet_manager.cc:1434] T 35711c958e6b4aa78765ce7072f164e1 P 735fc3b209a145d3b4f7e013a7ca60db: Time spent starting tablet: real 0.011s	user 0.005s	sys 0.000s
I20260710 11:09:34.499970  6526 tablet_bootstrap.cc:492] T cc31a55d3fb744f5af25b7597b61f864 P 735fc3b209a145d3b4f7e013a7ca60db: Bootstrap starting.
I20260710 11:09:34.499635  6234 catalog_manager.cc:5697] T 8e96af14efc6456a9cb009306481da3f P 18db414f673b475aaebff8cb8be7468b reported cstate change: term changed from 0 to 1, leader changed from <none> to 18db414f673b475aaebff8cb8be7468b (127.5.25.194). New cstate: current_term: 1 leader_uuid: "18db414f673b475aaebff8cb8be7468b" committed_config { opid_index: -1 OBSOLETE_local: false peers { permanent_uuid: "735fc3b209a145d3b4f7e013a7ca60db" member_type: VOTER last_known_addr { host: "127.5.25.193" port: 42971 } health_report { overall_health: UNKNOWN } } peers { permanent_uuid: "18db414f673b475aaebff8cb8be7468b" member_type: VOTER last_known_addr { host: "127.5.25.194" port: 34759 } health_report { overall_health: HEALTHY } } peers { permanent_uuid: "39113a9a896b44d4a0be4188bb1f3ce1" member_type: VOTER last_known_addr { host: "127.5.25.195" port: 41163 } health_report { overall_health: UNKNOWN } } }
I20260710 11:09:34.500999  6571 raft_consensus.cc:493] T 1c33be025f94453c9ef6a9f3970ac6b9 P 735fc3b209a145d3b4f7e013a7ca60db [term 0 FOLLOWER]: Starting pre-election (no leader contacted us within the election timeout)
I20260710 11:09:34.501447  6571 raft_consensus.cc:515] T 1c33be025f94453c9ef6a9f3970ac6b9 P 735fc3b209a145d3b4f7e013a7ca60db [term 0 FOLLOWER]: Starting pre-election with config: opid_index: -1 OBSOLETE_local: false peers { permanent_uuid: "735fc3b209a145d3b4f7e013a7ca60db" member_type: VOTER last_known_addr { host: "127.5.25.193" port: 42971 } } peers { permanent_uuid: "18db414f673b475aaebff8cb8be7468b" member_type: VOTER last_known_addr { host: "127.5.25.194" port: 34759 } } peers { permanent_uuid: "39113a9a896b44d4a0be4188bb1f3ce1" member_type: VOTER last_known_addr { host: "127.5.25.195" port: 41163 } }
I20260710 11:09:34.503530  6571 leader_election.cc:290] T 1c33be025f94453c9ef6a9f3970ac6b9 P 735fc3b209a145d3b4f7e013a7ca60db [CANDIDATE]: Term 1 pre-election: Requested pre-vote from peers 18db414f673b475aaebff8cb8be7468b (127.5.25.194:34759), 39113a9a896b44d4a0be4188bb1f3ce1 (127.5.25.195:41163)
I20260710 11:09:34.505025  6412 tablet_service.cc:1917] Received RequestConsensusVote() RPC: tablet_id: "1c33be025f94453c9ef6a9f3970ac6b9" candidate_uuid: "735fc3b209a145d3b4f7e013a7ca60db" candidate_term: 1 candidate_status { last_received { term: 0 index: 0 } } ignore_live_leader: false dest_uuid: "18db414f673b475aaebff8cb8be7468b" is_pre_election: true
I20260710 11:09:34.505318  6485 tablet_service.cc:1917] Received RequestConsensusVote() RPC: tablet_id: "1c33be025f94453c9ef6a9f3970ac6b9" candidate_uuid: "735fc3b209a145d3b4f7e013a7ca60db" candidate_term: 1 candidate_status { last_received { term: 0 index: 0 } } ignore_live_leader: false dest_uuid: "39113a9a896b44d4a0be4188bb1f3ce1" is_pre_election: true
I20260710 11:09:34.505941  6485 raft_consensus.cc:2468] T 1c33be025f94453c9ef6a9f3970ac6b9 P 39113a9a896b44d4a0be4188bb1f3ce1 [term 0 FOLLOWER]: Leader pre-election vote request: Granting yes vote for candidate 735fc3b209a145d3b4f7e013a7ca60db in term 0.
W20260710 11:09:34.506484  6300 leader_election.cc:343] T 1c33be025f94453c9ef6a9f3970ac6b9 P 735fc3b209a145d3b4f7e013a7ca60db [CANDIDATE]: Term 1 pre-election: Tablet error from VoteRequest() call to peer 18db414f673b475aaebff8cb8be7468b (127.5.25.194:34759): Illegal state: must be running to vote when last-logged opid is not known
I20260710 11:09:34.507102  6303 leader_election.cc:304] T 1c33be025f94453c9ef6a9f3970ac6b9 P 735fc3b209a145d3b4f7e013a7ca60db [CANDIDATE]: Term 1 pre-election: Election decided. Result: candidate won. Election summary: received 3 responses out of 3 voters: 2 yes votes; 1 no votes. yes voters: 39113a9a896b44d4a0be4188bb1f3ce1, 735fc3b209a145d3b4f7e013a7ca60db; no voters: 18db414f673b475aaebff8cb8be7468b
W20260710 11:09:34.507674  6449 leader_election.cc:343] T 71d9b787a663470fa9066ba2d417befa P 39113a9a896b44d4a0be4188bb1f3ce1 [CANDIDATE]: Term 1 pre-election: Tablet error from VoteRequest() call to peer 735fc3b209a145d3b4f7e013a7ca60db (127.5.25.193:42971): Illegal state: must be running to vote when last-logged opid is not known
I20260710 11:09:34.508086  6449 leader_election.cc:304] T 71d9b787a663470fa9066ba2d417befa P 39113a9a896b44d4a0be4188bb1f3ce1 [CANDIDATE]: Term 1 pre-election: Election decided. Result: candidate lost. Election summary: received 3 responses out of 3 voters: 1 yes votes; 2 no votes. yes voters: 39113a9a896b44d4a0be4188bb1f3ce1; no voters: 18db414f673b475aaebff8cb8be7468b, 735fc3b209a145d3b4f7e013a7ca60db
I20260710 11:09:34.508348  6571 raft_consensus.cc:2804] T 1c33be025f94453c9ef6a9f3970ac6b9 P 735fc3b209a145d3b4f7e013a7ca60db [term 0 FOLLOWER]: Leader pre-election won for term 1
I20260710 11:09:34.508833  6571 raft_consensus.cc:493] T 1c33be025f94453c9ef6a9f3970ac6b9 P 735fc3b209a145d3b4f7e013a7ca60db [term 0 FOLLOWER]: Starting leader election (no leader contacted us within the election timeout)
I20260710 11:09:34.500599  6530 ts_tablet_manager.cc:1434] T cc31a55d3fb744f5af25b7597b61f864 P 39113a9a896b44d4a0be4188bb1f3ce1: Time spent starting tablet: real 0.024s	user 0.007s	sys 0.000s
I20260710 11:09:34.509375  6571 raft_consensus.cc:3060] T 1c33be025f94453c9ef6a9f3970ac6b9 P 735fc3b209a145d3b4f7e013a7ca60db [term 0 FOLLOWER]: Advancing to term 1
I20260710 11:09:34.510095  6530 tablet_bootstrap.cc:492] T 35711c958e6b4aa78765ce7072f164e1 P 39113a9a896b44d4a0be4188bb1f3ce1: Bootstrap starting.
I20260710 11:09:34.508811  6556 raft_consensus.cc:2749] T 71d9b787a663470fa9066ba2d417befa P 39113a9a896b44d4a0be4188bb1f3ce1 [term 0 FOLLOWER]: Leader pre-election lost for term 1. Reason: could not achieve majority
I20260710 11:09:34.516189  6530 tablet_bootstrap.cc:654] T 35711c958e6b4aa78765ce7072f164e1 P 39113a9a896b44d4a0be4188bb1f3ce1: Neither blocks nor log segments found. Creating new log.
I20260710 11:09:34.516317  6571 raft_consensus.cc:515] T 1c33be025f94453c9ef6a9f3970ac6b9 P 735fc3b209a145d3b4f7e013a7ca60db [term 1 FOLLOWER]: Starting leader election with config: opid_index: -1 OBSOLETE_local: false peers { permanent_uuid: "735fc3b209a145d3b4f7e013a7ca60db" member_type: VOTER last_known_addr { host: "127.5.25.193" port: 42971 } } peers { permanent_uuid: "18db414f673b475aaebff8cb8be7468b" member_type: VOTER last_known_addr { host: "127.5.25.194" port: 34759 } } peers { permanent_uuid: "39113a9a896b44d4a0be4188bb1f3ce1" member_type: VOTER last_known_addr { host: "127.5.25.195" port: 41163 } }
I20260710 11:09:34.519008  6412 tablet_service.cc:1917] Received RequestConsensusVote() RPC: tablet_id: "1c33be025f94453c9ef6a9f3970ac6b9" candidate_uuid: "735fc3b209a145d3b4f7e013a7ca60db" candidate_term: 1 candidate_status { last_received { term: 0 index: 0 } } ignore_live_leader: false dest_uuid: "18db414f673b475aaebff8cb8be7468b"
W20260710 11:09:34.520434  6300 leader_election.cc:343] T 1c33be025f94453c9ef6a9f3970ac6b9 P 735fc3b209a145d3b4f7e013a7ca60db [CANDIDATE]: Term 1 election: Tablet error from VoteRequest() call to peer 18db414f673b475aaebff8cb8be7468b (127.5.25.194:34759): Illegal state: must be running to vote when last-logged opid is not known
I20260710 11:09:34.524322  6571 leader_election.cc:290] T 1c33be025f94453c9ef6a9f3970ac6b9 P 735fc3b209a145d3b4f7e013a7ca60db [CANDIDATE]: Term 1 election: Requested vote from peers 18db414f673b475aaebff8cb8be7468b (127.5.25.194:34759), 39113a9a896b44d4a0be4188bb1f3ce1 (127.5.25.195:41163)
I20260710 11:09:34.524549  6485 tablet_service.cc:1917] Received RequestConsensusVote() RPC: tablet_id: "1c33be025f94453c9ef6a9f3970ac6b9" candidate_uuid: "735fc3b209a145d3b4f7e013a7ca60db" candidate_term: 1 candidate_status { last_received { term: 0 index: 0 } } ignore_live_leader: false dest_uuid: "39113a9a896b44d4a0be4188bb1f3ce1"
I20260710 11:09:34.525089  6485 raft_consensus.cc:3060] T 1c33be025f94453c9ef6a9f3970ac6b9 P 39113a9a896b44d4a0be4188bb1f3ce1 [term 0 FOLLOWER]: Advancing to term 1
I20260710 11:09:34.525425  6526 tablet_bootstrap.cc:654] T cc31a55d3fb744f5af25b7597b61f864 P 735fc3b209a145d3b4f7e013a7ca60db: Neither blocks nor log segments found. Creating new log.
I20260710 11:09:34.525592  6527 tablet_bootstrap.cc:492] T 71d9b787a663470fa9066ba2d417befa P 18db414f673b475aaebff8cb8be7468b: No bootstrap required, opened a new log
I20260710 11:09:34.526064  6527 ts_tablet_manager.cc:1403] T 71d9b787a663470fa9066ba2d417befa P 18db414f673b475aaebff8cb8be7468b: Time spent bootstrapping tablet: real 0.046s	user 0.024s	sys 0.019s
I20260710 11:09:34.528540  6527 raft_consensus.cc:359] T 71d9b787a663470fa9066ba2d417befa P 18db414f673b475aaebff8cb8be7468b [term 0 FOLLOWER]: Replica starting. Triggering 0 pending ops. Active config: opid_index: -1 OBSOLETE_local: false peers { permanent_uuid: "735fc3b209a145d3b4f7e013a7ca60db" member_type: VOTER last_known_addr { host: "127.5.25.193" port: 42971 } } peers { permanent_uuid: "18db414f673b475aaebff8cb8be7468b" member_type: VOTER last_known_addr { host: "127.5.25.194" port: 34759 } } peers { permanent_uuid: "39113a9a896b44d4a0be4188bb1f3ce1" member_type: VOTER last_known_addr { host: "127.5.25.195" port: 41163 } }
I20260710 11:09:34.529197  6527 raft_consensus.cc:385] T 71d9b787a663470fa9066ba2d417befa P 18db414f673b475aaebff8cb8be7468b [term 0 FOLLOWER]: Consensus starting up: Expiring failure detector timer to make a prompt election more likely
I20260710 11:09:34.529502  6527 raft_consensus.cc:740] T 71d9b787a663470fa9066ba2d417befa P 18db414f673b475aaebff8cb8be7468b [term 0 FOLLOWER]: Becoming Follower/Learner. State: Replica: 18db414f673b475aaebff8cb8be7468b, State: Initialized, Role: FOLLOWER
I20260710 11:09:34.530294  6527 consensus_queue.cc:260] T 71d9b787a663470fa9066ba2d417befa P 18db414f673b475aaebff8cb8be7468b [NON_LEADER]: Queue going to NON_LEADER mode. State: All replicated index: 0, Majority replicated index: 0, Committed index: 0, Last appended: 0.0, Last appended by leader: 0, Current term: 0, Majority size: -1, State: 0, Mode: NON_LEADER, active raft config: opid_index: -1 OBSOLETE_local: false peers { permanent_uuid: "735fc3b209a145d3b4f7e013a7ca60db" member_type: VOTER last_known_addr { host: "127.5.25.193" port: 42971 } } peers { permanent_uuid: "18db414f673b475aaebff8cb8be7468b" member_type: VOTER last_known_addr { host: "127.5.25.194" port: 34759 } } peers { permanent_uuid: "39113a9a896b44d4a0be4188bb1f3ce1" member_type: VOTER last_known_addr { host: "127.5.25.195" port: 41163 } }
I20260710 11:09:34.532164  6527 ts_tablet_manager.cc:1434] T 71d9b787a663470fa9066ba2d417befa P 18db414f673b475aaebff8cb8be7468b: Time spent starting tablet: real 0.006s	user 0.004s	sys 0.000s
I20260710 11:09:34.532681  6485 raft_consensus.cc:2468] T 1c33be025f94453c9ef6a9f3970ac6b9 P 39113a9a896b44d4a0be4188bb1f3ce1 [term 1 FOLLOWER]: Leader election vote request: Granting yes vote for candidate 735fc3b209a145d3b4f7e013a7ca60db in term 1.
I20260710 11:09:34.533025  6527 tablet_bootstrap.cc:492] T 35711c958e6b4aa78765ce7072f164e1 P 18db414f673b475aaebff8cb8be7468b: Bootstrap starting.
I20260710 11:09:34.533955  6303 leader_election.cc:304] T 1c33be025f94453c9ef6a9f3970ac6b9 P 735fc3b209a145d3b4f7e013a7ca60db [CANDIDATE]: Term 1 election: Election decided. Result: candidate won. Election summary: received 3 responses out of 3 voters: 2 yes votes; 1 no votes. yes voters: 39113a9a896b44d4a0be4188bb1f3ce1, 735fc3b209a145d3b4f7e013a7ca60db; no voters: 18db414f673b475aaebff8cb8be7468b
I20260710 11:09:34.534811  6571 raft_consensus.cc:2804] T 1c33be025f94453c9ef6a9f3970ac6b9 P 735fc3b209a145d3b4f7e013a7ca60db [term 1 FOLLOWER]: Leader election won for term 1
I20260710 11:09:34.535247  6571 raft_consensus.cc:697] T 1c33be025f94453c9ef6a9f3970ac6b9 P 735fc3b209a145d3b4f7e013a7ca60db [term 1 LEADER]: Becoming Leader. State: Replica: 735fc3b209a145d3b4f7e013a7ca60db, State: Running, Role: LEADER
I20260710 11:09:34.536650  6571 consensus_queue.cc:237] T 1c33be025f94453c9ef6a9f3970ac6b9 P 735fc3b209a145d3b4f7e013a7ca60db [LEADER]: Queue going to LEADER mode. State: All replicated index: 0, Majority replicated index: 0, Committed index: 0, Last appended: 0.0, Last appended by leader: 0, Current term: 1, Majority size: 2, State: 0, Mode: LEADER, active raft config: opid_index: -1 OBSOLETE_local: false peers { permanent_uuid: "735fc3b209a145d3b4f7e013a7ca60db" member_type: VOTER last_known_addr { host: "127.5.25.193" port: 42971 } } peers { permanent_uuid: "18db414f673b475aaebff8cb8be7468b" member_type: VOTER last_known_addr { host: "127.5.25.194" port: 34759 } } peers { permanent_uuid: "39113a9a896b44d4a0be4188bb1f3ce1" member_type: VOTER last_known_addr { host: "127.5.25.195" port: 41163 } }
I20260710 11:09:34.539104  6527 tablet_bootstrap.cc:654] T 35711c958e6b4aa78765ce7072f164e1 P 18db414f673b475aaebff8cb8be7468b: Neither blocks nor log segments found. Creating new log.
