I20260710 11:09:35.652911 14777 ts_tablet_manager.cc:1403] T 3fc220716fe34d85880a9212d245ed7e P 3eb528d7b6fe4f7c9405ed46527f89dd: Time spent bootstrapping tablet: real 0.058s	user 0.000s	sys 0.013s
I20260710 11:09:35.655378 14777 raft_consensus.cc:359] T 3fc220716fe34d85880a9212d245ed7e P 3eb528d7b6fe4f7c9405ed46527f89dd [term 0 FOLLOWER]: Replica starting. Triggering 0 pending ops. Active config: opid_index: -1 OBSOLETE_local: false peers { permanent_uuid: "7eec73aa572b496f877504152a384387" member_type: VOTER last_known_addr { host: "127.13.44.193" port: 36339 } } peers { permanent_uuid: "338707c0f1e240c8934b87709c4376f2" member_type: VOTER last_known_addr { host: "127.13.44.194" port: 42519 } } peers { permanent_uuid: "3eb528d7b6fe4f7c9405ed46527f89dd" member_type: VOTER last_known_addr { host: "127.13.44.195" port: 37325 } }
I20260710 11:09:35.656042 14777 raft_consensus.cc:385] T 3fc220716fe34d85880a9212d245ed7e P 3eb528d7b6fe4f7c9405ed46527f89dd [term 0 FOLLOWER]: Consensus starting up: Expiring failure detector timer to make a prompt election more likely
I20260710 11:09:35.656327 14777 raft_consensus.cc:740] T 3fc220716fe34d85880a9212d245ed7e P 3eb528d7b6fe4f7c9405ed46527f89dd [term 0 FOLLOWER]: Becoming Follower/Learner. State: Replica: 3eb528d7b6fe4f7c9405ed46527f89dd, State: Initialized, Role: FOLLOWER
I20260710 11:09:35.656996 14779 tablet_bootstrap.cc:492] T 2f3699342b374b70adfe0ee2ccbf5e09 P 7eec73aa572b496f877504152a384387: No bootstrap required, opened a new log
I20260710 11:09:35.656937 14777 consensus_queue.cc:260] T 3fc220716fe34d85880a9212d245ed7e P 3eb528d7b6fe4f7c9405ed46527f89dd [NON_LEADER]: Queue going to NON_LEADER mode. State: All replicated index: 0, Majority replicated index: 0, Committed index: 0, Last appended: 0.0, Last appended by leader: 0, Current term: 0, Majority size: -1, State: 0, Mode: NON_LEADER, active raft config: opid_index: -1 OBSOLETE_local: false peers { permanent_uuid: "7eec73aa572b496f877504152a384387" member_type: VOTER last_known_addr { host: "127.13.44.193" port: 36339 } } peers { permanent_uuid: "338707c0f1e240c8934b87709c4376f2" member_type: VOTER last_known_addr { host: "127.13.44.194" port: 42519 } } peers { permanent_uuid: "3eb528d7b6fe4f7c9405ed46527f89dd" member_type: VOTER last_known_addr { host: "127.13.44.195" port: 37325 } }
I20260710 11:09:35.657486 14779 ts_tablet_manager.cc:1403] T 2f3699342b374b70adfe0ee2ccbf5e09 P 7eec73aa572b496f877504152a384387: Time spent bootstrapping tablet: real 0.052s	user 0.008s	sys 0.009s
I20260710 11:09:35.660893 14778 tablet_bootstrap.cc:654] T c98adb2c0b27463eb23a4d3d9faeeac0 P 338707c0f1e240c8934b87709c4376f2: Neither blocks nor log segments found. Creating new log.
I20260710 11:09:35.660708 14779 raft_consensus.cc:359] T 2f3699342b374b70adfe0ee2ccbf5e09 P 7eec73aa572b496f877504152a384387 [term 0 FOLLOWER]: Replica starting. Triggering 0 pending ops. Active config: opid_index: -1 OBSOLETE_local: false peers { permanent_uuid: "7eec73aa572b496f877504152a384387" member_type: VOTER last_known_addr { host: "127.13.44.193" port: 36339 } } peers { permanent_uuid: "338707c0f1e240c8934b87709c4376f2" member_type: VOTER last_known_addr { host: "127.13.44.194" port: 42519 } } peers { permanent_uuid: "3eb528d7b6fe4f7c9405ed46527f89dd" member_type: VOTER last_known_addr { host: "127.13.44.195" port: 37325 } }
I20260710 11:09:35.661357 14779 raft_consensus.cc:385] T 2f3699342b374b70adfe0ee2ccbf5e09 P 7eec73aa572b496f877504152a384387 [term 0 FOLLOWER]: Consensus starting up: Expiring failure detector timer to make a prompt election more likely
I20260710 11:09:35.661657 14779 raft_consensus.cc:740] T 2f3699342b374b70adfe0ee2ccbf5e09 P 7eec73aa572b496f877504152a384387 [term 0 FOLLOWER]: Becoming Follower/Learner. State: Replica: 7eec73aa572b496f877504152a384387, State: Initialized, Role: FOLLOWER
I20260710 11:09:35.662966 14777 ts_tablet_manager.cc:1434] T 3fc220716fe34d85880a9212d245ed7e P 3eb528d7b6fe4f7c9405ed46527f89dd: Time spent starting tablet: real 0.010s	user 0.002s	sys 0.004s
I20260710 11:09:35.663843 14777 tablet_bootstrap.cc:492] T dacaeb02cbac43749b682b13baf459f3 P 3eb528d7b6fe4f7c9405ed46527f89dd: Bootstrap starting.
I20260710 11:09:35.664426 14484 catalog_manager.cc:5697] T 25a2259baffd497abe49af31e0b4c7ea P 7eec73aa572b496f877504152a384387 reported cstate change: term changed from 0 to 1, leader changed from <none> to 7eec73aa572b496f877504152a384387 (127.13.44.193). New cstate: current_term: 1 leader_uuid: "7eec73aa572b496f877504152a384387" committed_config { opid_index: -1 OBSOLETE_local: false peers { permanent_uuid: "7eec73aa572b496f877504152a384387" member_type: VOTER last_known_addr { host: "127.13.44.193" port: 36339 } health_report { overall_health: HEALTHY } } peers { permanent_uuid: "338707c0f1e240c8934b87709c4376f2" member_type: VOTER last_known_addr { host: "127.13.44.194" port: 42519 } health_report { overall_health: UNKNOWN } } peers { permanent_uuid: "3eb528d7b6fe4f7c9405ed46527f89dd" member_type: VOTER last_known_addr { host: "127.13.44.195" port: 37325 } health_report { overall_health: UNKNOWN } } }
I20260710 11:09:35.667132 14884 raft_consensus.cc:493] T 2f3699342b374b70adfe0ee2ccbf5e09 P 3eb528d7b6fe4f7c9405ed46527f89dd [term 0 FOLLOWER]: Starting pre-election (no leader contacted us within the election timeout)
I20260710 11:09:35.667629 14884 raft_consensus.cc:515] T 2f3699342b374b70adfe0ee2ccbf5e09 P 3eb528d7b6fe4f7c9405ed46527f89dd [term 0 FOLLOWER]: Starting pre-election with config: opid_index: -1 OBSOLETE_local: false peers { permanent_uuid: "7eec73aa572b496f877504152a384387" member_type: VOTER last_known_addr { host: "127.13.44.193" port: 36339 } } peers { permanent_uuid: "338707c0f1e240c8934b87709c4376f2" member_type: VOTER last_known_addr { host: "127.13.44.194" port: 42519 } } peers { permanent_uuid: "3eb528d7b6fe4f7c9405ed46527f89dd" member_type: VOTER last_known_addr { host: "127.13.44.195" port: 37325 } }
I20260710 11:09:35.667999 14779 consensus_queue.cc:260] T 2f3699342b374b70adfe0ee2ccbf5e09 P 7eec73aa572b496f877504152a384387 [NON_LEADER]: Queue going to NON_LEADER mode. State: All replicated index: 0, Majority replicated index: 0, Committed index: 0, Last appended: 0.0, Last appended by leader: 0, Current term: 0, Majority size: -1, State: 0, Mode: NON_LEADER, active raft config: opid_index: -1 OBSOLETE_local: false peers { permanent_uuid: "7eec73aa572b496f877504152a384387" member_type: VOTER last_known_addr { host: "127.13.44.193" port: 36339 } } peers { permanent_uuid: "338707c0f1e240c8934b87709c4376f2" member_type: VOTER last_known_addr { host: "127.13.44.194" port: 42519 } } peers { permanent_uuid: "3eb528d7b6fe4f7c9405ed46527f89dd" member_type: VOTER last_known_addr { host: "127.13.44.195" port: 37325 } }
I20260710 11:09:35.670318 14884 leader_election.cc:290] T 2f3699342b374b70adfe0ee2ccbf5e09 P 3eb528d7b6fe4f7c9405ed46527f89dd [CANDIDATE]: Term 1 pre-election: Requested pre-vote from peers 7eec73aa572b496f877504152a384387 (127.13.44.193:36339), 338707c0f1e240c8934b87709c4376f2 (127.13.44.194:42519)
I20260710 11:09:35.670724 14779 ts_tablet_manager.cc:1434] T 2f3699342b374b70adfe0ee2ccbf5e09 P 7eec73aa572b496f877504152a384387: Time spent starting tablet: real 0.013s	user 0.003s	sys 0.002s
I20260710 11:09:35.671569 14779 tablet_bootstrap.cc:492] T 580c97e8e1a84d3b811de7f2f5f0d6df P 7eec73aa572b496f877504152a384387: Bootstrap starting.
I20260710 11:09:35.671764 14661 tablet_service.cc:1917] Received RequestConsensusVote() RPC: tablet_id: "2f3699342b374b70adfe0ee2ccbf5e09" candidate_uuid: "3eb528d7b6fe4f7c9405ed46527f89dd" candidate_term: 1 candidate_status { last_received { term: 0 index: 0 } } ignore_live_leader: false dest_uuid: "338707c0f1e240c8934b87709c4376f2" is_pre_election: true
W20260710 11:09:35.673225 14701 leader_election.cc:343] T 2f3699342b374b70adfe0ee2ccbf5e09 P 3eb528d7b6fe4f7c9405ed46527f89dd [CANDIDATE]: Term 1 pre-election: Tablet error from VoteRequest() call to peer 338707c0f1e240c8934b87709c4376f2 (127.13.44.194:42519): Illegal state: must be running to vote when last-logged opid is not known
I20260710 11:09:35.677495 14779 tablet_bootstrap.cc:654] T 580c97e8e1a84d3b811de7f2f5f0d6df P 7eec73aa572b496f877504152a384387: Neither blocks nor log segments found. Creating new log.
I20260710 11:09:35.681208 14586 tablet_service.cc:1917] Received RequestConsensusVote() RPC: tablet_id: "2f3699342b374b70adfe0ee2ccbf5e09" candidate_uuid: "3eb528d7b6fe4f7c9405ed46527f89dd" candidate_term: 1 candidate_status { last_received { term: 0 index: 0 } } ignore_live_leader: false dest_uuid: "7eec73aa572b496f877504152a384387" is_pre_election: true
I20260710 11:09:35.681871 14586 raft_consensus.cc:2468] T 2f3699342b374b70adfe0ee2ccbf5e09 P 7eec73aa572b496f877504152a384387 [term 0 FOLLOWER]: Leader pre-election vote request: Granting yes vote for candidate 3eb528d7b6fe4f7c9405ed46527f89dd in term 0.
I20260710 11:09:35.682843 14701 leader_election.cc:304] T 2f3699342b374b70adfe0ee2ccbf5e09 P 3eb528d7b6fe4f7c9405ed46527f89dd [CANDIDATE]: Term 1 pre-election: Election decided. Result: candidate won. Election summary: received 3 responses out of 3 voters: 2 yes votes; 1 no votes. yes voters: 3eb528d7b6fe4f7c9405ed46527f89dd, 7eec73aa572b496f877504152a384387; no voters: 338707c0f1e240c8934b87709c4376f2
I20260710 11:09:35.684176 14884 raft_consensus.cc:2804] T 2f3699342b374b70adfe0ee2ccbf5e09 P 3eb528d7b6fe4f7c9405ed46527f89dd [term 0 FOLLOWER]: Leader pre-election won for term 1
I20260710 11:09:35.684648 14884 raft_consensus.cc:493] T 2f3699342b374b70adfe0ee2ccbf5e09 P 3eb528d7b6fe4f7c9405ed46527f89dd [term 0 FOLLOWER]: Starting leader election (no leader contacted us within the election timeout)
I20260710 11:09:35.684976 14884 raft_consensus.cc:3060] T 2f3699342b374b70adfe0ee2ccbf5e09 P 3eb528d7b6fe4f7c9405ed46527f89dd [term 0 FOLLOWER]: Advancing to term 1
I20260710 11:09:35.684303 14486 catalog_manager.cc:5697] T 22efadf62298488f805bb693efa25885 P 338707c0f1e240c8934b87709c4376f2 reported cstate change: term changed from 0 to 1, leader changed from <none> to 338707c0f1e240c8934b87709c4376f2 (127.13.44.194). New cstate: current_term: 1 leader_uuid: "338707c0f1e240c8934b87709c4376f2" committed_config { opid_index: -1 OBSOLETE_local: false peers { permanent_uuid: "7eec73aa572b496f877504152a384387" member_type: VOTER last_known_addr { host: "127.13.44.193" port: 36339 } health_report { overall_health: UNKNOWN } } peers { permanent_uuid: "338707c0f1e240c8934b87709c4376f2" member_type: VOTER last_known_addr { host: "127.13.44.194" port: 42519 } health_report { overall_health: HEALTHY } } peers { permanent_uuid: "3eb528d7b6fe4f7c9405ed46527f89dd" member_type: VOTER last_known_addr { host: "127.13.44.195" port: 37325 } health_report { overall_health: UNKNOWN } } }
I20260710 11:09:35.686532 14777 tablet_bootstrap.cc:654] T dacaeb02cbac43749b682b13baf459f3 P 3eb528d7b6fe4f7c9405ed46527f89dd: Neither blocks nor log segments found. Creating new log.
I20260710 11:09:35.699944 14884 raft_consensus.cc:515] T 2f3699342b374b70adfe0ee2ccbf5e09 P 3eb528d7b6fe4f7c9405ed46527f89dd [term 1 FOLLOWER]: Starting leader election with config: opid_index: -1 OBSOLETE_local: false peers { permanent_uuid: "7eec73aa572b496f877504152a384387" member_type: VOTER last_known_addr { host: "127.13.44.193" port: 36339 } } peers { permanent_uuid: "338707c0f1e240c8934b87709c4376f2" member_type: VOTER last_known_addr { host: "127.13.44.194" port: 42519 } } peers { permanent_uuid: "3eb528d7b6fe4f7c9405ed46527f89dd" member_type: VOTER last_known_addr { host: "127.13.44.195" port: 37325 } }
I20260710 11:09:35.703138 14586 tablet_service.cc:1917] Received RequestConsensusVote() RPC: tablet_id: "2f3699342b374b70adfe0ee2ccbf5e09" candidate_uuid: "3eb528d7b6fe4f7c9405ed46527f89dd" candidate_term: 1 candidate_status { last_received { term: 0 index: 0 } } ignore_live_leader: false dest_uuid: "7eec73aa572b496f877504152a384387"
I20260710 11:09:35.703372 14884 leader_election.cc:290] T 2f3699342b374b70adfe0ee2ccbf5e09 P 3eb528d7b6fe4f7c9405ed46527f89dd [CANDIDATE]: Term 1 election: Requested vote from peers 7eec73aa572b496f877504152a384387 (127.13.44.193:36339), 338707c0f1e240c8934b87709c4376f2 (127.13.44.194:42519)
I20260710 11:09:35.703783 14586 raft_consensus.cc:3060] T 2f3699342b374b70adfe0ee2ccbf5e09 P 7eec73aa572b496f877504152a384387 [term 0 FOLLOWER]: Advancing to term 1
I20260710 11:09:35.708086 14830 consensus_queue.cc:1048] T 70e253f6c6694f1483767d77c170a0f7 P 338707c0f1e240c8934b87709c4376f2 [LEADER]: Connected to new peer: Peer: permanent_uuid: "3eb528d7b6fe4f7c9405ed46527f89dd" member_type: VOTER last_known_addr { host: "127.13.44.195" port: 37325 }, Status: LMP_MISMATCH, Last received: 0.0, Next index: 1, Last known committed idx: 0, Time since last communication: 0.000s
I20260710 11:09:35.711359 14586 raft_consensus.cc:2468] T 2f3699342b374b70adfe0ee2ccbf5e09 P 7eec73aa572b496f877504152a384387 [term 1 FOLLOWER]: Leader election vote request: Granting yes vote for candidate 3eb528d7b6fe4f7c9405ed46527f89dd in term 1.
I20260710 11:09:35.712023 14778 tablet_bootstrap.cc:492] T c98adb2c0b27463eb23a4d3d9faeeac0 P 338707c0f1e240c8934b87709c4376f2: No bootstrap required, opened a new log
I20260710 11:09:35.712548 14778 ts_tablet_manager.cc:1403] T c98adb2c0b27463eb23a4d3d9faeeac0 P 338707c0f1e240c8934b87709c4376f2: Time spent bootstrapping tablet: real 0.089s	user 0.015s	sys 0.002s
I20260710 11:09:35.712373 14830 consensus_queue.cc:1048] T 70e253f6c6694f1483767d77c170a0f7 P 338707c0f1e240c8934b87709c4376f2 [LEADER]: Connected to new peer: Peer: permanent_uuid: "7eec73aa572b496f877504152a384387" member_type: VOTER last_known_addr { host: "127.13.44.193" port: 36339 }, Status: LMP_MISMATCH, Last received: 0.0, Next index: 1, Last known committed idx: 0, Time since last communication: 0.000s
I20260710 11:09:35.712639 14701 leader_election.cc:304] T 2f3699342b374b70adfe0ee2ccbf5e09 P 3eb528d7b6fe4f7c9405ed46527f89dd [CANDIDATE]: Term 1 election: Election decided. Result: candidate won. Election summary: received 2 responses out of 3 voters: 2 yes votes; 0 no votes. yes voters: 3eb528d7b6fe4f7c9405ed46527f89dd, 7eec73aa572b496f877504152a384387; no voters: 
I20260710 11:09:35.713721 14803 raft_consensus.cc:2804] T 2f3699342b374b70adfe0ee2ccbf5e09 P 3eb528d7b6fe4f7c9405ed46527f89dd [term 1 FOLLOWER]: Leader election won for term 1
I20260710 11:09:35.714171 14803 raft_consensus.cc:697] T 2f3699342b374b70adfe0ee2ccbf5e09 P 3eb528d7b6fe4f7c9405ed46527f89dd [term 1 LEADER]: Becoming Leader. State: Replica: 3eb528d7b6fe4f7c9405ed46527f89dd, State: Running, Role: LEADER
I20260710 11:09:35.714951 14803 consensus_queue.cc:237] T 2f3699342b374b70adfe0ee2ccbf5e09 P 3eb528d7b6fe4f7c9405ed46527f89dd [LEADER]: Queue going to LEADER mode. State: All replicated index: 0, Majority replicated index: 0, Committed index: 0, Last appended: 0.0, Last appended by leader: 0, Current term: 1, Majority size: 2, State: 0, Mode: LEADER, active raft config: opid_index: -1 OBSOLETE_local: false peers { permanent_uuid: "7eec73aa572b496f877504152a384387" member_type: VOTER last_known_addr { host: "127.13.44.193" port: 36339 } } peers { permanent_uuid: "338707c0f1e240c8934b87709c4376f2" member_type: VOTER last_known_addr { host: "127.13.44.194" port: 42519 } } peers { permanent_uuid: "3eb528d7b6fe4f7c9405ed46527f89dd" member_type: VOTER last_known_addr { host: "127.13.44.195" port: 37325 } }
I20260710 11:09:35.715438 14778 raft_consensus.cc:359] T c98adb2c0b27463eb23a4d3d9faeeac0 P 338707c0f1e240c8934b87709c4376f2 [term 0 FOLLOWER]: Replica starting. Triggering 0 pending ops. Active config: opid_index: -1 OBSOLETE_local: false peers { permanent_uuid: "7eec73aa572b496f877504152a384387" member_type: VOTER last_known_addr { host: "127.13.44.193" port: 36339 } } peers { permanent_uuid: "338707c0f1e240c8934b87709c4376f2" member_type: VOTER last_known_addr { host: "127.13.44.194" port: 42519 } } peers { permanent_uuid: "3eb528d7b6fe4f7c9405ed46527f89dd" member_type: VOTER last_known_addr { host: "127.13.44.195" port: 37325 } }
I20260710 11:09:35.716123 14778 raft_consensus.cc:385] T c98adb2c0b27463eb23a4d3d9faeeac0 P 338707c0f1e240c8934b87709c4376f2 [term 0 FOLLOWER]: Consensus starting up: Expiring failure detector timer to make a prompt election more likely
I20260710 11:09:35.716405 14778 raft_consensus.cc:740] T c98adb2c0b27463eb23a4d3d9faeeac0 P 338707c0f1e240c8934b87709c4376f2 [term 0 FOLLOWER]: Becoming Follower/Learner. State: Replica: 338707c0f1e240c8934b87709c4376f2, State: Initialized, Role: FOLLOWER
I20260710 11:09:35.716769 14784 raft_consensus.cc:493] T 3fc220716fe34d85880a9212d245ed7e P 3eb528d7b6fe4f7c9405ed46527f89dd [term 0 FOLLOWER]: Starting pre-election (no leader contacted us within the election timeout)
I20260710 11:09:35.717114 14778 consensus_queue.cc:260] T c98adb2c0b27463eb23a4d3d9faeeac0 P 338707c0f1e240c8934b87709c4376f2 [NON_LEADER]: Queue going to NON_LEADER mode. State: All replicated index: 0, Majority replicated index: 0, Committed index: 0, Last appended: 0.0, Last appended by leader: 0, Current term: 0, Majority size: -1, State: 0, Mode: NON_LEADER, active raft config: opid_index: -1 OBSOLETE_local: false peers { permanent_uuid: "7eec73aa572b496f877504152a384387" member_type: VOTER last_known_addr { host: "127.13.44.193" port: 36339 } } peers { permanent_uuid: "338707c0f1e240c8934b87709c4376f2" member_type: VOTER last_known_addr { host: "127.13.44.194" port: 42519 } } peers { permanent_uuid: "3eb528d7b6fe4f7c9405ed46527f89dd" member_type: VOTER last_known_addr { host: "127.13.44.195" port: 37325 } }
I20260710 11:09:35.717224 14784 raft_consensus.cc:515] T 3fc220716fe34d85880a9212d245ed7e P 3eb528d7b6fe4f7c9405ed46527f89dd [term 0 FOLLOWER]: Starting pre-election with config: opid_index: -1 OBSOLETE_local: false peers { permanent_uuid: "7eec73aa572b496f877504152a384387" member_type: VOTER last_known_addr { host: "127.13.44.193" port: 36339 } } peers { permanent_uuid: "338707c0f1e240c8934b87709c4376f2" member_type: VOTER last_known_addr { host: "127.13.44.194" port: 42519 } } peers { permanent_uuid: "3eb528d7b6fe4f7c9405ed46527f89dd" member_type: VOTER last_known_addr { host: "127.13.44.195" port: 37325 } }
I20260710 11:09:35.704401 14661 tablet_service.cc:1917] Received RequestConsensusVote() RPC: tablet_id: "2f3699342b374b70adfe0ee2ccbf5e09" candidate_uuid: "3eb528d7b6fe4f7c9405ed46527f89dd" candidate_term: 1 candidate_status { last_received { term: 0 index: 0 } } ignore_live_leader: false dest_uuid: "338707c0f1e240c8934b87709c4376f2"
W20260710 11:09:35.721077 14701 leader_election.cc:343] T 2f3699342b374b70adfe0ee2ccbf5e09 P 3eb528d7b6fe4f7c9405ed46527f89dd [CANDIDATE]: Term 1 election: Tablet error from VoteRequest() call to peer 338707c0f1e240c8934b87709c4376f2 (127.13.44.194:42519): Illegal state: must be running to vote when last-logged opid is not known
I20260710 11:09:35.721328 14588 tablet_service.cc:1917] Received RequestConsensusVote() RPC: tablet_id: "3fc220716fe34d85880a9212d245ed7e" candidate_uuid: "3eb528d7b6fe4f7c9405ed46527f89dd" candidate_term: 1 candidate_status { last_received { term: 0 index: 0 } } ignore_live_leader: false dest_uuid: "7eec73aa572b496f877504152a384387" is_pre_election: true
I20260710 11:09:35.719957 14784 leader_election.cc:290] T 3fc220716fe34d85880a9212d245ed7e P 3eb528d7b6fe4f7c9405ed46527f89dd [CANDIDATE]: Term 1 pre-election: Requested pre-vote from peers 7eec73aa572b496f877504152a384387 (127.13.44.193:36339), 338707c0f1e240c8934b87709c4376f2 (127.13.44.194:42519)
I20260710 11:09:35.721971 14588 raft_consensus.cc:2468] T 3fc220716fe34d85880a9212d245ed7e P 7eec73aa572b496f877504152a384387 [term 0 FOLLOWER]: Leader pre-election vote request: Granting yes vote for candidate 3eb528d7b6fe4f7c9405ed46527f89dd in term 0.
I20260710 11:09:35.723546 14777 tablet_bootstrap.cc:492] T dacaeb02cbac43749b682b13baf459f3 P 3eb528d7b6fe4f7c9405ed46527f89dd: No bootstrap required, opened a new log
I20260710 11:09:35.724514 14701 leader_election.cc:304] T 3fc220716fe34d85880a9212d245ed7e P 3eb528d7b6fe4f7c9405ed46527f89dd [CANDIDATE]: Term 1 pre-election: Election decided. Result: candidate won. Election summary: received 2 responses out of 3 voters: 2 yes votes; 0 no votes. yes voters: 3eb528d7b6fe4f7c9405ed46527f89dd, 7eec73aa572b496f877504152a384387; no voters: 
I20260710 11:09:35.723786 14661 tablet_service.cc:1917] Received RequestConsensusVote() RPC: tablet_id: "3fc220716fe34d85880a9212d245ed7e" candidate_uuid: "3eb528d7b6fe4f7c9405ed46527f89dd" candidate_term: 1 candidate_status { last_received { term: 0 index: 0 } } ignore_live_leader: false dest_uuid: "338707c0f1e240c8934b87709c4376f2" is_pre_election: true
I20260710 11:09:35.724773 14777 ts_tablet_manager.cc:1403] T dacaeb02cbac43749b682b13baf459f3 P 3eb528d7b6fe4f7c9405ed46527f89dd: Time spent bootstrapping tablet: real 0.061s	user 0.008s	sys 0.006s
W20260710 11:09:35.726408 14701 leader_election.cc:343] T 3fc220716fe34d85880a9212d245ed7e P 3eb528d7b6fe4f7c9405ed46527f89dd [CANDIDATE]: Term 1 pre-election: Tablet error from VoteRequest() call to peer 338707c0f1e240c8934b87709c4376f2 (127.13.44.194:42519): Illegal state: must be running to vote when last-logged opid is not known
I20260710 11:09:35.727259 14784 raft_consensus.cc:2804] T 3fc220716fe34d85880a9212d245ed7e P 3eb528d7b6fe4f7c9405ed46527f89dd [term 0 FOLLOWER]: Leader pre-election won for term 1
I20260710 11:09:35.727496 14778 ts_tablet_manager.cc:1434] T c98adb2c0b27463eb23a4d3d9faeeac0 P 338707c0f1e240c8934b87709c4376f2: Time spent starting tablet: real 0.015s	user 0.005s	sys 0.000s
I20260710 11:09:35.727677 14784 raft_consensus.cc:493] T 3fc220716fe34d85880a9212d245ed7e P 3eb528d7b6fe4f7c9405ed46527f89dd [term 0 FOLLOWER]: Starting leader election (no leader contacted us within the election timeout)
I20260710 11:09:35.728062 14784 raft_consensus.cc:3060] T 3fc220716fe34d85880a9212d245ed7e P 3eb528d7b6fe4f7c9405ed46527f89dd [term 0 FOLLOWER]: Advancing to term 1
I20260710 11:09:35.729974 14777 raft_consensus.cc:359] T dacaeb02cbac43749b682b13baf459f3 P 3eb528d7b6fe4f7c9405ed46527f89dd [term 0 FOLLOWER]: Replica starting. Triggering 0 pending ops. Active config: opid_index: -1 OBSOLETE_local: false peers { permanent_uuid: "7eec73aa572b496f877504152a384387" member_type: VOTER last_known_addr { host: "127.13.44.193" port: 36339 } } peers { permanent_uuid: "338707c0f1e240c8934b87709c4376f2" member_type: VOTER last_known_addr { host: "127.13.44.194" port: 42519 } } peers { permanent_uuid: "3eb528d7b6fe4f7c9405ed46527f89dd" member_type: VOTER last_known_addr { host: "127.13.44.195" port: 37325 } }
I20260710 11:09:35.732738 14777 raft_consensus.cc:385] T dacaeb02cbac43749b682b13baf459f3 P 3eb528d7b6fe4f7c9405ed46527f89dd [term 0 FOLLOWER]: Consensus starting up: Expiring failure detector timer to make a prompt election more likely
I20260710 11:09:35.733070 14777 raft_consensus.cc:740] T dacaeb02cbac43749b682b13baf459f3 P 3eb528d7b6fe4f7c9405ed46527f89dd [term 0 FOLLOWER]: Becoming Follower/Learner. State: Replica: 3eb528d7b6fe4f7c9405ed46527f89dd, State: Initialized, Role: FOLLOWER
I20260710 11:09:35.733856 14777 consensus_queue.cc:260] T dacaeb02cbac43749b682b13baf459f3 P 3eb528d7b6fe4f7c9405ed46527f89dd [NON_LEADER]: Queue going to NON_LEADER mode. State: All replicated index: 0, Majority replicated index: 0, Committed index: 0, Last appended: 0.0, Last appended by leader: 0, Current term: 0, Majority size: -1, State: 0, Mode: NON_LEADER, active raft config: opid_index: -1 OBSOLETE_local: false peers { permanent_uuid: "7eec73aa572b496f877504152a384387" member_type: VOTER last_known_addr { host: "127.13.44.193" port: 36339 } } peers { permanent_uuid: "338707c0f1e240c8934b87709c4376f2" member_type: VOTER last_known_addr { host: "127.13.44.194" port: 42519 } } peers { permanent_uuid: "3eb528d7b6fe4f7c9405ed46527f89dd" member_type: VOTER last_known_addr { host: "127.13.44.195" port: 37325 } }
I20260710 11:09:35.736135 14778 tablet_bootstrap.cc:492] T 3d8829fa68b448fc87d6a19a35a9cc38 P 338707c0f1e240c8934b87709c4376f2: Bootstrap starting.
I20260710 11:09:35.737253 14777 ts_tablet_manager.cc:1434] T dacaeb02cbac43749b682b13baf459f3 P 3eb528d7b6fe4f7c9405ed46527f89dd: Time spent starting tablet: real 0.011s	user 0.003s	sys 0.002s
I20260710 11:09:35.738286 14777 tablet_bootstrap.cc:492] T a5a43af5b97544a5a0d8f9830f106ca5 P 3eb528d7b6fe4f7c9405ed46527f89dd: Bootstrap starting.
W20260710 11:09:35.738425 14627 consensus_peers.cc:597] T 580c97e8e1a84d3b811de7f2f5f0d6df P 338707c0f1e240c8934b87709c4376f2 -> Peer 7eec73aa572b496f877504152a384387 (127.13.44.193:36339): Couldn't send request to peer 7eec73aa572b496f877504152a384387. Error code: TABLET_NOT_RUNNING (12). Status: Illegal state: Tablet not RUNNING: BOOTSTRAPPING. This is attempt 1: this message will repeat every 5th retry.
I20260710 11:09:35.742455 14778 tablet_bootstrap.cc:654] T 3d8829fa68b448fc87d6a19a35a9cc38 P 338707c0f1e240c8934b87709c4376f2: Neither blocks nor log segments found. Creating new log.
I20260710 11:09:35.742458 14779 tablet_bootstrap.cc:492] T 580c97e8e1a84d3b811de7f2f5f0d6df P 7eec73aa572b496f877504152a384387: No bootstrap required, opened a new log
I20260710 11:09:35.743880 14779 ts_tablet_manager.cc:1403] T 580c97e8e1a84d3b811de7f2f5f0d6df P 7eec73aa572b496f877504152a384387: Time spent bootstrapping tablet: real 0.072s	user 0.012s	sys 0.013s
I20260710 11:09:35.744832 14777 tablet_bootstrap.cc:654] T a5a43af5b97544a5a0d8f9830f106ca5 P 3eb528d7b6fe4f7c9405ed46527f89dd: Neither blocks nor log segments found. Creating new log.
I20260710 11:09:35.735014 14784 raft_consensus.cc:515] T 3fc220716fe34d85880a9212d245ed7e P 3eb528d7b6fe4f7c9405ed46527f89dd [term 1 FOLLOWER]: Starting leader election with config: opid_index: -1 OBSOLETE_local: false peers { permanent_uuid: "7eec73aa572b496f877504152a384387" member_type: VOTER last_known_addr { host: "127.13.44.193" port: 36339 } } peers { permanent_uuid: "338707c0f1e240c8934b87709c4376f2" member_type: VOTER last_known_addr { host: "127.13.44.194" port: 42519 } } peers { permanent_uuid: "3eb528d7b6fe4f7c9405ed46527f89dd" member_type: VOTER last_known_addr { host: "127.13.44.195" port: 37325 } }
I20260710 11:09:35.747377 14784 leader_election.cc:290] T 3fc220716fe34d85880a9212d245ed7e P 3eb528d7b6fe4f7c9405ed46527f89dd [CANDIDATE]: Term 1 election: Requested vote from peers 7eec73aa572b496f877504152a384387 (127.13.44.193:36339), 338707c0f1e240c8934b87709c4376f2 (127.13.44.194:42519)
I20260710 11:09:35.747330 14779 raft_consensus.cc:359] T 580c97e8e1a84d3b811de7f2f5f0d6df P 7eec73aa572b496f877504152a384387 [term 0 FOLLOWER]: Replica starting. Triggering 0 pending ops. Active config: opid_index: -1 OBSOLETE_local: false peers { permanent_uuid: "7eec73aa572b496f877504152a384387" member_type: VOTER last_known_addr { host: "127.13.44.193" port: 36339 } } peers { permanent_uuid: "338707c0f1e240c8934b87709c4376f2" member_type: VOTER last_known_addr { host: "127.13.44.194" port: 42519 } } peers { permanent_uuid: "3eb528d7b6fe4f7c9405ed46527f89dd" member_type: VOTER last_known_addr { host: "127.13.44.195" port: 37325 } }
I20260710 11:09:35.748181 14779 raft_consensus.cc:385] T 580c97e8e1a84d3b811de7f2f5f0d6df P 7eec73aa572b496f877504152a384387 [term 0 FOLLOWER]: Consensus starting up: Expiring failure detector timer to make a prompt election more likely
I20260710 11:09:35.748533 14779 raft_consensus.cc:740] T 580c97e8e1a84d3b811de7f2f5f0d6df P 7eec73aa572b496f877504152a384387 [term 0 FOLLOWER]: Becoming Follower/Learner. State: Replica: 7eec73aa572b496f877504152a384387, State: Initialized, Role: FOLLOWER
I20260710 11:09:35.749221 14779 consensus_queue.cc:260] T 580c97e8e1a84d3b811de7f2f5f0d6df P 7eec73aa572b496f877504152a384387 [NON_LEADER]: Queue going to NON_LEADER mode. State: All replicated index: 0, Majority replicated index: 0, Committed index: 0, Last appended: 0.0, Last appended by leader: 0, Current term: 0, Majority size: -1, State: 0, Mode: NON_LEADER, active raft config: opid_index: -1 OBSOLETE_local: false peers { permanent_uuid: "7eec73aa572b496f877504152a384387" member_type: VOTER last_known_addr { host: "127.13.44.193" port: 36339 } } peers { permanent_uuid: "338707c0f1e240c8934b87709c4376f2" member_type: VOTER last_known_addr { host: "127.13.44.194" port: 42519 } } peers { permanent_uuid: "3eb528d7b6fe4f7c9405ed46527f89dd" member_type: VOTER last_known_addr { host: "127.13.44.195" port: 37325 } }
I20260710 11:09:35.750613 14661 tablet_service.cc:1917] Received RequestConsensusVote() RPC: tablet_id: "3fc220716fe34d85880a9212d245ed7e" candidate_uuid: "3eb528d7b6fe4f7c9405ed46527f89dd" candidate_term: 1 candidate_status { last_received { term: 0 index: 0 } } ignore_live_leader: false dest_uuid: "338707c0f1e240c8934b87709c4376f2"
I20260710 11:09:35.751467 14586 tablet_service.cc:1917] Received RequestConsensusVote() RPC: tablet_id: "3fc220716fe34d85880a9212d245ed7e" candidate_uuid: "3eb528d7b6fe4f7c9405ed46527f89dd" candidate_term: 1 candidate_status { last_received { term: 0 index: 0 } } ignore_live_leader: false dest_uuid: "7eec73aa572b496f877504152a384387"
I20260710 11:09:35.752751 14586 raft_consensus.cc:3060] T 3fc220716fe34d85880a9212d245ed7e P 7eec73aa572b496f877504152a384387 [term 0 FOLLOWER]: Advancing to term 1
I20260710 11:09:35.753441 14779 ts_tablet_manager.cc:1434] T 580c97e8e1a84d3b811de7f2f5f0d6df P 7eec73aa572b496f877504152a384387: Time spent starting tablet: real 0.009s	user 0.007s	sys 0.000s
I20260710 11:09:35.754547 14779 tablet_bootstrap.cc:492] T d6430c6131d14cbb93049eb21ab76a74 P 7eec73aa572b496f877504152a384387: Bootstrap starting.
I20260710 11:09:35.754684 14782 raft_consensus.cc:493] T c98adb2c0b27463eb23a4d3d9faeeac0 P 7eec73aa572b496f877504152a384387 [term 0 FOLLOWER]: Starting pre-election (no leader contacted us within the election timeout)
I20260710 11:09:35.755120 14782 raft_consensus.cc:515] T c98adb2c0b27463eb23a4d3d9faeeac0 P 7eec73aa572b496f877504152a384387 [term 0 FOLLOWER]: Starting pre-election with config: opid_index: -1 OBSOLETE_local: false peers { permanent_uuid: "7eec73aa572b496f877504152a384387" member_type: VOTER last_known_addr { host: "127.13.44.193" port: 36339 } } peers { permanent_uuid: "338707c0f1e240c8934b87709c4376f2" member_type: VOTER last_known_addr { host: "127.13.44.194" port: 42519 } } peers { permanent_uuid: "3eb528d7b6fe4f7c9405ed46527f89dd" member_type: VOTER last_known_addr { host: "127.13.44.195" port: 37325 } }
I20260710 11:09:35.761009 14486 catalog_manager.cc:5697] T 2f3699342b374b70adfe0ee2ccbf5e09 P 3eb528d7b6fe4f7c9405ed46527f89dd reported cstate change: term changed from 0 to 1, leader changed from <none> to 3eb528d7b6fe4f7c9405ed46527f89dd (127.13.44.195). New cstate: current_term: 1 leader_uuid: "3eb528d7b6fe4f7c9405ed46527f89dd" committed_config { opid_index: -1 OBSOLETE_local: false peers { permanent_uuid: "7eec73aa572b496f877504152a384387" member_type: VOTER last_known_addr { host: "127.13.44.193" port: 36339 } health_report { overall_health: UNKNOWN } } peers { permanent_uuid: "338707c0f1e240c8934b87709c4376f2" member_type: VOTER last_known_addr { host: "127.13.44.194" port: 42519 } health_report { overall_health: UNKNOWN } } peers { permanent_uuid: "3eb528d7b6fe4f7c9405ed46527f89dd" member_type: VOTER last_known_addr { host: "127.13.44.195" port: 37325 } health_report { overall_health: HEALTHY } } }
W20260710 11:09:35.752148 14701 leader_election.cc:343] T 3fc220716fe34d85880a9212d245ed7e P 3eb528d7b6fe4f7c9405ed46527f89dd [CANDIDATE]: Term 1 election: Tablet error from VoteRequest() call to peer 338707c0f1e240c8934b87709c4376f2 (127.13.44.194:42519): Illegal state: must be running to vote when last-logged opid is not known
I20260710 11:09:35.784596 14791 raft_consensus.cc:493] T 580c97e8e1a84d3b811de7f2f5f0d6df P 7eec73aa572b496f877504152a384387 [term 0 FOLLOWER]: Starting pre-election (no leader contacted us within the election timeout)
I20260710 11:09:35.785144 14791 raft_consensus.cc:515] T 580c97e8e1a84d3b811de7f2f5f0d6df P 7eec73aa572b496f877504152a384387 [term 0 FOLLOWER]: Starting pre-election with config: opid_index: -1 OBSOLETE_local: false peers { permanent_uuid: "7eec73aa572b496f877504152a384387" member_type: VOTER last_known_addr { host: "127.13.44.193" port: 36339 } } peers { permanent_uuid: "338707c0f1e240c8934b87709c4376f2" member_type: VOTER last_known_addr { host: "127.13.44.194" port: 42519 } } peers { permanent_uuid: "3eb528d7b6fe4f7c9405ed46527f89dd" member_type: VOTER last_known_addr { host: "127.13.44.195" port: 37325 } }
I20260710 11:09:35.788137 14663 tablet_service.cc:1917] Received RequestConsensusVote() RPC: tablet_id: "580c97e8e1a84d3b811de7f2f5f0d6df" candidate_uuid: "7eec73aa572b496f877504152a384387" candidate_term: 1 candidate_status { last_received { term: 0 index: 0 } } ignore_live_leader: false dest_uuid: "338707c0f1e240c8934b87709c4376f2" is_pre_election: true
I20260710 11:09:35.809537 14735 tablet_service.cc:1917] Received RequestConsensusVote() RPC: tablet_id: "580c97e8e1a84d3b811de7f2f5f0d6df" candidate_uuid: "7eec73aa572b496f877504152a384387" candidate_term: 1 candidate_status { last_received { term: 0 index: 0 } } ignore_live_leader: false dest_uuid: "3eb528d7b6fe4f7c9405ed46527f89dd" is_pre_election: true
I20260710 11:09:35.810521 14735 raft_consensus.cc:2393] T 580c97e8e1a84d3b811de7f2f5f0d6df P 3eb528d7b6fe4f7c9405ed46527f89dd [term 1 FOLLOWER]: Leader pre-election vote request: Denying vote to candidate 7eec73aa572b496f877504152a384387 in current term 1: Already voted for candidate 338707c0f1e240c8934b87709c4376f2 in this term.
I20260710 11:09:35.803900 14586 raft_consensus.cc:2468] T 3fc220716fe34d85880a9212d245ed7e P 7eec73aa572b496f877504152a384387 [term 1 FOLLOWER]: Leader election vote request: Granting yes vote for candidate 3eb528d7b6fe4f7c9405ed46527f89dd in term 1.
I20260710 11:09:35.811285 14661 tablet_service.cc:1917] Received RequestConsensusVote() RPC: tablet_id: "c98adb2c0b27463eb23a4d3d9faeeac0" candidate_uuid: "7eec73aa572b496f877504152a384387" candidate_term: 1 candidate_status { last_received { term: 0 index: 0 } } ignore_live_leader: false dest_uuid: "338707c0f1e240c8934b87709c4376f2" is_pre_election: true
I20260710 11:09:35.811906 14661 raft_consensus.cc:2468] T c98adb2c0b27463eb23a4d3d9faeeac0 P 338707c0f1e240c8934b87709c4376f2 [term 0 FOLLOWER]: Leader pre-election vote request: Granting yes vote for candidate 7eec73aa572b496f877504152a384387 in term 0.
I20260710 11:09:35.812001 14701 leader_election.cc:304] T 3fc220716fe34d85880a9212d245ed7e P 3eb528d7b6fe4f7c9405ed46527f89dd [CANDIDATE]: Term 1 election: Election decided. Result: candidate won. Election summary: received 3 responses out of 3 voters: 2 yes votes; 1 no votes. yes voters: 3eb528d7b6fe4f7c9405ed46527f89dd, 7eec73aa572b496f877504152a384387; no voters: 338707c0f1e240c8934b87709c4376f2
I20260710 11:09:35.813097 14784 raft_consensus.cc:2804] T 3fc220716fe34d85880a9212d245ed7e P 3eb528d7b6fe4f7c9405ed46527f89dd [term 1 FOLLOWER]: Leader election won for term 1
I20260710 11:09:35.813577 14784 raft_consensus.cc:697] T 3fc220716fe34d85880a9212d245ed7e P 3eb528d7b6fe4f7c9405ed46527f89dd [term 1 LEADER]: Becoming Leader. State: Replica: 3eb528d7b6fe4f7c9405ed46527f89dd, State: Running, Role: LEADER
I20260710 11:09:35.813805 14782 leader_election.cc:290] T c98adb2c0b27463eb23a4d3d9faeeac0 P 7eec73aa572b496f877504152a384387 [CANDIDATE]: Term 1 pre-election: Requested pre-vote from peers 338707c0f1e240c8934b87709c4376f2 (127.13.44.194:42519), 3eb528d7b6fe4f7c9405ed46527f89dd (127.13.44.195:37325)
I20260710 11:09:35.813814 14554 leader_election.cc:304] T 580c97e8e1a84d3b811de7f2f5f0d6df P 7eec73aa572b496f877504152a384387 [CANDIDATE]: Term 1 pre-election: Election decided. Result: candidate lost. Election summary: received 3 responses out of 3 voters: 1 yes votes; 2 no votes. yes voters: 7eec73aa572b496f877504152a384387; no voters: 338707c0f1e240c8934b87709c4376f2, 3eb528d7b6fe4f7c9405ed46527f89dd
I20260710 11:09:35.814400 14784 consensus_queue.cc:237] T 3fc220716fe34d85880a9212d245ed7e P 3eb528d7b6fe4f7c9405ed46527f89dd [LEADER]: Queue going to LEADER mode. State: All replicated index: 0, Majority replicated index: 0, Committed index: 0, Last appended: 0.0, Last appended by leader: 0, Current term: 1, Majority size: 2, State: 0, Mode: LEADER, active raft config: opid_index: -1 OBSOLETE_local: false peers { permanent_uuid: "7eec73aa572b496f877504152a384387" member_type: VOTER last_known_addr { host: "127.13.44.193" port: 36339 } } peers { permanent_uuid: "338707c0f1e240c8934b87709c4376f2" member_type: VOTER last_known_addr { host: "127.13.44.194" port: 42519 } } peers { permanent_uuid: "3eb528d7b6fe4f7c9405ed46527f89dd" member_type: VOTER last_known_addr { host: "127.13.44.195" port: 37325 } }
I20260710 11:09:35.815065 14782 raft_consensus.cc:3060] T 580c97e8e1a84d3b811de7f2f5f0d6df P 7eec73aa572b496f877504152a384387 [term 0 FOLLOWER]: Advancing to term 1
I20260710 11:09:35.812983 14552 leader_election.cc:304] T c98adb2c0b27463eb23a4d3d9faeeac0 P 7eec73aa572b496f877504152a384387 [CANDIDATE]: Term 1 pre-election: Election decided. Result: candidate won. Election summary: received 2 responses out of 3 voters: 2 yes votes; 0 no votes. yes voters: 338707c0f1e240c8934b87709c4376f2, 7eec73aa572b496f877504152a384387; no voters: 
I20260710 11:09:35.817247 14735 tablet_service.cc:1917] Received RequestConsensusVote() RPC: tablet_id: "c98adb2c0b27463eb23a4d3d9faeeac0" candidate_uuid: "7eec73aa572b496f877504152a384387" candidate_term: 1 candidate_status { last_received { term: 0 index: 0 } } ignore_live_leader: false dest_uuid: "3eb528d7b6fe4f7c9405ed46527f89dd" is_pre_election: true
I20260710 11:09:35.816855 14879 raft_consensus.cc:2804] T c98adb2c0b27463eb23a4d3d9faeeac0 P 7eec73aa572b496f877504152a384387 [term 0 FOLLOWER]: Leader pre-election won for term 1
I20260710 11:09:35.818020 14735 raft_consensus.cc:2468] T c98adb2c0b27463eb23a4d3d9faeeac0 P 3eb528d7b6fe4f7c9405ed46527f89dd [term 0 FOLLOWER]: Leader pre-election vote request: Granting yes vote for candidate 7eec73aa572b496f877504152a384387 in term 0.
I20260710 11:09:35.818194 14879 raft_consensus.cc:493] T c98adb2c0b27463eb23a4d3d9faeeac0 P 7eec73aa572b496f877504152a384387 [term 0 FOLLOWER]: Starting leader election (no leader contacted us within the election timeout)
I20260710 11:09:35.818681 14879 raft_consensus.cc:3060] T c98adb2c0b27463eb23a4d3d9faeeac0 P 7eec73aa572b496f877504152a384387 [term 0 FOLLOWER]: Advancing to term 1
I20260710 11:09:35.823068 14782 raft_consensus.cc:2749] T 580c97e8e1a84d3b811de7f2f5f0d6df P 7eec73aa572b496f877504152a384387 [term 1 FOLLOWER]: Leader pre-election lost for term 1. Reason: could not achieve majority
W20260710 11:09:35.826067 14629 consensus_peers.cc:597] T a5a43af5b97544a5a0d8f9830f106ca5 P 338707c0f1e240c8934b87709c4376f2 -> Peer 3eb528d7b6fe4f7c9405ed46527f89dd (127.13.44.195:37325): Couldn't send request to peer 3eb528d7b6fe4f7c9405ed46527f89dd. Error code: TABLET_NOT_RUNNING (12). Status: Illegal state: Tablet not RUNNING: BOOTSTRAPPING. This is attempt 1: this message will repeat every 5th retry.
W20260710 11:09:35.826902 14629 consensus_peers.cc:597] T c798c8ec5cf040bb96b0606943ec60a1 P 338707c0f1e240c8934b87709c4376f2 -> Peer 3eb528d7b6fe4f7c9405ed46527f89dd (127.13.44.195:37325): Couldn't send request to peer 3eb528d7b6fe4f7c9405ed46527f89dd. Error code: TABLET_NOT_RUNNING (12). Status: Illegal state: Tablet not RUNNING: INITIALIZED. This is attempt 1: this message will repeat every 5th retry.
I20260710 11:09:35.828812 14879 raft_consensus.cc:515] T c98adb2c0b27463eb23a4d3d9faeeac0 P 7eec73aa572b496f877504152a384387 [term 1 FOLLOWER]: Starting leader election with config: opid_index: -1 OBSOLETE_local: false peers { permanent_uuid: "7eec73aa572b496f877504152a384387" member_type: VOTER last_known_addr { host: "127.13.44.193" port: 36339 } } peers { permanent_uuid: "338707c0f1e240c8934b87709c4376f2" member_type: VOTER last_known_addr { host: "127.13.44.194" port: 42519 } } peers { permanent_uuid: "3eb528d7b6fe4f7c9405ed46527f89dd" member_type: VOTER last_known_addr { host: "127.13.44.195" port: 37325 } }
I20260710 11:09:35.831676 14791 leader_election.cc:290] T 580c97e8e1a84d3b811de7f2f5f0d6df P 7eec73aa572b496f877504152a384387 [CANDIDATE]: Term 1 pre-election: Requested pre-vote from peers 338707c0f1e240c8934b87709c4376f2 (127.13.44.194:42519), 3eb528d7b6fe4f7c9405ed46527f89dd (127.13.44.195:37325)
I20260710 11:09:35.831873 14661 tablet_service.cc:1917] Received RequestConsensusVote() RPC: tablet_id: "c98adb2c0b27463eb23a4d3d9faeeac0" candidate_uuid: "7eec73aa572b496f877504152a384387" candidate_term: 1 candidate_status { last_received { term: 0 index: 0 } } ignore_live_leader: false dest_uuid: "338707c0f1e240c8934b87709c4376f2"
I20260710 11:09:35.832492 14661 raft_consensus.cc:3060] T c98adb2c0b27463eb23a4d3d9faeeac0 P 338707c0f1e240c8934b87709c4376f2 [term 0 FOLLOWER]: Advancing to term 1
I20260710 11:09:35.835610 14484 catalog_manager.cc:5697] T 3fc220716fe34d85880a9212d245ed7e P 3eb528d7b6fe4f7c9405ed46527f89dd reported cstate change: term changed from 0 to 1, leader changed from <none> to 3eb528d7b6fe4f7c9405ed46527f89dd (127.13.44.195). New cstate: current_term: 1 leader_uuid: "3eb528d7b6fe4f7c9405ed46527f89dd" committed_config { opid_index: -1 OBSOLETE_local: false peers { permanent_uuid: "7eec73aa572b496f877504152a384387" member_type: VOTER last_known_addr { host: "127.13.44.193" port: 36339 } health_report { overall_health: UNKNOWN } } peers { permanent_uuid: "338707c0f1e240c8934b87709c4376f2" member_type: VOTER last_known_addr { host: "127.13.44.194" port: 42519 } health_report { overall_health: UNKNOWN } } peers { permanent_uuid: "3eb528d7b6fe4f7c9405ed46527f89dd" member_type: VOTER last_known_addr { host: "127.13.44.195" port: 37325 } health_report { overall_health: HEALTHY } } }
I20260710 11:09:35.838747 14735 tablet_service.cc:1917] Received RequestConsensusVote() RPC: tablet_id: "c98adb2c0b27463eb23a4d3d9faeeac0" candidate_uuid: "7eec73aa572b496f877504152a384387" candidate_term: 1 candidate_status { last_received { term: 0 index: 0 } } ignore_live_leader: false dest_uuid: "3eb528d7b6fe4f7c9405ed46527f89dd"
I20260710 11:09:35.839382 14735 raft_consensus.cc:3060] T c98adb2c0b27463eb23a4d3d9faeeac0 P 3eb528d7b6fe4f7c9405ed46527f89dd [term 0 FOLLOWER]: Advancing to term 1
I20260710 11:09:35.842749 14782 raft_consensus.cc:493] T 22efadf62298488f805bb693efa25885 P 7eec73aa572b496f877504152a384387 [term 0 FOLLOWER]: Starting pre-election (no leader contacted us within the election timeout)
I20260710 11:09:35.844674 14661 raft_consensus.cc:2468] T c98adb2c0b27463eb23a4d3d9faeeac0 P 338707c0f1e240c8934b87709c4376f2 [term 1 FOLLOWER]: Leader election vote request: Granting yes vote for candidate 7eec73aa572b496f877504152a384387 in term 1.
I20260710 11:09:35.847785 14872 consensus_queue.cc:1048] T a5a43af5b97544a5a0d8f9830f106ca5 P 338707c0f1e240c8934b87709c4376f2 [LEADER]: Connected to new peer: Peer: permanent_uuid: "7eec73aa572b496f877504152a384387" member_type: VOTER last_known_addr { host: "127.13.44.193" port: 36339 }, Status: LMP_MISMATCH, Last received: 0.0, Next index: 1, Last known committed idx: 0, Time since last communication: 0.001s
I20260710 11:09:35.848564 14879 leader_election.cc:290] T c98adb2c0b27463eb23a4d3d9faeeac0 P 7eec73aa572b496f877504152a384387 [CANDIDATE]: Term 1 election: Requested vote from peers 338707c0f1e240c8934b87709c4376f2 (127.13.44.194:42519), 3eb528d7b6fe4f7c9405ed46527f89dd (127.13.44.195:37325)
I20260710 11:09:35.849593 14552 leader_election.cc:304] T c98adb2c0b27463eb23a4d3d9faeeac0 P 7eec73aa572b496f877504152a384387 [CANDIDATE]: Term 1 election: Election decided. Result: candidate won. Election summary: received 2 responses out of 3 voters: 2 yes votes; 0 no votes. yes voters: 338707c0f1e240c8934b87709c4376f2, 7eec73aa572b496f877504152a384387; no voters: 
I20260710 11:09:35.850234 14735 raft_consensus.cc:2468] T c98adb2c0b27463eb23a4d3d9faeeac0 P 3eb528d7b6fe4f7c9405ed46527f89dd [term 1 FOLLOWER]: Leader election vote request: Granting yes vote for candidate 7eec73aa572b496f877504152a384387 in term 1.
I20260710 11:09:35.850795 14879 raft_consensus.cc:2804] T c98adb2c0b27463eb23a4d3d9faeeac0 P 7eec73aa572b496f877504152a384387 [term 1 FOLLOWER]: Leader election won for term 1
I20260710 11:09:35.853911 14879 raft_consensus.cc:697] T c98adb2c0b27463eb23a4d3d9faeeac0 P 7eec73aa572b496f877504152a384387 [term 1 LEADER]: Becoming Leader. State: Replica: 7eec73aa572b496f877504152a384387, State: Running, Role: LEADER
I20260710 11:09:35.843214 14782 raft_consensus.cc:515] T 22efadf62298488f805bb693efa25885 P 7eec73aa572b496f877504152a384387 [term 0 FOLLOWER]: Starting pre-election with config: opid_index: -1 OBSOLETE_local: false peers { permanent_uuid: "7eec73aa572b496f877504152a384387" member_type: VOTER last_known_addr { host: "127.13.44.193" port: 36339 } } peers { permanent_uuid: "338707c0f1e240c8934b87709c4376f2" member_type: VOTER last_known_addr { host: "127.13.44.194" port: 42519 } } peers { permanent_uuid: "3eb528d7b6fe4f7c9405ed46527f89dd" member_type: VOTER last_known_addr { host: "127.13.44.195" port: 37325 } }
I20260710 11:09:35.864012 14879 consensus_queue.cc:237] T c98adb2c0b27463eb23a4d3d9faeeac0 P 7eec73aa572b496f877504152a384387 [LEADER]: Queue going to LEADER mode. State: All replicated index: 0, Majority replicated index: 0, Committed index: 0, Last appended: 0.0, Last appended by leader: 0, Current term: 1, Majority size: 2, State: 0, Mode: LEADER, active raft config: opid_index: -1 OBSOLETE_local: false peers { permanent_uuid: "7eec73aa572b496f877504152a384387" member_type: VOTER last_known_addr { host: "127.13.44.193" port: 36339 } } peers { permanent_uuid: "338707c0f1e240c8934b87709c4376f2" member_type: VOTER last_known_addr { host: "127.13.44.194" port: 42519 } } peers { permanent_uuid: "3eb528d7b6fe4f7c9405ed46527f89dd" member_type: VOTER last_known_addr { host: "127.13.44.195" port: 37325 } }
I20260710 11:09:35.865494 14661 tablet_service.cc:1917] Received RequestConsensusVote() RPC: tablet_id: "22efadf62298488f805bb693efa25885" candidate_uuid: "7eec73aa572b496f877504152a384387" candidate_term: 1 candidate_status { last_received { term: 0 index: 0 } } ignore_live_leader: false dest_uuid: "338707c0f1e240c8934b87709c4376f2" is_pre_election: true
I20260710 11:09:35.870316 14779 tablet_bootstrap.cc:654] T d6430c6131d14cbb93049eb21ab76a74 P 7eec73aa572b496f877504152a384387: Neither blocks nor log segments found. Creating new log.
I20260710 11:09:35.873268 14782 leader_election.cc:290] T 22efadf62298488f805bb693efa25885 P 7eec73aa572b496f877504152a384387 [CANDIDATE]: Term 1 pre-election: Requested pre-vote from peers 338707c0f1e240c8934b87709c4376f2 (127.13.44.194:42519), 3eb528d7b6fe4f7c9405ed46527f89dd (127.13.44.195:37325)
I20260710 11:09:35.877043 14778 tablet_bootstrap.cc:492] T 3d8829fa68b448fc87d6a19a35a9cc38 P 338707c0f1e240c8934b87709c4376f2: No bootstrap required, opened a new log
I20260710 11:09:35.877229 14733 tablet_service.cc:1917] Received RequestConsensusVote() RPC: tablet_id: "22efadf62298488f805bb693efa25885" candidate_uuid: "7eec73aa572b496f877504152a384387" candidate_term: 1 candidate_status { last_received { term: 0 index: 0 } } ignore_live_leader: false dest_uuid: "3eb528d7b6fe4f7c9405ed46527f89dd" is_pre_election: true
I20260710 11:09:35.877493 14778 ts_tablet_manager.cc:1403] T 3d8829fa68b448fc87d6a19a35a9cc38 P 338707c0f1e240c8934b87709c4376f2: Time spent bootstrapping tablet: real 0.142s	user 0.057s	sys 0.038s
I20260710 11:09:35.877964 14733 raft_consensus.cc:2393] T 22efadf62298488f805bb693efa25885 P 3eb528d7b6fe4f7c9405ed46527f89dd [term 1 FOLLOWER]: Leader pre-election vote request: Denying vote to candidate 7eec73aa572b496f877504152a384387 in current term 1: Already voted for candidate 338707c0f1e240c8934b87709c4376f2 in this term.
I20260710 11:09:35.879173 14554 leader_election.cc:304] T 22efadf62298488f805bb693efa25885 P 7eec73aa572b496f877504152a384387 [CANDIDATE]: Term 1 pre-election: Election decided. Result: candidate lost. Election summary: received 3 responses out of 3 voters: 1 yes votes; 2 no votes. yes voters: 7eec73aa572b496f877504152a384387; no voters: 338707c0f1e240c8934b87709c4376f2, 3eb528d7b6fe4f7c9405ed46527f89dd
I20260710 11:09:35.879932 14778 raft_consensus.cc:359] T 3d8829fa68b448fc87d6a19a35a9cc38 P 338707c0f1e240c8934b87709c4376f2 [term 0 FOLLOWER]: Replica starting. Triggering 0 pending ops. Active config: opid_index: -1 OBSOLETE_local: false peers { permanent_uuid: "7eec73aa572b496f877504152a384387" member_type: VOTER last_known_addr { host: "127.13.44.193" port: 36339 } } peers { permanent_uuid: "338707c0f1e240c8934b87709c4376f2" member_type: VOTER last_known_addr { host: "127.13.44.194" port: 42519 } } peers { permanent_uuid: "3eb528d7b6fe4f7c9405ed46527f89dd" member_type: VOTER last_known_addr { host: "127.13.44.195" port: 37325 } }
I20260710 11:09:35.880345 14782 raft_consensus.cc:3060] T 22efadf62298488f805bb693efa25885 P 7eec73aa572b496f877504152a384387 [term 0 FOLLOWER]: Advancing to term 1
I20260710 11:09:35.880604 14778 raft_consensus.cc:385] T 3d8829fa68b448fc87d6a19a35a9cc38 P 338707c0f1e240c8934b87709c4376f2 [term 0 FOLLOWER]: Consensus starting up: Expiring failure detector timer to make a prompt election more likely
I20260710 11:09:35.880918 14778 raft_consensus.cc:740] T 3d8829fa68b448fc87d6a19a35a9cc38 P 338707c0f1e240c8934b87709c4376f2 [term 0 FOLLOWER]: Becoming Follower/Learner. State: Replica: 338707c0f1e240c8934b87709c4376f2, State: Initialized, Role: FOLLOWER
