I20260710 11:09:40.320438 14588 raft_consensus.cc:1275] T 3d8829fa68b448fc87d6a19a35a9cc38 P 7eec73aa572b496f877504152a384387 [term 1 FOLLOWER]: Refusing update from remote peer 3eb528d7b6fe4f7c9405ed46527f89dd: Log matching property violated. Preceding OpId in replica: term: 1 index: 1. Preceding OpId from leader: term: 1 index: 2. (index mismatch)
W20260710 11:09:40.321099 14701 consensus_peers.cc:597] T 3d8829fa68b448fc87d6a19a35a9cc38 P 3eb528d7b6fe4f7c9405ed46527f89dd -> Peer a6bfe8cb89b5479b8317008d48f8fea6 (127.13.44.196:44173): Couldn't send request to peer a6bfe8cb89b5479b8317008d48f8fea6. Error code: TABLET_NOT_FOUND (6). Status: Not found: Tablet not found: 3d8829fa68b448fc87d6a19a35a9cc38. This is attempt 1: this message will repeat every 5th retry.
I20260710 11:09:40.322062 15081 consensus_queue.cc:1048] T 3d8829fa68b448fc87d6a19a35a9cc38 P 3eb528d7b6fe4f7c9405ed46527f89dd [LEADER]: Connected to new peer: Peer: permanent_uuid: "7eec73aa572b496f877504152a384387" member_type: VOTER last_known_addr { host: "127.13.44.193" port: 36339 }, Status: LMP_MISMATCH, Last received: 0.0, Next index: 2, Last known committed idx: 1, Time since last communication: 0.000s
I20260710 11:09:40.322809 15109 consensus_queue.cc:1048] T 3d8829fa68b448fc87d6a19a35a9cc38 P 3eb528d7b6fe4f7c9405ed46527f89dd [LEADER]: Connected to new peer: Peer: permanent_uuid: "338707c0f1e240c8934b87709c4376f2" member_type: VOTER last_known_addr { host: "127.13.44.194" port: 42519 } attrs { replace: true }, Status: LMP_MISMATCH, Last received: 0.0, Next index: 2, Last known committed idx: 1, Time since last communication: 0.000s
I20260710 11:09:40.330432 15081 raft_consensus.cc:2955] T 3d8829fa68b448fc87d6a19a35a9cc38 P 3eb528d7b6fe4f7c9405ed46527f89dd [term 1 LEADER]: Committing config change with OpId 1.2: config changed from index -1 to 2, NON_VOTER a6bfe8cb89b5479b8317008d48f8fea6 (127.13.44.196) added. New config: { opid_index: 2 OBSOLETE_local: false peers { permanent_uuid: "7eec73aa572b496f877504152a384387" member_type: VOTER last_known_addr { host: "127.13.44.193" port: 36339 } } peers { permanent_uuid: "338707c0f1e240c8934b87709c4376f2" member_type: VOTER last_known_addr { host: "127.13.44.194" port: 42519 } attrs { replace: true } } peers { permanent_uuid: "3eb528d7b6fe4f7c9405ed46527f89dd" member_type: VOTER last_known_addr { host: "127.13.44.195" port: 37325 } } peers { permanent_uuid: "a6bfe8cb89b5479b8317008d48f8fea6" member_type: NON_VOTER last_known_addr { host: "127.13.44.196" port: 44173 } attrs { promote: true } } }
I20260710 11:09:40.332480 14588 raft_consensus.cc:2955] T 3d8829fa68b448fc87d6a19a35a9cc38 P 7eec73aa572b496f877504152a384387 [term 1 FOLLOWER]: Committing config change with OpId 1.2: config changed from index -1 to 2, NON_VOTER a6bfe8cb89b5479b8317008d48f8fea6 (127.13.44.196) added. New config: { opid_index: 2 OBSOLETE_local: false peers { permanent_uuid: "7eec73aa572b496f877504152a384387" member_type: VOTER last_known_addr { host: "127.13.44.193" port: 36339 } } peers { permanent_uuid: "338707c0f1e240c8934b87709c4376f2" member_type: VOTER last_known_addr { host: "127.13.44.194" port: 42519 } attrs { replace: true } } peers { permanent_uuid: "3eb528d7b6fe4f7c9405ed46527f89dd" member_type: VOTER last_known_addr { host: "127.13.44.195" port: 37325 } } peers { permanent_uuid: "a6bfe8cb89b5479b8317008d48f8fea6" member_type: NON_VOTER last_known_addr { host: "127.13.44.196" port: 44173 } attrs { promote: true } } }
I20260710 11:09:40.335142 14661 raft_consensus.cc:2955] T 3d8829fa68b448fc87d6a19a35a9cc38 P 338707c0f1e240c8934b87709c4376f2 [term 1 FOLLOWER]: Committing config change with OpId 1.2: config changed from index -1 to 2, NON_VOTER a6bfe8cb89b5479b8317008d48f8fea6 (127.13.44.196) added. New config: { opid_index: 2 OBSOLETE_local: false peers { permanent_uuid: "7eec73aa572b496f877504152a384387" member_type: VOTER last_known_addr { host: "127.13.44.193" port: 36339 } } peers { permanent_uuid: "338707c0f1e240c8934b87709c4376f2" member_type: VOTER last_known_addr { host: "127.13.44.194" port: 42519 } attrs { replace: true } } peers { permanent_uuid: "3eb528d7b6fe4f7c9405ed46527f89dd" member_type: VOTER last_known_addr { host: "127.13.44.195" port: 37325 } } peers { permanent_uuid: "a6bfe8cb89b5479b8317008d48f8fea6" member_type: NON_VOTER last_known_addr { host: "127.13.44.196" port: 44173 } attrs { promote: true } } }
I20260710 11:09:40.344537 14482 catalog_manager.cc:5697] T 3d8829fa68b448fc87d6a19a35a9cc38 P 3eb528d7b6fe4f7c9405ed46527f89dd reported cstate change: config changed from index -1 to 2, NON_VOTER a6bfe8cb89b5479b8317008d48f8fea6 (127.13.44.196) added. New cstate: current_term: 1 leader_uuid: "3eb528d7b6fe4f7c9405ed46527f89dd" committed_config { opid_index: 2 OBSOLETE_local: false peers { permanent_uuid: "7eec73aa572b496f877504152a384387" member_type: VOTER last_known_addr { host: "127.13.44.193" port: 36339 } health_report { overall_health: HEALTHY } } peers { permanent_uuid: "338707c0f1e240c8934b87709c4376f2" member_type: VOTER last_known_addr { host: "127.13.44.194" port: 42519 } attrs { replace: true } health_report { overall_health: HEALTHY } } peers { permanent_uuid: "3eb528d7b6fe4f7c9405ed46527f89dd" member_type: VOTER last_known_addr { host: "127.13.44.195" port: 37325 } health_report { overall_health: HEALTHY } } peers { permanent_uuid: "a6bfe8cb89b5479b8317008d48f8fea6" member_type: NON_VOTER last_known_addr { host: "127.13.44.196" port: 44173 } attrs { promote: true } health_report { overall_health: UNKNOWN } } }
I20260710 11:09:40.346661 14587 consensus_queue.cc:237] T ae456cbd35e64119b13e84e4ff92da46 P 7eec73aa572b496f877504152a384387 [LEADER]: Queue going to LEADER mode. State: All replicated index: 0, Majority replicated index: 1, Committed index: 1, Last appended: 1.1, Last appended by leader: 0, Current term: 1, Majority size: 2, State: 0, Mode: LEADER, active raft config: opid_index: 2 OBSOLETE_local: false peers { permanent_uuid: "7eec73aa572b496f877504152a384387" member_type: VOTER last_known_addr { host: "127.13.44.193" port: 36339 } } peers { permanent_uuid: "338707c0f1e240c8934b87709c4376f2" member_type: VOTER last_known_addr { host: "127.13.44.194" port: 42519 } } peers { permanent_uuid: "3eb528d7b6fe4f7c9405ed46527f89dd" member_type: VOTER last_known_addr { host: "127.13.44.195" port: 37325 } attrs { replace: true } } peers { permanent_uuid: "a6bfe8cb89b5479b8317008d48f8fea6" member_type: NON_VOTER last_known_addr { host: "127.13.44.196" port: 44173 } attrs { promote: true } }
W20260710 11:09:40.358242 14552 consensus_peers.cc:597] T ae456cbd35e64119b13e84e4ff92da46 P 7eec73aa572b496f877504152a384387 -> Peer a6bfe8cb89b5479b8317008d48f8fea6 (127.13.44.196:44173): Couldn't send request to peer a6bfe8cb89b5479b8317008d48f8fea6. Error code: TABLET_NOT_FOUND (6). Status: Not found: Tablet not found: ae456cbd35e64119b13e84e4ff92da46. This is attempt 1: this message will repeat every 5th retry.
I20260710 11:09:40.358310 14733 raft_consensus.cc:1275] T ae456cbd35e64119b13e84e4ff92da46 P 3eb528d7b6fe4f7c9405ed46527f89dd [term 1 FOLLOWER]: Refusing update from remote peer 7eec73aa572b496f877504152a384387: Log matching property violated. Preceding OpId in replica: term: 1 index: 1. Preceding OpId from leader: term: 1 index: 2. (index mismatch)
I20260710 11:09:40.359751 14791 consensus_queue.cc:1048] T ae456cbd35e64119b13e84e4ff92da46 P 7eec73aa572b496f877504152a384387 [LEADER]: Connected to new peer: Peer: permanent_uuid: "3eb528d7b6fe4f7c9405ed46527f89dd" member_type: VOTER last_known_addr { host: "127.13.44.195" port: 37325 } attrs { replace: true }, Status: LMP_MISMATCH, Last received: 0.0, Next index: 2, Last known committed idx: 1, Time since last communication: 0.000s
I20260710 11:09:40.360260 14661 raft_consensus.cc:1275] T ae456cbd35e64119b13e84e4ff92da46 P 338707c0f1e240c8934b87709c4376f2 [term 1 FOLLOWER]: Refusing update from remote peer 7eec73aa572b496f877504152a384387: Log matching property violated. Preceding OpId in replica: term: 1 index: 1. Preceding OpId from leader: term: 1 index: 2. (index mismatch)
I20260710 11:09:40.361701 14791 consensus_queue.cc:1048] T ae456cbd35e64119b13e84e4ff92da46 P 7eec73aa572b496f877504152a384387 [LEADER]: Connected to new peer: Peer: permanent_uuid: "338707c0f1e240c8934b87709c4376f2" member_type: VOTER last_known_addr { host: "127.13.44.194" port: 42519 }, Status: LMP_MISMATCH, Last received: 0.0, Next index: 2, Last known committed idx: 1, Time since last communication: 0.000s
I20260710 11:09:40.382965 14791 raft_consensus.cc:2955] T ae456cbd35e64119b13e84e4ff92da46 P 7eec73aa572b496f877504152a384387 [term 1 LEADER]: Committing config change with OpId 1.2: config changed from index -1 to 2, NON_VOTER a6bfe8cb89b5479b8317008d48f8fea6 (127.13.44.196) added. New config: { opid_index: 2 OBSOLETE_local: false peers { permanent_uuid: "7eec73aa572b496f877504152a384387" member_type: VOTER last_known_addr { host: "127.13.44.193" port: 36339 } } peers { permanent_uuid: "338707c0f1e240c8934b87709c4376f2" member_type: VOTER last_known_addr { host: "127.13.44.194" port: 42519 } } peers { permanent_uuid: "3eb528d7b6fe4f7c9405ed46527f89dd" member_type: VOTER last_known_addr { host: "127.13.44.195" port: 37325 } attrs { replace: true } } peers { permanent_uuid: "a6bfe8cb89b5479b8317008d48f8fea6" member_type: NON_VOTER last_known_addr { host: "127.13.44.196" port: 44173 } attrs { promote: true } } }
I20260710 11:09:40.384014 14661 raft_consensus.cc:2955] T ae456cbd35e64119b13e84e4ff92da46 P 338707c0f1e240c8934b87709c4376f2 [term 1 FOLLOWER]: Committing config change with OpId 1.2: config changed from index -1 to 2, NON_VOTER a6bfe8cb89b5479b8317008d48f8fea6 (127.13.44.196) added. New config: { opid_index: 2 OBSOLETE_local: false peers { permanent_uuid: "7eec73aa572b496f877504152a384387" member_type: VOTER last_known_addr { host: "127.13.44.193" port: 36339 } } peers { permanent_uuid: "338707c0f1e240c8934b87709c4376f2" member_type: VOTER last_known_addr { host: "127.13.44.194" port: 42519 } } peers { permanent_uuid: "3eb528d7b6fe4f7c9405ed46527f89dd" member_type: VOTER last_known_addr { host: "127.13.44.195" port: 37325 } attrs { replace: true } } peers { permanent_uuid: "a6bfe8cb89b5479b8317008d48f8fea6" member_type: NON_VOTER last_known_addr { host: "127.13.44.196" port: 44173 } attrs { promote: true } } }
I20260710 11:09:40.386906 14734 raft_consensus.cc:2955] T ae456cbd35e64119b13e84e4ff92da46 P 3eb528d7b6fe4f7c9405ed46527f89dd [term 1 FOLLOWER]: Committing config change with OpId 1.2: config changed from index -1 to 2, NON_VOTER a6bfe8cb89b5479b8317008d48f8fea6 (127.13.44.196) added. New config: { opid_index: 2 OBSOLETE_local: false peers { permanent_uuid: "7eec73aa572b496f877504152a384387" member_type: VOTER last_known_addr { host: "127.13.44.193" port: 36339 } } peers { permanent_uuid: "338707c0f1e240c8934b87709c4376f2" member_type: VOTER last_known_addr { host: "127.13.44.194" port: 42519 } } peers { permanent_uuid: "3eb528d7b6fe4f7c9405ed46527f89dd" member_type: VOTER last_known_addr { host: "127.13.44.195" port: 37325 } attrs { replace: true } } peers { permanent_uuid: "a6bfe8cb89b5479b8317008d48f8fea6" member_type: NON_VOTER last_known_addr { host: "127.13.44.196" port: 44173 } attrs { promote: true } } }
I20260710 11:09:40.397568 14661 consensus_queue.cc:237] T 575136e5700441d0a49c9b7a5ef99206 P 338707c0f1e240c8934b87709c4376f2 [LEADER]: Queue going to LEADER mode. State: All replicated index: 0, Majority replicated index: 1, Committed index: 1, Last appended: 1.1, Last appended by leader: 0, Current term: 1, Majority size: 2, State: 0, Mode: LEADER, active raft config: opid_index: 2 OBSOLETE_local: false peers { permanent_uuid: "7eec73aa572b496f877504152a384387" member_type: VOTER last_known_addr { host: "127.13.44.193" port: 36339 } attrs { replace: true } } peers { permanent_uuid: "338707c0f1e240c8934b87709c4376f2" member_type: VOTER last_known_addr { host: "127.13.44.194" port: 42519 } } peers { permanent_uuid: "3eb528d7b6fe4f7c9405ed46527f89dd" member_type: VOTER last_known_addr { host: "127.13.44.195" port: 37325 } } peers { permanent_uuid: "a6bfe8cb89b5479b8317008d48f8fea6" member_type: NON_VOTER last_known_addr { host: "127.13.44.196" port: 44173 } attrs { promote: true } }
I20260710 11:09:40.400420 14484 catalog_manager.cc:5697] T ae456cbd35e64119b13e84e4ff92da46 P 338707c0f1e240c8934b87709c4376f2 reported cstate change: config changed from index -1 to 2, NON_VOTER a6bfe8cb89b5479b8317008d48f8fea6 (127.13.44.196) added. New cstate: current_term: 1 leader_uuid: "7eec73aa572b496f877504152a384387" committed_config { opid_index: 2 OBSOLETE_local: false peers { permanent_uuid: "7eec73aa572b496f877504152a384387" member_type: VOTER last_known_addr { host: "127.13.44.193" port: 36339 } } peers { permanent_uuid: "338707c0f1e240c8934b87709c4376f2" member_type: VOTER last_known_addr { host: "127.13.44.194" port: 42519 } } peers { permanent_uuid: "3eb528d7b6fe4f7c9405ed46527f89dd" member_type: VOTER last_known_addr { host: "127.13.44.195" port: 37325 } attrs { replace: true } } peers { permanent_uuid: "a6bfe8cb89b5479b8317008d48f8fea6" member_type: NON_VOTER last_known_addr { host: "127.13.44.196" port: 44173 } attrs { promote: true } } }
W20260710 11:09:40.404498 14627 consensus_peers.cc:597] T 575136e5700441d0a49c9b7a5ef99206 P 338707c0f1e240c8934b87709c4376f2 -> Peer a6bfe8cb89b5479b8317008d48f8fea6 (127.13.44.196:44173): Couldn't send request to peer a6bfe8cb89b5479b8317008d48f8fea6. Error code: TABLET_NOT_FOUND (6). Status: Not found: Tablet not found: 575136e5700441d0a49c9b7a5ef99206. This is attempt 1: this message will repeat every 5th retry.
I20260710 11:09:40.405071 14588 raft_consensus.cc:1275] T 575136e5700441d0a49c9b7a5ef99206 P 7eec73aa572b496f877504152a384387 [term 1 FOLLOWER]: Refusing update from remote peer 338707c0f1e240c8934b87709c4376f2: Log matching property violated. Preceding OpId in replica: term: 1 index: 1. Preceding OpId from leader: term: 1 index: 2. (index mismatch)
I20260710 11:09:40.406307 14734 raft_consensus.cc:1275] T 575136e5700441d0a49c9b7a5ef99206 P 3eb528d7b6fe4f7c9405ed46527f89dd [term 1 FOLLOWER]: Refusing update from remote peer 338707c0f1e240c8934b87709c4376f2: Log matching property violated. Preceding OpId in replica: term: 1 index: 1. Preceding OpId from leader: term: 1 index: 2. (index mismatch)
I20260710 11:09:40.406394 15074 consensus_queue.cc:1048] T 575136e5700441d0a49c9b7a5ef99206 P 338707c0f1e240c8934b87709c4376f2 [LEADER]: Connected to new peer: Peer: permanent_uuid: "7eec73aa572b496f877504152a384387" member_type: VOTER last_known_addr { host: "127.13.44.193" port: 36339 } attrs { replace: true }, Status: LMP_MISMATCH, Last received: 0.0, Next index: 2, Last known committed idx: 1, Time since last communication: 0.000s
I20260710 11:09:40.407612 15107 consensus_queue.cc:1048] T 575136e5700441d0a49c9b7a5ef99206 P 338707c0f1e240c8934b87709c4376f2 [LEADER]: Connected to new peer: Peer: permanent_uuid: "3eb528d7b6fe4f7c9405ed46527f89dd" member_type: VOTER last_known_addr { host: "127.13.44.195" port: 37325 }, Status: LMP_MISMATCH, Last received: 0.0, Next index: 2, Last known committed idx: 1, Time since last communication: 0.000s
I20260710 11:09:40.419438 15107 raft_consensus.cc:2955] T 575136e5700441d0a49c9b7a5ef99206 P 338707c0f1e240c8934b87709c4376f2 [term 1 LEADER]: Committing config change with OpId 1.2: config changed from index -1 to 2, NON_VOTER a6bfe8cb89b5479b8317008d48f8fea6 (127.13.44.196) added. New config: { opid_index: 2 OBSOLETE_local: false peers { permanent_uuid: "7eec73aa572b496f877504152a384387" member_type: VOTER last_known_addr { host: "127.13.44.193" port: 36339 } attrs { replace: true } } peers { permanent_uuid: "338707c0f1e240c8934b87709c4376f2" member_type: VOTER last_known_addr { host: "127.13.44.194" port: 42519 } } peers { permanent_uuid: "3eb528d7b6fe4f7c9405ed46527f89dd" member_type: VOTER last_known_addr { host: "127.13.44.195" port: 37325 } } peers { permanent_uuid: "a6bfe8cb89b5479b8317008d48f8fea6" member_type: NON_VOTER last_known_addr { host: "127.13.44.196" port: 44173 } attrs { promote: true } } }
I20260710 11:09:40.423337 14588 raft_consensus.cc:2955] T 575136e5700441d0a49c9b7a5ef99206 P 7eec73aa572b496f877504152a384387 [term 1 FOLLOWER]: Committing config change with OpId 1.2: config changed from index -1 to 2, NON_VOTER a6bfe8cb89b5479b8317008d48f8fea6 (127.13.44.196) added. New config: { opid_index: 2 OBSOLETE_local: false peers { permanent_uuid: "7eec73aa572b496f877504152a384387" member_type: VOTER last_known_addr { host: "127.13.44.193" port: 36339 } attrs { replace: true } } peers { permanent_uuid: "338707c0f1e240c8934b87709c4376f2" member_type: VOTER last_known_addr { host: "127.13.44.194" port: 42519 } } peers { permanent_uuid: "3eb528d7b6fe4f7c9405ed46527f89dd" member_type: VOTER last_known_addr { host: "127.13.44.195" port: 37325 } } peers { permanent_uuid: "a6bfe8cb89b5479b8317008d48f8fea6" member_type: NON_VOTER last_known_addr { host: "127.13.44.196" port: 44173 } attrs { promote: true } } }
I20260710 11:09:40.425340 14734 raft_consensus.cc:2955] T 575136e5700441d0a49c9b7a5ef99206 P 3eb528d7b6fe4f7c9405ed46527f89dd [term 1 FOLLOWER]: Committing config change with OpId 1.2: config changed from index -1 to 2, NON_VOTER a6bfe8cb89b5479b8317008d48f8fea6 (127.13.44.196) added. New config: { opid_index: 2 OBSOLETE_local: false peers { permanent_uuid: "7eec73aa572b496f877504152a384387" member_type: VOTER last_known_addr { host: "127.13.44.193" port: 36339 } attrs { replace: true } } peers { permanent_uuid: "338707c0f1e240c8934b87709c4376f2" member_type: VOTER last_known_addr { host: "127.13.44.194" port: 42519 } } peers { permanent_uuid: "3eb528d7b6fe4f7c9405ed46527f89dd" member_type: VOTER last_known_addr { host: "127.13.44.195" port: 37325 } } peers { permanent_uuid: "a6bfe8cb89b5479b8317008d48f8fea6" member_type: NON_VOTER last_known_addr { host: "127.13.44.196" port: 44173 } attrs { promote: true } } }
I20260710 11:09:40.431888 14587 consensus_queue.cc:237] T b72f207f60cc4f8ca74c8a66eca98f66 P 7eec73aa572b496f877504152a384387 [LEADER]: Queue going to LEADER mode. State: All replicated index: 0, Majority replicated index: 1, Committed index: 1, Last appended: 1.1, Last appended by leader: 0, Current term: 1, Majority size: 2, State: 0, Mode: LEADER, active raft config: opid_index: 2 OBSOLETE_local: false peers { permanent_uuid: "7eec73aa572b496f877504152a384387" member_type: VOTER last_known_addr { host: "127.13.44.193" port: 36339 } } peers { permanent_uuid: "338707c0f1e240c8934b87709c4376f2" member_type: VOTER last_known_addr { host: "127.13.44.194" port: 42519 } } peers { permanent_uuid: "3eb528d7b6fe4f7c9405ed46527f89dd" member_type: VOTER last_known_addr { host: "127.13.44.195" port: 37325 } attrs { replace: true } } peers { permanent_uuid: "a6bfe8cb89b5479b8317008d48f8fea6" member_type: NON_VOTER last_known_addr { host: "127.13.44.196" port: 44173 } attrs { promote: true } }
I20260710 11:09:40.435382 14482 catalog_manager.cc:5697] T 575136e5700441d0a49c9b7a5ef99206 P 338707c0f1e240c8934b87709c4376f2 reported cstate change: config changed from index -1 to 2, NON_VOTER a6bfe8cb89b5479b8317008d48f8fea6 (127.13.44.196) added. New cstate: current_term: 1 leader_uuid: "338707c0f1e240c8934b87709c4376f2" committed_config { opid_index: 2 OBSOLETE_local: false peers { permanent_uuid: "7eec73aa572b496f877504152a384387" member_type: VOTER last_known_addr { host: "127.13.44.193" port: 36339 } attrs { replace: true } health_report { overall_health: HEALTHY } } peers { permanent_uuid: "338707c0f1e240c8934b87709c4376f2" member_type: VOTER last_known_addr { host: "127.13.44.194" port: 42519 } health_report { overall_health: HEALTHY } } peers { permanent_uuid: "3eb528d7b6fe4f7c9405ed46527f89dd" member_type: VOTER last_known_addr { host: "127.13.44.195" port: 37325 } health_report { overall_health: HEALTHY } } peers { permanent_uuid: "a6bfe8cb89b5479b8317008d48f8fea6" member_type: NON_VOTER last_known_addr { host: "127.13.44.196" port: 44173 } attrs { promote: true } health_report { overall_health: UNKNOWN } } }
I20260710 11:09:40.440511 14733 raft_consensus.cc:1275] T b72f207f60cc4f8ca74c8a66eca98f66 P 3eb528d7b6fe4f7c9405ed46527f89dd [term 1 FOLLOWER]: Refusing update from remote peer 7eec73aa572b496f877504152a384387: Log matching property violated. Preceding OpId in replica: term: 1 index: 1. Preceding OpId from leader: term: 1 index: 2. (index mismatch)
I20260710 11:09:40.441924 15119 consensus_queue.cc:1048] T b72f207f60cc4f8ca74c8a66eca98f66 P 7eec73aa572b496f877504152a384387 [LEADER]: Connected to new peer: Peer: permanent_uuid: "3eb528d7b6fe4f7c9405ed46527f89dd" member_type: VOTER last_known_addr { host: "127.13.44.195" port: 37325 } attrs { replace: true }, Status: LMP_MISMATCH, Last received: 0.0, Next index: 2, Last known committed idx: 1, Time since last communication: 0.000s
W20260710 11:09:40.451306 14552 consensus_peers.cc:597] T b72f207f60cc4f8ca74c8a66eca98f66 P 7eec73aa572b496f877504152a384387 -> Peer a6bfe8cb89b5479b8317008d48f8fea6 (127.13.44.196:44173): Couldn't send request to peer a6bfe8cb89b5479b8317008d48f8fea6. Error code: TABLET_NOT_FOUND (6). Status: Not found: Tablet not found: b72f207f60cc4f8ca74c8a66eca98f66. This is attempt 1: this message will repeat every 5th retry.
I20260710 11:09:40.453964 14661 raft_consensus.cc:1275] T b72f207f60cc4f8ca74c8a66eca98f66 P 338707c0f1e240c8934b87709c4376f2 [term 1 FOLLOWER]: Refusing update from remote peer 7eec73aa572b496f877504152a384387: Log matching property violated. Preceding OpId in replica: term: 1 index: 1. Preceding OpId from leader: term: 1 index: 2. (index mismatch)
I20260710 11:09:40.455377 14879 consensus_queue.cc:1048] T b72f207f60cc4f8ca74c8a66eca98f66 P 7eec73aa572b496f877504152a384387 [LEADER]: Connected to new peer: Peer: permanent_uuid: "338707c0f1e240c8934b87709c4376f2" member_type: VOTER last_known_addr { host: "127.13.44.194" port: 42519 }, Status: LMP_MISMATCH, Last received: 0.0, Next index: 2, Last known committed idx: 1, Time since last communication: 0.000s
I20260710 11:09:40.456548 14791 raft_consensus.cc:2955] T b72f207f60cc4f8ca74c8a66eca98f66 P 7eec73aa572b496f877504152a384387 [term 1 LEADER]: Committing config change with OpId 1.2: config changed from index -1 to 2, NON_VOTER a6bfe8cb89b5479b8317008d48f8fea6 (127.13.44.196) added. New config: { opid_index: 2 OBSOLETE_local: false peers { permanent_uuid: "7eec73aa572b496f877504152a384387" member_type: VOTER last_known_addr { host: "127.13.44.193" port: 36339 } } peers { permanent_uuid: "338707c0f1e240c8934b87709c4376f2" member_type: VOTER last_known_addr { host: "127.13.44.194" port: 42519 } } peers { permanent_uuid: "3eb528d7b6fe4f7c9405ed46527f89dd" member_type: VOTER last_known_addr { host: "127.13.44.195" port: 37325 } attrs { replace: true } } peers { permanent_uuid: "a6bfe8cb89b5479b8317008d48f8fea6" member_type: NON_VOTER last_known_addr { host: "127.13.44.196" port: 44173 } attrs { promote: true } } }
I20260710 11:09:40.458122 14733 raft_consensus.cc:2955] T b72f207f60cc4f8ca74c8a66eca98f66 P 3eb528d7b6fe4f7c9405ed46527f89dd [term 1 FOLLOWER]: Committing config change with OpId 1.2: config changed from index -1 to 2, NON_VOTER a6bfe8cb89b5479b8317008d48f8fea6 (127.13.44.196) added. New config: { opid_index: 2 OBSOLETE_local: false peers { permanent_uuid: "7eec73aa572b496f877504152a384387" member_type: VOTER last_known_addr { host: "127.13.44.193" port: 36339 } } peers { permanent_uuid: "338707c0f1e240c8934b87709c4376f2" member_type: VOTER last_known_addr { host: "127.13.44.194" port: 42519 } } peers { permanent_uuid: "3eb528d7b6fe4f7c9405ed46527f89dd" member_type: VOTER last_known_addr { host: "127.13.44.195" port: 37325 } attrs { replace: true } } peers { permanent_uuid: "a6bfe8cb89b5479b8317008d48f8fea6" member_type: NON_VOTER last_known_addr { host: "127.13.44.196" port: 44173 } attrs { promote: true } } }
I20260710 11:09:40.460352 14661 raft_consensus.cc:2955] T b72f207f60cc4f8ca74c8a66eca98f66 P 338707c0f1e240c8934b87709c4376f2 [term 1 FOLLOWER]: Committing config change with OpId 1.2: config changed from index -1 to 2, NON_VOTER a6bfe8cb89b5479b8317008d48f8fea6 (127.13.44.196) added. New config: { opid_index: 2 OBSOLETE_local: false peers { permanent_uuid: "7eec73aa572b496f877504152a384387" member_type: VOTER last_known_addr { host: "127.13.44.193" port: 36339 } } peers { permanent_uuid: "338707c0f1e240c8934b87709c4376f2" member_type: VOTER last_known_addr { host: "127.13.44.194" port: 42519 } } peers { permanent_uuid: "3eb528d7b6fe4f7c9405ed46527f89dd" member_type: VOTER last_known_addr { host: "127.13.44.195" port: 37325 } attrs { replace: true } } peers { permanent_uuid: "a6bfe8cb89b5479b8317008d48f8fea6" member_type: NON_VOTER last_known_addr { host: "127.13.44.196" port: 44173 } attrs { promote: true } } }
I20260710 11:09:40.472157 14484 catalog_manager.cc:5697] T b72f207f60cc4f8ca74c8a66eca98f66 P 7eec73aa572b496f877504152a384387 reported cstate change: config changed from index -1 to 2, NON_VOTER a6bfe8cb89b5479b8317008d48f8fea6 (127.13.44.196) added. New cstate: current_term: 1 leader_uuid: "7eec73aa572b496f877504152a384387" committed_config { opid_index: 2 OBSOLETE_local: false peers { permanent_uuid: "7eec73aa572b496f877504152a384387" member_type: VOTER last_known_addr { host: "127.13.44.193" port: 36339 } health_report { overall_health: HEALTHY } } peers { permanent_uuid: "338707c0f1e240c8934b87709c4376f2" member_type: VOTER last_known_addr { host: "127.13.44.194" port: 42519 } health_report { overall_health: UNKNOWN } } peers { permanent_uuid: "3eb528d7b6fe4f7c9405ed46527f89dd" member_type: VOTER last_known_addr { host: "127.13.44.195" port: 37325 } attrs { replace: true } health_report { overall_health: HEALTHY } } peers { permanent_uuid: "a6bfe8cb89b5479b8317008d48f8fea6" member_type: NON_VOTER last_known_addr { host: "127.13.44.196" port: 44173 } attrs { promote: true } health_report { overall_health: UNKNOWN } } }
I20260710 11:09:40.836797 15127 ts_tablet_manager.cc:933] T ae456cbd35e64119b13e84e4ff92da46 P a6bfe8cb89b5479b8317008d48f8fea6: Initiating tablet copy from peer 7eec73aa572b496f877504152a384387 (127.13.44.193:36339)
I20260710 11:09:40.838580 15127 tablet_copy_client.cc:323] T ae456cbd35e64119b13e84e4ff92da46 P a6bfe8cb89b5479b8317008d48f8fea6: tablet copy: Beginning tablet copy session from remote peer at address 127.13.44.193:36339
I20260710 11:09:40.840752 14598 tablet_copy_service.cc:140] P 7eec73aa572b496f877504152a384387: Received BeginTabletCopySession request for tablet ae456cbd35e64119b13e84e4ff92da46 from peer a6bfe8cb89b5479b8317008d48f8fea6 ({username='slave'} at 127.0.0.1:53694)
I20260710 11:09:40.841346 14598 tablet_copy_service.cc:161] P 7eec73aa572b496f877504152a384387: Beginning new tablet copy session on tablet ae456cbd35e64119b13e84e4ff92da46 from peer a6bfe8cb89b5479b8317008d48f8fea6 at {username='slave'} at 127.0.0.1:53694: session id = a6bfe8cb89b5479b8317008d48f8fea6-ae456cbd35e64119b13e84e4ff92da46
I20260710 11:09:40.846839 14598 tablet_copy_source_session.cc:215] T ae456cbd35e64119b13e84e4ff92da46 P 7eec73aa572b496f877504152a384387: Tablet Copy: opened 0 blocks and 1 log segments
I20260710 11:09:40.850054 15127 data_dirs.cc:400] Could only allocate 1 dirs of requested 3 for tablet ae456cbd35e64119b13e84e4ff92da46. 1 dirs total, 0 dirs full, 0 dirs failed
I20260710 11:09:40.854877 15129 ts_tablet_manager.cc:933] T b72f207f60cc4f8ca74c8a66eca98f66 P a6bfe8cb89b5479b8317008d48f8fea6: Initiating tablet copy from peer 7eec73aa572b496f877504152a384387 (127.13.44.193:36339)
I20260710 11:09:40.856626 15130 ts_tablet_manager.cc:933] T 575136e5700441d0a49c9b7a5ef99206 P a6bfe8cb89b5479b8317008d48f8fea6: Initiating tablet copy from peer 338707c0f1e240c8934b87709c4376f2 (127.13.44.194:42519)
I20260710 11:09:40.861431 15129 tablet_copy_client.cc:323] T b72f207f60cc4f8ca74c8a66eca98f66 P a6bfe8cb89b5479b8317008d48f8fea6: tablet copy: Beginning tablet copy session from remote peer at address 127.13.44.193:36339
I20260710 11:09:40.861654 15130 tablet_copy_client.cc:323] T 575136e5700441d0a49c9b7a5ef99206 P a6bfe8cb89b5479b8317008d48f8fea6: tablet copy: Beginning tablet copy session from remote peer at address 127.13.44.194:42519
I20260710 11:09:40.863067 14598 tablet_copy_service.cc:140] P 7eec73aa572b496f877504152a384387: Received BeginTabletCopySession request for tablet b72f207f60cc4f8ca74c8a66eca98f66 from peer a6bfe8cb89b5479b8317008d48f8fea6 ({username='slave'} at 127.0.0.1:53694)
I20260710 11:09:40.863615 14598 tablet_copy_service.cc:161] P 7eec73aa572b496f877504152a384387: Beginning new tablet copy session on tablet b72f207f60cc4f8ca74c8a66eca98f66 from peer a6bfe8cb89b5479b8317008d48f8fea6 at {username='slave'} at 127.0.0.1:53694: session id = a6bfe8cb89b5479b8317008d48f8fea6-b72f207f60cc4f8ca74c8a66eca98f66
I20260710 11:09:40.863739 14673 tablet_copy_service.cc:140] P 338707c0f1e240c8934b87709c4376f2: Received BeginTabletCopySession request for tablet 575136e5700441d0a49c9b7a5ef99206 from peer a6bfe8cb89b5479b8317008d48f8fea6 ({username='slave'} at 127.0.0.1:58690)
I20260710 11:09:40.864310 14673 tablet_copy_service.cc:161] P 338707c0f1e240c8934b87709c4376f2: Beginning new tablet copy session on tablet 575136e5700441d0a49c9b7a5ef99206 from peer a6bfe8cb89b5479b8317008d48f8fea6 at {username='slave'} at 127.0.0.1:58690: session id = a6bfe8cb89b5479b8317008d48f8fea6-575136e5700441d0a49c9b7a5ef99206
I20260710 11:09:40.867341 15127 tablet_copy_client.cc:806] T ae456cbd35e64119b13e84e4ff92da46 P a6bfe8cb89b5479b8317008d48f8fea6: tablet copy: Starting download of 0 data blocks...
I20260710 11:09:40.867985 15127 tablet_copy_client.cc:670] T ae456cbd35e64119b13e84e4ff92da46 P a6bfe8cb89b5479b8317008d48f8fea6: tablet copy: Starting download of 1 WAL segments...
I20260710 11:09:40.871263 14598 tablet_copy_source_session.cc:215] T b72f207f60cc4f8ca74c8a66eca98f66 P 7eec73aa572b496f877504152a384387: Tablet Copy: opened 0 blocks and 1 log segments
I20260710 11:09:40.871510 14673 tablet_copy_source_session.cc:215] T 575136e5700441d0a49c9b7a5ef99206 P 338707c0f1e240c8934b87709c4376f2: Tablet Copy: opened 0 blocks and 1 log segments
I20260710 11:09:40.872152 15127 tablet_copy_client.cc:538] T ae456cbd35e64119b13e84e4ff92da46 P a6bfe8cb89b5479b8317008d48f8fea6: tablet copy: Tablet Copy complete. Replacing tablet superblock.
I20260710 11:09:40.874779 15130 data_dirs.cc:400] Could only allocate 1 dirs of requested 3 for tablet 575136e5700441d0a49c9b7a5ef99206. 1 dirs total, 0 dirs full, 0 dirs failed
I20260710 11:09:40.876318 15129 data_dirs.cc:400] Could only allocate 1 dirs of requested 3 for tablet b72f207f60cc4f8ca74c8a66eca98f66. 1 dirs total, 0 dirs full, 0 dirs failed
I20260710 11:09:40.890643 15127 tablet_bootstrap.cc:492] T ae456cbd35e64119b13e84e4ff92da46 P a6bfe8cb89b5479b8317008d48f8fea6: Bootstrap starting.
I20260710 11:09:40.892576 15129 tablet_copy_client.cc:806] T b72f207f60cc4f8ca74c8a66eca98f66 P a6bfe8cb89b5479b8317008d48f8fea6: tablet copy: Starting download of 0 data blocks...
I20260710 11:09:40.893291 15129 tablet_copy_client.cc:670] T b72f207f60cc4f8ca74c8a66eca98f66 P a6bfe8cb89b5479b8317008d48f8fea6: tablet copy: Starting download of 1 WAL segments...
I20260710 11:09:40.897888 15129 tablet_copy_client.cc:538] T b72f207f60cc4f8ca74c8a66eca98f66 P a6bfe8cb89b5479b8317008d48f8fea6: tablet copy: Tablet Copy complete. Replacing tablet superblock.
I20260710 11:09:40.906656 15129 tablet_bootstrap.cc:492] T b72f207f60cc4f8ca74c8a66eca98f66 P a6bfe8cb89b5479b8317008d48f8fea6: Bootstrap starting.
I20260710 11:09:40.906759 15130 tablet_copy_client.cc:806] T 575136e5700441d0a49c9b7a5ef99206 P a6bfe8cb89b5479b8317008d48f8fea6: tablet copy: Starting download of 0 data blocks...
I20260710 11:09:40.908475 15130 tablet_copy_client.cc:670] T 575136e5700441d0a49c9b7a5ef99206 P a6bfe8cb89b5479b8317008d48f8fea6: tablet copy: Starting download of 1 WAL segments...
I20260710 11:09:40.907711 15133 ts_tablet_manager.cc:933] T 3d8829fa68b448fc87d6a19a35a9cc38 P a6bfe8cb89b5479b8317008d48f8fea6: Initiating tablet copy from peer 3eb528d7b6fe4f7c9405ed46527f89dd (127.13.44.195:37325)
I20260710 11:09:40.913755 15130 tablet_copy_client.cc:538] T 575136e5700441d0a49c9b7a5ef99206 P a6bfe8cb89b5479b8317008d48f8fea6: tablet copy: Tablet Copy complete. Replacing tablet superblock.
I20260710 11:09:40.925400 15127 tablet_bootstrap.cc:492] T ae456cbd35e64119b13e84e4ff92da46 P a6bfe8cb89b5479b8317008d48f8fea6: Bootstrap replayed 1/1 log segments. Stats: ops{read=2 overwritten=0 applied=2 ignored=0} inserts{seen=0 ignored=0} mutations{seen=0 ignored=0} orphaned_commits=0. Pending: 0 replicates
I20260710 11:09:40.926463 15127 tablet_bootstrap.cc:492] T ae456cbd35e64119b13e84e4ff92da46 P a6bfe8cb89b5479b8317008d48f8fea6: Bootstrap complete.
I20260710 11:09:40.926785 15133 tablet_copy_client.cc:323] T 3d8829fa68b448fc87d6a19a35a9cc38 P a6bfe8cb89b5479b8317008d48f8fea6: tablet copy: Beginning tablet copy session from remote peer at address 127.13.44.195:37325
I20260710 11:09:40.927232 15127 ts_tablet_manager.cc:1403] T ae456cbd35e64119b13e84e4ff92da46 P a6bfe8cb89b5479b8317008d48f8fea6: Time spent bootstrapping tablet: real 0.037s	user 0.025s	sys 0.005s
I20260710 11:09:40.929097 14747 tablet_copy_service.cc:140] P 3eb528d7b6fe4f7c9405ed46527f89dd: Received BeginTabletCopySession request for tablet 3d8829fa68b448fc87d6a19a35a9cc38 from peer a6bfe8cb89b5479b8317008d48f8fea6 ({username='slave'} at 127.0.0.1:43352)
I20260710 11:09:40.929658 14747 tablet_copy_service.cc:161] P 3eb528d7b6fe4f7c9405ed46527f89dd: Beginning new tablet copy session on tablet 3d8829fa68b448fc87d6a19a35a9cc38 from peer a6bfe8cb89b5479b8317008d48f8fea6 at {username='slave'} at 127.0.0.1:43352: session id = a6bfe8cb89b5479b8317008d48f8fea6-3d8829fa68b448fc87d6a19a35a9cc38
I20260710 11:09:40.930745 15127 raft_consensus.cc:359] T ae456cbd35e64119b13e84e4ff92da46 P a6bfe8cb89b5479b8317008d48f8fea6 [term 1 LEARNER]: Replica starting. Triggering 0 pending ops. Active config: opid_index: 2 OBSOLETE_local: false peers { permanent_uuid: "7eec73aa572b496f877504152a384387" member_type: VOTER last_known_addr { host: "127.13.44.193" port: 36339 } } peers { permanent_uuid: "338707c0f1e240c8934b87709c4376f2" member_type: VOTER last_known_addr { host: "127.13.44.194" port: 42519 } } peers { permanent_uuid: "3eb528d7b6fe4f7c9405ed46527f89dd" member_type: VOTER last_known_addr { host: "127.13.44.195" port: 37325 } attrs { replace: true } } peers { permanent_uuid: "a6bfe8cb89b5479b8317008d48f8fea6" member_type: NON_VOTER last_known_addr { host: "127.13.44.196" port: 44173 } attrs { promote: true } }
I20260710 11:09:40.931563 15127 raft_consensus.cc:740] T ae456cbd35e64119b13e84e4ff92da46 P a6bfe8cb89b5479b8317008d48f8fea6 [term 1 LEARNER]: Becoming Follower/Learner. State: Replica: a6bfe8cb89b5479b8317008d48f8fea6, State: Initialized, Role: LEARNER
I20260710 11:09:40.932296 15127 consensus_queue.cc:260] T ae456cbd35e64119b13e84e4ff92da46 P a6bfe8cb89b5479b8317008d48f8fea6 [NON_LEADER]: Queue going to NON_LEADER mode. State: All replicated index: 0, Majority replicated index: 0, Committed index: 2, Last appended: 1.2, Last appended by leader: 2, Current term: 0, Majority size: -1, State: 0, Mode: NON_LEADER, active raft config: opid_index: 2 OBSOLETE_local: false peers { permanent_uuid: "7eec73aa572b496f877504152a384387" member_type: VOTER last_known_addr { host: "127.13.44.193" port: 36339 } } peers { permanent_uuid: "338707c0f1e240c8934b87709c4376f2" member_type: VOTER last_known_addr { host: "127.13.44.194" port: 42519 } } peers { permanent_uuid: "3eb528d7b6fe4f7c9405ed46527f89dd" member_type: VOTER last_known_addr { host: "127.13.44.195" port: 37325 } attrs { replace: true } } peers { permanent_uuid: "a6bfe8cb89b5479b8317008d48f8fea6" member_type: NON_VOTER last_known_addr { host: "127.13.44.196" port: 44173 } attrs { promote: true } }
I20260710 11:09:40.935674 15129 tablet_bootstrap.cc:492] T b72f207f60cc4f8ca74c8a66eca98f66 P a6bfe8cb89b5479b8317008d48f8fea6: Bootstrap replayed 1/1 log segments. Stats: ops{read=2 overwritten=0 applied=2 ignored=0} inserts{seen=0 ignored=0} mutations{seen=0 ignored=0} orphaned_commits=0. Pending: 0 replicates
I20260710 11:09:40.936507 15129 tablet_bootstrap.cc:492] T b72f207f60cc4f8ca74c8a66eca98f66 P a6bfe8cb89b5479b8317008d48f8fea6: Bootstrap complete.
I20260710 11:09:40.937173 15129 ts_tablet_manager.cc:1403] T b72f207f60cc4f8ca74c8a66eca98f66 P a6bfe8cb89b5479b8317008d48f8fea6: Time spent bootstrapping tablet: real 0.031s	user 0.011s	sys 0.018s
I20260710 11:09:40.937492 14747 tablet_copy_source_session.cc:215] T 3d8829fa68b448fc87d6a19a35a9cc38 P 3eb528d7b6fe4f7c9405ed46527f89dd: Tablet Copy: opened 0 blocks and 1 log segments
I20260710 11:09:40.943840 15129 raft_consensus.cc:359] T b72f207f60cc4f8ca74c8a66eca98f66 P a6bfe8cb89b5479b8317008d48f8fea6 [term 1 LEARNER]: Replica starting. Triggering 0 pending ops. Active config: opid_index: 2 OBSOLETE_local: false peers { permanent_uuid: "7eec73aa572b496f877504152a384387" member_type: VOTER last_known_addr { host: "127.13.44.193" port: 36339 } } peers { permanent_uuid: "338707c0f1e240c8934b87709c4376f2" member_type: VOTER last_known_addr { host: "127.13.44.194" port: 42519 } } peers { permanent_uuid: "3eb528d7b6fe4f7c9405ed46527f89dd" member_type: VOTER last_known_addr { host: "127.13.44.195" port: 37325 } attrs { replace: true } } peers { permanent_uuid: "a6bfe8cb89b5479b8317008d48f8fea6" member_type: NON_VOTER last_known_addr { host: "127.13.44.196" port: 44173 } attrs { promote: true } }
I20260710 11:09:40.944756 15129 raft_consensus.cc:740] T b72f207f60cc4f8ca74c8a66eca98f66 P a6bfe8cb89b5479b8317008d48f8fea6 [term 1 LEARNER]: Becoming Follower/Learner. State: Replica: a6bfe8cb89b5479b8317008d48f8fea6, State: Initialized, Role: LEARNER
I20260710 11:09:40.945107 15127 ts_tablet_manager.cc:1434] T ae456cbd35e64119b13e84e4ff92da46 P a6bfe8cb89b5479b8317008d48f8fea6: Time spent starting tablet: real 0.017s	user 0.002s	sys 0.013s
I20260710 11:09:40.945429 15129 consensus_queue.cc:260] T b72f207f60cc4f8ca74c8a66eca98f66 P a6bfe8cb89b5479b8317008d48f8fea6 [NON_LEADER]: Queue going to NON_LEADER mode. State: All replicated index: 0, Majority replicated index: 0, Committed index: 2, Last appended: 1.2, Last appended by leader: 2, Current term: 0, Majority size: -1, State: 0, Mode: NON_LEADER, active raft config: opid_index: 2 OBSOLETE_local: false peers { permanent_uuid: "7eec73aa572b496f877504152a384387" member_type: VOTER last_known_addr { host: "127.13.44.193" port: 36339 } } peers { permanent_uuid: "338707c0f1e240c8934b87709c4376f2" member_type: VOTER last_known_addr { host: "127.13.44.194" port: 42519 } } peers { permanent_uuid: "3eb528d7b6fe4f7c9405ed46527f89dd" member_type: VOTER last_known_addr { host: "127.13.44.195" port: 37325 } attrs { replace: true } } peers { permanent_uuid: "a6bfe8cb89b5479b8317008d48f8fea6" member_type: NON_VOTER last_known_addr { host: "127.13.44.196" port: 44173 } attrs { promote: true } }
I20260710 11:09:40.949581 15129 ts_tablet_manager.cc:1434] T b72f207f60cc4f8ca74c8a66eca98f66 P a6bfe8cb89b5479b8317008d48f8fea6: Time spent starting tablet: real 0.012s	user 0.006s	sys 0.000s
I20260710 11:09:40.949436 14598 tablet_copy_service.cc:342] P 7eec73aa572b496f877504152a384387: Request end of tablet copy session a6bfe8cb89b5479b8317008d48f8fea6-ae456cbd35e64119b13e84e4ff92da46 received from {username='slave'} at 127.0.0.1:53694
I20260710 11:09:40.950285 14598 tablet_copy_service.cc:434] P 7eec73aa572b496f877504152a384387: ending tablet copy session a6bfe8cb89b5479b8317008d48f8fea6-ae456cbd35e64119b13e84e4ff92da46 on tablet ae456cbd35e64119b13e84e4ff92da46 with peer a6bfe8cb89b5479b8317008d48f8fea6
I20260710 11:09:40.951992 15133 data_dirs.cc:400] Could only allocate 1 dirs of requested 3 for tablet 3d8829fa68b448fc87d6a19a35a9cc38. 1 dirs total, 0 dirs full, 0 dirs failed
I20260710 11:09:40.953061 14598 tablet_copy_service.cc:342] P 7eec73aa572b496f877504152a384387: Request end of tablet copy session a6bfe8cb89b5479b8317008d48f8fea6-b72f207f60cc4f8ca74c8a66eca98f66 received from {username='slave'} at 127.0.0.1:53694
I20260710 11:09:40.953462 14598 tablet_copy_service.cc:434] P 7eec73aa572b496f877504152a384387: ending tablet copy session a6bfe8cb89b5479b8317008d48f8fea6-b72f207f60cc4f8ca74c8a66eca98f66 on tablet b72f207f60cc4f8ca74c8a66eca98f66 with peer a6bfe8cb89b5479b8317008d48f8fea6
I20260710 11:09:40.949414 15130 tablet_bootstrap.cc:492] T 575136e5700441d0a49c9b7a5ef99206 P a6bfe8cb89b5479b8317008d48f8fea6: Bootstrap starting.
I20260710 11:09:40.965582 15133 tablet_copy_client.cc:806] T 3d8829fa68b448fc87d6a19a35a9cc38 P a6bfe8cb89b5479b8317008d48f8fea6: tablet copy: Starting download of 0 data blocks...
I20260710 11:09:40.966203 15133 tablet_copy_client.cc:670] T 3d8829fa68b448fc87d6a19a35a9cc38 P a6bfe8cb89b5479b8317008d48f8fea6: tablet copy: Starting download of 1 WAL segments...
I20260710 11:09:40.970110 15133 tablet_copy_client.cc:538] T 3d8829fa68b448fc87d6a19a35a9cc38 P a6bfe8cb89b5479b8317008d48f8fea6: tablet copy: Tablet Copy complete. Replacing tablet superblock.
I20260710 11:09:40.977077 15130 tablet_bootstrap.cc:492] T 575136e5700441d0a49c9b7a5ef99206 P a6bfe8cb89b5479b8317008d48f8fea6: Bootstrap replayed 1/1 log segments. Stats: ops{read=2 overwritten=0 applied=2 ignored=0} inserts{seen=0 ignored=0} mutations{seen=0 ignored=0} orphaned_commits=0. Pending: 0 replicates
I20260710 11:09:40.978106 15130 tablet_bootstrap.cc:492] T 575136e5700441d0a49c9b7a5ef99206 P a6bfe8cb89b5479b8317008d48f8fea6: Bootstrap complete.
I20260710 11:09:40.978766 15130 ts_tablet_manager.cc:1403] T 575136e5700441d0a49c9b7a5ef99206 P a6bfe8cb89b5479b8317008d48f8fea6: Time spent bootstrapping tablet: real 0.030s	user 0.016s	sys 0.007s
I20260710 11:09:40.979085 15133 tablet_bootstrap.cc:492] T 3d8829fa68b448fc87d6a19a35a9cc38 P a6bfe8cb89b5479b8317008d48f8fea6: Bootstrap starting.
I20260710 11:09:40.982318 15130 raft_consensus.cc:359] T 575136e5700441d0a49c9b7a5ef99206 P a6bfe8cb89b5479b8317008d48f8fea6 [term 1 LEARNER]: Replica starting. Triggering 0 pending ops. Active config: opid_index: 2 OBSOLETE_local: false peers { permanent_uuid: "7eec73aa572b496f877504152a384387" member_type: VOTER last_known_addr { host: "127.13.44.193" port: 36339 } attrs { replace: true } } peers { permanent_uuid: "338707c0f1e240c8934b87709c4376f2" member_type: VOTER last_known_addr { host: "127.13.44.194" port: 42519 } } peers { permanent_uuid: "3eb528d7b6fe4f7c9405ed46527f89dd" member_type: VOTER last_known_addr { host: "127.13.44.195" port: 37325 } } peers { permanent_uuid: "a6bfe8cb89b5479b8317008d48f8fea6" member_type: NON_VOTER last_known_addr { host: "127.13.44.196" port: 44173 } attrs { promote: true } }
I20260710 11:09:40.983160 15130 raft_consensus.cc:740] T 575136e5700441d0a49c9b7a5ef99206 P a6bfe8cb89b5479b8317008d48f8fea6 [term 1 LEARNER]: Becoming Follower/Learner. State: Replica: a6bfe8cb89b5479b8317008d48f8fea6, State: Initialized, Role: LEARNER
I20260710 11:09:40.983803 15130 consensus_queue.cc:260] T 575136e5700441d0a49c9b7a5ef99206 P a6bfe8cb89b5479b8317008d48f8fea6 [NON_LEADER]: Queue going to NON_LEADER mode. State: All replicated index: 0, Majority replicated index: 0, Committed index: 2, Last appended: 1.2, Last appended by leader: 2, Current term: 0, Majority size: -1, State: 0, Mode: NON_LEADER, active raft config: opid_index: 2 OBSOLETE_local: false peers { permanent_uuid: "7eec73aa572b496f877504152a384387" member_type: VOTER last_known_addr { host: "127.13.44.193" port: 36339 } attrs { replace: true } } peers { permanent_uuid: "338707c0f1e240c8934b87709c4376f2" member_type: VOTER last_known_addr { host: "127.13.44.194" port: 42519 } } peers { permanent_uuid: "3eb528d7b6fe4f7c9405ed46527f89dd" member_type: VOTER last_known_addr { host: "127.13.44.195" port: 37325 } } peers { permanent_uuid: "a6bfe8cb89b5479b8317008d48f8fea6" member_type: NON_VOTER last_known_addr { host: "127.13.44.196" port: 44173 } attrs { promote: true } }
I20260710 11:09:40.986137 15130 ts_tablet_manager.cc:1434] T 575136e5700441d0a49c9b7a5ef99206 P a6bfe8cb89b5479b8317008d48f8fea6: Time spent starting tablet: real 0.007s	user 0.005s	sys 0.000s
I20260710 11:09:40.990216 14673 tablet_copy_service.cc:342] P 338707c0f1e240c8934b87709c4376f2: Request end of tablet copy session a6bfe8cb89b5479b8317008d48f8fea6-575136e5700441d0a49c9b7a5ef99206 received from {username='slave'} at 127.0.0.1:58690
I20260710 11:09:40.990646 14673 tablet_copy_service.cc:434] P 338707c0f1e240c8934b87709c4376f2: ending tablet copy session a6bfe8cb89b5479b8317008d48f8fea6-575136e5700441d0a49c9b7a5ef99206 on tablet 575136e5700441d0a49c9b7a5ef99206 with peer a6bfe8cb89b5479b8317008d48f8fea6
I20260710 11:09:41.000404 15133 tablet_bootstrap.cc:492] T 3d8829fa68b448fc87d6a19a35a9cc38 P a6bfe8cb89b5479b8317008d48f8fea6: Bootstrap replayed 1/1 log segments. Stats: ops{read=2 overwritten=0 applied=2 ignored=0} inserts{seen=0 ignored=0} mutations{seen=0 ignored=0} orphaned_commits=0. Pending: 0 replicates
I20260710 11:09:41.001096 15133 tablet_bootstrap.cc:492] T 3d8829fa68b448fc87d6a19a35a9cc38 P a6bfe8cb89b5479b8317008d48f8fea6: Bootstrap complete.
I20260710 11:09:41.001626 15133 ts_tablet_manager.cc:1403] T 3d8829fa68b448fc87d6a19a35a9cc38 P a6bfe8cb89b5479b8317008d48f8fea6: Time spent bootstrapping tablet: real 0.023s	user 0.017s	sys 0.003s
I20260710 11:09:41.003723 15133 raft_consensus.cc:359] T 3d8829fa68b448fc87d6a19a35a9cc38 P a6bfe8cb89b5479b8317008d48f8fea6 [term 1 LEARNER]: Replica starting. Triggering 0 pending ops. Active config: opid_index: 2 OBSOLETE_local: false peers { permanent_uuid: "7eec73aa572b496f877504152a384387" member_type: VOTER last_known_addr { host: "127.13.44.193" port: 36339 } } peers { permanent_uuid: "338707c0f1e240c8934b87709c4376f2" member_type: VOTER last_known_addr { host: "127.13.44.194" port: 42519 } attrs { replace: true } } peers { permanent_uuid: "3eb528d7b6fe4f7c9405ed46527f89dd" member_type: VOTER last_known_addr { host: "127.13.44.195" port: 37325 } } peers { permanent_uuid: "a6bfe8cb89b5479b8317008d48f8fea6" member_type: NON_VOTER last_known_addr { host: "127.13.44.196" port: 44173 } attrs { promote: true } }
I20260710 11:09:41.004310 15133 raft_consensus.cc:740] T 3d8829fa68b448fc87d6a19a35a9cc38 P a6bfe8cb89b5479b8317008d48f8fea6 [term 1 LEARNER]: Becoming Follower/Learner. State: Replica: a6bfe8cb89b5479b8317008d48f8fea6, State: Initialized, Role: LEARNER
I20260710 11:09:41.004779 15133 consensus_queue.cc:260] T 3d8829fa68b448fc87d6a19a35a9cc38 P a6bfe8cb89b5479b8317008d48f8fea6 [NON_LEADER]: Queue going to NON_LEADER mode. State: All replicated index: 0, Majority replicated index: 0, Committed index: 2, Last appended: 1.2, Last appended by leader: 2, Current term: 0, Majority size: -1, State: 0, Mode: NON_LEADER, active raft config: opid_index: 2 OBSOLETE_local: false peers { permanent_uuid: "7eec73aa572b496f877504152a384387" member_type: VOTER last_known_addr { host: "127.13.44.193" port: 36339 } } peers { permanent_uuid: "338707c0f1e240c8934b87709c4376f2" member_type: VOTER last_known_addr { host: "127.13.44.194" port: 42519 } attrs { replace: true } } peers { permanent_uuid: "3eb528d7b6fe4f7c9405ed46527f89dd" member_type: VOTER last_known_addr { host: "127.13.44.195" port: 37325 } } peers { permanent_uuid: "a6bfe8cb89b5479b8317008d48f8fea6" member_type: NON_VOTER last_known_addr { host: "127.13.44.196" port: 44173 } attrs { promote: true } }
I20260710 11:09:41.006664 15133 ts_tablet_manager.cc:1434] T 3d8829fa68b448fc87d6a19a35a9cc38 P a6bfe8cb89b5479b8317008d48f8fea6: Time spent starting tablet: real 0.005s	user 0.004s	sys 0.000s
I20260710 11:09:41.008455 14747 tablet_copy_service.cc:342] P 3eb528d7b6fe4f7c9405ed46527f89dd: Request end of tablet copy session a6bfe8cb89b5479b8317008d48f8fea6-3d8829fa68b448fc87d6a19a35a9cc38 received from {username='slave'} at 127.0.0.1:43352
I20260710 11:09:41.008857 14747 tablet_copy_service.cc:434] P 3eb528d7b6fe4f7c9405ed46527f89dd: ending tablet copy session a6bfe8cb89b5479b8317008d48f8fea6-3d8829fa68b448fc87d6a19a35a9cc38 on tablet 3d8829fa68b448fc87d6a19a35a9cc38 with peer a6bfe8cb89b5479b8317008d48f8fea6
I20260710 11:09:41.230458 15005 raft_consensus.cc:1217] T 575136e5700441d0a49c9b7a5ef99206 P a6bfe8cb89b5479b8317008d48f8fea6 [term 1 LEARNER]: Deduplicated request from leader. Original: 1.1->[1.2-1.2]   Dedup: 1.2->[]
I20260710 11:09:41.279844 15005 raft_consensus.cc:1217] T b72f207f60cc4f8ca74c8a66eca98f66 P a6bfe8cb89b5479b8317008d48f8fea6 [term 1 LEARNER]: Deduplicated request from leader. Original: 1.1->[1.2-1.2]   Dedup: 1.2->[]
I20260710 11:09:41.343791 15005 raft_consensus.cc:1217] T ae456cbd35e64119b13e84e4ff92da46 P a6bfe8cb89b5479b8317008d48f8fea6 [term 1 LEARNER]: Deduplicated request from leader. Original: 1.1->[1.2-1.2]   Dedup: 1.2->[]
I20260710 11:09:41.350250 15005 raft_consensus.cc:1217] T 3d8829fa68b448fc87d6a19a35a9cc38 P a6bfe8cb89b5479b8317008d48f8fea6 [term 1 LEARNER]: Deduplicated request from leader. Original: 1.1->[1.2-1.2]   Dedup: 1.2->[]
I20260710 11:09:41.622779 15074 raft_consensus.cc:1064] T 575136e5700441d0a49c9b7a5ef99206 P 338707c0f1e240c8934b87709c4376f2: attempting to promote NON_VOTER a6bfe8cb89b5479b8317008d48f8fea6 to VOTER
