I20260710 11:09:45.910158 19083 raft_consensus.cc:2955] T 542125e1215248718f67bc521dae1be1 P 721dd9bed4c2485d867b2c06104a45ad [term 1 FOLLOWER]: Committing config change with OpId 1.2: config changed from index -1 to 2, NON_VOTER 72a517e10a9f4914a7e6afe94dcf75ff (127.17.137.132) added. New config: { opid_index: 2 OBSOLETE_local: false peers { permanent_uuid: "721dd9bed4c2485d867b2c06104a45ad" member_type: VOTER last_known_addr { host: "127.17.137.129" port: 33871 } } peers { permanent_uuid: "f1eb0ddf65b94779b50f6edbfa16cb57" member_type: VOTER last_known_addr { host: "127.17.137.130" port: 33969 } } peers { permanent_uuid: "8691ebfebe8e4ed593d29b97a46afea8" member_type: VOTER last_known_addr { host: "127.17.137.131" port: 45379 } attrs { replace: true } } peers { permanent_uuid: "72a517e10a9f4914a7e6afe94dcf75ff" member_type: NON_VOTER last_known_addr { host: "127.17.137.132" port: 38829 } attrs { promote: true } } }
I20260710 11:09:45.921393 18982 catalog_manager.cc:5697] T 542125e1215248718f67bc521dae1be1 P 8691ebfebe8e4ed593d29b97a46afea8 reported cstate change: config changed from index -1 to 2, NON_VOTER 72a517e10a9f4914a7e6afe94dcf75ff (127.17.137.132) added. New cstate: current_term: 1 leader_uuid: "f1eb0ddf65b94779b50f6edbfa16cb57" committed_config { opid_index: 2 OBSOLETE_local: false peers { permanent_uuid: "721dd9bed4c2485d867b2c06104a45ad" member_type: VOTER last_known_addr { host: "127.17.137.129" port: 33871 } } peers { permanent_uuid: "f1eb0ddf65b94779b50f6edbfa16cb57" member_type: VOTER last_known_addr { host: "127.17.137.130" port: 33969 } } peers { permanent_uuid: "8691ebfebe8e4ed593d29b97a46afea8" member_type: VOTER last_known_addr { host: "127.17.137.131" port: 45379 } attrs { replace: true } } peers { permanent_uuid: "72a517e10a9f4914a7e6afe94dcf75ff" member_type: NON_VOTER last_known_addr { host: "127.17.137.132" port: 38829 } attrs { promote: true } } }
I20260710 11:09:45.927639 19083 consensus_queue.cc:237] T 5b81020d8e914cc7a101f067c3a0149d P 721dd9bed4c2485d867b2c06104a45ad [LEADER]: Queue going to LEADER mode. State: All replicated index: 0, Majority replicated index: 1, Committed index: 1, Last appended: 1.1, Last appended by leader: 0, Current term: 1, Majority size: 2, State: 0, Mode: LEADER, active raft config: opid_index: 2 OBSOLETE_local: false peers { permanent_uuid: "721dd9bed4c2485d867b2c06104a45ad" member_type: VOTER last_known_addr { host: "127.17.137.129" port: 33871 } } peers { permanent_uuid: "f1eb0ddf65b94779b50f6edbfa16cb57" member_type: VOTER last_known_addr { host: "127.17.137.130" port: 33969 } attrs { replace: true } } peers { permanent_uuid: "8691ebfebe8e4ed593d29b97a46afea8" member_type: VOTER last_known_addr { host: "127.17.137.131" port: 45379 } } peers { permanent_uuid: "72a517e10a9f4914a7e6afe94dcf75ff" member_type: NON_VOTER last_known_addr { host: "127.17.137.132" port: 38829 } attrs { promote: true } }
I20260710 11:09:45.934945 19234 raft_consensus.cc:1275] T 5b81020d8e914cc7a101f067c3a0149d P 8691ebfebe8e4ed593d29b97a46afea8 [term 1 FOLLOWER]: Refusing update from remote peer 721dd9bed4c2485d867b2c06104a45ad: Log matching property violated. Preceding OpId in replica: term: 1 index: 1. Preceding OpId from leader: term: 1 index: 2. (index mismatch)
W20260710 11:09:45.935807 19051 consensus_peers.cc:597] T 5b81020d8e914cc7a101f067c3a0149d P 721dd9bed4c2485d867b2c06104a45ad -> Peer 72a517e10a9f4914a7e6afe94dcf75ff (127.17.137.132:38829): Couldn't send request to peer 72a517e10a9f4914a7e6afe94dcf75ff. Error code: TABLET_NOT_FOUND (6). Status: Not found: Tablet not found: 5b81020d8e914cc7a101f067c3a0149d. This is attempt 1: this message will repeat every 5th retry.
I20260710 11:09:45.936211 19743 consensus_queue.cc:1048] T 5b81020d8e914cc7a101f067c3a0149d P 721dd9bed4c2485d867b2c06104a45ad [LEADER]: Connected to new peer: Peer: permanent_uuid: "8691ebfebe8e4ed593d29b97a46afea8" member_type: VOTER last_known_addr { host: "127.17.137.131" port: 45379 }, Status: LMP_MISMATCH, Last received: 0.0, Next index: 2, Last known committed idx: 1, Time since last communication: 0.000s
I20260710 11:09:45.936486 19160 raft_consensus.cc:1275] T 5b81020d8e914cc7a101f067c3a0149d P f1eb0ddf65b94779b50f6edbfa16cb57 [term 1 FOLLOWER]: Refusing update from remote peer 721dd9bed4c2485d867b2c06104a45ad: Log matching property violated. Preceding OpId in replica: term: 1 index: 1. Preceding OpId from leader: term: 1 index: 2. (index mismatch)
I20260710 11:09:45.938212 19743 consensus_queue.cc:1048] T 5b81020d8e914cc7a101f067c3a0149d P 721dd9bed4c2485d867b2c06104a45ad [LEADER]: Connected to new peer: Peer: permanent_uuid: "f1eb0ddf65b94779b50f6edbfa16cb57" member_type: VOTER last_known_addr { host: "127.17.137.130" port: 33969 } attrs { replace: true }, Status: LMP_MISMATCH, Last received: 0.0, Next index: 2, Last known committed idx: 1, Time since last communication: 0.000s
I20260710 11:09:45.945365 19746 raft_consensus.cc:2955] T 5b81020d8e914cc7a101f067c3a0149d P 721dd9bed4c2485d867b2c06104a45ad [term 1 LEADER]: Committing config change with OpId 1.2: config changed from index -1 to 2, NON_VOTER 72a517e10a9f4914a7e6afe94dcf75ff (127.17.137.132) added. New config: { opid_index: 2 OBSOLETE_local: false peers { permanent_uuid: "721dd9bed4c2485d867b2c06104a45ad" member_type: VOTER last_known_addr { host: "127.17.137.129" port: 33871 } } peers { permanent_uuid: "f1eb0ddf65b94779b50f6edbfa16cb57" member_type: VOTER last_known_addr { host: "127.17.137.130" port: 33969 } attrs { replace: true } } peers { permanent_uuid: "8691ebfebe8e4ed593d29b97a46afea8" member_type: VOTER last_known_addr { host: "127.17.137.131" port: 45379 } } peers { permanent_uuid: "72a517e10a9f4914a7e6afe94dcf75ff" member_type: NON_VOTER last_known_addr { host: "127.17.137.132" port: 38829 } attrs { promote: true } } }
I20260710 11:09:45.946945 19234 raft_consensus.cc:2955] T 5b81020d8e914cc7a101f067c3a0149d P 8691ebfebe8e4ed593d29b97a46afea8 [term 1 FOLLOWER]: Committing config change with OpId 1.2: config changed from index -1 to 2, NON_VOTER 72a517e10a9f4914a7e6afe94dcf75ff (127.17.137.132) added. New config: { opid_index: 2 OBSOLETE_local: false peers { permanent_uuid: "721dd9bed4c2485d867b2c06104a45ad" member_type: VOTER last_known_addr { host: "127.17.137.129" port: 33871 } } peers { permanent_uuid: "f1eb0ddf65b94779b50f6edbfa16cb57" member_type: VOTER last_known_addr { host: "127.17.137.130" port: 33969 } attrs { replace: true } } peers { permanent_uuid: "8691ebfebe8e4ed593d29b97a46afea8" member_type: VOTER last_known_addr { host: "127.17.137.131" port: 45379 } } peers { permanent_uuid: "72a517e10a9f4914a7e6afe94dcf75ff" member_type: NON_VOTER last_known_addr { host: "127.17.137.132" port: 38829 } attrs { promote: true } } }
I20260710 11:09:45.953516 19160 raft_consensus.cc:2955] T 5b81020d8e914cc7a101f067c3a0149d P f1eb0ddf65b94779b50f6edbfa16cb57 [term 1 FOLLOWER]: Committing config change with OpId 1.2: config changed from index -1 to 2, NON_VOTER 72a517e10a9f4914a7e6afe94dcf75ff (127.17.137.132) added. New config: { opid_index: 2 OBSOLETE_local: false peers { permanent_uuid: "721dd9bed4c2485d867b2c06104a45ad" member_type: VOTER last_known_addr { host: "127.17.137.129" port: 33871 } } peers { permanent_uuid: "f1eb0ddf65b94779b50f6edbfa16cb57" member_type: VOTER last_known_addr { host: "127.17.137.130" port: 33969 } attrs { replace: true } } peers { permanent_uuid: "8691ebfebe8e4ed593d29b97a46afea8" member_type: VOTER last_known_addr { host: "127.17.137.131" port: 45379 } } peers { permanent_uuid: "72a517e10a9f4914a7e6afe94dcf75ff" member_type: NON_VOTER last_known_addr { host: "127.17.137.132" port: 38829 } attrs { promote: true } } }
I20260710 11:09:45.957485 18981 catalog_manager.cc:5697] T 5b81020d8e914cc7a101f067c3a0149d P 721dd9bed4c2485d867b2c06104a45ad reported cstate change: config changed from index -1 to 2, NON_VOTER 72a517e10a9f4914a7e6afe94dcf75ff (127.17.137.132) added. New cstate: current_term: 1 leader_uuid: "721dd9bed4c2485d867b2c06104a45ad" committed_config { opid_index: 2 OBSOLETE_local: false peers { permanent_uuid: "721dd9bed4c2485d867b2c06104a45ad" member_type: VOTER last_known_addr { host: "127.17.137.129" port: 33871 } health_report { overall_health: HEALTHY } } peers { permanent_uuid: "f1eb0ddf65b94779b50f6edbfa16cb57" member_type: VOTER last_known_addr { host: "127.17.137.130" port: 33969 } attrs { replace: true } health_report { overall_health: HEALTHY } } peers { permanent_uuid: "8691ebfebe8e4ed593d29b97a46afea8" member_type: VOTER last_known_addr { host: "127.17.137.131" port: 45379 } health_report { overall_health: HEALTHY } } peers { permanent_uuid: "72a517e10a9f4914a7e6afe94dcf75ff" member_type: NON_VOTER last_known_addr { host: "127.17.137.132" port: 38829 } attrs { promote: true } health_report { overall_health: UNKNOWN } } }
I20260710 11:09:46.192600 19755 ts_tablet_manager.cc:933] T 67e4b93fbe26456993bdda9d35a12181 P 72a517e10a9f4914a7e6afe94dcf75ff: Initiating tablet copy from peer 8691ebfebe8e4ed593d29b97a46afea8 (127.17.137.131:45379)
I20260710 11:09:46.194306 19755 tablet_copy_client.cc:323] T 67e4b93fbe26456993bdda9d35a12181 P 72a517e10a9f4914a7e6afe94dcf75ff: tablet copy: Beginning tablet copy session from remote peer at address 127.17.137.131:45379
I20260710 11:09:46.195664 19244 tablet_copy_service.cc:140] P 8691ebfebe8e4ed593d29b97a46afea8: Received BeginTabletCopySession request for tablet 67e4b93fbe26456993bdda9d35a12181 from peer 72a517e10a9f4914a7e6afe94dcf75ff ({username='slave'} at 127.0.0.1:45024)
I20260710 11:09:46.196103 19244 tablet_copy_service.cc:161] P 8691ebfebe8e4ed593d29b97a46afea8: Beginning new tablet copy session on tablet 67e4b93fbe26456993bdda9d35a12181 from peer 72a517e10a9f4914a7e6afe94dcf75ff at {username='slave'} at 127.0.0.1:45024: session id = 72a517e10a9f4914a7e6afe94dcf75ff-67e4b93fbe26456993bdda9d35a12181
I20260710 11:09:46.200680 19244 tablet_copy_source_session.cc:215] T 67e4b93fbe26456993bdda9d35a12181 P 8691ebfebe8e4ed593d29b97a46afea8: Tablet Copy: opened 0 blocks and 1 log segments
I20260710 11:09:46.202994 19755 data_dirs.cc:400] Could only allocate 1 dirs of requested 3 for tablet 67e4b93fbe26456993bdda9d35a12181. 1 dirs total, 0 dirs full, 0 dirs failed
I20260710 11:09:46.212909 19755 tablet_copy_client.cc:806] T 67e4b93fbe26456993bdda9d35a12181 P 72a517e10a9f4914a7e6afe94dcf75ff: tablet copy: Starting download of 0 data blocks...
I20260710 11:09:46.213430 19755 tablet_copy_client.cc:670] T 67e4b93fbe26456993bdda9d35a12181 P 72a517e10a9f4914a7e6afe94dcf75ff: tablet copy: Starting download of 1 WAL segments...
I20260710 11:09:46.216542 19755 tablet_copy_client.cc:538] T 67e4b93fbe26456993bdda9d35a12181 P 72a517e10a9f4914a7e6afe94dcf75ff: tablet copy: Tablet Copy complete. Replacing tablet superblock.
I20260710 11:09:46.221895 19755 tablet_bootstrap.cc:492] T 67e4b93fbe26456993bdda9d35a12181 P 72a517e10a9f4914a7e6afe94dcf75ff: Bootstrap starting.
I20260710 11:09:46.235711 19755 tablet_bootstrap.cc:492] T 67e4b93fbe26456993bdda9d35a12181 P 72a517e10a9f4914a7e6afe94dcf75ff: Bootstrap replayed 1/1 log segments. Stats: ops{read=2 overwritten=0 applied=2 ignored=0} inserts{seen=0 ignored=0} mutations{seen=0 ignored=0} orphaned_commits=0. Pending: 0 replicates
I20260710 11:09:46.236414 19755 tablet_bootstrap.cc:492] T 67e4b93fbe26456993bdda9d35a12181 P 72a517e10a9f4914a7e6afe94dcf75ff: Bootstrap complete.
I20260710 11:09:46.236907 19755 ts_tablet_manager.cc:1403] T 67e4b93fbe26456993bdda9d35a12181 P 72a517e10a9f4914a7e6afe94dcf75ff: Time spent bootstrapping tablet: real 0.015s	user 0.010s	sys 0.006s
I20260710 11:09:46.239229 19755 raft_consensus.cc:359] T 67e4b93fbe26456993bdda9d35a12181 P 72a517e10a9f4914a7e6afe94dcf75ff [term 1 LEARNER]: Replica starting. Triggering 0 pending ops. Active config: opid_index: 2 OBSOLETE_local: false peers { permanent_uuid: "721dd9bed4c2485d867b2c06104a45ad" member_type: VOTER last_known_addr { host: "127.17.137.129" port: 33871 } attrs { replace: true } } peers { permanent_uuid: "f1eb0ddf65b94779b50f6edbfa16cb57" member_type: VOTER last_known_addr { host: "127.17.137.130" port: 33969 } } peers { permanent_uuid: "8691ebfebe8e4ed593d29b97a46afea8" member_type: VOTER last_known_addr { host: "127.17.137.131" port: 45379 } } peers { permanent_uuid: "72a517e10a9f4914a7e6afe94dcf75ff" member_type: NON_VOTER last_known_addr { host: "127.17.137.132" port: 38829 } attrs { promote: true } }
I20260710 11:09:46.239773 19755 raft_consensus.cc:740] T 67e4b93fbe26456993bdda9d35a12181 P 72a517e10a9f4914a7e6afe94dcf75ff [term 1 LEARNER]: Becoming Follower/Learner. State: Replica: 72a517e10a9f4914a7e6afe94dcf75ff, State: Initialized, Role: LEARNER
I20260710 11:09:46.240283 19755 consensus_queue.cc:260] T 67e4b93fbe26456993bdda9d35a12181 P 72a517e10a9f4914a7e6afe94dcf75ff [NON_LEADER]: Queue going to NON_LEADER mode. State: All replicated index: 0, Majority replicated index: 0, Committed index: 2, Last appended: 1.2, Last appended by leader: 2, Current term: 0, Majority size: -1, State: 0, Mode: NON_LEADER, active raft config: opid_index: 2 OBSOLETE_local: false peers { permanent_uuid: "721dd9bed4c2485d867b2c06104a45ad" member_type: VOTER last_known_addr { host: "127.17.137.129" port: 33871 } attrs { replace: true } } peers { permanent_uuid: "f1eb0ddf65b94779b50f6edbfa16cb57" member_type: VOTER last_known_addr { host: "127.17.137.130" port: 33969 } } peers { permanent_uuid: "8691ebfebe8e4ed593d29b97a46afea8" member_type: VOTER last_known_addr { host: "127.17.137.131" port: 45379 } } peers { permanent_uuid: "72a517e10a9f4914a7e6afe94dcf75ff" member_type: NON_VOTER last_known_addr { host: "127.17.137.132" port: 38829 } attrs { promote: true } }
I20260710 11:09:46.242966 19755 ts_tablet_manager.cc:1434] T 67e4b93fbe26456993bdda9d35a12181 P 72a517e10a9f4914a7e6afe94dcf75ff: Time spent starting tablet: real 0.006s	user 0.004s	sys 0.000s
I20260710 11:09:46.246419 19244 tablet_copy_service.cc:342] P 8691ebfebe8e4ed593d29b97a46afea8: Request end of tablet copy session 72a517e10a9f4914a7e6afe94dcf75ff-67e4b93fbe26456993bdda9d35a12181 received from {username='slave'} at 127.0.0.1:45024
I20260710 11:09:46.246824 19244 tablet_copy_service.cc:434] P 8691ebfebe8e4ed593d29b97a46afea8: ending tablet copy session 72a517e10a9f4914a7e6afe94dcf75ff-67e4b93fbe26456993bdda9d35a12181 on tablet 67e4b93fbe26456993bdda9d35a12181 with peer 72a517e10a9f4914a7e6afe94dcf75ff
I20260710 11:09:46.338714 19755 ts_tablet_manager.cc:933] T 542125e1215248718f67bc521dae1be1 P 72a517e10a9f4914a7e6afe94dcf75ff: Initiating tablet copy from peer f1eb0ddf65b94779b50f6edbfa16cb57 (127.17.137.130:33969)
I20260710 11:09:46.340250 19755 tablet_copy_client.cc:323] T 542125e1215248718f67bc521dae1be1 P 72a517e10a9f4914a7e6afe94dcf75ff: tablet copy: Beginning tablet copy session from remote peer at address 127.17.137.130:33969
I20260710 11:09:46.341553 19170 tablet_copy_service.cc:140] P f1eb0ddf65b94779b50f6edbfa16cb57: Received BeginTabletCopySession request for tablet 542125e1215248718f67bc521dae1be1 from peer 72a517e10a9f4914a7e6afe94dcf75ff ({username='slave'} at 127.0.0.1:39820)
I20260710 11:09:46.341950 19170 tablet_copy_service.cc:161] P f1eb0ddf65b94779b50f6edbfa16cb57: Beginning new tablet copy session on tablet 542125e1215248718f67bc521dae1be1 from peer 72a517e10a9f4914a7e6afe94dcf75ff at {username='slave'} at 127.0.0.1:39820: session id = 72a517e10a9f4914a7e6afe94dcf75ff-542125e1215248718f67bc521dae1be1
I20260710 11:09:46.347173 19170 tablet_copy_source_session.cc:215] T 542125e1215248718f67bc521dae1be1 P f1eb0ddf65b94779b50f6edbfa16cb57: Tablet Copy: opened 0 blocks and 1 log segments
I20260710 11:09:46.350016 19755 data_dirs.cc:400] Could only allocate 1 dirs of requested 3 for tablet 542125e1215248718f67bc521dae1be1. 1 dirs total, 0 dirs full, 0 dirs failed
I20260710 11:09:46.359640 19755 tablet_copy_client.cc:806] T 542125e1215248718f67bc521dae1be1 P 72a517e10a9f4914a7e6afe94dcf75ff: tablet copy: Starting download of 0 data blocks...
I20260710 11:09:46.360157 19755 tablet_copy_client.cc:670] T 542125e1215248718f67bc521dae1be1 P 72a517e10a9f4914a7e6afe94dcf75ff: tablet copy: Starting download of 1 WAL segments...
I20260710 11:09:46.363243 19755 tablet_copy_client.cc:538] T 542125e1215248718f67bc521dae1be1 P 72a517e10a9f4914a7e6afe94dcf75ff: tablet copy: Tablet Copy complete. Replacing tablet superblock.
I20260710 11:09:46.368628 19755 tablet_bootstrap.cc:492] T 542125e1215248718f67bc521dae1be1 P 72a517e10a9f4914a7e6afe94dcf75ff: Bootstrap starting.
I20260710 11:09:46.382589 19755 tablet_bootstrap.cc:492] T 542125e1215248718f67bc521dae1be1 P 72a517e10a9f4914a7e6afe94dcf75ff: Bootstrap replayed 1/1 log segments. Stats: ops{read=2 overwritten=0 applied=2 ignored=0} inserts{seen=0 ignored=0} mutations{seen=0 ignored=0} orphaned_commits=0. Pending: 0 replicates
I20260710 11:09:46.383401 19755 tablet_bootstrap.cc:492] T 542125e1215248718f67bc521dae1be1 P 72a517e10a9f4914a7e6afe94dcf75ff: Bootstrap complete.
I20260710 11:09:46.383965 19755 ts_tablet_manager.cc:1403] T 542125e1215248718f67bc521dae1be1 P 72a517e10a9f4914a7e6afe94dcf75ff: Time spent bootstrapping tablet: real 0.015s	user 0.012s	sys 0.000s
I20260710 11:09:46.387050 19755 raft_consensus.cc:359] T 542125e1215248718f67bc521dae1be1 P 72a517e10a9f4914a7e6afe94dcf75ff [term 1 LEARNER]: Replica starting. Triggering 0 pending ops. Active config: opid_index: 2 OBSOLETE_local: false peers { permanent_uuid: "721dd9bed4c2485d867b2c06104a45ad" member_type: VOTER last_known_addr { host: "127.17.137.129" port: 33871 } } peers { permanent_uuid: "f1eb0ddf65b94779b50f6edbfa16cb57" member_type: VOTER last_known_addr { host: "127.17.137.130" port: 33969 } } peers { permanent_uuid: "8691ebfebe8e4ed593d29b97a46afea8" member_type: VOTER last_known_addr { host: "127.17.137.131" port: 45379 } attrs { replace: true } } peers { permanent_uuid: "72a517e10a9f4914a7e6afe94dcf75ff" member_type: NON_VOTER last_known_addr { host: "127.17.137.132" port: 38829 } attrs { promote: true } }
I20260710 11:09:46.387724 19755 raft_consensus.cc:740] T 542125e1215248718f67bc521dae1be1 P 72a517e10a9f4914a7e6afe94dcf75ff [term 1 LEARNER]: Becoming Follower/Learner. State: Replica: 72a517e10a9f4914a7e6afe94dcf75ff, State: Initialized, Role: LEARNER
I20260710 11:09:46.388310 19755 consensus_queue.cc:260] T 542125e1215248718f67bc521dae1be1 P 72a517e10a9f4914a7e6afe94dcf75ff [NON_LEADER]: Queue going to NON_LEADER mode. State: All replicated index: 0, Majority replicated index: 0, Committed index: 2, Last appended: 1.2, Last appended by leader: 2, Current term: 0, Majority size: -1, State: 0, Mode: NON_LEADER, active raft config: opid_index: 2 OBSOLETE_local: false peers { permanent_uuid: "721dd9bed4c2485d867b2c06104a45ad" member_type: VOTER last_known_addr { host: "127.17.137.129" port: 33871 } } peers { permanent_uuid: "f1eb0ddf65b94779b50f6edbfa16cb57" member_type: VOTER last_known_addr { host: "127.17.137.130" port: 33969 } } peers { permanent_uuid: "8691ebfebe8e4ed593d29b97a46afea8" member_type: VOTER last_known_addr { host: "127.17.137.131" port: 45379 } attrs { replace: true } } peers { permanent_uuid: "72a517e10a9f4914a7e6afe94dcf75ff" member_type: NON_VOTER last_known_addr { host: "127.17.137.132" port: 38829 } attrs { promote: true } }
I20260710 11:09:46.390491 19755 ts_tablet_manager.cc:1434] T 542125e1215248718f67bc521dae1be1 P 72a517e10a9f4914a7e6afe94dcf75ff: Time spent starting tablet: real 0.006s	user 0.003s	sys 0.000s
I20260710 11:09:46.392002 19170 tablet_copy_service.cc:342] P f1eb0ddf65b94779b50f6edbfa16cb57: Request end of tablet copy session 72a517e10a9f4914a7e6afe94dcf75ff-542125e1215248718f67bc521dae1be1 received from {username='slave'} at 127.0.0.1:39820
I20260710 11:09:46.392387 19170 tablet_copy_service.cc:434] P f1eb0ddf65b94779b50f6edbfa16cb57: ending tablet copy session 72a517e10a9f4914a7e6afe94dcf75ff-542125e1215248718f67bc521dae1be1 on tablet 542125e1215248718f67bc521dae1be1 with peer 72a517e10a9f4914a7e6afe94dcf75ff
I20260710 11:09:46.407395 19755 ts_tablet_manager.cc:933] T 5b81020d8e914cc7a101f067c3a0149d P 72a517e10a9f4914a7e6afe94dcf75ff: Initiating tablet copy from peer 721dd9bed4c2485d867b2c06104a45ad (127.17.137.129:33871)
I20260710 11:09:46.408924 19755 tablet_copy_client.cc:323] T 5b81020d8e914cc7a101f067c3a0149d P 72a517e10a9f4914a7e6afe94dcf75ff: tablet copy: Beginning tablet copy session from remote peer at address 127.17.137.129:33871
I20260710 11:09:46.410861 19095 tablet_copy_service.cc:140] P 721dd9bed4c2485d867b2c06104a45ad: Received BeginTabletCopySession request for tablet 5b81020d8e914cc7a101f067c3a0149d from peer 72a517e10a9f4914a7e6afe94dcf75ff ({username='slave'} at 127.0.0.1:47156)
I20260710 11:09:46.411360 19095 tablet_copy_service.cc:161] P 721dd9bed4c2485d867b2c06104a45ad: Beginning new tablet copy session on tablet 5b81020d8e914cc7a101f067c3a0149d from peer 72a517e10a9f4914a7e6afe94dcf75ff at {username='slave'} at 127.0.0.1:47156: session id = 72a517e10a9f4914a7e6afe94dcf75ff-5b81020d8e914cc7a101f067c3a0149d
I20260710 11:09:46.413051 19762 ts_tablet_manager.cc:933] T 7ea520239c414c2a81fbb50c950a4aea P 72a517e10a9f4914a7e6afe94dcf75ff: Initiating tablet copy from peer 721dd9bed4c2485d867b2c06104a45ad (127.17.137.129:33871)
I20260710 11:09:46.418370 19762 tablet_copy_client.cc:323] T 7ea520239c414c2a81fbb50c950a4aea P 72a517e10a9f4914a7e6afe94dcf75ff: tablet copy: Beginning tablet copy session from remote peer at address 127.17.137.129:33871
I20260710 11:09:46.418874 19095 tablet_copy_source_session.cc:215] T 5b81020d8e914cc7a101f067c3a0149d P 721dd9bed4c2485d867b2c06104a45ad: Tablet Copy: opened 0 blocks and 1 log segments
I20260710 11:09:46.419951 19094 tablet_copy_service.cc:140] P 721dd9bed4c2485d867b2c06104a45ad: Received BeginTabletCopySession request for tablet 7ea520239c414c2a81fbb50c950a4aea from peer 72a517e10a9f4914a7e6afe94dcf75ff ({username='slave'} at 127.0.0.1:47156)
I20260710 11:09:46.420411 19094 tablet_copy_service.cc:161] P 721dd9bed4c2485d867b2c06104a45ad: Beginning new tablet copy session on tablet 7ea520239c414c2a81fbb50c950a4aea from peer 72a517e10a9f4914a7e6afe94dcf75ff at {username='slave'} at 127.0.0.1:47156: session id = 72a517e10a9f4914a7e6afe94dcf75ff-7ea520239c414c2a81fbb50c950a4aea
I20260710 11:09:46.422063 19755 data_dirs.cc:400] Could only allocate 1 dirs of requested 3 for tablet 5b81020d8e914cc7a101f067c3a0149d. 1 dirs total, 0 dirs full, 0 dirs failed
I20260710 11:09:46.427799 19094 tablet_copy_source_session.cc:215] T 7ea520239c414c2a81fbb50c950a4aea P 721dd9bed4c2485d867b2c06104a45ad: Tablet Copy: opened 0 blocks and 1 log segments
I20260710 11:09:46.431710 19762 data_dirs.cc:400] Could only allocate 1 dirs of requested 3 for tablet 7ea520239c414c2a81fbb50c950a4aea. 1 dirs total, 0 dirs full, 0 dirs failed
I20260710 11:09:46.438414 19755 tablet_copy_client.cc:806] T 5b81020d8e914cc7a101f067c3a0149d P 72a517e10a9f4914a7e6afe94dcf75ff: tablet copy: Starting download of 0 data blocks...
I20260710 11:09:46.438961 19755 tablet_copy_client.cc:670] T 5b81020d8e914cc7a101f067c3a0149d P 72a517e10a9f4914a7e6afe94dcf75ff: tablet copy: Starting download of 1 WAL segments...
I20260710 11:09:46.442540 19755 tablet_copy_client.cc:538] T 5b81020d8e914cc7a101f067c3a0149d P 72a517e10a9f4914a7e6afe94dcf75ff: tablet copy: Tablet Copy complete. Replacing tablet superblock.
I20260710 11:09:46.447887 19755 tablet_bootstrap.cc:492] T 5b81020d8e914cc7a101f067c3a0149d P 72a517e10a9f4914a7e6afe94dcf75ff: Bootstrap starting.
I20260710 11:09:46.449616 19762 tablet_copy_client.cc:806] T 7ea520239c414c2a81fbb50c950a4aea P 72a517e10a9f4914a7e6afe94dcf75ff: tablet copy: Starting download of 0 data blocks...
I20260710 11:09:46.450184 19762 tablet_copy_client.cc:670] T 7ea520239c414c2a81fbb50c950a4aea P 72a517e10a9f4914a7e6afe94dcf75ff: tablet copy: Starting download of 1 WAL segments...
I20260710 11:09:46.454031 19762 tablet_copy_client.cc:538] T 7ea520239c414c2a81fbb50c950a4aea P 72a517e10a9f4914a7e6afe94dcf75ff: tablet copy: Tablet Copy complete. Replacing tablet superblock.
I20260710 11:09:46.463692 19762 tablet_bootstrap.cc:492] T 7ea520239c414c2a81fbb50c950a4aea P 72a517e10a9f4914a7e6afe94dcf75ff: Bootstrap starting.
I20260710 11:09:46.468139 19755 tablet_bootstrap.cc:492] T 5b81020d8e914cc7a101f067c3a0149d P 72a517e10a9f4914a7e6afe94dcf75ff: Bootstrap replayed 1/1 log segments. Stats: ops{read=2 overwritten=0 applied=2 ignored=0} inserts{seen=0 ignored=0} mutations{seen=0 ignored=0} orphaned_commits=0. Pending: 0 replicates
I20260710 11:09:46.468763 19755 tablet_bootstrap.cc:492] T 5b81020d8e914cc7a101f067c3a0149d P 72a517e10a9f4914a7e6afe94dcf75ff: Bootstrap complete.
I20260710 11:09:46.469209 19755 ts_tablet_manager.cc:1403] T 5b81020d8e914cc7a101f067c3a0149d P 72a517e10a9f4914a7e6afe94dcf75ff: Time spent bootstrapping tablet: real 0.021s	user 0.014s	sys 0.009s
I20260710 11:09:46.471206 19755 raft_consensus.cc:359] T 5b81020d8e914cc7a101f067c3a0149d P 72a517e10a9f4914a7e6afe94dcf75ff [term 1 LEARNER]: Replica starting. Triggering 0 pending ops. Active config: opid_index: 2 OBSOLETE_local: false peers { permanent_uuid: "721dd9bed4c2485d867b2c06104a45ad" member_type: VOTER last_known_addr { host: "127.17.137.129" port: 33871 } } peers { permanent_uuid: "f1eb0ddf65b94779b50f6edbfa16cb57" member_type: VOTER last_known_addr { host: "127.17.137.130" port: 33969 } attrs { replace: true } } peers { permanent_uuid: "8691ebfebe8e4ed593d29b97a46afea8" member_type: VOTER last_known_addr { host: "127.17.137.131" port: 45379 } } peers { permanent_uuid: "72a517e10a9f4914a7e6afe94dcf75ff" member_type: NON_VOTER last_known_addr { host: "127.17.137.132" port: 38829 } attrs { promote: true } }
I20260710 11:09:46.471908 19755 raft_consensus.cc:740] T 5b81020d8e914cc7a101f067c3a0149d P 72a517e10a9f4914a7e6afe94dcf75ff [term 1 LEARNER]: Becoming Follower/Learner. State: Replica: 72a517e10a9f4914a7e6afe94dcf75ff, State: Initialized, Role: LEARNER
I20260710 11:09:46.472501 19755 consensus_queue.cc:260] T 5b81020d8e914cc7a101f067c3a0149d P 72a517e10a9f4914a7e6afe94dcf75ff [NON_LEADER]: Queue going to NON_LEADER mode. State: All replicated index: 0, Majority replicated index: 0, Committed index: 2, Last appended: 1.2, Last appended by leader: 2, Current term: 0, Majority size: -1, State: 0, Mode: NON_LEADER, active raft config: opid_index: 2 OBSOLETE_local: false peers { permanent_uuid: "721dd9bed4c2485d867b2c06104a45ad" member_type: VOTER last_known_addr { host: "127.17.137.129" port: 33871 } } peers { permanent_uuid: "f1eb0ddf65b94779b50f6edbfa16cb57" member_type: VOTER last_known_addr { host: "127.17.137.130" port: 33969 } attrs { replace: true } } peers { permanent_uuid: "8691ebfebe8e4ed593d29b97a46afea8" member_type: VOTER last_known_addr { host: "127.17.137.131" port: 45379 } } peers { permanent_uuid: "72a517e10a9f4914a7e6afe94dcf75ff" member_type: NON_VOTER last_known_addr { host: "127.17.137.132" port: 38829 } attrs { promote: true } }
I20260710 11:09:46.476740 19755 ts_tablet_manager.cc:1434] T 5b81020d8e914cc7a101f067c3a0149d P 72a517e10a9f4914a7e6afe94dcf75ff: Time spent starting tablet: real 0.007s	user 0.006s	sys 0.000s
I20260710 11:09:46.479882 19094 tablet_copy_service.cc:342] P 721dd9bed4c2485d867b2c06104a45ad: Request end of tablet copy session 72a517e10a9f4914a7e6afe94dcf75ff-5b81020d8e914cc7a101f067c3a0149d received from {username='slave'} at 127.0.0.1:47156
I20260710 11:09:46.480309 19094 tablet_copy_service.cc:434] P 721dd9bed4c2485d867b2c06104a45ad: ending tablet copy session 72a517e10a9f4914a7e6afe94dcf75ff-5b81020d8e914cc7a101f067c3a0149d on tablet 5b81020d8e914cc7a101f067c3a0149d with peer 72a517e10a9f4914a7e6afe94dcf75ff
I20260710 11:09:46.486812 19762 tablet_bootstrap.cc:492] T 7ea520239c414c2a81fbb50c950a4aea P 72a517e10a9f4914a7e6afe94dcf75ff: Bootstrap replayed 1/1 log segments. Stats: ops{read=2 overwritten=0 applied=2 ignored=0} inserts{seen=0 ignored=0} mutations{seen=0 ignored=0} orphaned_commits=0. Pending: 0 replicates
I20260710 11:09:46.487644 19762 tablet_bootstrap.cc:492] T 7ea520239c414c2a81fbb50c950a4aea P 72a517e10a9f4914a7e6afe94dcf75ff: Bootstrap complete.
I20260710 11:09:46.488304 19762 ts_tablet_manager.cc:1403] T 7ea520239c414c2a81fbb50c950a4aea P 72a517e10a9f4914a7e6afe94dcf75ff: Time spent bootstrapping tablet: real 0.025s	user 0.020s	sys 0.002s
I20260710 11:09:46.491026 19762 raft_consensus.cc:359] T 7ea520239c414c2a81fbb50c950a4aea P 72a517e10a9f4914a7e6afe94dcf75ff [term 1 LEARNER]: Replica starting. Triggering 0 pending ops. Active config: opid_index: 2 OBSOLETE_local: false peers { permanent_uuid: "721dd9bed4c2485d867b2c06104a45ad" member_type: VOTER last_known_addr { host: "127.17.137.129" port: 33871 } } peers { permanent_uuid: "f1eb0ddf65b94779b50f6edbfa16cb57" member_type: VOTER last_known_addr { host: "127.17.137.130" port: 33969 } attrs { replace: true } } peers { permanent_uuid: "8691ebfebe8e4ed593d29b97a46afea8" member_type: VOTER last_known_addr { host: "127.17.137.131" port: 45379 } } peers { permanent_uuid: "72a517e10a9f4914a7e6afe94dcf75ff" member_type: NON_VOTER last_known_addr { host: "127.17.137.132" port: 38829 } attrs { promote: true } }
I20260710 11:09:46.491799 19762 raft_consensus.cc:740] T 7ea520239c414c2a81fbb50c950a4aea P 72a517e10a9f4914a7e6afe94dcf75ff [term 1 LEARNER]: Becoming Follower/Learner. State: Replica: 72a517e10a9f4914a7e6afe94dcf75ff, State: Initialized, Role: LEARNER
I20260710 11:09:46.492396 19762 consensus_queue.cc:260] T 7ea520239c414c2a81fbb50c950a4aea P 72a517e10a9f4914a7e6afe94dcf75ff [NON_LEADER]: Queue going to NON_LEADER mode. State: All replicated index: 0, Majority replicated index: 0, Committed index: 2, Last appended: 1.2, Last appended by leader: 2, Current term: 0, Majority size: -1, State: 0, Mode: NON_LEADER, active raft config: opid_index: 2 OBSOLETE_local: false peers { permanent_uuid: "721dd9bed4c2485d867b2c06104a45ad" member_type: VOTER last_known_addr { host: "127.17.137.129" port: 33871 } } peers { permanent_uuid: "f1eb0ddf65b94779b50f6edbfa16cb57" member_type: VOTER last_known_addr { host: "127.17.137.130" port: 33969 } attrs { replace: true } } peers { permanent_uuid: "8691ebfebe8e4ed593d29b97a46afea8" member_type: VOTER last_known_addr { host: "127.17.137.131" port: 45379 } } peers { permanent_uuid: "72a517e10a9f4914a7e6afe94dcf75ff" member_type: NON_VOTER last_known_addr { host: "127.17.137.132" port: 38829 } attrs { promote: true } }
I20260710 11:09:46.495134 19762 ts_tablet_manager.cc:1434] T 7ea520239c414c2a81fbb50c950a4aea P 72a517e10a9f4914a7e6afe94dcf75ff: Time spent starting tablet: real 0.007s	user 0.000s	sys 0.004s
I20260710 11:09:46.496783 19094 tablet_copy_service.cc:342] P 721dd9bed4c2485d867b2c06104a45ad: Request end of tablet copy session 72a517e10a9f4914a7e6afe94dcf75ff-7ea520239c414c2a81fbb50c950a4aea received from {username='slave'} at 127.0.0.1:47156
I20260710 11:09:46.497164 19094 tablet_copy_service.cc:434] P 721dd9bed4c2485d867b2c06104a45ad: ending tablet copy session 72a517e10a9f4914a7e6afe94dcf75ff-7ea520239c414c2a81fbb50c950a4aea on tablet 7ea520239c414c2a81fbb50c950a4aea with peer 72a517e10a9f4914a7e6afe94dcf75ff
I20260710 11:09:46.580190 19482 raft_consensus.cc:1217] T 67e4b93fbe26456993bdda9d35a12181 P 72a517e10a9f4914a7e6afe94dcf75ff [term 1 LEARNER]: Deduplicated request from leader. Original: 1.1->[1.2-1.2]   Dedup: 1.2->[]
I20260710 11:09:47.759783 19767 raft_consensus.cc:493] T 00f8f42a72614b5a84597fe152a3cdc9 P 721dd9bed4c2485d867b2c06104a45ad [term 1 FOLLOWER]: Starting pre-election (detected failure of leader 8691ebfebe8e4ed593d29b97a46afea8)
I20260710 11:09:47.760869 19767 raft_consensus.cc:515] T 00f8f42a72614b5a84597fe152a3cdc9 P 721dd9bed4c2485d867b2c06104a45ad [term 1 FOLLOWER]: Starting pre-election with config: opid_index: -1 OBSOLETE_local: false peers { permanent_uuid: "721dd9bed4c2485d867b2c06104a45ad" member_type: VOTER last_known_addr { host: "127.17.137.129" port: 33871 } } peers { permanent_uuid: "f1eb0ddf65b94779b50f6edbfa16cb57" member_type: VOTER last_known_addr { host: "127.17.137.130" port: 33969 } } peers { permanent_uuid: "8691ebfebe8e4ed593d29b97a46afea8" member_type: VOTER last_known_addr { host: "127.17.137.131" port: 45379 } }
I20260710 11:09:47.780851 19767 leader_election.cc:290] T 00f8f42a72614b5a84597fe152a3cdc9 P 721dd9bed4c2485d867b2c06104a45ad [CANDIDATE]: Term 2 pre-election: Requested pre-vote from peers f1eb0ddf65b94779b50f6edbfa16cb57 (127.17.137.130:33969), 8691ebfebe8e4ed593d29b97a46afea8 (127.17.137.131:45379)
I20260710 11:09:47.799335 19773 raft_consensus.cc:493] T 7ea520239c414c2a81fbb50c950a4aea P f1eb0ddf65b94779b50f6edbfa16cb57 [term 1 FOLLOWER]: Starting pre-election (detected failure of leader 721dd9bed4c2485d867b2c06104a45ad)
I20260710 11:09:47.800179 19773 raft_consensus.cc:515] T 7ea520239c414c2a81fbb50c950a4aea P f1eb0ddf65b94779b50f6edbfa16cb57 [term 1 FOLLOWER]: Starting pre-election with config: opid_index: 2 OBSOLETE_local: false peers { permanent_uuid: "721dd9bed4c2485d867b2c06104a45ad" member_type: VOTER last_known_addr { host: "127.17.137.129" port: 33871 } } peers { permanent_uuid: "f1eb0ddf65b94779b50f6edbfa16cb57" member_type: VOTER last_known_addr { host: "127.17.137.130" port: 33969 } attrs { replace: true } } peers { permanent_uuid: "8691ebfebe8e4ed593d29b97a46afea8" member_type: VOTER last_known_addr { host: "127.17.137.131" port: 45379 } } peers { permanent_uuid: "72a517e10a9f4914a7e6afe94dcf75ff" member_type: NON_VOTER last_known_addr { host: "127.17.137.132" port: 38829 } attrs { promote: true } }
I20260710 11:09:47.802194 19773 leader_election.cc:290] T 7ea520239c414c2a81fbb50c950a4aea P f1eb0ddf65b94779b50f6edbfa16cb57 [CANDIDATE]: Term 2 pre-election: Requested pre-vote from peers 721dd9bed4c2485d867b2c06104a45ad (127.17.137.129:33871), 8691ebfebe8e4ed593d29b97a46afea8 (127.17.137.131:45379)
I20260710 11:09:47.826013 19771 raft_consensus.cc:493] T 60ce72ad6be2424092ba7e339615288c P 8691ebfebe8e4ed593d29b97a46afea8 [term 1 FOLLOWER]: Starting pre-election (detected failure of leader 721dd9bed4c2485d867b2c06104a45ad)
I20260710 11:09:47.827975 19771 raft_consensus.cc:515] T 60ce72ad6be2424092ba7e339615288c P 8691ebfebe8e4ed593d29b97a46afea8 [term 1 FOLLOWER]: Starting pre-election with config: opid_index: -1 OBSOLETE_local: false peers { permanent_uuid: "721dd9bed4c2485d867b2c06104a45ad" member_type: VOTER last_known_addr { host: "127.17.137.129" port: 33871 } } peers { permanent_uuid: "f1eb0ddf65b94779b50f6edbfa16cb57" member_type: VOTER last_known_addr { host: "127.17.137.130" port: 33969 } } peers { permanent_uuid: "8691ebfebe8e4ed593d29b97a46afea8" member_type: VOTER last_known_addr { host: "127.17.137.131" port: 45379 } }
I20260710 11:09:47.832422 19771 leader_election.cc:290] T 60ce72ad6be2424092ba7e339615288c P 8691ebfebe8e4ed593d29b97a46afea8 [CANDIDATE]: Term 2 pre-election: Requested pre-vote from peers 721dd9bed4c2485d867b2c06104a45ad (127.17.137.129:33871), f1eb0ddf65b94779b50f6edbfa16cb57 (127.17.137.130:33969)
I20260710 11:09:47.836421 19767 raft_consensus.cc:493] T 5a1ebcf7905547e0bf0b9b3ef497cf0a P 721dd9bed4c2485d867b2c06104a45ad [term 1 FOLLOWER]: Starting pre-election (detected failure of leader f1eb0ddf65b94779b50f6edbfa16cb57)
I20260710 11:09:47.836462 19775 raft_consensus.cc:493] T e109fd2b28004d47a3573cea8a5228b7 P 8691ebfebe8e4ed593d29b97a46afea8 [term 1 FOLLOWER]: Starting pre-election (detected failure of leader f1eb0ddf65b94779b50f6edbfa16cb57)
I20260710 11:09:47.841414 19775 raft_consensus.cc:515] T e109fd2b28004d47a3573cea8a5228b7 P 8691ebfebe8e4ed593d29b97a46afea8 [term 1 FOLLOWER]: Starting pre-election with config: opid_index: 4 OBSOLETE_local: false peers { permanent_uuid: "f1eb0ddf65b94779b50f6edbfa16cb57" member_type: VOTER last_known_addr { host: "127.17.137.130" port: 33969 } } peers { permanent_uuid: "8691ebfebe8e4ed593d29b97a46afea8" member_type: VOTER last_known_addr { host: "127.17.137.131" port: 45379 } } peers { permanent_uuid: "72a517e10a9f4914a7e6afe94dcf75ff" member_type: VOTER last_known_addr { host: "127.17.137.132" port: 38829 } attrs { promote: false } }
I20260710 11:09:47.844305 19775 leader_election.cc:290] T e109fd2b28004d47a3573cea8a5228b7 P 8691ebfebe8e4ed593d29b97a46afea8 [CANDIDATE]: Term 2 pre-election: Requested pre-vote from peers f1eb0ddf65b94779b50f6edbfa16cb57 (127.17.137.130:33969), 72a517e10a9f4914a7e6afe94dcf75ff (127.17.137.132:38829)
I20260710 11:09:47.847216 19779 raft_consensus.cc:493] T 542125e1215248718f67bc521dae1be1 P 721dd9bed4c2485d867b2c06104a45ad [term 1 FOLLOWER]: Starting pre-election (detected failure of leader f1eb0ddf65b94779b50f6edbfa16cb57)
I20260710 11:09:47.847047 19767 raft_consensus.cc:515] T 5a1ebcf7905547e0bf0b9b3ef497cf0a P 721dd9bed4c2485d867b2c06104a45ad [term 1 FOLLOWER]: Starting pre-election with config: opid_index: 4 OBSOLETE_local: false peers { permanent_uuid: "721dd9bed4c2485d867b2c06104a45ad" member_type: VOTER last_known_addr { host: "127.17.137.129" port: 33871 } } peers { permanent_uuid: "f1eb0ddf65b94779b50f6edbfa16cb57" member_type: VOTER last_known_addr { host: "127.17.137.130" port: 33969 } } peers { permanent_uuid: "72a517e10a9f4914a7e6afe94dcf75ff" member_type: VOTER last_known_addr { host: "127.17.137.132" port: 38829 } attrs { promote: false } }
I20260710 11:09:47.857502 19767 leader_election.cc:290] T 5a1ebcf7905547e0bf0b9b3ef497cf0a P 721dd9bed4c2485d867b2c06104a45ad [CANDIDATE]: Term 2 pre-election: Requested pre-vote from peers f1eb0ddf65b94779b50f6edbfa16cb57 (127.17.137.130:33969), 72a517e10a9f4914a7e6afe94dcf75ff (127.17.137.132:38829)
I20260710 11:09:47.859760 19767 raft_consensus.cc:493] T 0dbb22c906b740889223b612138420f2 P 721dd9bed4c2485d867b2c06104a45ad [term 1 FOLLOWER]: Starting pre-election (detected failure of leader f1eb0ddf65b94779b50f6edbfa16cb57)
I20260710 11:09:47.860354 19160 tablet_service.cc:1917] Received RequestConsensusVote() RPC: tablet_id: "60ce72ad6be2424092ba7e339615288c" candidate_uuid: "8691ebfebe8e4ed593d29b97a46afea8" candidate_term: 2 candidate_status { last_received { term: 1 index: 1 } } ignore_live_leader: false dest_uuid: "f1eb0ddf65b94779b50f6edbfa16cb57" is_pre_election: true
I20260710 11:09:47.860563 19767 raft_consensus.cc:515] T 0dbb22c906b740889223b612138420f2 P 721dd9bed4c2485d867b2c06104a45ad [term 1 FOLLOWER]: Starting pre-election with config: opid_index: 4 OBSOLETE_local: false peers { permanent_uuid: "721dd9bed4c2485d867b2c06104a45ad" member_type: VOTER last_known_addr { host: "127.17.137.129" port: 33871 } } peers { permanent_uuid: "f1eb0ddf65b94779b50f6edbfa16cb57" member_type: VOTER last_known_addr { host: "127.17.137.130" port: 33969 } } peers { permanent_uuid: "72a517e10a9f4914a7e6afe94dcf75ff" member_type: VOTER last_known_addr { host: "127.17.137.132" port: 38829 } attrs { promote: false } }
I20260710 11:09:47.863732 19767 leader_election.cc:290] T 0dbb22c906b740889223b612138420f2 P 721dd9bed4c2485d867b2c06104a45ad [CANDIDATE]: Term 2 pre-election: Requested pre-vote from peers f1eb0ddf65b94779b50f6edbfa16cb57 (127.17.137.130:33969), 72a517e10a9f4914a7e6afe94dcf75ff (127.17.137.132:38829)
I20260710 11:09:47.882947 19779 raft_consensus.cc:515] T 542125e1215248718f67bc521dae1be1 P 721dd9bed4c2485d867b2c06104a45ad [term 1 FOLLOWER]: Starting pre-election with config: opid_index: 2 OBSOLETE_local: false peers { permanent_uuid: "721dd9bed4c2485d867b2c06104a45ad" member_type: VOTER last_known_addr { host: "127.17.137.129" port: 33871 } } peers { permanent_uuid: "f1eb0ddf65b94779b50f6edbfa16cb57" member_type: VOTER last_known_addr { host: "127.17.137.130" port: 33969 } } peers { permanent_uuid: "8691ebfebe8e4ed593d29b97a46afea8" member_type: VOTER last_known_addr { host: "127.17.137.131" port: 45379 } attrs { replace: true } } peers { permanent_uuid: "72a517e10a9f4914a7e6afe94dcf75ff" member_type: NON_VOTER last_known_addr { host: "127.17.137.132" port: 38829 } attrs { promote: true } }
I20260710 11:09:47.892910 19777 raft_consensus.cc:493] T 19bc937e40504d028b5ddd08cedd147a P 8691ebfebe8e4ed593d29b97a46afea8 [term 1 FOLLOWER]: Starting pre-election (detected failure of leader 721dd9bed4c2485d867b2c06104a45ad)
I20260710 11:09:47.894559 19777 raft_consensus.cc:515] T 19bc937e40504d028b5ddd08cedd147a P 8691ebfebe8e4ed593d29b97a46afea8 [term 1 FOLLOWER]: Starting pre-election with config: opid_index: -1 OBSOLETE_local: false peers { permanent_uuid: "721dd9bed4c2485d867b2c06104a45ad" member_type: VOTER last_known_addr { host: "127.17.137.129" port: 33871 } } peers { permanent_uuid: "f1eb0ddf65b94779b50f6edbfa16cb57" member_type: VOTER last_known_addr { host: "127.17.137.130" port: 33969 } } peers { permanent_uuid: "8691ebfebe8e4ed593d29b97a46afea8" member_type: VOTER last_known_addr { host: "127.17.137.131" port: 45379 } }
I20260710 11:09:47.898375 19777 leader_election.cc:290] T 19bc937e40504d028b5ddd08cedd147a P 8691ebfebe8e4ed593d29b97a46afea8 [CANDIDATE]: Term 2 pre-election: Requested pre-vote from peers 721dd9bed4c2485d867b2c06104a45ad (127.17.137.129:33871), f1eb0ddf65b94779b50f6edbfa16cb57 (127.17.137.130:33969)
I20260710 11:09:47.899876 19777 raft_consensus.cc:493] T 542125e1215248718f67bc521dae1be1 P 8691ebfebe8e4ed593d29b97a46afea8 [term 1 FOLLOWER]: Starting pre-election (detected failure of leader f1eb0ddf65b94779b50f6edbfa16cb57)
I20260710 11:09:47.899938 19160 tablet_service.cc:1917] Received RequestConsensusVote() RPC: tablet_id: "e109fd2b28004d47a3573cea8a5228b7" candidate_uuid: "8691ebfebe8e4ed593d29b97a46afea8" candidate_term: 2 candidate_status { last_received { term: 1 index: 4 } } ignore_live_leader: false dest_uuid: "f1eb0ddf65b94779b50f6edbfa16cb57" is_pre_election: true
I20260710 11:09:47.906805 19777 raft_consensus.cc:515] T 542125e1215248718f67bc521dae1be1 P 8691ebfebe8e4ed593d29b97a46afea8 [term 1 FOLLOWER]: Starting pre-election with config: opid_index: 2 OBSOLETE_local: false peers { permanent_uuid: "721dd9bed4c2485d867b2c06104a45ad" member_type: VOTER last_known_addr { host: "127.17.137.129" port: 33871 } } peers { permanent_uuid: "f1eb0ddf65b94779b50f6edbfa16cb57" member_type: VOTER last_known_addr { host: "127.17.137.130" port: 33969 } } peers { permanent_uuid: "8691ebfebe8e4ed593d29b97a46afea8" member_type: VOTER last_known_addr { host: "127.17.137.131" port: 45379 } attrs { replace: true } } peers { permanent_uuid: "72a517e10a9f4914a7e6afe94dcf75ff" member_type: NON_VOTER last_known_addr { host: "127.17.137.132" port: 38829 } attrs { promote: true } }
I20260710 11:09:47.907887 19484 tablet_service.cc:1917] Received RequestConsensusVote() RPC: tablet_id: "e109fd2b28004d47a3573cea8a5228b7" candidate_uuid: "8691ebfebe8e4ed593d29b97a46afea8" candidate_term: 2 candidate_status { last_received { term: 1 index: 4 } } ignore_live_leader: false dest_uuid: "72a517e10a9f4914a7e6afe94dcf75ff" is_pre_election: true
I20260710 11:09:47.908995 19231 tablet_service.cc:1917] Received RequestConsensusVote() RPC: tablet_id: "00f8f42a72614b5a84597fe152a3cdc9" candidate_uuid: "721dd9bed4c2485d867b2c06104a45ad" candidate_term: 2 candidate_status { last_received { term: 1 index: 1 } } ignore_live_leader: false dest_uuid: "8691ebfebe8e4ed593d29b97a46afea8" is_pre_election: true
I20260710 11:09:47.909852 19777 leader_election.cc:290] T 542125e1215248718f67bc521dae1be1 P 8691ebfebe8e4ed593d29b97a46afea8 [CANDIDATE]: Term 2 pre-election: Requested pre-vote from peers 721dd9bed4c2485d867b2c06104a45ad (127.17.137.129:33871), f1eb0ddf65b94779b50f6edbfa16cb57 (127.17.137.130:33969)
I20260710 11:09:47.911592 19769 raft_consensus.cc:493] T 60ce72ad6be2424092ba7e339615288c P f1eb0ddf65b94779b50f6edbfa16cb57 [term 1 FOLLOWER]: Starting pre-election (detected failure of leader 721dd9bed4c2485d867b2c06104a45ad)
I20260710 11:09:47.925086 19483 raft_consensus.cc:1217] T 542125e1215248718f67bc521dae1be1 P 72a517e10a9f4914a7e6afe94dcf75ff [term 1 LEARNER]: Deduplicated request from leader. Original: 1.1->[1.2-1.2]   Dedup: 1.2->[]
I20260710 11:09:47.929052 19777 raft_consensus.cc:493] T 0b93d42b9afa48f696d2899c9f762664 P 8691ebfebe8e4ed593d29b97a46afea8 [term 1 FOLLOWER]: Starting pre-election (detected failure of leader f1eb0ddf65b94779b50f6edbfa16cb57)
I20260710 11:09:47.936103 19777 raft_consensus.cc:515] T 0b93d42b9afa48f696d2899c9f762664 P 8691ebfebe8e4ed593d29b97a46afea8 [term 1 FOLLOWER]: Starting pre-election with config: opid_index: -1 OBSOLETE_local: false peers { permanent_uuid: "721dd9bed4c2485d867b2c06104a45ad" member_type: VOTER last_known_addr { host: "127.17.137.129" port: 33871 } } peers { permanent_uuid: "f1eb0ddf65b94779b50f6edbfa16cb57" member_type: VOTER last_known_addr { host: "127.17.137.130" port: 33969 } } peers { permanent_uuid: "8691ebfebe8e4ed593d29b97a46afea8" member_type: VOTER last_known_addr { host: "127.17.137.131" port: 45379 } }
I20260710 11:09:47.935552 19771 raft_consensus.cc:493] T e4b19d8e24664845b753e919ec53995e P 8691ebfebe8e4ed593d29b97a46afea8 [term 1 FOLLOWER]: Starting pre-election (detected failure of leader f1eb0ddf65b94779b50f6edbfa16cb57)
I20260710 11:09:47.938068 19771 raft_consensus.cc:515] T e4b19d8e24664845b753e919ec53995e P 8691ebfebe8e4ed593d29b97a46afea8 [term 1 FOLLOWER]: Starting pre-election with config: opid_index: -1 OBSOLETE_local: false peers { permanent_uuid: "721dd9bed4c2485d867b2c06104a45ad" member_type: VOTER last_known_addr { host: "127.17.137.129" port: 33871 } } peers { permanent_uuid: "f1eb0ddf65b94779b50f6edbfa16cb57" member_type: VOTER last_known_addr { host: "127.17.137.130" port: 33969 } } peers { permanent_uuid: "8691ebfebe8e4ed593d29b97a46afea8" member_type: VOTER last_known_addr { host: "127.17.137.131" port: 45379 } }
I20260710 11:09:47.938483 19777 leader_election.cc:290] T 0b93d42b9afa48f696d2899c9f762664 P 8691ebfebe8e4ed593d29b97a46afea8 [CANDIDATE]: Term 2 pre-election: Requested pre-vote from peers 721dd9bed4c2485d867b2c06104a45ad (127.17.137.129:33871), f1eb0ddf65b94779b50f6edbfa16cb57 (127.17.137.130:33969)
W20260710 11:09:47.940181 19049 thread.cc:641] raft [worker] (thread pool) Time spent creating pthread: real 0.702s	user 0.012s	sys 0.021s
W20260710 11:09:47.940660 19049 thread.cc:608] raft [worker] (thread pool) Time spent starting thread: real 0.703s	user 0.012s	sys 0.021s
I20260710 11:09:47.944214 19771 leader_election.cc:290] T e4b19d8e24664845b753e919ec53995e P 8691ebfebe8e4ed593d29b97a46afea8 [CANDIDATE]: Term 2 pre-election: Requested pre-vote from peers 721dd9bed4c2485d867b2c06104a45ad (127.17.137.129:33871), f1eb0ddf65b94779b50f6edbfa16cb57 (127.17.137.130:33969)
I20260710 11:09:47.945763 19769 raft_consensus.cc:515] T 60ce72ad6be2424092ba7e339615288c P f1eb0ddf65b94779b50f6edbfa16cb57 [term 1 FOLLOWER]: Starting pre-election with config: opid_index: -1 OBSOLETE_local: false peers { permanent_uuid: "721dd9bed4c2485d867b2c06104a45ad" member_type: VOTER last_known_addr { host: "127.17.137.129" port: 33871 } } peers { permanent_uuid: "f1eb0ddf65b94779b50f6edbfa16cb57" member_type: VOTER last_known_addr { host: "127.17.137.130" port: 33969 } } peers { permanent_uuid: "8691ebfebe8e4ed593d29b97a46afea8" member_type: VOTER last_known_addr { host: "127.17.137.131" port: 45379 } }
I20260710 11:09:47.947628 19481 tablet_service.cc:1917] Received RequestConsensusVote() RPC: tablet_id: "0dbb22c906b740889223b612138420f2" candidate_uuid: "721dd9bed4c2485d867b2c06104a45ad" candidate_term: 2 candidate_status { last_received { term: 1 index: 4 } } ignore_live_leader: false dest_uuid: "72a517e10a9f4914a7e6afe94dcf75ff" is_pre_election: true
I20260710 11:09:47.929926 19484 raft_consensus.cc:1217] T 5b81020d8e914cc7a101f067c3a0149d P 72a517e10a9f4914a7e6afe94dcf75ff [term 1 LEARNER]: Deduplicated request from leader. Original: 1.1->[1.2-1.2]   Dedup: 1.2->[]
I20260710 11:09:47.930779 19480 tablet_service.cc:1917] Received RequestConsensusVote() RPC: tablet_id: "5a1ebcf7905547e0bf0b9b3ef497cf0a" candidate_uuid: "721dd9bed4c2485d867b2c06104a45ad" candidate_term: 2 candidate_status { last_received { term: 1 index: 4 } } ignore_live_leader: false dest_uuid: "72a517e10a9f4914a7e6afe94dcf75ff" is_pre_election: true
I20260710 11:09:47.933075 19479 raft_consensus.cc:1217] T 7ea520239c414c2a81fbb50c950a4aea P 72a517e10a9f4914a7e6afe94dcf75ff [term 1 LEARNER]: Deduplicated request from leader. Original: 1.1->[1.2-1.2]   Dedup: 1.2->[]
I20260710 11:09:47.988281 19079 tablet_service.cc:1917] Received RequestConsensusVote() RPC: tablet_id: "60ce72ad6be2424092ba7e339615288c" candidate_uuid: "f1eb0ddf65b94779b50f6edbfa16cb57" candidate_term: 2 candidate_status { last_received { term: 1 index: 1 } } ignore_live_leader: false dest_uuid: "721dd9bed4c2485d867b2c06104a45ad" is_pre_election: true
I20260710 11:09:47.989795 19081 tablet_service.cc:1917] Received RequestConsensusVote() RPC: tablet_id: "7ea520239c414c2a81fbb50c950a4aea" candidate_uuid: "f1eb0ddf65b94779b50f6edbfa16cb57" candidate_term: 2 candidate_status { last_received { term: 1 index: 2 } } ignore_live_leader: false dest_uuid: "721dd9bed4c2485d867b2c06104a45ad" is_pre_election: true
I20260710 11:09:48.016875 19231 tablet_service.cc:1917] Received RequestConsensusVote() RPC: tablet_id: "542125e1215248718f67bc521dae1be1" candidate_uuid: "721dd9bed4c2485d867b2c06104a45ad" candidate_term: 2 candidate_status { last_received { term: 1 index: 2 } } ignore_live_leader: false dest_uuid: "8691ebfebe8e4ed593d29b97a46afea8" is_pre_election: true
I20260710 11:09:48.012694 19769 leader_election.cc:290] T 60ce72ad6be2424092ba7e339615288c P f1eb0ddf65b94779b50f6edbfa16cb57 [CANDIDATE]: Term 2 pre-election: Requested pre-vote from peers 721dd9bed4c2485d867b2c06104a45ad (127.17.137.129:33871), 8691ebfebe8e4ed593d29b97a46afea8 (127.17.137.131:45379)
I20260710 11:09:48.021013 19231 raft_consensus.cc:2468] T 542125e1215248718f67bc521dae1be1 P 8691ebfebe8e4ed593d29b97a46afea8 [term 1 FOLLOWER]: Leader pre-election vote request: Granting yes vote for candidate 721dd9bed4c2485d867b2c06104a45ad in term 1.
