I20260710 11:09:44.054301  8315 raft_consensus.cc:2955] T b1f767b9e6f2464096ee770911dde3d4 P b256c95b0d2c4f39bd342d51a925cca5 [term 1 FOLLOWER]: Committing config change with OpId 1.3: config changed from index 2 to 3, b256c95b0d2c4f39bd342d51a925cca5 (127.6.158.4) changed from NON_VOTER to VOTER. New config: { opid_index: 3 OBSOLETE_local: false peers { permanent_uuid: "dbe77cca9c214b5cabab93c759bf617a" member_type: VOTER last_known_addr { host: "127.6.158.1" port: 36147 } } peers { permanent_uuid: "e4a13e05bc024d3f93274e9e6f9478dd" member_type: VOTER last_known_addr { host: "127.6.158.2" port: 35595 } attrs { replace: true } } peers { permanent_uuid: "703fb356dc5946a3824982c48804e29a" member_type: VOTER last_known_addr { host: "127.6.158.3" port: 45729 } } peers { permanent_uuid: "b256c95b0d2c4f39bd342d51a925cca5" member_type: VOTER last_known_addr { host: "127.6.158.4" port: 35859 } attrs { promote: false } } }
I20260710 11:09:44.062363  8020 raft_consensus.cc:1275] T e6843c1792984537b9a655ee19355adf P 703fb356dc5946a3824982c48804e29a [term 1 FOLLOWER]: Refusing update from remote peer dbe77cca9c214b5cabab93c759bf617a: Log matching property violated. Preceding OpId in replica: term: 1 index: 2. Preceding OpId from leader: term: 1 index: 3. (index mismatch)
I20260710 11:09:44.064695  7945 raft_consensus.cc:1275] T e6843c1792984537b9a655ee19355adf P e4a13e05bc024d3f93274e9e6f9478dd [term 1 FOLLOWER]: Refusing update from remote peer dbe77cca9c214b5cabab93c759bf617a: Log matching property violated. Preceding OpId in replica: term: 1 index: 2. Preceding OpId from leader: term: 1 index: 3. (index mismatch)
I20260710 11:09:44.064989  8599 consensus_queue.cc:1048] T e6843c1792984537b9a655ee19355adf P dbe77cca9c214b5cabab93c759bf617a [LEADER]: Connected to new peer: Peer: permanent_uuid: "703fb356dc5946a3824982c48804e29a" member_type: VOTER last_known_addr { host: "127.6.158.3" port: 45729 } attrs { replace: true }, Status: LMP_MISMATCH, Last received: 0.0, Next index: 3, Last known committed idx: 2, Time since last communication: 0.000s
I20260710 11:09:44.064695  8313 raft_consensus.cc:1275] T e6843c1792984537b9a655ee19355adf P b256c95b0d2c4f39bd342d51a925cca5 [term 1 LEARNER]: Refusing update from remote peer dbe77cca9c214b5cabab93c759bf617a: Log matching property violated. Preceding OpId in replica: term: 1 index: 2. Preceding OpId from leader: term: 1 index: 3. (index mismatch)
I20260710 11:09:44.066272  8540 consensus_queue.cc:1048] T e6843c1792984537b9a655ee19355adf P dbe77cca9c214b5cabab93c759bf617a [LEADER]: Connected to new peer: Peer: permanent_uuid: "e4a13e05bc024d3f93274e9e6f9478dd" member_type: VOTER last_known_addr { host: "127.6.158.2" port: 35595 }, Status: LMP_MISMATCH, Last received: 0.0, Next index: 3, Last known committed idx: 2, Time since last communication: 0.000s
I20260710 11:09:44.069615  8602 tablet_replica.cc:333] T 4346e945d56d44e3917d0ae2f296e35a P dbe77cca9c214b5cabab93c759bf617a: stopping tablet replica
I20260710 11:09:44.070633  8602 raft_consensus.cc:2243] T 4346e945d56d44e3917d0ae2f296e35a P dbe77cca9c214b5cabab93c759bf617a [term 1 FOLLOWER]: Raft consensus shutting down.
I20260710 11:09:44.070858  8578 consensus_queue.cc:1048] T e6843c1792984537b9a655ee19355adf P dbe77cca9c214b5cabab93c759bf617a [LEADER]: Connected to new peer: Peer: permanent_uuid: "b256c95b0d2c4f39bd342d51a925cca5" member_type: VOTER last_known_addr { host: "127.6.158.4" port: 35859 } attrs { promote: false }, Status: LMP_MISMATCH, Last received: 0.0, Next index: 3, Last known committed idx: 2, Time since last communication: 0.000s
I20260710 11:09:44.077821  7944 raft_consensus.cc:2955] T b1f767b9e6f2464096ee770911dde3d4 P e4a13e05bc024d3f93274e9e6f9478dd [term 1 FOLLOWER]: Committing config change with OpId 1.3: config changed from index 2 to 3, b256c95b0d2c4f39bd342d51a925cca5 (127.6.158.4) changed from NON_VOTER to VOTER. New config: { opid_index: 3 OBSOLETE_local: false peers { permanent_uuid: "dbe77cca9c214b5cabab93c759bf617a" member_type: VOTER last_known_addr { host: "127.6.158.1" port: 36147 } } peers { permanent_uuid: "e4a13e05bc024d3f93274e9e6f9478dd" member_type: VOTER last_known_addr { host: "127.6.158.2" port: 35595 } attrs { replace: true } } peers { permanent_uuid: "703fb356dc5946a3824982c48804e29a" member_type: VOTER last_known_addr { host: "127.6.158.3" port: 45729 } } peers { permanent_uuid: "b256c95b0d2c4f39bd342d51a925cca5" member_type: VOTER last_known_addr { host: "127.6.158.4" port: 35859 } attrs { promote: false } } }
I20260710 11:09:44.079950  8602 raft_consensus.cc:2272] T 4346e945d56d44e3917d0ae2f296e35a P dbe77cca9c214b5cabab93c759bf617a [term 1 FOLLOWER]: Raft consensus is shut down!
I20260710 11:09:44.073582  7769 catalog_manager.cc:5697] T b1f767b9e6f2464096ee770911dde3d4 P b256c95b0d2c4f39bd342d51a925cca5 reported cstate change: config changed from index 2 to 3, b256c95b0d2c4f39bd342d51a925cca5 (127.6.158.4) changed from NON_VOTER to VOTER. New cstate: current_term: 1 leader_uuid: "703fb356dc5946a3824982c48804e29a" committed_config { opid_index: 3 OBSOLETE_local: false peers { permanent_uuid: "dbe77cca9c214b5cabab93c759bf617a" member_type: VOTER last_known_addr { host: "127.6.158.1" port: 36147 } } peers { permanent_uuid: "e4a13e05bc024d3f93274e9e6f9478dd" member_type: VOTER last_known_addr { host: "127.6.158.2" port: 35595 } attrs { replace: true } } peers { permanent_uuid: "703fb356dc5946a3824982c48804e29a" member_type: VOTER last_known_addr { host: "127.6.158.3" port: 45729 } } peers { permanent_uuid: "b256c95b0d2c4f39bd342d51a925cca5" member_type: VOTER last_known_addr { host: "127.6.158.4" port: 35859 } attrs { promote: false } } }
I20260710 11:09:44.084900  7870 raft_consensus.cc:2955] T b1f767b9e6f2464096ee770911dde3d4 P dbe77cca9c214b5cabab93c759bf617a [term 1 FOLLOWER]: Committing config change with OpId 1.3: config changed from index 2 to 3, b256c95b0d2c4f39bd342d51a925cca5 (127.6.158.4) changed from NON_VOTER to VOTER. New config: { opid_index: 3 OBSOLETE_local: false peers { permanent_uuid: "dbe77cca9c214b5cabab93c759bf617a" member_type: VOTER last_known_addr { host: "127.6.158.1" port: 36147 } } peers { permanent_uuid: "e4a13e05bc024d3f93274e9e6f9478dd" member_type: VOTER last_known_addr { host: "127.6.158.2" port: 35595 } attrs { replace: true } } peers { permanent_uuid: "703fb356dc5946a3824982c48804e29a" member_type: VOTER last_known_addr { host: "127.6.158.3" port: 45729 } } peers { permanent_uuid: "b256c95b0d2c4f39bd342d51a925cca5" member_type: VOTER last_known_addr { host: "127.6.158.4" port: 35859 } attrs { promote: false } } }
I20260710 11:09:44.087855  8602 ts_tablet_manager.cc:1916] T 4346e945d56d44e3917d0ae2f296e35a P dbe77cca9c214b5cabab93c759bf617a: Deleting tablet data with delete state TABLET_DATA_TOMBSTONED
I20260710 11:09:44.105647  8013 consensus_queue.cc:237] T b1f767b9e6f2464096ee770911dde3d4 P 703fb356dc5946a3824982c48804e29a [LEADER]: Queue going to LEADER mode. State: All replicated index: 0, Majority replicated index: 3, Committed index: 3, Last appended: 1.3, Last appended by leader: 0, Current term: 1, Majority size: 2, State: 0, Mode: LEADER, active raft config: opid_index: 4 OBSOLETE_local: false peers { permanent_uuid: "dbe77cca9c214b5cabab93c759bf617a" member_type: VOTER last_known_addr { host: "127.6.158.1" port: 36147 } } peers { permanent_uuid: "703fb356dc5946a3824982c48804e29a" member_type: VOTER last_known_addr { host: "127.6.158.3" port: 45729 } } peers { permanent_uuid: "b256c95b0d2c4f39bd342d51a925cca5" member_type: VOTER last_known_addr { host: "127.6.158.4" port: 35859 } attrs { promote: false } }
I20260710 11:09:44.108268  8540 raft_consensus.cc:2955] T e6843c1792984537b9a655ee19355adf P dbe77cca9c214b5cabab93c759bf617a [term 1 LEADER]: Committing config change with OpId 1.3: config changed from index 2 to 3, b256c95b0d2c4f39bd342d51a925cca5 (127.6.158.4) changed from NON_VOTER to VOTER. New config: { opid_index: 3 OBSOLETE_local: false peers { permanent_uuid: "dbe77cca9c214b5cabab93c759bf617a" member_type: VOTER last_known_addr { host: "127.6.158.1" port: 36147 } } peers { permanent_uuid: "e4a13e05bc024d3f93274e9e6f9478dd" member_type: VOTER last_known_addr { host: "127.6.158.2" port: 35595 } } peers { permanent_uuid: "703fb356dc5946a3824982c48804e29a" member_type: VOTER last_known_addr { host: "127.6.158.3" port: 45729 } attrs { replace: true } } peers { permanent_uuid: "b256c95b0d2c4f39bd342d51a925cca5" member_type: VOTER last_known_addr { host: "127.6.158.4" port: 35859 } attrs { promote: false } } }
I20260710 11:09:44.109949  8017 raft_consensus.cc:2955] T e6843c1792984537b9a655ee19355adf P 703fb356dc5946a3824982c48804e29a [term 1 FOLLOWER]: Committing config change with OpId 1.3: config changed from index 2 to 3, b256c95b0d2c4f39bd342d51a925cca5 (127.6.158.4) changed from NON_VOTER to VOTER. New config: { opid_index: 3 OBSOLETE_local: false peers { permanent_uuid: "dbe77cca9c214b5cabab93c759bf617a" member_type: VOTER last_known_addr { host: "127.6.158.1" port: 36147 } } peers { permanent_uuid: "e4a13e05bc024d3f93274e9e6f9478dd" member_type: VOTER last_known_addr { host: "127.6.158.2" port: 35595 } } peers { permanent_uuid: "703fb356dc5946a3824982c48804e29a" member_type: VOTER last_known_addr { host: "127.6.158.3" port: 45729 } attrs { replace: true } } peers { permanent_uuid: "b256c95b0d2c4f39bd342d51a925cca5" member_type: VOTER last_known_addr { host: "127.6.158.4" port: 35859 } attrs { promote: false } } }
I20260710 11:09:44.114105  8315 raft_consensus.cc:1275] T b1f767b9e6f2464096ee770911dde3d4 P b256c95b0d2c4f39bd342d51a925cca5 [term 1 FOLLOWER]: Refusing update from remote peer 703fb356dc5946a3824982c48804e29a: Log matching property violated. Preceding OpId in replica: term: 1 index: 3. Preceding OpId from leader: term: 1 index: 4. (index mismatch)
I20260710 11:09:44.114498  8313 raft_consensus.cc:2955] T e6843c1792984537b9a655ee19355adf P b256c95b0d2c4f39bd342d51a925cca5 [term 1 FOLLOWER]: Committing config change with OpId 1.3: config changed from index 2 to 3, b256c95b0d2c4f39bd342d51a925cca5 (127.6.158.4) changed from NON_VOTER to VOTER. New config: { opid_index: 3 OBSOLETE_local: false peers { permanent_uuid: "dbe77cca9c214b5cabab93c759bf617a" member_type: VOTER last_known_addr { host: "127.6.158.1" port: 36147 } } peers { permanent_uuid: "e4a13e05bc024d3f93274e9e6f9478dd" member_type: VOTER last_known_addr { host: "127.6.158.2" port: 35595 } } peers { permanent_uuid: "703fb356dc5946a3824982c48804e29a" member_type: VOTER last_known_addr { host: "127.6.158.3" port: 45729 } attrs { replace: true } } peers { permanent_uuid: "b256c95b0d2c4f39bd342d51a925cca5" member_type: VOTER last_known_addr { host: "127.6.158.4" port: 35859 } attrs { promote: false } } }
I20260710 11:09:44.116087  8590 consensus_queue.cc:1048] T b1f767b9e6f2464096ee770911dde3d4 P 703fb356dc5946a3824982c48804e29a [LEADER]: Connected to new peer: Peer: permanent_uuid: "b256c95b0d2c4f39bd342d51a925cca5" member_type: VOTER last_known_addr { host: "127.6.158.4" port: 35859 } attrs { promote: false }, Status: LMP_MISMATCH, Last received: 0.0, Next index: 4, Last known committed idx: 3, Time since last communication: 0.000s
I20260710 11:09:44.119521  8602 ts_tablet_manager.cc:1929] T 4346e945d56d44e3917d0ae2f296e35a P dbe77cca9c214b5cabab93c759bf617a: tablet deleted with delete type TABLET_DATA_TOMBSTONED: last-logged OpId 1.3
I20260710 11:09:44.122514  8575 raft_consensus.cc:2955] T b1f767b9e6f2464096ee770911dde3d4 P 703fb356dc5946a3824982c48804e29a [term 1 LEADER]: Committing config change with OpId 1.4: config changed from index 3 to 4, VOTER e4a13e05bc024d3f93274e9e6f9478dd (127.6.158.2) evicted. New config: { opid_index: 4 OBSOLETE_local: false peers { permanent_uuid: "dbe77cca9c214b5cabab93c759bf617a" member_type: VOTER last_known_addr { host: "127.6.158.1" port: 36147 } } peers { permanent_uuid: "703fb356dc5946a3824982c48804e29a" member_type: VOTER last_known_addr { host: "127.6.158.3" port: 45729 } } peers { permanent_uuid: "b256c95b0d2c4f39bd342d51a925cca5" member_type: VOTER last_known_addr { host: "127.6.158.4" port: 35859 } attrs { promote: false } } }
I20260710 11:09:44.126721  8315 raft_consensus.cc:2955] T b1f767b9e6f2464096ee770911dde3d4 P b256c95b0d2c4f39bd342d51a925cca5 [term 1 FOLLOWER]: Committing config change with OpId 1.4: config changed from index 3 to 4, VOTER e4a13e05bc024d3f93274e9e6f9478dd (127.6.158.2) evicted. New config: { opid_index: 4 OBSOLETE_local: false peers { permanent_uuid: "dbe77cca9c214b5cabab93c759bf617a" member_type: VOTER last_known_addr { host: "127.6.158.1" port: 36147 } } peers { permanent_uuid: "703fb356dc5946a3824982c48804e29a" member_type: VOTER last_known_addr { host: "127.6.158.3" port: 45729 } } peers { permanent_uuid: "b256c95b0d2c4f39bd342d51a925cca5" member_type: VOTER last_known_addr { host: "127.6.158.4" port: 35859 } attrs { promote: false } } }
I20260710 11:09:44.128841  7870 raft_consensus.cc:1275] T b1f767b9e6f2464096ee770911dde3d4 P dbe77cca9c214b5cabab93c759bf617a [term 1 FOLLOWER]: Refusing update from remote peer 703fb356dc5946a3824982c48804e29a: Log matching property violated. Preceding OpId in replica: term: 1 index: 3. Preceding OpId from leader: term: 1 index: 4. (index mismatch)
I20260710 11:09:44.131526  8602 log.cc:1199] T 4346e945d56d44e3917d0ae2f296e35a P dbe77cca9c214b5cabab93c759bf617a: Deleting WAL directory at /tmp/dist-test-tasksNcYpT/test-tmp/auto_leader_rebalancer-test.0.LeaderRebalancerTest.AddTserver.1783681746116708-6776-0/minicluster-data/ts-0-root/wals/4346e945d56d44e3917d0ae2f296e35a
I20260710 11:09:44.131666  7769 catalog_manager.cc:5697] T e6843c1792984537b9a655ee19355adf P 703fb356dc5946a3824982c48804e29a reported cstate change: config changed from index 2 to 3, b256c95b0d2c4f39bd342d51a925cca5 (127.6.158.4) changed from NON_VOTER to VOTER. New cstate: current_term: 1 leader_uuid: "dbe77cca9c214b5cabab93c759bf617a" committed_config { opid_index: 3 OBSOLETE_local: false peers { permanent_uuid: "dbe77cca9c214b5cabab93c759bf617a" member_type: VOTER last_known_addr { host: "127.6.158.1" port: 36147 } } peers { permanent_uuid: "e4a13e05bc024d3f93274e9e6f9478dd" member_type: VOTER last_known_addr { host: "127.6.158.2" port: 35595 } } peers { permanent_uuid: "703fb356dc5946a3824982c48804e29a" member_type: VOTER last_known_addr { host: "127.6.158.3" port: 45729 } attrs { replace: true } } peers { permanent_uuid: "b256c95b0d2c4f39bd342d51a925cca5" member_type: VOTER last_known_addr { host: "127.6.158.4" port: 35859 } attrs { promote: false } } }
I20260710 11:09:44.134179  7754 catalog_manager.cc:5210] ChangeConfig:REMOVE_PEER RPC for tablet b1f767b9e6f2464096ee770911dde3d4 with cas_config_opid_index 3: ChangeConfig:REMOVE_PEER succeeded (attempt 1)
I20260710 11:09:44.134744  7753 catalog_manager.cc:5028] TS dbe77cca9c214b5cabab93c759bf617a (127.6.158.1:36147): tablet 4346e945d56d44e3917d0ae2f296e35a (table test-workload [id=f173a287f0444afeba52630d661472fd]) successfully deleted
I20260710 11:09:44.135363  8575 consensus_queue.cc:1048] T b1f767b9e6f2464096ee770911dde3d4 P 703fb356dc5946a3824982c48804e29a [LEADER]: Connected to new peer: Peer: permanent_uuid: "dbe77cca9c214b5cabab93c759bf617a" member_type: VOTER last_known_addr { host: "127.6.158.1" port: 36147 }, Status: LMP_MISMATCH, Last received: 0.0, Next index: 4, Last known committed idx: 3, Time since last communication: 0.000s
I20260710 11:09:44.140331  7944 raft_consensus.cc:2955] T e6843c1792984537b9a655ee19355adf P e4a13e05bc024d3f93274e9e6f9478dd [term 1 FOLLOWER]: Committing config change with OpId 1.3: config changed from index 2 to 3, b256c95b0d2c4f39bd342d51a925cca5 (127.6.158.4) changed from NON_VOTER to VOTER. New config: { opid_index: 3 OBSOLETE_local: false peers { permanent_uuid: "dbe77cca9c214b5cabab93c759bf617a" member_type: VOTER last_known_addr { host: "127.6.158.1" port: 36147 } } peers { permanent_uuid: "e4a13e05bc024d3f93274e9e6f9478dd" member_type: VOTER last_known_addr { host: "127.6.158.2" port: 35595 } } peers { permanent_uuid: "703fb356dc5946a3824982c48804e29a" member_type: VOTER last_known_addr { host: "127.6.158.3" port: 45729 } attrs { replace: true } } peers { permanent_uuid: "b256c95b0d2c4f39bd342d51a925cca5" member_type: VOTER last_known_addr { host: "127.6.158.4" port: 35859 } attrs { promote: false } } }
I20260710 11:09:44.141225  7870 raft_consensus.cc:2955] T b1f767b9e6f2464096ee770911dde3d4 P dbe77cca9c214b5cabab93c759bf617a [term 1 FOLLOWER]: Committing config change with OpId 1.4: config changed from index 3 to 4, VOTER e4a13e05bc024d3f93274e9e6f9478dd (127.6.158.2) evicted. New config: { opid_index: 4 OBSOLETE_local: false peers { permanent_uuid: "dbe77cca9c214b5cabab93c759bf617a" member_type: VOTER last_known_addr { host: "127.6.158.1" port: 36147 } } peers { permanent_uuid: "703fb356dc5946a3824982c48804e29a" member_type: VOTER last_known_addr { host: "127.6.158.3" port: 45729 } } peers { permanent_uuid: "b256c95b0d2c4f39bd342d51a925cca5" member_type: VOTER last_known_addr { host: "127.6.158.4" port: 35859 } attrs { promote: false } } }
I20260710 11:09:44.151259  7766 catalog_manager.cc:5697] T b1f767b9e6f2464096ee770911dde3d4 P 703fb356dc5946a3824982c48804e29a reported cstate change: config changed from index 3 to 4, VOTER e4a13e05bc024d3f93274e9e6f9478dd (127.6.158.2) evicted. New cstate: current_term: 1 leader_uuid: "703fb356dc5946a3824982c48804e29a" committed_config { opid_index: 4 OBSOLETE_local: false peers { permanent_uuid: "dbe77cca9c214b5cabab93c759bf617a" member_type: VOTER last_known_addr { host: "127.6.158.1" port: 36147 } health_report { overall_health: UNKNOWN } } peers { permanent_uuid: "703fb356dc5946a3824982c48804e29a" member_type: VOTER last_known_addr { host: "127.6.158.3" port: 45729 } health_report { overall_health: HEALTHY } } peers { permanent_uuid: "b256c95b0d2c4f39bd342d51a925cca5" member_type: VOTER last_known_addr { host: "127.6.158.4" port: 35859 } attrs { promote: false } health_report { overall_health: HEALTHY } } }
I20260710 11:09:44.152561  7868 consensus_queue.cc:237] T e6843c1792984537b9a655ee19355adf P dbe77cca9c214b5cabab93c759bf617a [LEADER]: Queue going to LEADER mode. State: All replicated index: 0, Majority replicated index: 3, Committed index: 3, Last appended: 1.3, Last appended by leader: 0, Current term: 1, Majority size: 2, State: 0, Mode: LEADER, active raft config: opid_index: 4 OBSOLETE_local: false peers { permanent_uuid: "dbe77cca9c214b5cabab93c759bf617a" member_type: VOTER last_known_addr { host: "127.6.158.1" port: 36147 } } peers { permanent_uuid: "e4a13e05bc024d3f93274e9e6f9478dd" member_type: VOTER last_known_addr { host: "127.6.158.2" port: 35595 } } peers { permanent_uuid: "b256c95b0d2c4f39bd342d51a925cca5" member_type: VOTER last_known_addr { host: "127.6.158.4" port: 35859 } attrs { promote: false } }
I20260710 11:09:44.159018  8315 raft_consensus.cc:1275] T e6843c1792984537b9a655ee19355adf P b256c95b0d2c4f39bd342d51a925cca5 [term 1 FOLLOWER]: Refusing update from remote peer dbe77cca9c214b5cabab93c759bf617a: Log matching property violated. Preceding OpId in replica: term: 1 index: 3. Preceding OpId from leader: term: 1 index: 4. (index mismatch)
I20260710 11:09:44.160398  7944 raft_consensus.cc:1275] T e6843c1792984537b9a655ee19355adf P e4a13e05bc024d3f93274e9e6f9478dd [term 1 FOLLOWER]: Refusing update from remote peer dbe77cca9c214b5cabab93c759bf617a: Log matching property violated. Preceding OpId in replica: term: 1 index: 3. Preceding OpId from leader: term: 1 index: 4. (index mismatch)
I20260710 11:09:44.160560  8540 consensus_queue.cc:1048] T e6843c1792984537b9a655ee19355adf P dbe77cca9c214b5cabab93c759bf617a [LEADER]: Connected to new peer: Peer: permanent_uuid: "b256c95b0d2c4f39bd342d51a925cca5" member_type: VOTER last_known_addr { host: "127.6.158.4" port: 35859 } attrs { promote: false }, Status: LMP_MISMATCH, Last received: 0.0, Next index: 4, Last known committed idx: 3, Time since last communication: 0.000s
I20260710 11:09:44.161857  8599 consensus_queue.cc:1048] T e6843c1792984537b9a655ee19355adf P dbe77cca9c214b5cabab93c759bf617a [LEADER]: Connected to new peer: Peer: permanent_uuid: "e4a13e05bc024d3f93274e9e6f9478dd" member_type: VOTER last_known_addr { host: "127.6.158.2" port: 35595 }, Status: LMP_MISMATCH, Last received: 0.0, Next index: 4, Last known committed idx: 3, Time since last communication: 0.000s
I20260710 11:09:44.165448  7935 tablet_service.cc:1558] Processing DeleteTablet for tablet b1f767b9e6f2464096ee770911dde3d4 with delete_type TABLET_DATA_TOMBSTONED (TS e4a13e05bc024d3f93274e9e6f9478dd not found in new config with opid_index 4) from {username='slave'} at 127.0.0.1:52196
I20260710 11:09:44.171702  7945 raft_consensus.cc:2955] T e6843c1792984537b9a655ee19355adf P e4a13e05bc024d3f93274e9e6f9478dd [term 1 FOLLOWER]: Committing config change with OpId 1.4: config changed from index 3 to 4, VOTER 703fb356dc5946a3824982c48804e29a (127.6.158.3) evicted. New config: { opid_index: 4 OBSOLETE_local: false peers { permanent_uuid: "dbe77cca9c214b5cabab93c759bf617a" member_type: VOTER last_known_addr { host: "127.6.158.1" port: 36147 } } peers { permanent_uuid: "e4a13e05bc024d3f93274e9e6f9478dd" member_type: VOTER last_known_addr { host: "127.6.158.2" port: 35595 } } peers { permanent_uuid: "b256c95b0d2c4f39bd342d51a925cca5" member_type: VOTER last_known_addr { host: "127.6.158.4" port: 35859 } attrs { promote: false } } }
I20260710 11:09:44.175968  8315 raft_consensus.cc:2955] T e6843c1792984537b9a655ee19355adf P b256c95b0d2c4f39bd342d51a925cca5 [term 1 FOLLOWER]: Committing config change with OpId 1.4: config changed from index 3 to 4, VOTER 703fb356dc5946a3824982c48804e29a (127.6.158.3) evicted. New config: { opid_index: 4 OBSOLETE_local: false peers { permanent_uuid: "dbe77cca9c214b5cabab93c759bf617a" member_type: VOTER last_known_addr { host: "127.6.158.1" port: 36147 } } peers { permanent_uuid: "e4a13e05bc024d3f93274e9e6f9478dd" member_type: VOTER last_known_addr { host: "127.6.158.2" port: 35595 } } peers { permanent_uuid: "b256c95b0d2c4f39bd342d51a925cca5" member_type: VOTER last_known_addr { host: "127.6.158.4" port: 35859 } attrs { promote: false } } }
I20260710 11:09:44.170104  8540 raft_consensus.cc:2955] T e6843c1792984537b9a655ee19355adf P dbe77cca9c214b5cabab93c759bf617a [term 1 LEADER]: Committing config change with OpId 1.4: config changed from index 3 to 4, VOTER 703fb356dc5946a3824982c48804e29a (127.6.158.3) evicted. New config: { opid_index: 4 OBSOLETE_local: false peers { permanent_uuid: "dbe77cca9c214b5cabab93c759bf617a" member_type: VOTER last_known_addr { host: "127.6.158.1" port: 36147 } } peers { permanent_uuid: "e4a13e05bc024d3f93274e9e6f9478dd" member_type: VOTER last_known_addr { host: "127.6.158.2" port: 35595 } } peers { permanent_uuid: "b256c95b0d2c4f39bd342d51a925cca5" member_type: VOTER last_known_addr { host: "127.6.158.4" port: 35859 } attrs { promote: false } } }
I20260710 11:09:44.189164  7753 catalog_manager.cc:5210] ChangeConfig:REMOVE_PEER RPC for tablet e6843c1792984537b9a655ee19355adf with cas_config_opid_index 3: ChangeConfig:REMOVE_PEER succeeded (attempt 1)
I20260710 11:09:44.189196  7769 catalog_manager.cc:5697] T e6843c1792984537b9a655ee19355adf P e4a13e05bc024d3f93274e9e6f9478dd reported cstate change: config changed from index 3 to 4, VOTER 703fb356dc5946a3824982c48804e29a (127.6.158.3) evicted. New cstate: current_term: 1 leader_uuid: "dbe77cca9c214b5cabab93c759bf617a" committed_config { opid_index: 4 OBSOLETE_local: false peers { permanent_uuid: "dbe77cca9c214b5cabab93c759bf617a" member_type: VOTER last_known_addr { host: "127.6.158.1" port: 36147 } } peers { permanent_uuid: "e4a13e05bc024d3f93274e9e6f9478dd" member_type: VOTER last_known_addr { host: "127.6.158.2" port: 35595 } } peers { permanent_uuid: "b256c95b0d2c4f39bd342d51a925cca5" member_type: VOTER last_known_addr { host: "127.6.158.4" port: 35859 } attrs { promote: false } } }
I20260710 11:09:44.196270  8607 tablet_replica.cc:333] T b1f767b9e6f2464096ee770911dde3d4 P e4a13e05bc024d3f93274e9e6f9478dd: stopping tablet replica
I20260710 11:09:44.197316  8607 raft_consensus.cc:2243] T b1f767b9e6f2464096ee770911dde3d4 P e4a13e05bc024d3f93274e9e6f9478dd [term 1 FOLLOWER]: Raft consensus shutting down.
I20260710 11:09:44.198014  8607 raft_consensus.cc:2272] T b1f767b9e6f2464096ee770911dde3d4 P e4a13e05bc024d3f93274e9e6f9478dd [term 1 FOLLOWER]: Raft consensus is shut down!
I20260710 11:09:44.202178  8607 ts_tablet_manager.cc:1916] T b1f767b9e6f2464096ee770911dde3d4 P e4a13e05bc024d3f93274e9e6f9478dd: Deleting tablet data with delete state TABLET_DATA_TOMBSTONED
I20260710 11:09:44.202742  8004 tablet_service.cc:1558] Processing DeleteTablet for tablet e6843c1792984537b9a655ee19355adf with delete_type TABLET_DATA_TOMBSTONED (TS 703fb356dc5946a3824982c48804e29a not found in new config with opid_index 4) from {username='slave'} at 127.0.0.1:52156
I20260710 11:09:44.203656  8588 tablet_replica.cc:333] T e6843c1792984537b9a655ee19355adf P 703fb356dc5946a3824982c48804e29a: stopping tablet replica
I20260710 11:09:44.204598  8588 raft_consensus.cc:2243] T e6843c1792984537b9a655ee19355adf P 703fb356dc5946a3824982c48804e29a [term 1 FOLLOWER]: Raft consensus shutting down.
I20260710 11:09:44.205314  8588 raft_consensus.cc:2272] T e6843c1792984537b9a655ee19355adf P 703fb356dc5946a3824982c48804e29a [term 1 FOLLOWER]: Raft consensus is shut down!
I20260710 11:09:44.208442  8588 ts_tablet_manager.cc:1916] T e6843c1792984537b9a655ee19355adf P 703fb356dc5946a3824982c48804e29a: Deleting tablet data with delete state TABLET_DATA_TOMBSTONED
I20260710 11:09:44.218026  8607 ts_tablet_manager.cc:1929] T b1f767b9e6f2464096ee770911dde3d4 P e4a13e05bc024d3f93274e9e6f9478dd: tablet deleted with delete type TABLET_DATA_TOMBSTONED: last-logged OpId 1.3
I20260710 11:09:44.218497  8607 log.cc:1199] T b1f767b9e6f2464096ee770911dde3d4 P e4a13e05bc024d3f93274e9e6f9478dd: Deleting WAL directory at /tmp/dist-test-tasksNcYpT/test-tmp/auto_leader_rebalancer-test.0.LeaderRebalancerTest.AddTserver.1783681746116708-6776-0/minicluster-data/ts-1-root/wals/b1f767b9e6f2464096ee770911dde3d4
I20260710 11:09:44.220139  7755 catalog_manager.cc:5028] TS e4a13e05bc024d3f93274e9e6f9478dd (127.6.158.2:35595): tablet b1f767b9e6f2464096ee770911dde3d4 (table test-workload [id=f173a287f0444afeba52630d661472fd]) successfully deleted
I20260710 11:09:44.222289  8588 ts_tablet_manager.cc:1929] T e6843c1792984537b9a655ee19355adf P 703fb356dc5946a3824982c48804e29a: tablet deleted with delete type TABLET_DATA_TOMBSTONED: last-logged OpId 1.3
I20260710 11:09:44.222651  8588 log.cc:1199] T e6843c1792984537b9a655ee19355adf P 703fb356dc5946a3824982c48804e29a: Deleting WAL directory at /tmp/dist-test-tasksNcYpT/test-tmp/auto_leader_rebalancer-test.0.LeaderRebalancerTest.AddTserver.1783681746116708-6776-0/minicluster-data/ts-2-root/wals/e6843c1792984537b9a655ee19355adf
I20260710 11:09:44.223814  7754 catalog_manager.cc:5028] TS 703fb356dc5946a3824982c48804e29a (127.6.158.3:45729): tablet e6843c1792984537b9a655ee19355adf (table test-workload [id=f173a287f0444afeba52630d661472fd]) successfully deleted
I20260710 11:09:45.233706  7945 consensus_queue.cc:237] T 61613653a2064301964014ec26408b6c P e4a13e05bc024d3f93274e9e6f9478dd [LEADER]: Queue going to LEADER mode. State: All replicated index: 0, Majority replicated index: 1, Committed index: 1, Last appended: 1.1, Last appended by leader: 0, Current term: 1, Majority size: 2, State: 0, Mode: LEADER, active raft config: opid_index: 2 OBSOLETE_local: false peers { permanent_uuid: "dbe77cca9c214b5cabab93c759bf617a" member_type: VOTER last_known_addr { host: "127.6.158.1" port: 36147 } attrs { replace: true } } peers { permanent_uuid: "e4a13e05bc024d3f93274e9e6f9478dd" member_type: VOTER last_known_addr { host: "127.6.158.2" port: 35595 } } peers { permanent_uuid: "703fb356dc5946a3824982c48804e29a" member_type: VOTER last_known_addr { host: "127.6.158.3" port: 45729 } } peers { permanent_uuid: "b256c95b0d2c4f39bd342d51a925cca5" member_type: NON_VOTER last_known_addr { host: "127.6.158.4" port: 35859 } attrs { promote: true } }
I20260710 11:09:45.239156  8017 raft_consensus.cc:1275] T 61613653a2064301964014ec26408b6c P 703fb356dc5946a3824982c48804e29a [term 1 FOLLOWER]: Refusing update from remote peer e4a13e05bc024d3f93274e9e6f9478dd: Log matching property violated. Preceding OpId in replica: term: 1 index: 1. Preceding OpId from leader: term: 1 index: 2. (index mismatch)
W20260710 11:09:45.239411  7909 consensus_peers.cc:597] T 61613653a2064301964014ec26408b6c P e4a13e05bc024d3f93274e9e6f9478dd -> Peer b256c95b0d2c4f39bd342d51a925cca5 (127.6.158.4:35859): Couldn't send request to peer b256c95b0d2c4f39bd342d51a925cca5. Error code: TABLET_NOT_FOUND (6). Status: Not found: Tablet not found: 61613653a2064301964014ec26408b6c. This is attempt 1: this message will repeat every 5th retry.
I20260710 11:09:45.240454  7868 raft_consensus.cc:1275] T 61613653a2064301964014ec26408b6c P dbe77cca9c214b5cabab93c759bf617a [term 1 FOLLOWER]: Refusing update from remote peer e4a13e05bc024d3f93274e9e6f9478dd: Log matching property violated. Preceding OpId in replica: term: 1 index: 1. Preceding OpId from leader: term: 1 index: 2. (index mismatch)
I20260710 11:09:45.240795  8611 consensus_queue.cc:1048] T 61613653a2064301964014ec26408b6c P e4a13e05bc024d3f93274e9e6f9478dd [LEADER]: Connected to new peer: Peer: permanent_uuid: "703fb356dc5946a3824982c48804e29a" member_type: VOTER last_known_addr { host: "127.6.158.3" port: 45729 }, Status: LMP_MISMATCH, Last received: 0.0, Next index: 2, Last known committed idx: 1, Time since last communication: 0.001s
I20260710 11:09:45.244611  8611 consensus_queue.cc:1048] T 61613653a2064301964014ec26408b6c P e4a13e05bc024d3f93274e9e6f9478dd [LEADER]: Connected to new peer: Peer: permanent_uuid: "dbe77cca9c214b5cabab93c759bf617a" member_type: VOTER last_known_addr { host: "127.6.158.1" port: 36147 } attrs { replace: true }, Status: LMP_MISMATCH, Last received: 0.0, Next index: 2, Last known committed idx: 1, Time since last communication: 0.000s
I20260710 11:09:45.249912  8609 raft_consensus.cc:2955] T 61613653a2064301964014ec26408b6c P e4a13e05bc024d3f93274e9e6f9478dd [term 1 LEADER]: Committing config change with OpId 1.2: config changed from index -1 to 2, NON_VOTER b256c95b0d2c4f39bd342d51a925cca5 (127.6.158.4) added. New config: { opid_index: 2 OBSOLETE_local: false peers { permanent_uuid: "dbe77cca9c214b5cabab93c759bf617a" member_type: VOTER last_known_addr { host: "127.6.158.1" port: 36147 } attrs { replace: true } } peers { permanent_uuid: "e4a13e05bc024d3f93274e9e6f9478dd" member_type: VOTER last_known_addr { host: "127.6.158.2" port: 35595 } } peers { permanent_uuid: "703fb356dc5946a3824982c48804e29a" member_type: VOTER last_known_addr { host: "127.6.158.3" port: 45729 } } peers { permanent_uuid: "b256c95b0d2c4f39bd342d51a925cca5" member_type: NON_VOTER last_known_addr { host: "127.6.158.4" port: 35859 } attrs { promote: true } } }
I20260710 11:09:45.252079  8017 raft_consensus.cc:2955] T 61613653a2064301964014ec26408b6c P 703fb356dc5946a3824982c48804e29a [term 1 FOLLOWER]: Committing config change with OpId 1.2: config changed from index -1 to 2, NON_VOTER b256c95b0d2c4f39bd342d51a925cca5 (127.6.158.4) added. New config: { opid_index: 2 OBSOLETE_local: false peers { permanent_uuid: "dbe77cca9c214b5cabab93c759bf617a" member_type: VOTER last_known_addr { host: "127.6.158.1" port: 36147 } attrs { replace: true } } peers { permanent_uuid: "e4a13e05bc024d3f93274e9e6f9478dd" member_type: VOTER last_known_addr { host: "127.6.158.2" port: 35595 } } peers { permanent_uuid: "703fb356dc5946a3824982c48804e29a" member_type: VOTER last_known_addr { host: "127.6.158.3" port: 45729 } } peers { permanent_uuid: "b256c95b0d2c4f39bd342d51a925cca5" member_type: NON_VOTER last_known_addr { host: "127.6.158.4" port: 35859 } attrs { promote: true } } }
I20260710 11:09:45.252918  7868 raft_consensus.cc:2955] T 61613653a2064301964014ec26408b6c P dbe77cca9c214b5cabab93c759bf617a [term 1 FOLLOWER]: Committing config change with OpId 1.2: config changed from index -1 to 2, NON_VOTER b256c95b0d2c4f39bd342d51a925cca5 (127.6.158.4) added. New config: { opid_index: 2 OBSOLETE_local: false peers { permanent_uuid: "dbe77cca9c214b5cabab93c759bf617a" member_type: VOTER last_known_addr { host: "127.6.158.1" port: 36147 } attrs { replace: true } } peers { permanent_uuid: "e4a13e05bc024d3f93274e9e6f9478dd" member_type: VOTER last_known_addr { host: "127.6.158.2" port: 35595 } } peers { permanent_uuid: "703fb356dc5946a3824982c48804e29a" member_type: VOTER last_known_addr { host: "127.6.158.3" port: 45729 } } peers { permanent_uuid: "b256c95b0d2c4f39bd342d51a925cca5" member_type: NON_VOTER last_known_addr { host: "127.6.158.4" port: 35859 } attrs { promote: true } } }
I20260710 11:09:45.262216  7870 consensus_queue.cc:237] T 40504463db84494c9b43828a401874c2 P dbe77cca9c214b5cabab93c759bf617a [LEADER]: Queue going to LEADER mode. State: All replicated index: 0, Majority replicated index: 1, Committed index: 1, Last appended: 1.1, Last appended by leader: 0, Current term: 1, Majority size: 2, State: 0, Mode: LEADER, active raft config: opid_index: 2 OBSOLETE_local: false peers { permanent_uuid: "dbe77cca9c214b5cabab93c759bf617a" member_type: VOTER last_known_addr { host: "127.6.158.1" port: 36147 } } peers { permanent_uuid: "e4a13e05bc024d3f93274e9e6f9478dd" member_type: VOTER last_known_addr { host: "127.6.158.2" port: 35595 } attrs { replace: true } } peers { permanent_uuid: "703fb356dc5946a3824982c48804e29a" member_type: VOTER last_known_addr { host: "127.6.158.3" port: 45729 } } peers { permanent_uuid: "b256c95b0d2c4f39bd342d51a925cca5" member_type: NON_VOTER last_known_addr { host: "127.6.158.4" port: 35859 } attrs { promote: true } }
I20260710 11:09:45.266412  7766 catalog_manager.cc:5697] T 61613653a2064301964014ec26408b6c P 703fb356dc5946a3824982c48804e29a reported cstate change: config changed from index -1 to 2, NON_VOTER b256c95b0d2c4f39bd342d51a925cca5 (127.6.158.4) added. New cstate: current_term: 1 leader_uuid: "e4a13e05bc024d3f93274e9e6f9478dd" committed_config { opid_index: 2 OBSOLETE_local: false peers { permanent_uuid: "dbe77cca9c214b5cabab93c759bf617a" member_type: VOTER last_known_addr { host: "127.6.158.1" port: 36147 } attrs { replace: true } } peers { permanent_uuid: "e4a13e05bc024d3f93274e9e6f9478dd" member_type: VOTER last_known_addr { host: "127.6.158.2" port: 35595 } } peers { permanent_uuid: "703fb356dc5946a3824982c48804e29a" member_type: VOTER last_known_addr { host: "127.6.158.3" port: 45729 } } peers { permanent_uuid: "b256c95b0d2c4f39bd342d51a925cca5" member_type: NON_VOTER last_known_addr { host: "127.6.158.4" port: 35859 } attrs { promote: true } } }
W20260710 11:09:45.273084  7834 consensus_peers.cc:597] T 40504463db84494c9b43828a401874c2 P dbe77cca9c214b5cabab93c759bf617a -> Peer b256c95b0d2c4f39bd342d51a925cca5 (127.6.158.4:35859): Couldn't send request to peer b256c95b0d2c4f39bd342d51a925cca5. Error code: TABLET_NOT_FOUND (6). Status: Not found: Tablet not found: 40504463db84494c9b43828a401874c2. This is attempt 1: this message will repeat every 5th retry.
I20260710 11:09:45.278054  7945 raft_consensus.cc:1275] T 40504463db84494c9b43828a401874c2 P e4a13e05bc024d3f93274e9e6f9478dd [term 1 FOLLOWER]: Refusing update from remote peer dbe77cca9c214b5cabab93c759bf617a: Log matching property violated. Preceding OpId in replica: term: 1 index: 1. Preceding OpId from leader: term: 1 index: 2. (index mismatch)
I20260710 11:09:45.278115  8017 raft_consensus.cc:1275] T 40504463db84494c9b43828a401874c2 P 703fb356dc5946a3824982c48804e29a [term 1 FOLLOWER]: Refusing update from remote peer dbe77cca9c214b5cabab93c759bf617a: Log matching property violated. Preceding OpId in replica: term: 1 index: 1. Preceding OpId from leader: term: 1 index: 2. (index mismatch)
I20260710 11:09:45.279263  8540 consensus_queue.cc:1048] T 40504463db84494c9b43828a401874c2 P dbe77cca9c214b5cabab93c759bf617a [LEADER]: Connected to new peer: Peer: permanent_uuid: "e4a13e05bc024d3f93274e9e6f9478dd" member_type: VOTER last_known_addr { host: "127.6.158.2" port: 35595 } attrs { replace: true }, Status: LMP_MISMATCH, Last received: 0.0, Next index: 2, Last known committed idx: 1, Time since last communication: 0.000s
I20260710 11:09:45.280049  8599 consensus_queue.cc:1048] T 40504463db84494c9b43828a401874c2 P dbe77cca9c214b5cabab93c759bf617a [LEADER]: Connected to new peer: Peer: permanent_uuid: "703fb356dc5946a3824982c48804e29a" member_type: VOTER last_known_addr { host: "127.6.158.3" port: 45729 }, Status: LMP_MISMATCH, Last received: 0.0, Next index: 2, Last known committed idx: 1, Time since last communication: 0.000s
I20260710 11:09:45.291579  8599 raft_consensus.cc:2955] T 40504463db84494c9b43828a401874c2 P dbe77cca9c214b5cabab93c759bf617a [term 1 LEADER]: Committing config change with OpId 1.2: config changed from index -1 to 2, NON_VOTER b256c95b0d2c4f39bd342d51a925cca5 (127.6.158.4) added. New config: { opid_index: 2 OBSOLETE_local: false peers { permanent_uuid: "dbe77cca9c214b5cabab93c759bf617a" member_type: VOTER last_known_addr { host: "127.6.158.1" port: 36147 } } peers { permanent_uuid: "e4a13e05bc024d3f93274e9e6f9478dd" member_type: VOTER last_known_addr { host: "127.6.158.2" port: 35595 } attrs { replace: true } } peers { permanent_uuid: "703fb356dc5946a3824982c48804e29a" member_type: VOTER last_known_addr { host: "127.6.158.3" port: 45729 } } peers { permanent_uuid: "b256c95b0d2c4f39bd342d51a925cca5" member_type: NON_VOTER last_known_addr { host: "127.6.158.4" port: 35859 } attrs { promote: true } } }
I20260710 11:09:45.293241  7945 raft_consensus.cc:2955] T 40504463db84494c9b43828a401874c2 P e4a13e05bc024d3f93274e9e6f9478dd [term 1 FOLLOWER]: Committing config change with OpId 1.2: config changed from index -1 to 2, NON_VOTER b256c95b0d2c4f39bd342d51a925cca5 (127.6.158.4) added. New config: { opid_index: 2 OBSOLETE_local: false peers { permanent_uuid: "dbe77cca9c214b5cabab93c759bf617a" member_type: VOTER last_known_addr { host: "127.6.158.1" port: 36147 } } peers { permanent_uuid: "e4a13e05bc024d3f93274e9e6f9478dd" member_type: VOTER last_known_addr { host: "127.6.158.2" port: 35595 } attrs { replace: true } } peers { permanent_uuid: "703fb356dc5946a3824982c48804e29a" member_type: VOTER last_known_addr { host: "127.6.158.3" port: 45729 } } peers { permanent_uuid: "b256c95b0d2c4f39bd342d51a925cca5" member_type: NON_VOTER last_known_addr { host: "127.6.158.4" port: 35859 } attrs { promote: true } } }
I20260710 11:09:45.294661  8017 raft_consensus.cc:2955] T 40504463db84494c9b43828a401874c2 P 703fb356dc5946a3824982c48804e29a [term 1 FOLLOWER]: Committing config change with OpId 1.2: config changed from index -1 to 2, NON_VOTER b256c95b0d2c4f39bd342d51a925cca5 (127.6.158.4) added. New config: { opid_index: 2 OBSOLETE_local: false peers { permanent_uuid: "dbe77cca9c214b5cabab93c759bf617a" member_type: VOTER last_known_addr { host: "127.6.158.1" port: 36147 } } peers { permanent_uuid: "e4a13e05bc024d3f93274e9e6f9478dd" member_type: VOTER last_known_addr { host: "127.6.158.2" port: 35595 } attrs { replace: true } } peers { permanent_uuid: "703fb356dc5946a3824982c48804e29a" member_type: VOTER last_known_addr { host: "127.6.158.3" port: 45729 } } peers { permanent_uuid: "b256c95b0d2c4f39bd342d51a925cca5" member_type: NON_VOTER last_known_addr { host: "127.6.158.4" port: 35859 } attrs { promote: true } } }
I20260710 11:09:45.309228  7769 catalog_manager.cc:5697] T 40504463db84494c9b43828a401874c2 P 703fb356dc5946a3824982c48804e29a reported cstate change: config changed from index -1 to 2, NON_VOTER b256c95b0d2c4f39bd342d51a925cca5 (127.6.158.4) added. New cstate: current_term: 1 leader_uuid: "dbe77cca9c214b5cabab93c759bf617a" committed_config { opid_index: 2 OBSOLETE_local: false peers { permanent_uuid: "dbe77cca9c214b5cabab93c759bf617a" member_type: VOTER last_known_addr { host: "127.6.158.1" port: 36147 } } peers { permanent_uuid: "e4a13e05bc024d3f93274e9e6f9478dd" member_type: VOTER last_known_addr { host: "127.6.158.2" port: 35595 } attrs { replace: true } } peers { permanent_uuid: "703fb356dc5946a3824982c48804e29a" member_type: VOTER last_known_addr { host: "127.6.158.3" port: 45729 } } peers { permanent_uuid: "b256c95b0d2c4f39bd342d51a925cca5" member_type: NON_VOTER last_known_addr { host: "127.6.158.4" port: 35859 } attrs { promote: true } } }
I20260710 11:09:45.674878  8625 ts_tablet_manager.cc:933] T 61613653a2064301964014ec26408b6c P b256c95b0d2c4f39bd342d51a925cca5: Initiating tablet copy from peer e4a13e05bc024d3f93274e9e6f9478dd (127.6.158.2:35595)
I20260710 11:09:45.676534  8625 tablet_copy_client.cc:323] T 61613653a2064301964014ec26408b6c P b256c95b0d2c4f39bd342d51a925cca5: tablet copy: Beginning tablet copy session from remote peer at address 127.6.158.2:35595
I20260710 11:09:45.677870  7956 tablet_copy_service.cc:140] P e4a13e05bc024d3f93274e9e6f9478dd: Received BeginTabletCopySession request for tablet 61613653a2064301964014ec26408b6c from peer b256c95b0d2c4f39bd342d51a925cca5 ({username='slave'} at 127.0.0.1:34358)
I20260710 11:09:45.678378  7956 tablet_copy_service.cc:161] P e4a13e05bc024d3f93274e9e6f9478dd: Beginning new tablet copy session on tablet 61613653a2064301964014ec26408b6c from peer b256c95b0d2c4f39bd342d51a925cca5 at {username='slave'} at 127.0.0.1:34358: session id = b256c95b0d2c4f39bd342d51a925cca5-61613653a2064301964014ec26408b6c
I20260710 11:09:45.683514  7956 tablet_copy_source_session.cc:215] T 61613653a2064301964014ec26408b6c P e4a13e05bc024d3f93274e9e6f9478dd: Tablet Copy: opened 0 blocks and 1 log segments
I20260710 11:09:45.685921  8625 data_dirs.cc:400] Could only allocate 1 dirs of requested 3 for tablet 61613653a2064301964014ec26408b6c. 1 dirs total, 0 dirs full, 0 dirs failed
I20260710 11:09:45.698364  8625 tablet_copy_client.cc:806] T 61613653a2064301964014ec26408b6c P b256c95b0d2c4f39bd342d51a925cca5: tablet copy: Starting download of 0 data blocks...
I20260710 11:09:45.698940  8625 tablet_copy_client.cc:670] T 61613653a2064301964014ec26408b6c P b256c95b0d2c4f39bd342d51a925cca5: tablet copy: Starting download of 1 WAL segments...
I20260710 11:09:45.702028  8625 tablet_copy_client.cc:538] T 61613653a2064301964014ec26408b6c P b256c95b0d2c4f39bd342d51a925cca5: tablet copy: Tablet Copy complete. Replacing tablet superblock.
I20260710 11:09:45.711166  8625 tablet_bootstrap.cc:492] T 61613653a2064301964014ec26408b6c P b256c95b0d2c4f39bd342d51a925cca5: Bootstrap starting.
I20260710 11:09:45.728607  8628 ts_tablet_manager.cc:933] T 40504463db84494c9b43828a401874c2 P b256c95b0d2c4f39bd342d51a925cca5: Initiating tablet copy from peer dbe77cca9c214b5cabab93c759bf617a (127.6.158.1:36147)
I20260710 11:09:45.730482  8625 tablet_bootstrap.cc:492] T 61613653a2064301964014ec26408b6c P b256c95b0d2c4f39bd342d51a925cca5: Bootstrap replayed 1/1 log segments. Stats: ops{read=2 overwritten=0 applied=2 ignored=0} inserts{seen=0 ignored=0} mutations{seen=0 ignored=0} orphaned_commits=0. Pending: 0 replicates
I20260710 11:09:45.730531  8628 tablet_copy_client.cc:323] T 40504463db84494c9b43828a401874c2 P b256c95b0d2c4f39bd342d51a925cca5: tablet copy: Beginning tablet copy session from remote peer at address 127.6.158.1:36147
I20260710 11:09:45.731480  8625 tablet_bootstrap.cc:492] T 61613653a2064301964014ec26408b6c P b256c95b0d2c4f39bd342d51a925cca5: Bootstrap complete.
I20260710 11:09:45.732194  8625 ts_tablet_manager.cc:1403] T 61613653a2064301964014ec26408b6c P b256c95b0d2c4f39bd342d51a925cca5: Time spent bootstrapping tablet: real 0.021s	user 0.023s	sys 0.000s
I20260710 11:09:45.732456  7881 tablet_copy_service.cc:140] P dbe77cca9c214b5cabab93c759bf617a: Received BeginTabletCopySession request for tablet 40504463db84494c9b43828a401874c2 from peer b256c95b0d2c4f39bd342d51a925cca5 ({username='slave'} at 127.0.0.1:38210)
I20260710 11:09:45.733013  7881 tablet_copy_service.cc:161] P dbe77cca9c214b5cabab93c759bf617a: Beginning new tablet copy session on tablet 40504463db84494c9b43828a401874c2 from peer b256c95b0d2c4f39bd342d51a925cca5 at {username='slave'} at 127.0.0.1:38210: session id = b256c95b0d2c4f39bd342d51a925cca5-40504463db84494c9b43828a401874c2
I20260710 11:09:45.734669  8625 raft_consensus.cc:359] T 61613653a2064301964014ec26408b6c P b256c95b0d2c4f39bd342d51a925cca5 [term 1 LEARNER]: Replica starting. Triggering 0 pending ops. Active config: opid_index: 2 OBSOLETE_local: false peers { permanent_uuid: "dbe77cca9c214b5cabab93c759bf617a" member_type: VOTER last_known_addr { host: "127.6.158.1" port: 36147 } attrs { replace: true } } peers { permanent_uuid: "e4a13e05bc024d3f93274e9e6f9478dd" member_type: VOTER last_known_addr { host: "127.6.158.2" port: 35595 } } peers { permanent_uuid: "703fb356dc5946a3824982c48804e29a" member_type: VOTER last_known_addr { host: "127.6.158.3" port: 45729 } } peers { permanent_uuid: "b256c95b0d2c4f39bd342d51a925cca5" member_type: NON_VOTER last_known_addr { host: "127.6.158.4" port: 35859 } attrs { promote: true } }
I20260710 11:09:45.735329  8625 raft_consensus.cc:740] T 61613653a2064301964014ec26408b6c P b256c95b0d2c4f39bd342d51a925cca5 [term 1 LEARNER]: Becoming Follower/Learner. State: Replica: b256c95b0d2c4f39bd342d51a925cca5, State: Initialized, Role: LEARNER
I20260710 11:09:45.736019  8625 consensus_queue.cc:260] T 61613653a2064301964014ec26408b6c P b256c95b0d2c4f39bd342d51a925cca5 [NON_LEADER]: Queue going to NON_LEADER mode. State: All replicated index: 0, Majority replicated index: 0, Committed index: 2, Last appended: 1.2, Last appended by leader: 2, Current term: 0, Majority size: -1, State: 0, Mode: NON_LEADER, active raft config: opid_index: 2 OBSOLETE_local: false peers { permanent_uuid: "dbe77cca9c214b5cabab93c759bf617a" member_type: VOTER last_known_addr { host: "127.6.158.1" port: 36147 } attrs { replace: true } } peers { permanent_uuid: "e4a13e05bc024d3f93274e9e6f9478dd" member_type: VOTER last_known_addr { host: "127.6.158.2" port: 35595 } } peers { permanent_uuid: "703fb356dc5946a3824982c48804e29a" member_type: VOTER last_known_addr { host: "127.6.158.3" port: 45729 } } peers { permanent_uuid: "b256c95b0d2c4f39bd342d51a925cca5" member_type: NON_VOTER last_known_addr { host: "127.6.158.4" port: 35859 } attrs { promote: true } }
I20260710 11:09:45.741407  7881 tablet_copy_source_session.cc:215] T 40504463db84494c9b43828a401874c2 P dbe77cca9c214b5cabab93c759bf617a: Tablet Copy: opened 0 blocks and 1 log segments
I20260710 11:09:45.744820  8625 ts_tablet_manager.cc:1434] T 61613653a2064301964014ec26408b6c P b256c95b0d2c4f39bd342d51a925cca5: Time spent starting tablet: real 0.012s	user 0.006s	sys 0.000s
I20260710 11:09:45.745656  8628 data_dirs.cc:400] Could only allocate 1 dirs of requested 3 for tablet 40504463db84494c9b43828a401874c2. 1 dirs total, 0 dirs full, 0 dirs failed
I20260710 11:09:45.746632  7956 tablet_copy_service.cc:342] P e4a13e05bc024d3f93274e9e6f9478dd: Request end of tablet copy session b256c95b0d2c4f39bd342d51a925cca5-61613653a2064301964014ec26408b6c received from {username='slave'} at 127.0.0.1:34358
I20260710 11:09:45.747049  7956 tablet_copy_service.cc:434] P e4a13e05bc024d3f93274e9e6f9478dd: ending tablet copy session b256c95b0d2c4f39bd342d51a925cca5-61613653a2064301964014ec26408b6c on tablet 61613653a2064301964014ec26408b6c with peer b256c95b0d2c4f39bd342d51a925cca5
I20260710 11:09:45.761003  8628 tablet_copy_client.cc:806] T 40504463db84494c9b43828a401874c2 P b256c95b0d2c4f39bd342d51a925cca5: tablet copy: Starting download of 0 data blocks...
I20260710 11:09:45.761581  8628 tablet_copy_client.cc:670] T 40504463db84494c9b43828a401874c2 P b256c95b0d2c4f39bd342d51a925cca5: tablet copy: Starting download of 1 WAL segments...
I20260710 11:09:45.765009  8628 tablet_copy_client.cc:538] T 40504463db84494c9b43828a401874c2 P b256c95b0d2c4f39bd342d51a925cca5: tablet copy: Tablet Copy complete. Replacing tablet superblock.
I20260710 11:09:45.773903  8628 tablet_bootstrap.cc:492] T 40504463db84494c9b43828a401874c2 P b256c95b0d2c4f39bd342d51a925cca5: Bootstrap starting.
I20260710 11:09:45.793519  8628 tablet_bootstrap.cc:492] T 40504463db84494c9b43828a401874c2 P b256c95b0d2c4f39bd342d51a925cca5: Bootstrap replayed 1/1 log segments. Stats: ops{read=2 overwritten=0 applied=2 ignored=0} inserts{seen=0 ignored=0} mutations{seen=0 ignored=0} orphaned_commits=0. Pending: 0 replicates
I20260710 11:09:45.794392  8628 tablet_bootstrap.cc:492] T 40504463db84494c9b43828a401874c2 P b256c95b0d2c4f39bd342d51a925cca5: Bootstrap complete.
I20260710 11:09:45.795035  8628 ts_tablet_manager.cc:1403] T 40504463db84494c9b43828a401874c2 P b256c95b0d2c4f39bd342d51a925cca5: Time spent bootstrapping tablet: real 0.021s	user 0.015s	sys 0.004s
I20260710 11:09:45.797886  8628 raft_consensus.cc:359] T 40504463db84494c9b43828a401874c2 P b256c95b0d2c4f39bd342d51a925cca5 [term 1 LEARNER]: Replica starting. Triggering 0 pending ops. Active config: opid_index: 2 OBSOLETE_local: false peers { permanent_uuid: "dbe77cca9c214b5cabab93c759bf617a" member_type: VOTER last_known_addr { host: "127.6.158.1" port: 36147 } } peers { permanent_uuid: "e4a13e05bc024d3f93274e9e6f9478dd" member_type: VOTER last_known_addr { host: "127.6.158.2" port: 35595 } attrs { replace: true } } peers { permanent_uuid: "703fb356dc5946a3824982c48804e29a" member_type: VOTER last_known_addr { host: "127.6.158.3" port: 45729 } } peers { permanent_uuid: "b256c95b0d2c4f39bd342d51a925cca5" member_type: NON_VOTER last_known_addr { host: "127.6.158.4" port: 35859 } attrs { promote: true } }
I20260710 11:09:45.798714  8628 raft_consensus.cc:740] T 40504463db84494c9b43828a401874c2 P b256c95b0d2c4f39bd342d51a925cca5 [term 1 LEARNER]: Becoming Follower/Learner. State: Replica: b256c95b0d2c4f39bd342d51a925cca5, State: Initialized, Role: LEARNER
