I20260710 11:09:25.726260  1154 raft_consensus.cc:515] T 4de30dfd420445aca4980c7fdaaba326 P e87ab4230c9f4a50b00b1b89ad88e4c8 [term 1 FOLLOWER]: Starting leader election with config: opid_index: -1 OBSOLETE_local: false peers { permanent_uuid: "2ebaf17e75df45d6b9beac10b20bca34" member_type: VOTER last_known_addr { host: "127.31.133.193" port: 34665 } } peers { permanent_uuid: "a6b21921551e42029a95f503558a7275" member_type: VOTER last_known_addr { host: "127.31.133.194" port: 34601 } } peers { permanent_uuid: "e87ab4230c9f4a50b00b1b89ad88e4c8" member_type: VOTER last_known_addr { host: "127.31.133.195" port: 33731 } }
I20260710 11:09:25.720664  1121 raft_consensus.cc:515] T ae4e157a232e4bdab3650f5ec7fe32e1 P e87ab4230c9f4a50b00b1b89ad88e4c8 [term 1 FOLLOWER]: Starting leader election with config: opid_index: -1 OBSOLETE_local: false peers { permanent_uuid: "2ebaf17e75df45d6b9beac10b20bca34" member_type: VOTER last_known_addr { host: "127.31.133.193" port: 34665 } } peers { permanent_uuid: "a6b21921551e42029a95f503558a7275" member_type: VOTER last_known_addr { host: "127.31.133.194" port: 34601 } } peers { permanent_uuid: "e87ab4230c9f4a50b00b1b89ad88e4c8" member_type: VOTER last_known_addr { host: "127.31.133.195" port: 33731 } }
I20260710 11:09:25.733650   994 tablet_service.cc:1917] Received RequestConsensusVote() RPC: tablet_id: "ae4e157a232e4bdab3650f5ec7fe32e1" candidate_uuid: "e87ab4230c9f4a50b00b1b89ad88e4c8" candidate_term: 1 candidate_status { last_received { term: 0 index: 0 } } ignore_live_leader: false dest_uuid: "a6b21921551e42029a95f503558a7275"
I20260710 11:09:25.733911   919 tablet_service.cc:1917] Received RequestConsensusVote() RPC: tablet_id: "4de30dfd420445aca4980c7fdaaba326" candidate_uuid: "e87ab4230c9f4a50b00b1b89ad88e4c8" candidate_term: 1 candidate_status { last_received { term: 0 index: 0 } } ignore_live_leader: false dest_uuid: "2ebaf17e75df45d6b9beac10b20bca34"
I20260710 11:09:25.733951   920 tablet_service.cc:1917] Received RequestConsensusVote() RPC: tablet_id: "ae4e157a232e4bdab3650f5ec7fe32e1" candidate_uuid: "e87ab4230c9f4a50b00b1b89ad88e4c8" candidate_term: 1 candidate_status { last_received { term: 0 index: 0 } } ignore_live_leader: false dest_uuid: "2ebaf17e75df45d6b9beac10b20bca34"
I20260710 11:09:25.734316   994 raft_consensus.cc:3060] T ae4e157a232e4bdab3650f5ec7fe32e1 P a6b21921551e42029a95f503558a7275 [term 0 FOLLOWER]: Advancing to term 1
I20260710 11:09:25.734546   919 raft_consensus.cc:3060] T 4de30dfd420445aca4980c7fdaaba326 P 2ebaf17e75df45d6b9beac10b20bca34 [term 0 FOLLOWER]: Advancing to term 1
I20260710 11:09:25.734640   920 raft_consensus.cc:3060] T ae4e157a232e4bdab3650f5ec7fe32e1 P 2ebaf17e75df45d6b9beac10b20bca34 [term 0 FOLLOWER]: Advancing to term 1
I20260710 11:09:25.741336   994 raft_consensus.cc:2468] T ae4e157a232e4bdab3650f5ec7fe32e1 P a6b21921551e42029a95f503558a7275 [term 1 FOLLOWER]: Leader election vote request: Granting yes vote for candidate e87ab4230c9f4a50b00b1b89ad88e4c8 in term 1.
I20260710 11:09:25.741709   920 raft_consensus.cc:2468] T ae4e157a232e4bdab3650f5ec7fe32e1 P 2ebaf17e75df45d6b9beac10b20bca34 [term 1 FOLLOWER]: Leader election vote request: Granting yes vote for candidate e87ab4230c9f4a50b00b1b89ad88e4c8 in term 1.
I20260710 11:09:25.741771  1121 leader_election.cc:290] T ae4e157a232e4bdab3650f5ec7fe32e1 P e87ab4230c9f4a50b00b1b89ad88e4c8 [CANDIDATE]: Term 1 election: Requested vote from peers 2ebaf17e75df45d6b9beac10b20bca34 (127.31.133.193:34665), a6b21921551e42029a95f503558a7275 (127.31.133.194:34601)
I20260710 11:09:25.742717  1033 leader_election.cc:304] T ae4e157a232e4bdab3650f5ec7fe32e1 P e87ab4230c9f4a50b00b1b89ad88e4c8 [CANDIDATE]: Term 1 election: Election decided. Result: candidate won. Election summary: received 2 responses out of 3 voters: 2 yes votes; 0 no votes. yes voters: a6b21921551e42029a95f503558a7275, e87ab4230c9f4a50b00b1b89ad88e4c8; no voters: 
I20260710 11:09:25.742017   919 raft_consensus.cc:2468] T 4de30dfd420445aca4980c7fdaaba326 P 2ebaf17e75df45d6b9beac10b20bca34 [term 1 FOLLOWER]: Leader election vote request: Granting yes vote for candidate e87ab4230c9f4a50b00b1b89ad88e4c8 in term 1.
I20260710 11:09:25.742694  1154 leader_election.cc:290] T 4de30dfd420445aca4980c7fdaaba326 P e87ab4230c9f4a50b00b1b89ad88e4c8 [CANDIDATE]: Term 1 election: Requested vote from peers 2ebaf17e75df45d6b9beac10b20bca34 (127.31.133.193:34665), a6b21921551e42029a95f503558a7275 (127.31.133.194:34601)
I20260710 11:09:25.744246  1154 raft_consensus.cc:2804] T ae4e157a232e4bdab3650f5ec7fe32e1 P e87ab4230c9f4a50b00b1b89ad88e4c8 [term 1 FOLLOWER]: Leader election won for term 1
I20260710 11:09:25.744213  1034 leader_election.cc:304] T 4de30dfd420445aca4980c7fdaaba326 P e87ab4230c9f4a50b00b1b89ad88e4c8 [CANDIDATE]: Term 1 election: Election decided. Result: candidate won. Election summary: received 2 responses out of 3 voters: 2 yes votes; 0 no votes. yes voters: 2ebaf17e75df45d6b9beac10b20bca34, e87ab4230c9f4a50b00b1b89ad88e4c8; no voters: 
I20260710 11:09:25.744870  1154 raft_consensus.cc:697] T ae4e157a232e4bdab3650f5ec7fe32e1 P e87ab4230c9f4a50b00b1b89ad88e4c8 [term 1 LEADER]: Becoming Leader. State: Replica: e87ab4230c9f4a50b00b1b89ad88e4c8, State: Running, Role: LEADER
I20260710 11:09:25.745280  1155 raft_consensus.cc:2804] T 4de30dfd420445aca4980c7fdaaba326 P e87ab4230c9f4a50b00b1b89ad88e4c8 [term 1 FOLLOWER]: Leader election won for term 1
I20260710 11:09:25.745754  1155 raft_consensus.cc:697] T 4de30dfd420445aca4980c7fdaaba326 P e87ab4230c9f4a50b00b1b89ad88e4c8 [term 1 LEADER]: Becoming Leader. State: Replica: e87ab4230c9f4a50b00b1b89ad88e4c8, State: Running, Role: LEADER
I20260710 11:09:25.745908  1154 consensus_queue.cc:237] T ae4e157a232e4bdab3650f5ec7fe32e1 P e87ab4230c9f4a50b00b1b89ad88e4c8 [LEADER]: Queue going to LEADER mode. State: All replicated index: 0, Majority replicated index: 0, Committed index: 0, Last appended: 0.0, Last appended by leader: 0, Current term: 1, Majority size: 2, State: 0, Mode: LEADER, active raft config: opid_index: -1 OBSOLETE_local: false peers { permanent_uuid: "2ebaf17e75df45d6b9beac10b20bca34" member_type: VOTER last_known_addr { host: "127.31.133.193" port: 34665 } } peers { permanent_uuid: "a6b21921551e42029a95f503558a7275" member_type: VOTER last_known_addr { host: "127.31.133.194" port: 34601 } } peers { permanent_uuid: "e87ab4230c9f4a50b00b1b89ad88e4c8" member_type: VOTER last_known_addr { host: "127.31.133.195" port: 33731 } }
I20260710 11:09:25.746627  1155 consensus_queue.cc:237] T 4de30dfd420445aca4980c7fdaaba326 P e87ab4230c9f4a50b00b1b89ad88e4c8 [LEADER]: Queue going to LEADER mode. State: All replicated index: 0, Majority replicated index: 0, Committed index: 0, Last appended: 0.0, Last appended by leader: 0, Current term: 1, Majority size: 2, State: 0, Mode: LEADER, active raft config: opid_index: -1 OBSOLETE_local: false peers { permanent_uuid: "2ebaf17e75df45d6b9beac10b20bca34" member_type: VOTER last_known_addr { host: "127.31.133.193" port: 34665 } } peers { permanent_uuid: "a6b21921551e42029a95f503558a7275" member_type: VOTER last_known_addr { host: "127.31.133.194" port: 34601 } } peers { permanent_uuid: "e87ab4230c9f4a50b00b1b89ad88e4c8" member_type: VOTER last_known_addr { host: "127.31.133.195" port: 33731 } }
I20260710 11:09:25.744717   994 tablet_service.cc:1917] Received RequestConsensusVote() RPC: tablet_id: "4de30dfd420445aca4980c7fdaaba326" candidate_uuid: "e87ab4230c9f4a50b00b1b89ad88e4c8" candidate_term: 1 candidate_status { last_received { term: 0 index: 0 } } ignore_live_leader: false dest_uuid: "a6b21921551e42029a95f503558a7275"
I20260710 11:09:25.751349   816 catalog_manager.cc:5697] T 6de49b4954b7474dbe47afc8a7aa0f19 P e87ab4230c9f4a50b00b1b89ad88e4c8 reported cstate change: term changed from 0 to 1, leader changed from <none> to e87ab4230c9f4a50b00b1b89ad88e4c8 (127.31.133.195). New cstate: current_term: 1 leader_uuid: "e87ab4230c9f4a50b00b1b89ad88e4c8" committed_config { opid_index: -1 OBSOLETE_local: false peers { permanent_uuid: "2ebaf17e75df45d6b9beac10b20bca34" member_type: VOTER last_known_addr { host: "127.31.133.193" port: 34665 } health_report { overall_health: UNKNOWN } } peers { permanent_uuid: "a6b21921551e42029a95f503558a7275" member_type: VOTER last_known_addr { host: "127.31.133.194" port: 34601 } health_report { overall_health: UNKNOWN } } peers { permanent_uuid: "e87ab4230c9f4a50b00b1b89ad88e4c8" member_type: VOTER last_known_addr { host: "127.31.133.195" port: 33731 } health_report { overall_health: HEALTHY } } }
I20260710 11:09:25.751170   994 raft_consensus.cc:3060] T 4de30dfd420445aca4980c7fdaaba326 P a6b21921551e42029a95f503558a7275 [term 0 FOLLOWER]: Advancing to term 1
I20260710 11:09:25.757874  1110 tablet_bootstrap.cc:492] T 051e9339caa34444b6171fac8fa616e0 P a6b21921551e42029a95f503558a7275: No bootstrap required, opened a new log
I20260710 11:09:25.758265  1110 ts_tablet_manager.cc:1403] T 051e9339caa34444b6171fac8fa616e0 P a6b21921551e42029a95f503558a7275: Time spent bootstrapping tablet: real 0.048s	user 0.016s	sys 0.020s
I20260710 11:09:25.760969  1110 raft_consensus.cc:359] T 051e9339caa34444b6171fac8fa616e0 P a6b21921551e42029a95f503558a7275 [term 0 FOLLOWER]: Replica starting. Triggering 0 pending ops. Active config: opid_index: -1 OBSOLETE_local: false peers { permanent_uuid: "2ebaf17e75df45d6b9beac10b20bca34" member_type: VOTER last_known_addr { host: "127.31.133.193" port: 34665 } } peers { permanent_uuid: "a6b21921551e42029a95f503558a7275" member_type: VOTER last_known_addr { host: "127.31.133.194" port: 34601 } } peers { permanent_uuid: "e87ab4230c9f4a50b00b1b89ad88e4c8" member_type: VOTER last_known_addr { host: "127.31.133.195" port: 33731 } }
I20260710 11:09:25.752308  1112 raft_consensus.cc:359] T 051e9339caa34444b6171fac8fa616e0 P e87ab4230c9f4a50b00b1b89ad88e4c8 [term 0 FOLLOWER]: Replica starting. Triggering 0 pending ops. Active config: opid_index: -1 OBSOLETE_local: false peers { permanent_uuid: "2ebaf17e75df45d6b9beac10b20bca34" member_type: VOTER last_known_addr { host: "127.31.133.193" port: 34665 } } peers { permanent_uuid: "a6b21921551e42029a95f503558a7275" member_type: VOTER last_known_addr { host: "127.31.133.194" port: 34601 } } peers { permanent_uuid: "e87ab4230c9f4a50b00b1b89ad88e4c8" member_type: VOTER last_known_addr { host: "127.31.133.195" port: 33731 } }
I20260710 11:09:25.761634  1110 raft_consensus.cc:385] T 051e9339caa34444b6171fac8fa616e0 P a6b21921551e42029a95f503558a7275 [term 0 FOLLOWER]: Consensus starting up: Expiring failure detector timer to make a prompt election more likely
I20260710 11:09:25.762036  1110 raft_consensus.cc:740] T 051e9339caa34444b6171fac8fa616e0 P a6b21921551e42029a95f503558a7275 [term 0 FOLLOWER]: Becoming Follower/Learner. State: Replica: a6b21921551e42029a95f503558a7275, State: Initialized, Role: FOLLOWER
I20260710 11:09:25.762106  1112 raft_consensus.cc:385] T 051e9339caa34444b6171fac8fa616e0 P e87ab4230c9f4a50b00b1b89ad88e4c8 [term 0 FOLLOWER]: Consensus starting up: Expiring failure detector timer to make a prompt election more likely
I20260710 11:09:25.762816  1110 consensus_queue.cc:260] T 051e9339caa34444b6171fac8fa616e0 P a6b21921551e42029a95f503558a7275 [NON_LEADER]: Queue going to NON_LEADER mode. State: All replicated index: 0, Majority replicated index: 0, Committed index: 0, Last appended: 0.0, Last appended by leader: 0, Current term: 0, Majority size: -1, State: 0, Mode: NON_LEADER, active raft config: opid_index: -1 OBSOLETE_local: false peers { permanent_uuid: "2ebaf17e75df45d6b9beac10b20bca34" member_type: VOTER last_known_addr { host: "127.31.133.193" port: 34665 } } peers { permanent_uuid: "a6b21921551e42029a95f503558a7275" member_type: VOTER last_known_addr { host: "127.31.133.194" port: 34601 } } peers { permanent_uuid: "e87ab4230c9f4a50b00b1b89ad88e4c8" member_type: VOTER last_known_addr { host: "127.31.133.195" port: 33731 } }
I20260710 11:09:25.764740  1110 ts_tablet_manager.cc:1434] T 051e9339caa34444b6171fac8fa616e0 P a6b21921551e42029a95f503558a7275: Time spent starting tablet: real 0.006s	user 0.004s	sys 0.000s
I20260710 11:09:25.765628  1110 tablet_bootstrap.cc:492] T 02d8189fbd1144c1bd5f3743af9feadc P a6b21921551e42029a95f503558a7275: Bootstrap starting.
I20260710 11:09:25.762863  1112 raft_consensus.cc:740] T 051e9339caa34444b6171fac8fa616e0 P e87ab4230c9f4a50b00b1b89ad88e4c8 [term 0 FOLLOWER]: Becoming Follower/Learner. State: Replica: e87ab4230c9f4a50b00b1b89ad88e4c8, State: Initialized, Role: FOLLOWER
I20260710 11:09:25.766739  1112 consensus_queue.cc:260] T 051e9339caa34444b6171fac8fa616e0 P e87ab4230c9f4a50b00b1b89ad88e4c8 [NON_LEADER]: Queue going to NON_LEADER mode. State: All replicated index: 0, Majority replicated index: 0, Committed index: 0, Last appended: 0.0, Last appended by leader: 0, Current term: 0, Majority size: -1, State: 0, Mode: NON_LEADER, active raft config: opid_index: -1 OBSOLETE_local: false peers { permanent_uuid: "2ebaf17e75df45d6b9beac10b20bca34" member_type: VOTER last_known_addr { host: "127.31.133.193" port: 34665 } } peers { permanent_uuid: "a6b21921551e42029a95f503558a7275" member_type: VOTER last_known_addr { host: "127.31.133.194" port: 34601 } } peers { permanent_uuid: "e87ab4230c9f4a50b00b1b89ad88e4c8" member_type: VOTER last_known_addr { host: "127.31.133.195" port: 33731 } }
I20260710 11:09:25.771468  1110 tablet_bootstrap.cc:654] T 02d8189fbd1144c1bd5f3743af9feadc P a6b21921551e42029a95f503558a7275: Neither blocks nor log segments found. Creating new log.
I20260710 11:09:25.772787  1112 ts_tablet_manager.cc:1434] T 051e9339caa34444b6171fac8fa616e0 P e87ab4230c9f4a50b00b1b89ad88e4c8: Time spent starting tablet: real 0.043s	user 0.002s	sys 0.003s
I20260710 11:09:25.773742  1112 tablet_bootstrap.cc:492] T 280a30cfd6a647be854f67a4d008512a P e87ab4230c9f4a50b00b1b89ad88e4c8: Bootstrap starting.
I20260710 11:09:25.777886  1155 raft_consensus.cc:493] T aee98d6b0f9b4490be120a2b5e9d263b P e87ab4230c9f4a50b00b1b89ad88e4c8 [term 0 FOLLOWER]: Starting pre-election (no leader contacted us within the election timeout)
I20260710 11:09:25.778410  1155 raft_consensus.cc:515] T aee98d6b0f9b4490be120a2b5e9d263b P e87ab4230c9f4a50b00b1b89ad88e4c8 [term 0 FOLLOWER]: Starting pre-election with config: opid_index: -1 OBSOLETE_local: false peers { permanent_uuid: "2ebaf17e75df45d6b9beac10b20bca34" member_type: VOTER last_known_addr { host: "127.31.133.193" port: 34665 } } peers { permanent_uuid: "a6b21921551e42029a95f503558a7275" member_type: VOTER last_known_addr { host: "127.31.133.194" port: 34601 } } peers { permanent_uuid: "e87ab4230c9f4a50b00b1b89ad88e4c8" member_type: VOTER last_known_addr { host: "127.31.133.195" port: 33731 } }
I20260710 11:09:25.779767   994 raft_consensus.cc:2468] T 4de30dfd420445aca4980c7fdaaba326 P a6b21921551e42029a95f503558a7275 [term 1 FOLLOWER]: Leader election vote request: Granting yes vote for candidate e87ab4230c9f4a50b00b1b89ad88e4c8 in term 1.
I20260710 11:09:25.781172   919 tablet_service.cc:1917] Received RequestConsensusVote() RPC: tablet_id: "aee98d6b0f9b4490be120a2b5e9d263b" candidate_uuid: "e87ab4230c9f4a50b00b1b89ad88e4c8" candidate_term: 1 candidate_status { last_received { term: 0 index: 0 } } ignore_live_leader: false dest_uuid: "2ebaf17e75df45d6b9beac10b20bca34" is_pre_election: true
I20260710 11:09:25.781725   919 raft_consensus.cc:2468] T aee98d6b0f9b4490be120a2b5e9d263b P 2ebaf17e75df45d6b9beac10b20bca34 [term 0 FOLLOWER]: Leader pre-election vote request: Granting yes vote for candidate e87ab4230c9f4a50b00b1b89ad88e4c8 in term 0.
I20260710 11:09:25.782163  1110 tablet_bootstrap.cc:492] T 02d8189fbd1144c1bd5f3743af9feadc P a6b21921551e42029a95f503558a7275: No bootstrap required, opened a new log
I20260710 11:09:25.782538  1110 ts_tablet_manager.cc:1403] T 02d8189fbd1144c1bd5f3743af9feadc P a6b21921551e42029a95f503558a7275: Time spent bootstrapping tablet: real 0.017s	user 0.005s	sys 0.009s
I20260710 11:09:25.783109  1109 tablet_bootstrap.cc:492] T 6de49b4954b7474dbe47afc8a7aa0f19 P 2ebaf17e75df45d6b9beac10b20bca34: No bootstrap required, opened a new log
I20260710 11:09:25.783519  1034 leader_election.cc:304] T aee98d6b0f9b4490be120a2b5e9d263b P e87ab4230c9f4a50b00b1b89ad88e4c8 [CANDIDATE]: Term 1 pre-election: Election decided. Result: candidate won. Election summary: received 2 responses out of 3 voters: 2 yes votes; 0 no votes. yes voters: 2ebaf17e75df45d6b9beac10b20bca34, e87ab4230c9f4a50b00b1b89ad88e4c8; no voters: 
I20260710 11:09:25.783510  1109 ts_tablet_manager.cc:1403] T 6de49b4954b7474dbe47afc8a7aa0f19 P 2ebaf17e75df45d6b9beac10b20bca34: Time spent bootstrapping tablet: real 0.068s	user 0.004s	sys 0.021s
I20260710 11:09:25.784312  1152 raft_consensus.cc:2804] T aee98d6b0f9b4490be120a2b5e9d263b P e87ab4230c9f4a50b00b1b89ad88e4c8 [term 0 FOLLOWER]: Leader pre-election won for term 1
I20260710 11:09:25.784689  1152 raft_consensus.cc:493] T aee98d6b0f9b4490be120a2b5e9d263b P e87ab4230c9f4a50b00b1b89ad88e4c8 [term 0 FOLLOWER]: Starting leader election (no leader contacted us within the election timeout)
I20260710 11:09:25.785063  1152 raft_consensus.cc:3060] T aee98d6b0f9b4490be120a2b5e9d263b P e87ab4230c9f4a50b00b1b89ad88e4c8 [term 0 FOLLOWER]: Advancing to term 1
I20260710 11:09:25.784893  1110 raft_consensus.cc:359] T 02d8189fbd1144c1bd5f3743af9feadc P a6b21921551e42029a95f503558a7275 [term 0 FOLLOWER]: Replica starting. Triggering 0 pending ops. Active config: opid_index: -1 OBSOLETE_local: false peers { permanent_uuid: "2ebaf17e75df45d6b9beac10b20bca34" member_type: VOTER last_known_addr { host: "127.31.133.193" port: 34665 } } peers { permanent_uuid: "a6b21921551e42029a95f503558a7275" member_type: VOTER last_known_addr { host: "127.31.133.194" port: 34601 } } peers { permanent_uuid: "e87ab4230c9f4a50b00b1b89ad88e4c8" member_type: VOTER last_known_addr { host: "127.31.133.195" port: 33731 } }
I20260710 11:09:25.785571  1110 raft_consensus.cc:385] T 02d8189fbd1144c1bd5f3743af9feadc P a6b21921551e42029a95f503558a7275 [term 0 FOLLOWER]: Consensus starting up: Expiring failure detector timer to make a prompt election more likely
I20260710 11:09:25.785849  1110 raft_consensus.cc:740] T 02d8189fbd1144c1bd5f3743af9feadc P a6b21921551e42029a95f503558a7275 [term 0 FOLLOWER]: Becoming Follower/Learner. State: Replica: a6b21921551e42029a95f503558a7275, State: Initialized, Role: FOLLOWER
I20260710 11:09:25.785341  1155 leader_election.cc:290] T aee98d6b0f9b4490be120a2b5e9d263b P e87ab4230c9f4a50b00b1b89ad88e4c8 [CANDIDATE]: Term 1 pre-election: Requested pre-vote from peers 2ebaf17e75df45d6b9beac10b20bca34 (127.31.133.193:34665), a6b21921551e42029a95f503558a7275 (127.31.133.194:34601)
I20260710 11:09:25.786569  1110 consensus_queue.cc:260] T 02d8189fbd1144c1bd5f3743af9feadc P a6b21921551e42029a95f503558a7275 [NON_LEADER]: Queue going to NON_LEADER mode. State: All replicated index: 0, Majority replicated index: 0, Committed index: 0, Last appended: 0.0, Last appended by leader: 0, Current term: 0, Majority size: -1, State: 0, Mode: NON_LEADER, active raft config: opid_index: -1 OBSOLETE_local: false peers { permanent_uuid: "2ebaf17e75df45d6b9beac10b20bca34" member_type: VOTER last_known_addr { host: "127.31.133.193" port: 34665 } } peers { permanent_uuid: "a6b21921551e42029a95f503558a7275" member_type: VOTER last_known_addr { host: "127.31.133.194" port: 34601 } } peers { permanent_uuid: "e87ab4230c9f4a50b00b1b89ad88e4c8" member_type: VOTER last_known_addr { host: "127.31.133.195" port: 33731 } }
I20260710 11:09:25.786831  1109 raft_consensus.cc:359] T 6de49b4954b7474dbe47afc8a7aa0f19 P 2ebaf17e75df45d6b9beac10b20bca34 [term 0 FOLLOWER]: Replica starting. Triggering 0 pending ops. Active config: opid_index: -1 OBSOLETE_local: false peers { permanent_uuid: "2ebaf17e75df45d6b9beac10b20bca34" member_type: VOTER last_known_addr { host: "127.31.133.193" port: 34665 } } peers { permanent_uuid: "a6b21921551e42029a95f503558a7275" member_type: VOTER last_known_addr { host: "127.31.133.194" port: 34601 } } peers { permanent_uuid: "e87ab4230c9f4a50b00b1b89ad88e4c8" member_type: VOTER last_known_addr { host: "127.31.133.195" port: 33731 } }
I20260710 11:09:25.787457  1109 raft_consensus.cc:385] T 6de49b4954b7474dbe47afc8a7aa0f19 P 2ebaf17e75df45d6b9beac10b20bca34 [term 0 FOLLOWER]: Consensus starting up: Expiring failure detector timer to make a prompt election more likely
I20260710 11:09:25.787712  1109 raft_consensus.cc:740] T 6de49b4954b7474dbe47afc8a7aa0f19 P 2ebaf17e75df45d6b9beac10b20bca34 [term 0 FOLLOWER]: Becoming Follower/Learner. State: Replica: 2ebaf17e75df45d6b9beac10b20bca34, State: Initialized, Role: FOLLOWER
I20260710 11:09:25.788201  1110 ts_tablet_manager.cc:1434] T 02d8189fbd1144c1bd5f3743af9feadc P a6b21921551e42029a95f503558a7275: Time spent starting tablet: real 0.005s	user 0.005s	sys 0.000s
I20260710 11:09:25.788403  1109 consensus_queue.cc:260] T 6de49b4954b7474dbe47afc8a7aa0f19 P 2ebaf17e75df45d6b9beac10b20bca34 [NON_LEADER]: Queue going to NON_LEADER mode. State: All replicated index: 0, Majority replicated index: 0, Committed index: 0, Last appended: 0.0, Last appended by leader: 0, Current term: 0, Majority size: -1, State: 0, Mode: NON_LEADER, active raft config: opid_index: -1 OBSOLETE_local: false peers { permanent_uuid: "2ebaf17e75df45d6b9beac10b20bca34" member_type: VOTER last_known_addr { host: "127.31.133.193" port: 34665 } } peers { permanent_uuid: "a6b21921551e42029a95f503558a7275" member_type: VOTER last_known_addr { host: "127.31.133.194" port: 34601 } } peers { permanent_uuid: "e87ab4230c9f4a50b00b1b89ad88e4c8" member_type: VOTER last_known_addr { host: "127.31.133.195" port: 33731 } }
I20260710 11:09:25.789168  1110 tablet_bootstrap.cc:492] T 44c74c1b3fb243e5970e755f6c7476e6 P a6b21921551e42029a95f503558a7275: Bootstrap starting.
I20260710 11:09:25.791910  1152 raft_consensus.cc:515] T aee98d6b0f9b4490be120a2b5e9d263b P e87ab4230c9f4a50b00b1b89ad88e4c8 [term 1 FOLLOWER]: Starting leader election with config: opid_index: -1 OBSOLETE_local: false peers { permanent_uuid: "2ebaf17e75df45d6b9beac10b20bca34" member_type: VOTER last_known_addr { host: "127.31.133.193" port: 34665 } } peers { permanent_uuid: "a6b21921551e42029a95f503558a7275" member_type: VOTER last_known_addr { host: "127.31.133.194" port: 34601 } } peers { permanent_uuid: "e87ab4230c9f4a50b00b1b89ad88e4c8" member_type: VOTER last_known_addr { host: "127.31.133.195" port: 33731 } }
I20260710 11:09:25.793057  1110 tablet_bootstrap.cc:654] T 44c74c1b3fb243e5970e755f6c7476e6 P a6b21921551e42029a95f503558a7275: Neither blocks nor log segments found. Creating new log.
I20260710 11:09:25.794588   919 tablet_service.cc:1917] Received RequestConsensusVote() RPC: tablet_id: "aee98d6b0f9b4490be120a2b5e9d263b" candidate_uuid: "e87ab4230c9f4a50b00b1b89ad88e4c8" candidate_term: 1 candidate_status { last_received { term: 0 index: 0 } } ignore_live_leader: false dest_uuid: "2ebaf17e75df45d6b9beac10b20bca34"
I20260710 11:09:25.795126   919 raft_consensus.cc:3060] T aee98d6b0f9b4490be120a2b5e9d263b P 2ebaf17e75df45d6b9beac10b20bca34 [term 0 FOLLOWER]: Advancing to term 1
I20260710 11:09:25.796612   816 catalog_manager.cc:5697] T ae4e157a232e4bdab3650f5ec7fe32e1 P e87ab4230c9f4a50b00b1b89ad88e4c8 reported cstate change: term changed from 0 to 1, leader changed from <none> to e87ab4230c9f4a50b00b1b89ad88e4c8 (127.31.133.195). New cstate: current_term: 1 leader_uuid: "e87ab4230c9f4a50b00b1b89ad88e4c8" committed_config { opid_index: -1 OBSOLETE_local: false peers { permanent_uuid: "2ebaf17e75df45d6b9beac10b20bca34" member_type: VOTER last_known_addr { host: "127.31.133.193" port: 34665 } health_report { overall_health: UNKNOWN } } peers { permanent_uuid: "a6b21921551e42029a95f503558a7275" member_type: VOTER last_known_addr { host: "127.31.133.194" port: 34601 } health_report { overall_health: UNKNOWN } } peers { permanent_uuid: "e87ab4230c9f4a50b00b1b89ad88e4c8" member_type: VOTER last_known_addr { host: "127.31.133.195" port: 33731 } health_report { overall_health: HEALTHY } } }
I20260710 11:09:25.799937  1110 tablet_bootstrap.cc:492] T 44c74c1b3fb243e5970e755f6c7476e6 P a6b21921551e42029a95f503558a7275: No bootstrap required, opened a new log
I20260710 11:09:25.800294  1110 ts_tablet_manager.cc:1403] T 44c74c1b3fb243e5970e755f6c7476e6 P a6b21921551e42029a95f503558a7275: Time spent bootstrapping tablet: real 0.011s	user 0.010s	sys 0.000s
I20260710 11:09:25.799072   816 catalog_manager.cc:5697] T 4de30dfd420445aca4980c7fdaaba326 P e87ab4230c9f4a50b00b1b89ad88e4c8 reported cstate change: term changed from 0 to 1, leader changed from <none> to e87ab4230c9f4a50b00b1b89ad88e4c8 (127.31.133.195). New cstate: current_term: 1 leader_uuid: "e87ab4230c9f4a50b00b1b89ad88e4c8" committed_config { opid_index: -1 OBSOLETE_local: false peers { permanent_uuid: "2ebaf17e75df45d6b9beac10b20bca34" member_type: VOTER last_known_addr { host: "127.31.133.193" port: 34665 } health_report { overall_health: UNKNOWN } } peers { permanent_uuid: "a6b21921551e42029a95f503558a7275" member_type: VOTER last_known_addr { host: "127.31.133.194" port: 34601 } health_report { overall_health: UNKNOWN } } peers { permanent_uuid: "e87ab4230c9f4a50b00b1b89ad88e4c8" member_type: VOTER last_known_addr { host: "127.31.133.195" port: 33731 } health_report { overall_health: HEALTHY } } }
I20260710 11:09:25.801247  1109 ts_tablet_manager.cc:1434] T 6de49b4954b7474dbe47afc8a7aa0f19 P 2ebaf17e75df45d6b9beac10b20bca34: Time spent starting tablet: real 0.017s	user 0.006s	sys 0.000s
I20260710 11:09:25.801455   919 raft_consensus.cc:2468] T aee98d6b0f9b4490be120a2b5e9d263b P 2ebaf17e75df45d6b9beac10b20bca34 [term 1 FOLLOWER]: Leader election vote request: Granting yes vote for candidate e87ab4230c9f4a50b00b1b89ad88e4c8 in term 1.
I20260710 11:09:25.802160  1109 tablet_bootstrap.cc:492] T b46430054c364c74a223acac341534fb P 2ebaf17e75df45d6b9beac10b20bca34: Bootstrap starting.
I20260710 11:09:25.802495  1034 leader_election.cc:304] T aee98d6b0f9b4490be120a2b5e9d263b P e87ab4230c9f4a50b00b1b89ad88e4c8 [CANDIDATE]: Term 1 election: Election decided. Result: candidate won. Election summary: received 2 responses out of 3 voters: 2 yes votes; 0 no votes. yes voters: 2ebaf17e75df45d6b9beac10b20bca34, e87ab4230c9f4a50b00b1b89ad88e4c8; no voters: 
I20260710 11:09:25.802397  1110 raft_consensus.cc:359] T 44c74c1b3fb243e5970e755f6c7476e6 P a6b21921551e42029a95f503558a7275 [term 0 FOLLOWER]: Replica starting. Triggering 0 pending ops. Active config: opid_index: -1 OBSOLETE_local: false peers { permanent_uuid: "2ebaf17e75df45d6b9beac10b20bca34" member_type: VOTER last_known_addr { host: "127.31.133.193" port: 34665 } } peers { permanent_uuid: "a6b21921551e42029a95f503558a7275" member_type: VOTER last_known_addr { host: "127.31.133.194" port: 34601 } } peers { permanent_uuid: "e87ab4230c9f4a50b00b1b89ad88e4c8" member_type: VOTER last_known_addr { host: "127.31.133.195" port: 33731 } }
I20260710 11:09:25.803280  1154 raft_consensus.cc:2804] T aee98d6b0f9b4490be120a2b5e9d263b P e87ab4230c9f4a50b00b1b89ad88e4c8 [term 1 FOLLOWER]: Leader election won for term 1
I20260710 11:09:25.803942  1154 raft_consensus.cc:697] T aee98d6b0f9b4490be120a2b5e9d263b P e87ab4230c9f4a50b00b1b89ad88e4c8 [term 1 LEADER]: Becoming Leader. State: Replica: e87ab4230c9f4a50b00b1b89ad88e4c8, State: Running, Role: LEADER
I20260710 11:09:25.804796  1154 consensus_queue.cc:237] T aee98d6b0f9b4490be120a2b5e9d263b P e87ab4230c9f4a50b00b1b89ad88e4c8 [LEADER]: Queue going to LEADER mode. State: All replicated index: 0, Majority replicated index: 0, Committed index: 0, Last appended: 0.0, Last appended by leader: 0, Current term: 1, Majority size: 2, State: 0, Mode: LEADER, active raft config: opid_index: -1 OBSOLETE_local: false peers { permanent_uuid: "2ebaf17e75df45d6b9beac10b20bca34" member_type: VOTER last_known_addr { host: "127.31.133.193" port: 34665 } } peers { permanent_uuid: "a6b21921551e42029a95f503558a7275" member_type: VOTER last_known_addr { host: "127.31.133.194" port: 34601 } } peers { permanent_uuid: "e87ab4230c9f4a50b00b1b89ad88e4c8" member_type: VOTER last_known_addr { host: "127.31.133.195" port: 33731 } }
I20260710 11:09:25.806372  1112 tablet_bootstrap.cc:654] T 280a30cfd6a647be854f67a4d008512a P e87ab4230c9f4a50b00b1b89ad88e4c8: Neither blocks nor log segments found. Creating new log.
I20260710 11:09:25.806255   995 tablet_service.cc:1917] Received RequestConsensusVote() RPC: tablet_id: "aee98d6b0f9b4490be120a2b5e9d263b" candidate_uuid: "e87ab4230c9f4a50b00b1b89ad88e4c8" candidate_term: 1 candidate_status { last_received { term: 0 index: 0 } } ignore_live_leader: false dest_uuid: "a6b21921551e42029a95f503558a7275"
W20260710 11:09:25.807458  1033 leader_election.cc:343] T aee98d6b0f9b4490be120a2b5e9d263b P e87ab4230c9f4a50b00b1b89ad88e4c8 [CANDIDATE]: Term 1 election: Tablet error from VoteRequest() call to peer a6b21921551e42029a95f503558a7275 (127.31.133.194:34601): Illegal state: must be running to vote when last-logged opid is not known
I20260710 11:09:25.808846  1110 raft_consensus.cc:385] T 44c74c1b3fb243e5970e755f6c7476e6 P a6b21921551e42029a95f503558a7275 [term 0 FOLLOWER]: Consensus starting up: Expiring failure detector timer to make a prompt election more likely
I20260710 11:09:25.809151  1110 raft_consensus.cc:740] T 44c74c1b3fb243e5970e755f6c7476e6 P a6b21921551e42029a95f503558a7275 [term 0 FOLLOWER]: Becoming Follower/Learner. State: Replica: a6b21921551e42029a95f503558a7275, State: Initialized, Role: FOLLOWER
I20260710 11:09:25.809839  1110 consensus_queue.cc:260] T 44c74c1b3fb243e5970e755f6c7476e6 P a6b21921551e42029a95f503558a7275 [NON_LEADER]: Queue going to NON_LEADER mode. State: All replicated index: 0, Majority replicated index: 0, Committed index: 0, Last appended: 0.0, Last appended by leader: 0, Current term: 0, Majority size: -1, State: 0, Mode: NON_LEADER, active raft config: opid_index: -1 OBSOLETE_local: false peers { permanent_uuid: "2ebaf17e75df45d6b9beac10b20bca34" member_type: VOTER last_known_addr { host: "127.31.133.193" port: 34665 } } peers { permanent_uuid: "a6b21921551e42029a95f503558a7275" member_type: VOTER last_known_addr { host: "127.31.133.194" port: 34601 } } peers { permanent_uuid: "e87ab4230c9f4a50b00b1b89ad88e4c8" member_type: VOTER last_known_addr { host: "127.31.133.195" port: 33731 } }
I20260710 11:09:25.811664  1110 ts_tablet_manager.cc:1434] T 44c74c1b3fb243e5970e755f6c7476e6 P a6b21921551e42029a95f503558a7275: Time spent starting tablet: real 0.011s	user 0.004s	sys 0.000s
I20260710 11:09:25.812090   994 tablet_service.cc:1917] Received RequestConsensusVote() RPC: tablet_id: "aee98d6b0f9b4490be120a2b5e9d263b" candidate_uuid: "e87ab4230c9f4a50b00b1b89ad88e4c8" candidate_term: 1 candidate_status { last_received { term: 0 index: 0 } } ignore_live_leader: false dest_uuid: "a6b21921551e42029a95f503558a7275" is_pre_election: true
I20260710 11:09:25.812448  1109 tablet_bootstrap.cc:654] T b46430054c364c74a223acac341534fb P 2ebaf17e75df45d6b9beac10b20bca34: Neither blocks nor log segments found. Creating new log.
I20260710 11:09:25.812485  1110 tablet_bootstrap.cc:492] T aee98d6b0f9b4490be120a2b5e9d263b P a6b21921551e42029a95f503558a7275: Bootstrap starting.
W20260710 11:09:25.813231  1033 leader_election.cc:343] T aee98d6b0f9b4490be120a2b5e9d263b P e87ab4230c9f4a50b00b1b89ad88e4c8 [CANDIDATE]: Term 1 pre-election: Tablet error from VoteRequest() call to peer a6b21921551e42029a95f503558a7275 (127.31.133.194:34601): Illegal state: must be running to vote when last-logged opid is not known
I20260710 11:09:25.803966  1152 leader_election.cc:290] T aee98d6b0f9b4490be120a2b5e9d263b P e87ab4230c9f4a50b00b1b89ad88e4c8 [CANDIDATE]: Term 1 election: Requested vote from peers 2ebaf17e75df45d6b9beac10b20bca34 (127.31.133.193:34665), a6b21921551e42029a95f503558a7275 (127.31.133.194:34601)
I20260710 11:09:25.818367  1110 tablet_bootstrap.cc:654] T aee98d6b0f9b4490be120a2b5e9d263b P a6b21921551e42029a95f503558a7275: Neither blocks nor log segments found. Creating new log.
I20260710 11:09:25.825480  1112 tablet_bootstrap.cc:492] T 280a30cfd6a647be854f67a4d008512a P e87ab4230c9f4a50b00b1b89ad88e4c8: No bootstrap required, opened a new log
I20260710 11:09:25.824208   818 catalog_manager.cc:5697] T aee98d6b0f9b4490be120a2b5e9d263b P e87ab4230c9f4a50b00b1b89ad88e4c8 reported cstate change: term changed from 0 to 1, leader changed from <none> to e87ab4230c9f4a50b00b1b89ad88e4c8 (127.31.133.195). New cstate: current_term: 1 leader_uuid: "e87ab4230c9f4a50b00b1b89ad88e4c8" committed_config { opid_index: -1 OBSOLETE_local: false peers { permanent_uuid: "2ebaf17e75df45d6b9beac10b20bca34" member_type: VOTER last_known_addr { host: "127.31.133.193" port: 34665 } health_report { overall_health: UNKNOWN } } peers { permanent_uuid: "a6b21921551e42029a95f503558a7275" member_type: VOTER last_known_addr { host: "127.31.133.194" port: 34601 } health_report { overall_health: UNKNOWN } } peers { permanent_uuid: "e87ab4230c9f4a50b00b1b89ad88e4c8" member_type: VOTER last_known_addr { host: "127.31.133.195" port: 33731 } health_report { overall_health: HEALTHY } } }
I20260710 11:09:25.825941  1112 ts_tablet_manager.cc:1403] T 280a30cfd6a647be854f67a4d008512a P e87ab4230c9f4a50b00b1b89ad88e4c8: Time spent bootstrapping tablet: real 0.052s	user 0.012s	sys 0.006s
I20260710 11:09:25.827714  1109 tablet_bootstrap.cc:492] T b46430054c364c74a223acac341534fb P 2ebaf17e75df45d6b9beac10b20bca34: No bootstrap required, opened a new log
I20260710 11:09:25.828110  1109 ts_tablet_manager.cc:1403] T b46430054c364c74a223acac341534fb P 2ebaf17e75df45d6b9beac10b20bca34: Time spent bootstrapping tablet: real 0.026s	user 0.010s	sys 0.000s
I20260710 11:09:25.828496  1112 raft_consensus.cc:359] T 280a30cfd6a647be854f67a4d008512a P e87ab4230c9f4a50b00b1b89ad88e4c8 [term 0 FOLLOWER]: Replica starting. Triggering 0 pending ops. Active config: opid_index: -1 OBSOLETE_local: false peers { permanent_uuid: "2ebaf17e75df45d6b9beac10b20bca34" member_type: VOTER last_known_addr { host: "127.31.133.193" port: 34665 } } peers { permanent_uuid: "a6b21921551e42029a95f503558a7275" member_type: VOTER last_known_addr { host: "127.31.133.194" port: 34601 } } peers { permanent_uuid: "e87ab4230c9f4a50b00b1b89ad88e4c8" member_type: VOTER last_known_addr { host: "127.31.133.195" port: 33731 } }
I20260710 11:09:25.828876  1110 tablet_bootstrap.cc:492] T aee98d6b0f9b4490be120a2b5e9d263b P a6b21921551e42029a95f503558a7275: No bootstrap required, opened a new log
I20260710 11:09:25.829167  1112 raft_consensus.cc:385] T 280a30cfd6a647be854f67a4d008512a P e87ab4230c9f4a50b00b1b89ad88e4c8 [term 0 FOLLOWER]: Consensus starting up: Expiring failure detector timer to make a prompt election more likely
I20260710 11:09:25.829458  1112 raft_consensus.cc:740] T 280a30cfd6a647be854f67a4d008512a P e87ab4230c9f4a50b00b1b89ad88e4c8 [term 0 FOLLOWER]: Becoming Follower/Learner. State: Replica: e87ab4230c9f4a50b00b1b89ad88e4c8, State: Initialized, Role: FOLLOWER
I20260710 11:09:25.829537  1110 ts_tablet_manager.cc:1403] T aee98d6b0f9b4490be120a2b5e9d263b P a6b21921551e42029a95f503558a7275: Time spent bootstrapping tablet: real 0.017s	user 0.011s	sys 0.001s
I20260710 11:09:25.830099  1112 consensus_queue.cc:260] T 280a30cfd6a647be854f67a4d008512a P e87ab4230c9f4a50b00b1b89ad88e4c8 [NON_LEADER]: Queue going to NON_LEADER mode. State: All replicated index: 0, Majority replicated index: 0, Committed index: 0, Last appended: 0.0, Last appended by leader: 0, Current term: 0, Majority size: -1, State: 0, Mode: NON_LEADER, active raft config: opid_index: -1 OBSOLETE_local: false peers { permanent_uuid: "2ebaf17e75df45d6b9beac10b20bca34" member_type: VOTER last_known_addr { host: "127.31.133.193" port: 34665 } } peers { permanent_uuid: "a6b21921551e42029a95f503558a7275" member_type: VOTER last_known_addr { host: "127.31.133.194" port: 34601 } } peers { permanent_uuid: "e87ab4230c9f4a50b00b1b89ad88e4c8" member_type: VOTER last_known_addr { host: "127.31.133.195" port: 33731 } }
I20260710 11:09:25.830600  1109 raft_consensus.cc:359] T b46430054c364c74a223acac341534fb P 2ebaf17e75df45d6b9beac10b20bca34 [term 0 FOLLOWER]: Replica starting. Triggering 0 pending ops. Active config: opid_index: -1 OBSOLETE_local: false peers { permanent_uuid: "2ebaf17e75df45d6b9beac10b20bca34" member_type: VOTER last_known_addr { host: "127.31.133.193" port: 34665 } } peers { permanent_uuid: "a6b21921551e42029a95f503558a7275" member_type: VOTER last_known_addr { host: "127.31.133.194" port: 34601 } } peers { permanent_uuid: "e87ab4230c9f4a50b00b1b89ad88e4c8" member_type: VOTER last_known_addr { host: "127.31.133.195" port: 33731 } }
I20260710 11:09:25.831212  1109 raft_consensus.cc:385] T b46430054c364c74a223acac341534fb P 2ebaf17e75df45d6b9beac10b20bca34 [term 0 FOLLOWER]: Consensus starting up: Expiring failure detector timer to make a prompt election more likely
I20260710 11:09:25.831458  1109 raft_consensus.cc:740] T b46430054c364c74a223acac341534fb P 2ebaf17e75df45d6b9beac10b20bca34 [term 0 FOLLOWER]: Becoming Follower/Learner. State: Replica: 2ebaf17e75df45d6b9beac10b20bca34, State: Initialized, Role: FOLLOWER
I20260710 11:09:25.832271  1112 ts_tablet_manager.cc:1434] T 280a30cfd6a647be854f67a4d008512a P e87ab4230c9f4a50b00b1b89ad88e4c8: Time spent starting tablet: real 0.006s	user 0.006s	sys 0.000s
I20260710 11:09:25.832194  1109 consensus_queue.cc:260] T b46430054c364c74a223acac341534fb P 2ebaf17e75df45d6b9beac10b20bca34 [NON_LEADER]: Queue going to NON_LEADER mode. State: All replicated index: 0, Majority replicated index: 0, Committed index: 0, Last appended: 0.0, Last appended by leader: 0, Current term: 0, Majority size: -1, State: 0, Mode: NON_LEADER, active raft config: opid_index: -1 OBSOLETE_local: false peers { permanent_uuid: "2ebaf17e75df45d6b9beac10b20bca34" member_type: VOTER last_known_addr { host: "127.31.133.193" port: 34665 } } peers { permanent_uuid: "a6b21921551e42029a95f503558a7275" member_type: VOTER last_known_addr { host: "127.31.133.194" port: 34601 } } peers { permanent_uuid: "e87ab4230c9f4a50b00b1b89ad88e4c8" member_type: VOTER last_known_addr { host: "127.31.133.195" port: 33731 } }
I20260710 11:09:25.832314  1110 raft_consensus.cc:359] T aee98d6b0f9b4490be120a2b5e9d263b P a6b21921551e42029a95f503558a7275 [term 0 FOLLOWER]: Replica starting. Triggering 0 pending ops. Active config: opid_index: -1 OBSOLETE_local: false peers { permanent_uuid: "2ebaf17e75df45d6b9beac10b20bca34" member_type: VOTER last_known_addr { host: "127.31.133.193" port: 34665 } } peers { permanent_uuid: "a6b21921551e42029a95f503558a7275" member_type: VOTER last_known_addr { host: "127.31.133.194" port: 34601 } } peers { permanent_uuid: "e87ab4230c9f4a50b00b1b89ad88e4c8" member_type: VOTER last_known_addr { host: "127.31.133.195" port: 33731 } }
I20260710 11:09:25.833302  1112 tablet_bootstrap.cc:492] T 02d8189fbd1144c1bd5f3743af9feadc P e87ab4230c9f4a50b00b1b89ad88e4c8: Bootstrap starting.
I20260710 11:09:25.833329  1110 raft_consensus.cc:385] T aee98d6b0f9b4490be120a2b5e9d263b P a6b21921551e42029a95f503558a7275 [term 0 FOLLOWER]: Consensus starting up: Expiring failure detector timer to make a prompt election more likely
I20260710 11:09:25.833838  1110 raft_consensus.cc:740] T aee98d6b0f9b4490be120a2b5e9d263b P a6b21921551e42029a95f503558a7275 [term 0 FOLLOWER]: Becoming Follower/Learner. State: Replica: a6b21921551e42029a95f503558a7275, State: Initialized, Role: FOLLOWER
I20260710 11:09:25.834501  1110 consensus_queue.cc:260] T aee98d6b0f9b4490be120a2b5e9d263b P a6b21921551e42029a95f503558a7275 [NON_LEADER]: Queue going to NON_LEADER mode. State: All replicated index: 0, Majority replicated index: 0, Committed index: 0, Last appended: 0.0, Last appended by leader: 0, Current term: 0, Majority size: -1, State: 0, Mode: NON_LEADER, active raft config: opid_index: -1 OBSOLETE_local: false peers { permanent_uuid: "2ebaf17e75df45d6b9beac10b20bca34" member_type: VOTER last_known_addr { host: "127.31.133.193" port: 34665 } } peers { permanent_uuid: "a6b21921551e42029a95f503558a7275" member_type: VOTER last_known_addr { host: "127.31.133.194" port: 34601 } } peers { permanent_uuid: "e87ab4230c9f4a50b00b1b89ad88e4c8" member_type: VOTER last_known_addr { host: "127.31.133.195" port: 33731 } }
I20260710 11:09:25.836464  1110 ts_tablet_manager.cc:1434] T aee98d6b0f9b4490be120a2b5e9d263b P a6b21921551e42029a95f503558a7275: Time spent starting tablet: real 0.007s	user 0.005s	sys 0.000s
I20260710 11:09:25.837316  1110 tablet_bootstrap.cc:492] T 1c041327d7ae4cba9cfe90e53c8ab8b4 P a6b21921551e42029a95f503558a7275: Bootstrap starting.
I20260710 11:09:25.839166  1112 tablet_bootstrap.cc:654] T 02d8189fbd1144c1bd5f3743af9feadc P e87ab4230c9f4a50b00b1b89ad88e4c8: Neither blocks nor log segments found. Creating new log.
I20260710 11:09:25.841508  1109 ts_tablet_manager.cc:1434] T b46430054c364c74a223acac341534fb P 2ebaf17e75df45d6b9beac10b20bca34: Time spent starting tablet: real 0.013s	user 0.006s	sys 0.000s
I20260710 11:09:25.842496  1110 tablet_bootstrap.cc:654] T 1c041327d7ae4cba9cfe90e53c8ab8b4 P a6b21921551e42029a95f503558a7275: Neither blocks nor log segments found. Creating new log.
I20260710 11:09:25.852288  1109 tablet_bootstrap.cc:492] T 051e9339caa34444b6171fac8fa616e0 P 2ebaf17e75df45d6b9beac10b20bca34: Bootstrap starting.
I20260710 11:09:25.855471  1112 tablet_bootstrap.cc:492] T 02d8189fbd1144c1bd5f3743af9feadc P e87ab4230c9f4a50b00b1b89ad88e4c8: No bootstrap required, opened a new log
I20260710 11:09:25.855876  1112 ts_tablet_manager.cc:1403] T 02d8189fbd1144c1bd5f3743af9feadc P e87ab4230c9f4a50b00b1b89ad88e4c8: Time spent bootstrapping tablet: real 0.023s	user 0.013s	sys 0.007s
I20260710 11:09:25.856146  1110 tablet_bootstrap.cc:492] T 1c041327d7ae4cba9cfe90e53c8ab8b4 P a6b21921551e42029a95f503558a7275: No bootstrap required, opened a new log
I20260710 11:09:25.856456  1110 ts_tablet_manager.cc:1403] T 1c041327d7ae4cba9cfe90e53c8ab8b4 P a6b21921551e42029a95f503558a7275: Time spent bootstrapping tablet: real 0.019s	user 0.006s	sys 0.012s
I20260710 11:09:25.858219  1109 tablet_bootstrap.cc:654] T 051e9339caa34444b6171fac8fa616e0 P 2ebaf17e75df45d6b9beac10b20bca34: Neither blocks nor log segments found. Creating new log.
I20260710 11:09:25.858083  1110 raft_consensus.cc:359] T 1c041327d7ae4cba9cfe90e53c8ab8b4 P a6b21921551e42029a95f503558a7275 [term 0 FOLLOWER]: Replica starting. Triggering 0 pending ops. Active config: opid_index: -1 OBSOLETE_local: false peers { permanent_uuid: "2ebaf17e75df45d6b9beac10b20bca34" member_type: VOTER last_known_addr { host: "127.31.133.193" port: 34665 } } peers { permanent_uuid: "a6b21921551e42029a95f503558a7275" member_type: VOTER last_known_addr { host: "127.31.133.194" port: 34601 } } peers { permanent_uuid: "e87ab4230c9f4a50b00b1b89ad88e4c8" member_type: VOTER last_known_addr { host: "127.31.133.195" port: 33731 } }
I20260710 11:09:25.858529  1110 raft_consensus.cc:385] T 1c041327d7ae4cba9cfe90e53c8ab8b4 P a6b21921551e42029a95f503558a7275 [term 0 FOLLOWER]: Consensus starting up: Expiring failure detector timer to make a prompt election more likely
I20260710 11:09:25.858723  1110 raft_consensus.cc:740] T 1c041327d7ae4cba9cfe90e53c8ab8b4 P a6b21921551e42029a95f503558a7275 [term 0 FOLLOWER]: Becoming Follower/Learner. State: Replica: a6b21921551e42029a95f503558a7275, State: Initialized, Role: FOLLOWER
I20260710 11:09:25.859244  1110 consensus_queue.cc:260] T 1c041327d7ae4cba9cfe90e53c8ab8b4 P a6b21921551e42029a95f503558a7275 [NON_LEADER]: Queue going to NON_LEADER mode. State: All replicated index: 0, Majority replicated index: 0, Committed index: 0, Last appended: 0.0, Last appended by leader: 0, Current term: 0, Majority size: -1, State: 0, Mode: NON_LEADER, active raft config: opid_index: -1 OBSOLETE_local: false peers { permanent_uuid: "2ebaf17e75df45d6b9beac10b20bca34" member_type: VOTER last_known_addr { host: "127.31.133.193" port: 34665 } } peers { permanent_uuid: "a6b21921551e42029a95f503558a7275" member_type: VOTER last_known_addr { host: "127.31.133.194" port: 34601 } } peers { permanent_uuid: "e87ab4230c9f4a50b00b1b89ad88e4c8" member_type: VOTER last_known_addr { host: "127.31.133.195" port: 33731 } }
I20260710 11:09:25.859777  1116 raft_consensus.cc:493] T 6de49b4954b7474dbe47afc8a7aa0f19 P 2ebaf17e75df45d6b9beac10b20bca34 [term 0 FOLLOWER]: Starting pre-election (no leader contacted us within the election timeout)
I20260710 11:09:25.860183  1116 raft_consensus.cc:515] T 6de49b4954b7474dbe47afc8a7aa0f19 P 2ebaf17e75df45d6b9beac10b20bca34 [term 0 FOLLOWER]: Starting pre-election with config: opid_index: -1 OBSOLETE_local: false peers { permanent_uuid: "2ebaf17e75df45d6b9beac10b20bca34" member_type: VOTER last_known_addr { host: "127.31.133.193" port: 34665 } } peers { permanent_uuid: "a6b21921551e42029a95f503558a7275" member_type: VOTER last_known_addr { host: "127.31.133.194" port: 34601 } } peers { permanent_uuid: "e87ab4230c9f4a50b00b1b89ad88e4c8" member_type: VOTER last_known_addr { host: "127.31.133.195" port: 33731 } }
I20260710 11:09:25.860698  1110 ts_tablet_manager.cc:1434] T 1c041327d7ae4cba9cfe90e53c8ab8b4 P a6b21921551e42029a95f503558a7275: Time spent starting tablet: real 0.004s	user 0.004s	sys 0.000s
I20260710 11:09:25.861517  1110 tablet_bootstrap.cc:492] T 3c809ceca35a431ca45ff138ad5f99b8 P a6b21921551e42029a95f503558a7275: Bootstrap starting.
I20260710 11:09:25.862111  1116 leader_election.cc:290] T 6de49b4954b7474dbe47afc8a7aa0f19 P 2ebaf17e75df45d6b9beac10b20bca34 [CANDIDATE]: Term 1 pre-election: Requested pre-vote from peers a6b21921551e42029a95f503558a7275 (127.31.133.194:34601), e87ab4230c9f4a50b00b1b89ad88e4c8 (127.31.133.195:33731)
I20260710 11:09:25.863282  1112 raft_consensus.cc:359] T 02d8189fbd1144c1bd5f3743af9feadc P e87ab4230c9f4a50b00b1b89ad88e4c8 [term 0 FOLLOWER]: Replica starting. Triggering 0 pending ops. Active config: opid_index: -1 OBSOLETE_local: false peers { permanent_uuid: "2ebaf17e75df45d6b9beac10b20bca34" member_type: VOTER last_known_addr { host: "127.31.133.193" port: 34665 } } peers { permanent_uuid: "a6b21921551e42029a95f503558a7275" member_type: VOTER last_known_addr { host: "127.31.133.194" port: 34601 } } peers { permanent_uuid: "e87ab4230c9f4a50b00b1b89ad88e4c8" member_type: VOTER last_known_addr { host: "127.31.133.195" port: 33731 } }
I20260710 11:09:25.863935  1112 raft_consensus.cc:385] T 02d8189fbd1144c1bd5f3743af9feadc P e87ab4230c9f4a50b00b1b89ad88e4c8 [term 0 FOLLOWER]: Consensus starting up: Expiring failure detector timer to make a prompt election more likely
I20260710 11:09:25.864200  1112 raft_consensus.cc:740] T 02d8189fbd1144c1bd5f3743af9feadc P e87ab4230c9f4a50b00b1b89ad88e4c8 [term 0 FOLLOWER]: Becoming Follower/Learner. State: Replica: e87ab4230c9f4a50b00b1b89ad88e4c8, State: Initialized, Role: FOLLOWER
I20260710 11:09:25.864822  1112 consensus_queue.cc:260] T 02d8189fbd1144c1bd5f3743af9feadc P e87ab4230c9f4a50b00b1b89ad88e4c8 [NON_LEADER]: Queue going to NON_LEADER mode. State: All replicated index: 0, Majority replicated index: 0, Committed index: 0, Last appended: 0.0, Last appended by leader: 0, Current term: 0, Majority size: -1, State: 0, Mode: NON_LEADER, active raft config: opid_index: -1 OBSOLETE_local: false peers { permanent_uuid: "2ebaf17e75df45d6b9beac10b20bca34" member_type: VOTER last_known_addr { host: "127.31.133.193" port: 34665 } } peers { permanent_uuid: "a6b21921551e42029a95f503558a7275" member_type: VOTER last_known_addr { host: "127.31.133.194" port: 34601 } } peers { permanent_uuid: "e87ab4230c9f4a50b00b1b89ad88e4c8" member_type: VOTER last_known_addr { host: "127.31.133.195" port: 33731 } }
I20260710 11:09:25.867053  1110 tablet_bootstrap.cc:654] T 3c809ceca35a431ca45ff138ad5f99b8 P a6b21921551e42029a95f503558a7275: Neither blocks nor log segments found. Creating new log.
I20260710 11:09:25.869647  1109 tablet_bootstrap.cc:492] T 051e9339caa34444b6171fac8fa616e0 P 2ebaf17e75df45d6b9beac10b20bca34: No bootstrap required, opened a new log
I20260710 11:09:25.870009  1109 ts_tablet_manager.cc:1403] T 051e9339caa34444b6171fac8fa616e0 P 2ebaf17e75df45d6b9beac10b20bca34: Time spent bootstrapping tablet: real 0.018s	user 0.015s	sys 0.001s
I20260710 11:09:25.870031  1112 ts_tablet_manager.cc:1434] T 02d8189fbd1144c1bd5f3743af9feadc P e87ab4230c9f4a50b00b1b89ad88e4c8: Time spent starting tablet: real 0.014s	user 0.007s	sys 0.000s
I20260710 11:09:25.870486   994 tablet_service.cc:1917] Received RequestConsensusVote() RPC: tablet_id: "6de49b4954b7474dbe47afc8a7aa0f19" candidate_uuid: "2ebaf17e75df45d6b9beac10b20bca34" candidate_term: 1 candidate_status { last_received { term: 0 index: 0 } } ignore_live_leader: false dest_uuid: "a6b21921551e42029a95f503558a7275" is_pre_election: true
I20260710 11:09:25.870934  1112 tablet_bootstrap.cc:492] T 32393af43b5145bdaf031da7b8a468b1 P e87ab4230c9f4a50b00b1b89ad88e4c8: Bootstrap starting.
I20260710 11:09:25.871243   994 raft_consensus.cc:2393] T 6de49b4954b7474dbe47afc8a7aa0f19 P a6b21921551e42029a95f503558a7275 [term 1 FOLLOWER]: Leader pre-election vote request: Denying vote to candidate 2ebaf17e75df45d6b9beac10b20bca34 in current term 1: Already voted for candidate e87ab4230c9f4a50b00b1b89ad88e4c8 in this term.
I20260710 11:09:25.872841  1152 raft_consensus.cc:493] T 44c74c1b3fb243e5970e755f6c7476e6 P e87ab4230c9f4a50b00b1b89ad88e4c8 [term 0 FOLLOWER]: Starting pre-election (no leader contacted us within the election timeout)
I20260710 11:09:25.872759  1069 tablet_service.cc:1917] Received RequestConsensusVote() RPC: tablet_id: "6de49b4954b7474dbe47afc8a7aa0f19" candidate_uuid: "2ebaf17e75df45d6b9beac10b20bca34" candidate_term: 1 candidate_status { last_received { term: 0 index: 0 } } ignore_live_leader: false dest_uuid: "e87ab4230c9f4a50b00b1b89ad88e4c8" is_pre_election: true
