I20260710 11:09:13.573590  4401 fs_report.cc:389] FS layout report
--------------------
wal directory: /tmp/dist-test-tasksibF8X/test-tmp/auto_leader_rebalancer-test.0.LeaderRebalancerTest.FunctionalTestForNotDivided.1783681741203365-4401-0/minicluster-data/master-0-root
metadata directory: /tmp/dist-test-tasksibF8X/test-tmp/auto_leader_rebalancer-test.0.LeaderRebalancerTest.FunctionalTestForNotDivided.1783681741203365-4401-0/minicluster-data/master-0-root
1 data directories: /tmp/dist-test-tasksibF8X/test-tmp/auto_leader_rebalancer-test.0.LeaderRebalancerTest.FunctionalTestForNotDivided.1783681741203365-4401-0/minicluster-data/master-0-root/data
Total live blocks: 0
Total live bytes: 0
Total live bytes (after alignment): 0
Total number of LBM containers: 0 (0 full)
Did not check for missing blocks
Did not check for orphaned blocks
Total full LBM containers with extra space: 0 (0 repaired)
Total full LBM container extra space in bytes: 0 (0 repaired)
Total incomplete LBM containers: 0 (0 repaired)
Total LBM partial records: 0 (0 repaired)
Total corrupted LBM metadata records in RocksDB: 0 (0 repaired)
I20260710 11:09:13.583161  4401 rpc_server.cc:225] running with OpenSSL 1.1.1  11 Sep 2018
I20260710 11:09:13.584239  4401 kserver.cc:163] Server-wide thread pool size limit: 3276
I20260710 11:09:13.619369  4401 rpc_server.cc:307] RPC server started. Bound to: 127.4.76.126:36957
I20260710 11:09:13.619488  4952 acceptor_pool.cc:272] collecting diagnostics on the listening RPC socket 127.4.76.126:36957 every 8 connection(s)
I20260710 11:09:13.623310  4953 data_dirs.cc:400] Could only allocate 1 dirs of requested 3 for tablet 00000000000000000000000000000000. 1 dirs total, 0 dirs full, 0 dirs failed
I20260710 11:09:13.631857  4953 tablet_bootstrap.cc:492] T 00000000000000000000000000000000 P 06555b71092e4f2288e8b5a17aabd3eb: Bootstrap starting.
I20260710 11:09:13.636070  4953 tablet_bootstrap.cc:654] T 00000000000000000000000000000000 P 06555b71092e4f2288e8b5a17aabd3eb: Neither blocks nor log segments found. Creating new log.
I20260710 11:09:13.639695  4953 tablet_bootstrap.cc:492] T 00000000000000000000000000000000 P 06555b71092e4f2288e8b5a17aabd3eb: No bootstrap required, opened a new log
I20260710 11:09:13.641532  4953 raft_consensus.cc:359] T 00000000000000000000000000000000 P 06555b71092e4f2288e8b5a17aabd3eb [term 0 FOLLOWER]: Replica starting. Triggering 0 pending ops. Active config: opid_index: -1 OBSOLETE_local: true peers { permanent_uuid: "06555b71092e4f2288e8b5a17aabd3eb" member_type: VOTER }
I20260710 11:09:13.641886  4953 raft_consensus.cc:385] T 00000000000000000000000000000000 P 06555b71092e4f2288e8b5a17aabd3eb [term 0 FOLLOWER]: Consensus starting up: Expiring failure detector timer to make a prompt election more likely
I20260710 11:09:13.642084  4953 raft_consensus.cc:740] T 00000000000000000000000000000000 P 06555b71092e4f2288e8b5a17aabd3eb [term 0 FOLLOWER]: Becoming Follower/Learner. State: Replica: 06555b71092e4f2288e8b5a17aabd3eb, State: Initialized, Role: FOLLOWER
I20260710 11:09:13.642628  4953 consensus_queue.cc:260] T 00000000000000000000000000000000 P 06555b71092e4f2288e8b5a17aabd3eb [NON_LEADER]: Queue going to NON_LEADER mode. State: All replicated index: 0, Majority replicated index: 0, Committed index: 0, Last appended: 0.0, Last appended by leader: 0, Current term: 0, Majority size: -1, State: 0, Mode: NON_LEADER, active raft config: opid_index: -1 OBSOLETE_local: true peers { permanent_uuid: "06555b71092e4f2288e8b5a17aabd3eb" member_type: VOTER }
I20260710 11:09:13.643059  4953 raft_consensus.cc:399] T 00000000000000000000000000000000 P 06555b71092e4f2288e8b5a17aabd3eb [term 0 FOLLOWER]: Only one voter in the Raft config. Triggering election immediately
I20260710 11:09:13.643261  4953 raft_consensus.cc:493] T 00000000000000000000000000000000 P 06555b71092e4f2288e8b5a17aabd3eb [term 0 FOLLOWER]: Starting leader election (initial election of a single-replica configuration)
I20260710 11:09:13.643524  4953 raft_consensus.cc:3060] T 00000000000000000000000000000000 P 06555b71092e4f2288e8b5a17aabd3eb [term 0 FOLLOWER]: Advancing to term 1
I20260710 11:09:13.647017  4953 raft_consensus.cc:515] T 00000000000000000000000000000000 P 06555b71092e4f2288e8b5a17aabd3eb [term 1 FOLLOWER]: Starting leader election with config: opid_index: -1 OBSOLETE_local: true peers { permanent_uuid: "06555b71092e4f2288e8b5a17aabd3eb" member_type: VOTER }
I20260710 11:09:13.647429  4953 leader_election.cc:304] T 00000000000000000000000000000000 P 06555b71092e4f2288e8b5a17aabd3eb [CANDIDATE]: Term 1 election: Election decided. Result: candidate won. Election summary: received 1 responses out of 1 voters: 1 yes votes; 0 no votes. yes voters: 06555b71092e4f2288e8b5a17aabd3eb; no voters: 
I20260710 11:09:13.648381  4953 leader_election.cc:290] T 00000000000000000000000000000000 P 06555b71092e4f2288e8b5a17aabd3eb [CANDIDATE]: Term 1 election: Requested vote from peers 
I20260710 11:09:13.648649  4956 raft_consensus.cc:2804] T 00000000000000000000000000000000 P 06555b71092e4f2288e8b5a17aabd3eb [term 1 FOLLOWER]: Leader election won for term 1
I20260710 11:09:13.649745  4956 raft_consensus.cc:697] T 00000000000000000000000000000000 P 06555b71092e4f2288e8b5a17aabd3eb [term 1 LEADER]: Becoming Leader. State: Replica: 06555b71092e4f2288e8b5a17aabd3eb, State: Running, Role: LEADER
I20260710 11:09:13.650362  4956 consensus_queue.cc:237] T 00000000000000000000000000000000 P 06555b71092e4f2288e8b5a17aabd3eb [LEADER]: Queue going to LEADER mode. State: All replicated index: 0, Majority replicated index: 0, Committed index: 0, Last appended: 0.0, Last appended by leader: 0, Current term: 1, Majority size: 1, State: 0, Mode: LEADER, active raft config: opid_index: -1 OBSOLETE_local: true peers { permanent_uuid: "06555b71092e4f2288e8b5a17aabd3eb" member_type: VOTER }
I20260710 11:09:13.650933  4953 sys_catalog.cc:565] T 00000000000000000000000000000000 P 06555b71092e4f2288e8b5a17aabd3eb [sys.catalog]: configured and running, proceeding with master startup.
I20260710 11:09:13.653048  4957 sys_catalog.cc:455] T 00000000000000000000000000000000 P 06555b71092e4f2288e8b5a17aabd3eb [sys.catalog]: SysCatalogTable state changed. Reason: RaftConsensus started. Latest consensus state: current_term: 1 leader_uuid: "06555b71092e4f2288e8b5a17aabd3eb" committed_config { opid_index: -1 OBSOLETE_local: true peers { permanent_uuid: "06555b71092e4f2288e8b5a17aabd3eb" member_type: VOTER } }
I20260710 11:09:13.653105  4958 sys_catalog.cc:455] T 00000000000000000000000000000000 P 06555b71092e4f2288e8b5a17aabd3eb [sys.catalog]: SysCatalogTable state changed. Reason: New leader 06555b71092e4f2288e8b5a17aabd3eb. Latest consensus state: current_term: 1 leader_uuid: "06555b71092e4f2288e8b5a17aabd3eb" committed_config { opid_index: -1 OBSOLETE_local: true peers { permanent_uuid: "06555b71092e4f2288e8b5a17aabd3eb" member_type: VOTER } }
I20260710 11:09:13.653801  4958 sys_catalog.cc:458] T 00000000000000000000000000000000 P 06555b71092e4f2288e8b5a17aabd3eb [sys.catalog]: This master's current role is: LEADER
I20260710 11:09:13.653785  4957 sys_catalog.cc:458] T 00000000000000000000000000000000 P 06555b71092e4f2288e8b5a17aabd3eb [sys.catalog]: This master's current role is: LEADER
I20260710 11:09:13.661221  4962 catalog_manager.cc:1511] Loading table and tablet metadata into memory...
I20260710 11:09:13.667766  4962 catalog_manager.cc:1520] Initializing Kudu cluster ID...
I20260710 11:09:13.668622  4401 internal_mini_cluster.cc:184] Waiting to initialize catalog manager on master 0
I20260710 11:09:13.675143  4962 catalog_manager.cc:1383] Generated new cluster ID: 2732534c5fb34552b793ede02fba53b2
I20260710 11:09:13.675376  4962 catalog_manager.cc:1531] Initializing Kudu internal certificate authority...
I20260710 11:09:13.689620  4962 catalog_manager.cc:1406] Generated new certificate authority record
I20260710 11:09:13.690721  4962 catalog_manager.cc:1540] Loading token signing keys...
I20260710 11:09:13.702440  4962 catalog_manager.cc:6070] T 00000000000000000000000000000000 P 06555b71092e4f2288e8b5a17aabd3eb: Generated new TSK 0
I20260710 11:09:13.702937  4962 catalog_manager.cc:1550] Initializing in-progress tserver states...
I20260710 11:09:13.734897  4401 file_cache.cc:504] Constructed file cache file cache with capacity 419430
W20260710 11:09:13.740177  4974 instance_detector.cc:116] could not retrieve AWS instance metadata: Network error: curl error: HTTP response code said error: The requested URL returned error: 404
W20260710 11:09:13.741122  4975 instance_detector.cc:116] could not retrieve Azure instance metadata: Network error: curl error: HTTP response code said error: The requested URL returned error: 404
I20260710 11:09:13.742553  4401 server_base.cc:1061] running on GCE node
W20260710 11:09:13.742528  4977 instance_detector.cc:116] could not retrieve OpenStack instance metadata: Network error: curl error: HTTP response code said error: The requested URL returned error: 404
I20260710 11:09:13.743544  4401 hybrid_clock.cc:584] initializing the hybrid clock with 'system_unsync' time source
W20260710 11:09:13.743736  4401 system_unsync_time.cc:38] NTP support is disabled. Clock error bounds will not be accurate. This configuration is not suitable for distributed clusters.
I20260710 11:09:13.743875  4401 hybrid_clock.cc:648] HybridClock initialized: now 1783681753743859 us; error 0 us; skew 500 ppm
I20260710 11:09:13.744366  4401 server_base.cc:861] Flag tcmalloc_max_total_thread_cache_bytes is not working since tcmalloc is not enabled.
I20260710 11:09:13.746351  4401 webserver.cc:533] Webserver started at http://127.4.76.65:39245/ using document root <none> and password file <none>
I20260710 11:09:13.746779  4401 fs_manager.cc:362] Metadata directory not provided
I20260710 11:09:13.746953  4401 fs_manager.cc:368] Using write-ahead log directory (fs_wal_dir) as metadata directory
I20260710 11:09:13.747179  4401 server_base.cc:909] This appears to be a new deployment of Kudu; creating new FS layout
I20260710 11:09:13.748172  4401 fs_manager.cc:1068] Generated new instance metadata in path /tmp/dist-test-tasksibF8X/test-tmp/auto_leader_rebalancer-test.0.LeaderRebalancerTest.FunctionalTestForNotDivided.1783681741203365-4401-0/minicluster-data/ts-0-root/instance:
uuid: "9c445b1641bc426aacaaa157be7e7da4"
format_stamp: "Formatted at 2026-07-10 11:09:13 on dist-test-slave-0nsv"
I20260710 11:09:13.752152  4401 fs_manager.cc:696] Time spent creating directory manager: real 0.004s	user 0.003s	sys 0.001s
I20260710 11:09:13.755013  4982 log_block_manager.cc:4127] Time spent loading block containers with low live blocks: real 0.000s	user 0.000s	sys 0.000s
I20260710 11:09:13.755668  4401 fs_manager.cc:730] Time spent opening block manager: real 0.002s	user 0.003s	sys 0.000s
I20260710 11:09:13.755920  4401 fs_manager.cc:647] Opened local filesystem: /tmp/dist-test-tasksibF8X/test-tmp/auto_leader_rebalancer-test.0.LeaderRebalancerTest.FunctionalTestForNotDivided.1783681741203365-4401-0/minicluster-data/ts-0-root
uuid: "9c445b1641bc426aacaaa157be7e7da4"
format_stamp: "Formatted at 2026-07-10 11:09:13 on dist-test-slave-0nsv"
I20260710 11:09:13.756181  4401 fs_report.cc:389] FS layout report
--------------------
wal directory: /tmp/dist-test-tasksibF8X/test-tmp/auto_leader_rebalancer-test.0.LeaderRebalancerTest.FunctionalTestForNotDivided.1783681741203365-4401-0/minicluster-data/ts-0-root
metadata directory: /tmp/dist-test-tasksibF8X/test-tmp/auto_leader_rebalancer-test.0.LeaderRebalancerTest.FunctionalTestForNotDivided.1783681741203365-4401-0/minicluster-data/ts-0-root
1 data directories: /tmp/dist-test-tasksibF8X/test-tmp/auto_leader_rebalancer-test.0.LeaderRebalancerTest.FunctionalTestForNotDivided.1783681741203365-4401-0/minicluster-data/ts-0-root/data
Total live blocks: 0
Total live bytes: 0
Total live bytes (after alignment): 0
Total number of LBM containers: 0 (0 full)
Did not check for missing blocks
Did not check for orphaned blocks
Total full LBM containers with extra space: 0 (0 repaired)
Total full LBM container extra space in bytes: 0 (0 repaired)
Total incomplete LBM containers: 0 (0 repaired)
Total LBM partial records: 0 (0 repaired)
Total corrupted LBM metadata records in RocksDB: 0 (0 repaired)
I20260710 11:09:13.778136  4401 rpc_server.cc:225] running with OpenSSL 1.1.1  11 Sep 2018
I20260710 11:09:13.779278  4401 kserver.cc:163] Server-wide thread pool size limit: 3276
I20260710 11:09:13.780616  4401 txn_system_client.cc:432] TxnSystemClient initialization is disabled...
I20260710 11:09:13.782689  4401 ts_tablet_manager.cc:585] Loaded tablet metadata (0 total tablets, 0 live tablets)
I20260710 11:09:13.782886  4401 ts_tablet_manager.cc:531] Time spent load tablet metadata: real 0.000s	user 0.000s	sys 0.000s
I20260710 11:09:13.783103  4401 ts_tablet_manager.cc:616] Registered 0 tablets
I20260710 11:09:13.783257  4401 ts_tablet_manager.cc:595] Time spent register tablets: real 0.000s	user 0.000s	sys 0.000s
I20260710 11:09:13.818945  4401 rpc_server.cc:307] RPC server started. Bound to: 127.4.76.65:46389
I20260710 11:09:13.819008  5044 acceptor_pool.cc:272] collecting diagnostics on the listening RPC socket 127.4.76.65:46389 every 8 connection(s)
I20260710 11:09:13.823769  4401 file_cache.cc:504] Constructed file cache file cache with capacity 419430
W20260710 11:09:13.830399  5049 instance_detector.cc:116] could not retrieve AWS instance metadata: Network error: curl error: HTTP response code said error: The requested URL returned error: 404
W20260710 11:09:13.833350  5050 instance_detector.cc:116] could not retrieve Azure instance metadata: Network error: curl error: HTTP response code said error: The requested URL returned error: 404
W20260710 11:09:13.834265  5052 instance_detector.cc:116] could not retrieve OpenStack instance metadata: Network error: curl error: HTTP response code said error: The requested URL returned error: 404
I20260710 11:09:13.834640  4401 server_base.cc:1061] running on GCE node
I20260710 11:09:13.835745  4401 hybrid_clock.cc:584] initializing the hybrid clock with 'system_unsync' time source
W20260710 11:09:13.835986  4401 system_unsync_time.cc:38] NTP support is disabled. Clock error bounds will not be accurate. This configuration is not suitable for distributed clusters.
I20260710 11:09:13.836113  4401 hybrid_clock.cc:648] HybridClock initialized: now 1783681753836102 us; error 0 us; skew 500 ppm
I20260710 11:09:13.836545  4401 server_base.cc:861] Flag tcmalloc_max_total_thread_cache_bytes is not working since tcmalloc is not enabled.
I20260710 11:09:13.838809  4401 webserver.cc:533] Webserver started at http://127.4.76.66:43223/ using document root <none> and password file <none>
I20260710 11:09:13.839401  4401 fs_manager.cc:362] Metadata directory not provided
I20260710 11:09:13.839658  4401 fs_manager.cc:368] Using write-ahead log directory (fs_wal_dir) as metadata directory
I20260710 11:09:13.839915  4401 server_base.cc:909] This appears to be a new deployment of Kudu; creating new FS layout
I20260710 11:09:13.841226  4401 fs_manager.cc:1068] Generated new instance metadata in path /tmp/dist-test-tasksibF8X/test-tmp/auto_leader_rebalancer-test.0.LeaderRebalancerTest.FunctionalTestForNotDivided.1783681741203365-4401-0/minicluster-data/ts-1-root/instance:
uuid: "ffffefd7b2cb4e6d80cbfc8c5d64ceba"
format_stamp: "Formatted at 2026-07-10 11:09:13 on dist-test-slave-0nsv"
I20260710 11:09:13.841568  5045 heartbeater.cc:344] Connected to a master server at 127.4.76.126:36957
I20260710 11:09:13.841939  5045 heartbeater.cc:461] Registering TS with master...
I20260710 11:09:13.842725  5045 heartbeater.cc:507] Master 127.4.76.126:36957 requested a full tablet report, sending...
I20260710 11:09:13.844918  4918 ts_manager.cc:194] Registered new tserver with Master: 9c445b1641bc426aacaaa157be7e7da4 (127.4.76.65:46389)
I20260710 11:09:13.846205  4401 fs_manager.cc:696] Time spent creating directory manager: real 0.004s	user 0.006s	sys 0.000s
I20260710 11:09:13.847041  4918 master_service.cc:502] Signed X509 certificate for tserver {username='slave'} at 127.0.0.1:49672
I20260710 11:09:13.849990  5057 log_block_manager.cc:4127] Time spent loading block containers with low live blocks: real 0.000s	user 0.000s	sys 0.000s
I20260710 11:09:13.850628  4401 fs_manager.cc:730] Time spent opening block manager: real 0.002s	user 0.002s	sys 0.000s
I20260710 11:09:13.850880  4401 fs_manager.cc:647] Opened local filesystem: /tmp/dist-test-tasksibF8X/test-tmp/auto_leader_rebalancer-test.0.LeaderRebalancerTest.FunctionalTestForNotDivided.1783681741203365-4401-0/minicluster-data/ts-1-root
uuid: "ffffefd7b2cb4e6d80cbfc8c5d64ceba"
format_stamp: "Formatted at 2026-07-10 11:09:13 on dist-test-slave-0nsv"
I20260710 11:09:13.851116  4401 fs_report.cc:389] FS layout report
--------------------
wal directory: /tmp/dist-test-tasksibF8X/test-tmp/auto_leader_rebalancer-test.0.LeaderRebalancerTest.FunctionalTestForNotDivided.1783681741203365-4401-0/minicluster-data/ts-1-root
metadata directory: /tmp/dist-test-tasksibF8X/test-tmp/auto_leader_rebalancer-test.0.LeaderRebalancerTest.FunctionalTestForNotDivided.1783681741203365-4401-0/minicluster-data/ts-1-root
1 data directories: /tmp/dist-test-tasksibF8X/test-tmp/auto_leader_rebalancer-test.0.LeaderRebalancerTest.FunctionalTestForNotDivided.1783681741203365-4401-0/minicluster-data/ts-1-root/data
Total live blocks: 0
Total live bytes: 0
Total live bytes (after alignment): 0
Total number of LBM containers: 0 (0 full)
Did not check for missing blocks
Did not check for orphaned blocks
Total full LBM containers with extra space: 0 (0 repaired)
Total full LBM container extra space in bytes: 0 (0 repaired)
Total incomplete LBM containers: 0 (0 repaired)
Total LBM partial records: 0 (0 repaired)
Total corrupted LBM metadata records in RocksDB: 0 (0 repaired)
I20260710 11:09:13.863782  4401 rpc_server.cc:225] running with OpenSSL 1.1.1  11 Sep 2018
I20260710 11:09:13.864842  4401 kserver.cc:163] Server-wide thread pool size limit: 3276
I20260710 11:09:13.866109  4401 txn_system_client.cc:432] TxnSystemClient initialization is disabled...
I20260710 11:09:13.868474  4401 ts_tablet_manager.cc:585] Loaded tablet metadata (0 total tablets, 0 live tablets)
I20260710 11:09:13.868640  4401 ts_tablet_manager.cc:531] Time spent load tablet metadata: real 0.000s	user 0.000s	sys 0.000s
I20260710 11:09:13.868849  4401 ts_tablet_manager.cc:616] Registered 0 tablets
I20260710 11:09:13.868981  4401 ts_tablet_manager.cc:595] Time spent register tablets: real 0.000s	user 0.000s	sys 0.000s
I20260710 11:09:13.904917  4401 rpc_server.cc:307] RPC server started. Bound to: 127.4.76.66:33069
I20260710 11:09:13.905018  5119 acceptor_pool.cc:272] collecting diagnostics on the listening RPC socket 127.4.76.66:33069 every 8 connection(s)
I20260710 11:09:13.909206  4401 file_cache.cc:504] Constructed file cache file cache with capacity 419430
W20260710 11:09:13.916380  5123 instance_detector.cc:116] could not retrieve AWS instance metadata: Network error: curl error: HTTP response code said error: The requested URL returned error: 404
W20260710 11:09:13.917464  5124 instance_detector.cc:116] could not retrieve Azure instance metadata: Network error: curl error: HTTP response code said error: The requested URL returned error: 404
I20260710 11:09:13.919991  5120 heartbeater.cc:344] Connected to a master server at 127.4.76.126:36957
I20260710 11:09:13.920399  5120 heartbeater.cc:461] Registering TS with master...
I20260710 11:09:13.920715  4401 server_base.cc:1061] running on GCE node
W20260710 11:09:13.921278  5126 instance_detector.cc:116] could not retrieve OpenStack instance metadata: Network error: curl error: HTTP response code said error: The requested URL returned error: 404
I20260710 11:09:13.921267  5120 heartbeater.cc:507] Master 127.4.76.126:36957 requested a full tablet report, sending...
I20260710 11:09:13.922214  4401 hybrid_clock.cc:584] initializing the hybrid clock with 'system_unsync' time source
W20260710 11:09:13.922478  4401 system_unsync_time.cc:38] NTP support is disabled. Clock error bounds will not be accurate. This configuration is not suitable for distributed clusters.
I20260710 11:09:13.922675  4401 hybrid_clock.cc:648] HybridClock initialized: now 1783681753922656 us; error 0 us; skew 500 ppm
I20260710 11:09:13.923332  4401 server_base.cc:861] Flag tcmalloc_max_total_thread_cache_bytes is not working since tcmalloc is not enabled.
I20260710 11:09:13.923498  4918 ts_manager.cc:194] Registered new tserver with Master: ffffefd7b2cb4e6d80cbfc8c5d64ceba (127.4.76.66:33069)
I20260710 11:09:13.925171  4918 master_service.cc:502] Signed X509 certificate for tserver {username='slave'} at 127.0.0.1:49686
I20260710 11:09:13.925823  4401 webserver.cc:533] Webserver started at http://127.4.76.67:42775/ using document root <none> and password file <none>
I20260710 11:09:13.926378  4401 fs_manager.cc:362] Metadata directory not provided
I20260710 11:09:13.926620  4401 fs_manager.cc:368] Using write-ahead log directory (fs_wal_dir) as metadata directory
I20260710 11:09:13.926918  4401 server_base.cc:909] This appears to be a new deployment of Kudu; creating new FS layout
I20260710 11:09:13.928072  4401 fs_manager.cc:1068] Generated new instance metadata in path /tmp/dist-test-tasksibF8X/test-tmp/auto_leader_rebalancer-test.0.LeaderRebalancerTest.FunctionalTestForNotDivided.1783681741203365-4401-0/minicluster-data/ts-2-root/instance:
uuid: "7bd157103eaa4517b745866a9654e9d2"
format_stamp: "Formatted at 2026-07-10 11:09:13 on dist-test-slave-0nsv"
I20260710 11:09:13.931912  4401 fs_manager.cc:696] Time spent creating directory manager: real 0.003s	user 0.003s	sys 0.001s
I20260710 11:09:13.934631  5131 log_block_manager.cc:4127] Time spent loading block containers with low live blocks: real 0.000s	user 0.000s	sys 0.000s
I20260710 11:09:13.935261  4401 fs_manager.cc:730] Time spent opening block manager: real 0.002s	user 0.002s	sys 0.001s
I20260710 11:09:13.935549  4401 fs_manager.cc:647] Opened local filesystem: /tmp/dist-test-tasksibF8X/test-tmp/auto_leader_rebalancer-test.0.LeaderRebalancerTest.FunctionalTestForNotDivided.1783681741203365-4401-0/minicluster-data/ts-2-root
uuid: "7bd157103eaa4517b745866a9654e9d2"
format_stamp: "Formatted at 2026-07-10 11:09:13 on dist-test-slave-0nsv"
I20260710 11:09:13.935782  4401 fs_report.cc:389] FS layout report
--------------------
wal directory: /tmp/dist-test-tasksibF8X/test-tmp/auto_leader_rebalancer-test.0.LeaderRebalancerTest.FunctionalTestForNotDivided.1783681741203365-4401-0/minicluster-data/ts-2-root
metadata directory: /tmp/dist-test-tasksibF8X/test-tmp/auto_leader_rebalancer-test.0.LeaderRebalancerTest.FunctionalTestForNotDivided.1783681741203365-4401-0/minicluster-data/ts-2-root
1 data directories: /tmp/dist-test-tasksibF8X/test-tmp/auto_leader_rebalancer-test.0.LeaderRebalancerTest.FunctionalTestForNotDivided.1783681741203365-4401-0/minicluster-data/ts-2-root/data
Total live blocks: 0
Total live bytes: 0
Total live bytes (after alignment): 0
Total number of LBM containers: 0 (0 full)
Did not check for missing blocks
Did not check for orphaned blocks
Total full LBM containers with extra space: 0 (0 repaired)
Total full LBM container extra space in bytes: 0 (0 repaired)
Total incomplete LBM containers: 0 (0 repaired)
Total LBM partial records: 0 (0 repaired)
Total corrupted LBM metadata records in RocksDB: 0 (0 repaired)
I20260710 11:09:13.954557  4401 rpc_server.cc:225] running with OpenSSL 1.1.1  11 Sep 2018
I20260710 11:09:13.955629  4401 kserver.cc:163] Server-wide thread pool size limit: 3276
I20260710 11:09:13.957036  4401 txn_system_client.cc:432] TxnSystemClient initialization is disabled...
I20260710 11:09:13.959136  4401 ts_tablet_manager.cc:585] Loaded tablet metadata (0 total tablets, 0 live tablets)
I20260710 11:09:13.959306  4401 ts_tablet_manager.cc:531] Time spent load tablet metadata: real 0.000s	user 0.000s	sys 0.000s
I20260710 11:09:13.959568  4401 ts_tablet_manager.cc:616] Registered 0 tablets
I20260710 11:09:13.959707  4401 ts_tablet_manager.cc:595] Time spent register tablets: real 0.000s	user 0.000s	sys 0.000s
I20260710 11:09:13.995497  4401 rpc_server.cc:307] RPC server started. Bound to: 127.4.76.67:45671
I20260710 11:09:13.995636  5193 acceptor_pool.cc:272] collecting diagnostics on the listening RPC socket 127.4.76.67:45671 every 8 connection(s)
I20260710 11:09:14.009945  5194 heartbeater.cc:344] Connected to a master server at 127.4.76.126:36957
I20260710 11:09:14.010355  5194 heartbeater.cc:461] Registering TS with master...
I20260710 11:09:14.011188  5194 heartbeater.cc:507] Master 127.4.76.126:36957 requested a full tablet report, sending...
I20260710 11:09:14.012959  4918 ts_manager.cc:194] Registered new tserver with Master: 7bd157103eaa4517b745866a9654e9d2 (127.4.76.67:45671)
I20260710 11:09:14.013162  4401 internal_mini_cluster.cc:371] 3 TS(s) registered with all masters after 0.014828733s
I20260710 11:09:14.014225  4918 master_service.cc:502] Signed X509 certificate for tserver {username='slave'} at 127.0.0.1:49700
I20260710 11:09:14.035260  4918 catalog_manager.cc:2283] Servicing CreateTable request from {username='slave'} at 127.0.0.1:49710:
name: "test-workload"
schema {
  columns {
    name: "key"
    type: INT32
    is_key: true
    is_nullable: false
    encoding: AUTO_ENCODING
    compression: DEFAULT_COMPRESSION
    cfile_block_size: 0
    immutable: false
  }
  columns {
    name: "int_val"
    type: INT32
    is_key: false
    is_nullable: false
    encoding: AUTO_ENCODING
    compression: DEFAULT_COMPRESSION
    cfile_block_size: 0
    immutable: false
  }
  columns {
    name: "string_val"
    type: STRING
    is_key: false
    is_nullable: true
    encoding: AUTO_ENCODING
    compression: DEFAULT_COMPRESSION
    cfile_block_size: 0
    immutable: false
  }
}
num_replicas: 3
split_rows_range_bounds {
  rows: "\004\001\000\314\314\314\014\004\001\000\230\231\231\031\004\001\000dff&\004\001\0000333\004\001\000\374\377\377?\004\001\000\310\314\314L\004\001\000\224\231\231Y\004\001\000`fff\004\001\000,33s""\004\001\000\314\314\314\014\004\001\000\230\231\231\031\004\001\000dff&\004\001\0000333\004\001\000\374\377\377?\004\001\000\310\314\314L\004\001\000\224\231\231Y\004\001\000`fff\004\001\000,33s"
  indirect_data: """"
}
partition_schema {
  range_schema {
    columns {
      name: "key"
    }
  }
}
W20260710 11:09:14.037925  4918 catalog_manager.cc:7077] The number of live tablet servers is not enough to re-replicate a tablet replica of the newly created table test-workload in case of a server failure: 4 tablet servers would be needed, 3 are available. Consider bringing up more tablet servers.
I20260710 11:09:14.097273  5085 tablet_service.cc:1511] Processing CreateTablet for tablet 4e418b75406c4dd299424e9ff64640d7 (DEFAULT_TABLE table=test-workload [id=aa8019efbe9742a9822429a2340da39c]), partition=RANGE (key) PARTITION VALUES < 214748364
I20260710 11:09:14.098644  5085 data_dirs.cc:400] Could only allocate 1 dirs of requested 3 for tablet 4e418b75406c4dd299424e9ff64640d7. 1 dirs total, 0 dirs full, 0 dirs failed
I20260710 11:09:14.102027  5084 tablet_service.cc:1511] Processing CreateTablet for tablet 2b144bdbfdeb4467b4b65856be3af639 (DEFAULT_TABLE table=test-workload [id=aa8019efbe9742a9822429a2340da39c]), partition=RANGE (key) PARTITION 214748364 <= VALUES < 429496728
I20260710 11:09:14.103277  5084 data_dirs.cc:400] Could only allocate 1 dirs of requested 3 for tablet 2b144bdbfdeb4467b4b65856be3af639. 1 dirs total, 0 dirs full, 0 dirs failed
I20260710 11:09:14.104115  5159 tablet_service.cc:1511] Processing CreateTablet for tablet 4e418b75406c4dd299424e9ff64640d7 (DEFAULT_TABLE table=test-workload [id=aa8019efbe9742a9822429a2340da39c]), partition=RANGE (key) PARTITION VALUES < 214748364
I20260710 11:09:14.105301  5159 data_dirs.cc:400] Could only allocate 1 dirs of requested 3 for tablet 4e418b75406c4dd299424e9ff64640d7. 1 dirs total, 0 dirs full, 0 dirs failed
I20260710 11:09:14.108330  5083 tablet_service.cc:1511] Processing CreateTablet for tablet 1d6cd9125bcb456c9a35f03fad2f21c2 (DEFAULT_TABLE table=test-workload [id=aa8019efbe9742a9822429a2340da39c]), partition=RANGE (key) PARTITION 429496728 <= VALUES < 644245092
I20260710 11:09:14.109544  5083 data_dirs.cc:400] Could only allocate 1 dirs of requested 3 for tablet 1d6cd9125bcb456c9a35f03fad2f21c2. 1 dirs total, 0 dirs full, 0 dirs failed
I20260710 11:09:14.109895  5157 tablet_service.cc:1511] Processing CreateTablet for tablet 1d6cd9125bcb456c9a35f03fad2f21c2 (DEFAULT_TABLE table=test-workload [id=aa8019efbe9742a9822429a2340da39c]), partition=RANGE (key) PARTITION 429496728 <= VALUES < 644245092
I20260710 11:09:14.111069  5157 data_dirs.cc:400] Could only allocate 1 dirs of requested 3 for tablet 1d6cd9125bcb456c9a35f03fad2f21c2. 1 dirs total, 0 dirs full, 0 dirs failed
I20260710 11:09:14.112572  5158 tablet_service.cc:1511] Processing CreateTablet for tablet 2b144bdbfdeb4467b4b65856be3af639 (DEFAULT_TABLE table=test-workload [id=aa8019efbe9742a9822429a2340da39c]), partition=RANGE (key) PARTITION 214748364 <= VALUES < 429496728
I20260710 11:09:14.114014  5158 data_dirs.cc:400] Could only allocate 1 dirs of requested 3 for tablet 2b144bdbfdeb4467b4b65856be3af639. 1 dirs total, 0 dirs full, 0 dirs failed
I20260710 11:09:14.133080  5082 tablet_service.cc:1511] Processing CreateTablet for tablet 375f56cd8d964de6b75bc4b647fe9349 (DEFAULT_TABLE table=test-workload [id=aa8019efbe9742a9822429a2340da39c]), partition=RANGE (key) PARTITION 644245092 <= VALUES < 858993456
I20260710 11:09:14.134382  5082 data_dirs.cc:400] Could only allocate 1 dirs of requested 3 for tablet 375f56cd8d964de6b75bc4b647fe9349. 1 dirs total, 0 dirs full, 0 dirs failed
I20260710 11:09:14.134819  5156 tablet_service.cc:1511] Processing CreateTablet for tablet 375f56cd8d964de6b75bc4b647fe9349 (DEFAULT_TABLE table=test-workload [id=aa8019efbe9742a9822429a2340da39c]), partition=RANGE (key) PARTITION 644245092 <= VALUES < 858993456
I20260710 11:09:14.136083  5156 data_dirs.cc:400] Could only allocate 1 dirs of requested 3 for tablet 375f56cd8d964de6b75bc4b647fe9349. 1 dirs total, 0 dirs full, 0 dirs failed
I20260710 11:09:14.138195  5210 tablet_bootstrap.cc:492] T 4e418b75406c4dd299424e9ff64640d7 P 7bd157103eaa4517b745866a9654e9d2: Bootstrap starting.
I20260710 11:09:14.140952  5010 tablet_service.cc:1511] Processing CreateTablet for tablet 4e418b75406c4dd299424e9ff64640d7 (DEFAULT_TABLE table=test-workload [id=aa8019efbe9742a9822429a2340da39c]), partition=RANGE (key) PARTITION VALUES < 214748364
I20260710 11:09:14.142145  5010 data_dirs.cc:400] Could only allocate 1 dirs of requested 3 for tablet 4e418b75406c4dd299424e9ff64640d7. 1 dirs total, 0 dirs full, 0 dirs failed
I20260710 11:09:14.144532  5009 tablet_service.cc:1511] Processing CreateTablet for tablet 2b144bdbfdeb4467b4b65856be3af639 (DEFAULT_TABLE table=test-workload [id=aa8019efbe9742a9822429a2340da39c]), partition=RANGE (key) PARTITION 214748364 <= VALUES < 429496728
I20260710 11:09:14.145805  5009 data_dirs.cc:400] Could only allocate 1 dirs of requested 3 for tablet 2b144bdbfdeb4467b4b65856be3af639. 1 dirs total, 0 dirs full, 0 dirs failed
I20260710 11:09:14.147815  5008 tablet_service.cc:1511] Processing CreateTablet for tablet 1d6cd9125bcb456c9a35f03fad2f21c2 (DEFAULT_TABLE table=test-workload [id=aa8019efbe9742a9822429a2340da39c]), partition=RANGE (key) PARTITION 429496728 <= VALUES < 644245092
I20260710 11:09:14.149304  5008 data_dirs.cc:400] Could only allocate 1 dirs of requested 3 for tablet 1d6cd9125bcb456c9a35f03fad2f21c2. 1 dirs total, 0 dirs full, 0 dirs failed
I20260710 11:09:14.149475  5007 tablet_service.cc:1511] Processing CreateTablet for tablet 375f56cd8d964de6b75bc4b647fe9349 (DEFAULT_TABLE table=test-workload [id=aa8019efbe9742a9822429a2340da39c]), partition=RANGE (key) PARTITION 644245092 <= VALUES < 858993456
I20260710 11:09:14.150641  5007 data_dirs.cc:400] Could only allocate 1 dirs of requested 3 for tablet 375f56cd8d964de6b75bc4b647fe9349. 1 dirs total, 0 dirs full, 0 dirs failed
I20260710 11:09:14.153013  5006 tablet_service.cc:1511] Processing CreateTablet for tablet 1a308fc0c61343beb4497ce332372c1e (DEFAULT_TABLE table=test-workload [id=aa8019efbe9742a9822429a2340da39c]), partition=RANGE (key) PARTITION 858993456 <= VALUES < 1073741820
I20260710 11:09:14.154204  5006 data_dirs.cc:400] Could only allocate 1 dirs of requested 3 for tablet 1a308fc0c61343beb4497ce332372c1e. 1 dirs total, 0 dirs full, 0 dirs failed
I20260710 11:09:14.161772  5084 tablet_service.cc:1511] Processing CreateTablet for tablet 1a308fc0c61343beb4497ce332372c1e (DEFAULT_TABLE table=test-workload [id=aa8019efbe9742a9822429a2340da39c]), partition=RANGE (key) PARTITION 858993456 <= VALUES < 1073741820
I20260710 11:09:14.163084  5084 data_dirs.cc:400] Could only allocate 1 dirs of requested 3 for tablet 1a308fc0c61343beb4497ce332372c1e. 1 dirs total, 0 dirs full, 0 dirs failed
I20260710 11:09:14.177033  5209 tablet_bootstrap.cc:492] T 4e418b75406c4dd299424e9ff64640d7 P ffffefd7b2cb4e6d80cbfc8c5d64ceba: Bootstrap starting.
I20260710 11:09:14.177289  5157 tablet_service.cc:1511] Processing CreateTablet for tablet 1a308fc0c61343beb4497ce332372c1e (DEFAULT_TABLE table=test-workload [id=aa8019efbe9742a9822429a2340da39c]), partition=RANGE (key) PARTITION 858993456 <= VALUES < 1073741820
I20260710 11:09:14.178471  5157 data_dirs.cc:400] Could only allocate 1 dirs of requested 3 for tablet 1a308fc0c61343beb4497ce332372c1e. 1 dirs total, 0 dirs full, 0 dirs failed
I20260710 11:09:14.183671  5006 tablet_service.cc:1511] Processing CreateTablet for tablet fa03a0cff833417797ce41a9e1240e5a (DEFAULT_TABLE table=test-workload [id=aa8019efbe9742a9822429a2340da39c]), partition=RANGE (key) PARTITION 1073741820 <= VALUES < 1288490184
I20260710 11:09:14.184862  5006 data_dirs.cc:400] Could only allocate 1 dirs of requested 3 for tablet fa03a0cff833417797ce41a9e1240e5a. 1 dirs total, 0 dirs full, 0 dirs failed
I20260710 11:09:14.184851  5085 tablet_service.cc:1511] Processing CreateTablet for tablet fa03a0cff833417797ce41a9e1240e5a (DEFAULT_TABLE table=test-workload [id=aa8019efbe9742a9822429a2340da39c]), partition=RANGE (key) PARTITION 1073741820 <= VALUES < 1288490184
I20260710 11:09:14.186216  5085 data_dirs.cc:400] Could only allocate 1 dirs of requested 3 for tablet fa03a0cff833417797ce41a9e1240e5a. 1 dirs total, 0 dirs full, 0 dirs failed
I20260710 11:09:14.189849  5159 tablet_service.cc:1511] Processing CreateTablet for tablet fa03a0cff833417797ce41a9e1240e5a (DEFAULT_TABLE table=test-workload [id=aa8019efbe9742a9822429a2340da39c]), partition=RANGE (key) PARTITION 1073741820 <= VALUES < 1288490184
I20260710 11:09:14.191042  5159 data_dirs.cc:400] Could only allocate 1 dirs of requested 3 for tablet fa03a0cff833417797ce41a9e1240e5a. 1 dirs total, 0 dirs full, 0 dirs failed
I20260710 11:09:14.193542  5209 tablet_bootstrap.cc:654] T 4e418b75406c4dd299424e9ff64640d7 P ffffefd7b2cb4e6d80cbfc8c5d64ceba: Neither blocks nor log segments found. Creating new log.
I20260710 11:09:14.196430  5210 tablet_bootstrap.cc:654] T 4e418b75406c4dd299424e9ff64640d7 P 7bd157103eaa4517b745866a9654e9d2: Neither blocks nor log segments found. Creating new log.
I20260710 11:09:14.198726  5211 tablet_bootstrap.cc:492] T 2b144bdbfdeb4467b4b65856be3af639 P 9c445b1641bc426aacaaa157be7e7da4: Bootstrap starting.
I20260710 11:09:14.213368  5084 tablet_service.cc:1511] Processing CreateTablet for tablet 822e822a7e194bd1889b8b589c1294d3 (DEFAULT_TABLE table=test-workload [id=aa8019efbe9742a9822429a2340da39c]), partition=RANGE (key) PARTITION 1288490184 <= VALUES < 1503238548
I20260710 11:09:14.214708  5084 data_dirs.cc:400] Could only allocate 1 dirs of requested 3 for tablet 822e822a7e194bd1889b8b589c1294d3. 1 dirs total, 0 dirs full, 0 dirs failed
I20260710 11:09:14.219172  5007 tablet_service.cc:1511] Processing CreateTablet for tablet 822e822a7e194bd1889b8b589c1294d3 (DEFAULT_TABLE table=test-workload [id=aa8019efbe9742a9822429a2340da39c]), partition=RANGE (key) PARTITION 1288490184 <= VALUES < 1503238548
I20260710 11:09:14.220407  5007 data_dirs.cc:400] Could only allocate 1 dirs of requested 3 for tablet 822e822a7e194bd1889b8b589c1294d3. 1 dirs total, 0 dirs full, 0 dirs failed
I20260710 11:09:14.221874  5211 tablet_bootstrap.cc:654] T 2b144bdbfdeb4467b4b65856be3af639 P 9c445b1641bc426aacaaa157be7e7da4: Neither blocks nor log segments found. Creating new log.
I20260710 11:09:14.225557  5157 tablet_service.cc:1511] Processing CreateTablet for tablet 822e822a7e194bd1889b8b589c1294d3 (DEFAULT_TABLE table=test-workload [id=aa8019efbe9742a9822429a2340da39c]), partition=RANGE (key) PARTITION 1288490184 <= VALUES < 1503238548
I20260710 11:09:14.226714  5157 data_dirs.cc:400] Could only allocate 1 dirs of requested 3 for tablet 822e822a7e194bd1889b8b589c1294d3. 1 dirs total, 0 dirs full, 0 dirs failed
I20260710 11:09:14.226831  5006 tablet_service.cc:1511] Processing CreateTablet for tablet 5c2038c1201f4a279021c69812c9ad46 (DEFAULT_TABLE table=test-workload [id=aa8019efbe9742a9822429a2340da39c]), partition=RANGE (key) PARTITION 1503238548 <= VALUES < 1717986912
I20260710 11:09:14.228093  5006 data_dirs.cc:400] Could only allocate 1 dirs of requested 3 for tablet 5c2038c1201f4a279021c69812c9ad46. 1 dirs total, 0 dirs full, 0 dirs failed
I20260710 11:09:14.232867  5209 tablet_bootstrap.cc:492] T 4e418b75406c4dd299424e9ff64640d7 P ffffefd7b2cb4e6d80cbfc8c5d64ceba: No bootstrap required, opened a new log
I20260710 11:09:14.233306  5209 ts_tablet_manager.cc:1403] T 4e418b75406c4dd299424e9ff64640d7 P ffffefd7b2cb4e6d80cbfc8c5d64ceba: Time spent bootstrapping tablet: real 0.057s	user 0.012s	sys 0.011s
I20260710 11:09:14.235996  5209 raft_consensus.cc:359] T 4e418b75406c4dd299424e9ff64640d7 P ffffefd7b2cb4e6d80cbfc8c5d64ceba [term 0 FOLLOWER]: Replica starting. Triggering 0 pending ops. Active config: opid_index: -1 OBSOLETE_local: false peers { permanent_uuid: "ffffefd7b2cb4e6d80cbfc8c5d64ceba" member_type: VOTER last_known_addr { host: "127.4.76.66" port: 33069 } } peers { permanent_uuid: "7bd157103eaa4517b745866a9654e9d2" member_type: VOTER last_known_addr { host: "127.4.76.67" port: 45671 } } peers { permanent_uuid: "9c445b1641bc426aacaaa157be7e7da4" member_type: VOTER last_known_addr { host: "127.4.76.65" port: 46389 } }
I20260710 11:09:14.236321  5085 tablet_service.cc:1511] Processing CreateTablet for tablet 5c2038c1201f4a279021c69812c9ad46 (DEFAULT_TABLE table=test-workload [id=aa8019efbe9742a9822429a2340da39c]), partition=RANGE (key) PARTITION 1503238548 <= VALUES < 1717986912
I20260710 11:09:14.236673  5209 raft_consensus.cc:385] T 4e418b75406c4dd299424e9ff64640d7 P ffffefd7b2cb4e6d80cbfc8c5d64ceba [term 0 FOLLOWER]: Consensus starting up: Expiring failure detector timer to make a prompt election more likely
I20260710 11:09:14.236961  5209 raft_consensus.cc:740] T 4e418b75406c4dd299424e9ff64640d7 P ffffefd7b2cb4e6d80cbfc8c5d64ceba [term 0 FOLLOWER]: Becoming Follower/Learner. State: Replica: ffffefd7b2cb4e6d80cbfc8c5d64ceba, State: Initialized, Role: FOLLOWER
I20260710 11:09:14.237458  5085 data_dirs.cc:400] Could only allocate 1 dirs of requested 3 for tablet 5c2038c1201f4a279021c69812c9ad46. 1 dirs total, 0 dirs full, 0 dirs failed
I20260710 11:09:14.237788  5209 consensus_queue.cc:260] T 4e418b75406c4dd299424e9ff64640d7 P ffffefd7b2cb4e6d80cbfc8c5d64ceba [NON_LEADER]: Queue going to NON_LEADER mode. State: All replicated index: 0, Majority replicated index: 0, Committed index: 0, Last appended: 0.0, Last appended by leader: 0, Current term: 0, Majority size: -1, State: 0, Mode: NON_LEADER, active raft config: opid_index: -1 OBSOLETE_local: false peers { permanent_uuid: "ffffefd7b2cb4e6d80cbfc8c5d64ceba" member_type: VOTER last_known_addr { host: "127.4.76.66" port: 33069 } } peers { permanent_uuid: "7bd157103eaa4517b745866a9654e9d2" member_type: VOTER last_known_addr { host: "127.4.76.67" port: 45671 } } peers { permanent_uuid: "9c445b1641bc426aacaaa157be7e7da4" member_type: VOTER last_known_addr { host: "127.4.76.65" port: 46389 } }
I20260710 11:09:14.242467  5158 tablet_service.cc:1511] Processing CreateTablet for tablet 5c2038c1201f4a279021c69812c9ad46 (DEFAULT_TABLE table=test-workload [id=aa8019efbe9742a9822429a2340da39c]), partition=RANGE (key) PARTITION 1503238548 <= VALUES < 1717986912
I20260710 11:09:14.244928  5210 tablet_bootstrap.cc:492] T 4e418b75406c4dd299424e9ff64640d7 P 7bd157103eaa4517b745866a9654e9d2: No bootstrap required, opened a new log
I20260710 11:09:14.245388  5210 ts_tablet_manager.cc:1403] T 4e418b75406c4dd299424e9ff64640d7 P 7bd157103eaa4517b745866a9654e9d2: Time spent bootstrapping tablet: real 0.107s	user 0.008s	sys 0.013s
I20260710 11:09:14.248368  5007 tablet_service.cc:1511] Processing CreateTablet for tablet a63c673d2f2a4d83a77977105409e976 (DEFAULT_TABLE table=test-workload [id=aa8019efbe9742a9822429a2340da39c]), partition=RANGE (key) PARTITION 1717986912 <= VALUES < 1932735276
I20260710 11:09:14.249538  5007 data_dirs.cc:400] Could only allocate 1 dirs of requested 3 for tablet a63c673d2f2a4d83a77977105409e976. 1 dirs total, 0 dirs full, 0 dirs failed
I20260710 11:09:14.251547  5082 tablet_service.cc:1511] Processing CreateTablet for tablet a63c673d2f2a4d83a77977105409e976 (DEFAULT_TABLE table=test-workload [id=aa8019efbe9742a9822429a2340da39c]), partition=RANGE (key) PARTITION 1717986912 <= VALUES < 1932735276
I20260710 11:09:14.252904  5082 data_dirs.cc:400] Could only allocate 1 dirs of requested 3 for tablet a63c673d2f2a4d83a77977105409e976. 1 dirs total, 0 dirs full, 0 dirs failed
I20260710 11:09:14.254989  5158 data_dirs.cc:400] Could only allocate 1 dirs of requested 3 for tablet 5c2038c1201f4a279021c69812c9ad46. 1 dirs total, 0 dirs full, 0 dirs failed
I20260710 11:09:14.266738  5159 tablet_service.cc:1511] Processing CreateTablet for tablet a63c673d2f2a4d83a77977105409e976 (DEFAULT_TABLE table=test-workload [id=aa8019efbe9742a9822429a2340da39c]), partition=RANGE (key) PARTITION 1717986912 <= VALUES < 1932735276
I20260710 11:09:14.268181  5159 data_dirs.cc:400] Could only allocate 1 dirs of requested 3 for tablet a63c673d2f2a4d83a77977105409e976. 1 dirs total, 0 dirs full, 0 dirs failed
I20260710 11:09:14.278560  5007 tablet_service.cc:1511] Processing CreateTablet for tablet 7d07b992b8ad4b819456490f29a3c97b (DEFAULT_TABLE table=test-workload [id=aa8019efbe9742a9822429a2340da39c]), partition=RANGE (key) PARTITION 1932735276 <= VALUES
I20260710 11:09:14.279750  5007 data_dirs.cc:400] Could only allocate 1 dirs of requested 3 for tablet 7d07b992b8ad4b819456490f29a3c97b. 1 dirs total, 0 dirs full, 0 dirs failed
I20260710 11:09:14.279496  5210 raft_consensus.cc:359] T 4e418b75406c4dd299424e9ff64640d7 P 7bd157103eaa4517b745866a9654e9d2 [term 0 FOLLOWER]: Replica starting. Triggering 0 pending ops. Active config: opid_index: -1 OBSOLETE_local: false peers { permanent_uuid: "ffffefd7b2cb4e6d80cbfc8c5d64ceba" member_type: VOTER last_known_addr { host: "127.4.76.66" port: 33069 } } peers { permanent_uuid: "7bd157103eaa4517b745866a9654e9d2" member_type: VOTER last_known_addr { host: "127.4.76.67" port: 45671 } } peers { permanent_uuid: "9c445b1641bc426aacaaa157be7e7da4" member_type: VOTER last_known_addr { host: "127.4.76.65" port: 46389 } }
I20260710 11:09:14.280192  5210 raft_consensus.cc:385] T 4e418b75406c4dd299424e9ff64640d7 P 7bd157103eaa4517b745866a9654e9d2 [term 0 FOLLOWER]: Consensus starting up: Expiring failure detector timer to make a prompt election more likely
I20260710 11:09:14.280009  5083 tablet_service.cc:1511] Processing CreateTablet for tablet 7d07b992b8ad4b819456490f29a3c97b (DEFAULT_TABLE table=test-workload [id=aa8019efbe9742a9822429a2340da39c]), partition=RANGE (key) PARTITION 1932735276 <= VALUES
I20260710 11:09:14.280469  5210 raft_consensus.cc:740] T 4e418b75406c4dd299424e9ff64640d7 P 7bd157103eaa4517b745866a9654e9d2 [term 0 FOLLOWER]: Becoming Follower/Learner. State: Replica: 7bd157103eaa4517b745866a9654e9d2, State: Initialized, Role: FOLLOWER
I20260710 11:09:14.281268  5083 data_dirs.cc:400] Could only allocate 1 dirs of requested 3 for tablet 7d07b992b8ad4b819456490f29a3c97b. 1 dirs total, 0 dirs full, 0 dirs failed
I20260710 11:09:14.287032  5210 consensus_queue.cc:260] T 4e418b75406c4dd299424e9ff64640d7 P 7bd157103eaa4517b745866a9654e9d2 [NON_LEADER]: Queue going to NON_LEADER mode. State: All replicated index: 0, Majority replicated index: 0, Committed index: 0, Last appended: 0.0, Last appended by leader: 0, Current term: 0, Majority size: -1, State: 0, Mode: NON_LEADER, active raft config: opid_index: -1 OBSOLETE_local: false peers { permanent_uuid: "ffffefd7b2cb4e6d80cbfc8c5d64ceba" member_type: VOTER last_known_addr { host: "127.4.76.66" port: 33069 } } peers { permanent_uuid: "7bd157103eaa4517b745866a9654e9d2" member_type: VOTER last_known_addr { host: "127.4.76.67" port: 45671 } } peers { permanent_uuid: "9c445b1641bc426aacaaa157be7e7da4" member_type: VOTER last_known_addr { host: "127.4.76.65" port: 46389 } }
I20260710 11:09:14.288146  5211 tablet_bootstrap.cc:492] T 2b144bdbfdeb4467b4b65856be3af639 P 9c445b1641bc426aacaaa157be7e7da4: No bootstrap required, opened a new log
I20260710 11:09:14.288600  5211 ts_tablet_manager.cc:1403] T 2b144bdbfdeb4467b4b65856be3af639 P 9c445b1641bc426aacaaa157be7e7da4: Time spent bootstrapping tablet: real 0.090s	user 0.019s	sys 0.045s
I20260710 11:09:14.289801  5209 ts_tablet_manager.cc:1434] T 4e418b75406c4dd299424e9ff64640d7 P ffffefd7b2cb4e6d80cbfc8c5d64ceba: Time spent starting tablet: real 0.056s	user 0.017s	sys 0.013s
I20260710 11:09:14.290484  5120 heartbeater.cc:499] Master 127.4.76.126:36957 was elected leader, sending a full tablet report...
I20260710 11:09:14.291428  5211 raft_consensus.cc:359] T 2b144bdbfdeb4467b4b65856be3af639 P 9c445b1641bc426aacaaa157be7e7da4 [term 0 FOLLOWER]: Replica starting. Triggering 0 pending ops. Active config: opid_index: -1 OBSOLETE_local: false peers { permanent_uuid: "9c445b1641bc426aacaaa157be7e7da4" member_type: VOTER last_known_addr { host: "127.4.76.65" port: 46389 } } peers { permanent_uuid: "ffffefd7b2cb4e6d80cbfc8c5d64ceba" member_type: VOTER last_known_addr { host: "127.4.76.66" port: 33069 } } peers { permanent_uuid: "7bd157103eaa4517b745866a9654e9d2" member_type: VOTER last_known_addr { host: "127.4.76.67" port: 45671 } }
I20260710 11:09:14.292166  5211 raft_consensus.cc:385] T 2b144bdbfdeb4467b4b65856be3af639 P 9c445b1641bc426aacaaa157be7e7da4 [term 0 FOLLOWER]: Consensus starting up: Expiring failure detector timer to make a prompt election more likely
I20260710 11:09:14.292465  5211 raft_consensus.cc:740] T 2b144bdbfdeb4467b4b65856be3af639 P 9c445b1641bc426aacaaa157be7e7da4 [term 0 FOLLOWER]: Becoming Follower/Learner. State: Replica: 9c445b1641bc426aacaaa157be7e7da4, State: Initialized, Role: FOLLOWER
I20260710 11:09:14.293283  5211 consensus_queue.cc:260] T 2b144bdbfdeb4467b4b65856be3af639 P 9c445b1641bc426aacaaa157be7e7da4 [NON_LEADER]: Queue going to NON_LEADER mode. State: All replicated index: 0, Majority replicated index: 0, Committed index: 0, Last appended: 0.0, Last appended by leader: 0, Current term: 0, Majority size: -1, State: 0, Mode: NON_LEADER, active raft config: opid_index: -1 OBSOLETE_local: false peers { permanent_uuid: "9c445b1641bc426aacaaa157be7e7da4" member_type: VOTER last_known_addr { host: "127.4.76.65" port: 46389 } } peers { permanent_uuid: "ffffefd7b2cb4e6d80cbfc8c5d64ceba" member_type: VOTER last_known_addr { host: "127.4.76.66" port: 33069 } } peers { permanent_uuid: "7bd157103eaa4517b745866a9654e9d2" member_type: VOTER last_known_addr { host: "127.4.76.67" port: 45671 } }
I20260710 11:09:14.299059  5158 tablet_service.cc:1511] Processing CreateTablet for tablet 7d07b992b8ad4b819456490f29a3c97b (DEFAULT_TABLE table=test-workload [id=aa8019efbe9742a9822429a2340da39c]), partition=RANGE (key) PARTITION 1932735276 <= VALUES
I20260710 11:09:14.300268  5158 data_dirs.cc:400] Could only allocate 1 dirs of requested 3 for tablet 7d07b992b8ad4b819456490f29a3c97b. 1 dirs total, 0 dirs full, 0 dirs failed
I20260710 11:09:14.304050  5209 tablet_bootstrap.cc:492] T 2b144bdbfdeb4467b4b65856be3af639 P ffffefd7b2cb4e6d80cbfc8c5d64ceba: Bootstrap starting.
I20260710 11:09:14.317598  5194 heartbeater.cc:499] Master 127.4.76.126:36957 was elected leader, sending a full tablet report...
I20260710 11:09:14.318981  5045 heartbeater.cc:499] Master 127.4.76.126:36957 was elected leader, sending a full tablet report...
I20260710 11:09:14.318568  5210 ts_tablet_manager.cc:1434] T 4e418b75406c4dd299424e9ff64640d7 P 7bd157103eaa4517b745866a9654e9d2: Time spent starting tablet: real 0.073s	user 0.007s	sys 0.006s
I20260710 11:09:14.322254  5211 ts_tablet_manager.cc:1434] T 2b144bdbfdeb4467b4b65856be3af639 P 9c445b1641bc426aacaaa157be7e7da4: Time spent starting tablet: real 0.033s	user 0.014s	sys 0.015s
I20260710 11:09:14.322706  5210 tablet_bootstrap.cc:492] T 2b144bdbfdeb4467b4b65856be3af639 P 7bd157103eaa4517b745866a9654e9d2: Bootstrap starting.
I20260710 11:09:14.323107  5211 tablet_bootstrap.cc:492] T 1a308fc0c61343beb4497ce332372c1e P 9c445b1641bc426aacaaa157be7e7da4: Bootstrap starting.
I20260710 11:09:14.327365  5211 tablet_bootstrap.cc:654] T 1a308fc0c61343beb4497ce332372c1e P 9c445b1641bc426aacaaa157be7e7da4: Neither blocks nor log segments found. Creating new log.
I20260710 11:09:14.330611  5210 tablet_bootstrap.cc:654] T 2b144bdbfdeb4467b4b65856be3af639 P 7bd157103eaa4517b745866a9654e9d2: Neither blocks nor log segments found. Creating new log.
I20260710 11:09:14.334262  5209 tablet_bootstrap.cc:654] T 2b144bdbfdeb4467b4b65856be3af639 P ffffefd7b2cb4e6d80cbfc8c5d64ceba: Neither blocks nor log segments found. Creating new log.
