I20260710 11:09:26.000654 27459 raft_consensus.cc:359] T 0a69ccdb353941019e649f7d7128d964 P 63adc1fa0b1c4e6faa17f9a6f21abd9f [term 0 FOLLOWER]: Replica starting. Triggering 0 pending ops. Active config: opid_index: -1 OBSOLETE_local: false peers { permanent_uuid: "e591231333db4948aa2a22a2f0d4cd05" member_type: VOTER last_known_addr { host: "127.25.144.1" port: 35357 } } peers { permanent_uuid: "63adc1fa0b1c4e6faa17f9a6f21abd9f" member_type: VOTER last_known_addr { host: "127.25.144.2" port: 41063 } } peers { permanent_uuid: "80d2f3594f1d4987b50727c0826d78ef" member_type: VOTER last_known_addr { host: "127.25.144.3" port: 33851 } }
I20260710 11:09:26.001087 27459 raft_consensus.cc:385] T 0a69ccdb353941019e649f7d7128d964 P 63adc1fa0b1c4e6faa17f9a6f21abd9f [term 0 FOLLOWER]: Consensus starting up: Expiring failure detector timer to make a prompt election more likely
I20260710 11:09:26.001282 27459 raft_consensus.cc:740] T 0a69ccdb353941019e649f7d7128d964 P 63adc1fa0b1c4e6faa17f9a6f21abd9f [term 0 FOLLOWER]: Becoming Follower/Learner. State: Replica: 63adc1fa0b1c4e6faa17f9a6f21abd9f, State: Initialized, Role: FOLLOWER
I20260710 11:09:26.001803 27459 consensus_queue.cc:260] T 0a69ccdb353941019e649f7d7128d964 P 63adc1fa0b1c4e6faa17f9a6f21abd9f [NON_LEADER]: Queue going to NON_LEADER mode. State: All replicated index: 0, Majority replicated index: 0, Committed index: 0, Last appended: 0.0, Last appended by leader: 0, Current term: 0, Majority size: -1, State: 0, Mode: NON_LEADER, active raft config: opid_index: -1 OBSOLETE_local: false peers { permanent_uuid: "e591231333db4948aa2a22a2f0d4cd05" member_type: VOTER last_known_addr { host: "127.25.144.1" port: 35357 } } peers { permanent_uuid: "63adc1fa0b1c4e6faa17f9a6f21abd9f" member_type: VOTER last_known_addr { host: "127.25.144.2" port: 41063 } } peers { permanent_uuid: "80d2f3594f1d4987b50727c0826d78ef" member_type: VOTER last_known_addr { host: "127.25.144.3" port: 33851 } }
I20260710 11:09:26.003342 27459 ts_tablet_manager.cc:1434] T 0a69ccdb353941019e649f7d7128d964 P 63adc1fa0b1c4e6faa17f9a6f21abd9f: Time spent starting tablet: real 0.004s	user 0.004s	sys 0.000s
I20260710 11:09:26.028517 27575 raft_consensus.cc:493] T 954074fbad1d48f0a8f01be94f311bbe P 63adc1fa0b1c4e6faa17f9a6f21abd9f [term 0 FOLLOWER]: Starting pre-election (no leader contacted us within the election timeout)
I20260710 11:09:26.028920 27575 raft_consensus.cc:515] T 954074fbad1d48f0a8f01be94f311bbe P 63adc1fa0b1c4e6faa17f9a6f21abd9f [term 0 FOLLOWER]: Starting pre-election with config: opid_index: -1 OBSOLETE_local: false peers { permanent_uuid: "e591231333db4948aa2a22a2f0d4cd05" member_type: VOTER last_known_addr { host: "127.25.144.1" port: 35357 } } peers { permanent_uuid: "63adc1fa0b1c4e6faa17f9a6f21abd9f" member_type: VOTER last_known_addr { host: "127.25.144.2" port: 41063 } } peers { permanent_uuid: "80d2f3594f1d4987b50727c0826d78ef" member_type: VOTER last_known_addr { host: "127.25.144.3" port: 33851 } }
I20260710 11:09:26.030335 27575 leader_election.cc:290] T 954074fbad1d48f0a8f01be94f311bbe P 63adc1fa0b1c4e6faa17f9a6f21abd9f [CANDIDATE]: Term 1 pre-election: Requested pre-vote from peers e591231333db4948aa2a22a2f0d4cd05 (127.25.144.1:35357), 80d2f3594f1d4987b50727c0826d78ef (127.25.144.3:33851)
I20260710 11:09:26.030982 27267 tablet_service.cc:1917] Received RequestConsensusVote() RPC: tablet_id: "954074fbad1d48f0a8f01be94f311bbe" candidate_uuid: "63adc1fa0b1c4e6faa17f9a6f21abd9f" candidate_term: 1 candidate_status { last_received { term: 0 index: 0 } } ignore_live_leader: false dest_uuid: "e591231333db4948aa2a22a2f0d4cd05" is_pre_election: true
I20260710 11:09:26.031226 27416 tablet_service.cc:1917] Received RequestConsensusVote() RPC: tablet_id: "954074fbad1d48f0a8f01be94f311bbe" candidate_uuid: "63adc1fa0b1c4e6faa17f9a6f21abd9f" candidate_term: 1 candidate_status { last_received { term: 0 index: 0 } } ignore_live_leader: false dest_uuid: "80d2f3594f1d4987b50727c0826d78ef" is_pre_election: true
I20260710 11:09:26.031548 27267 raft_consensus.cc:2393] T 954074fbad1d48f0a8f01be94f311bbe P e591231333db4948aa2a22a2f0d4cd05 [term 1 FOLLOWER]: Leader pre-election vote request: Denying vote to candidate 63adc1fa0b1c4e6faa17f9a6f21abd9f in current term 1: Already voted for candidate 80d2f3594f1d4987b50727c0826d78ef in this term.
I20260710 11:09:26.032400 27307 leader_election.cc:304] T 954074fbad1d48f0a8f01be94f311bbe P 63adc1fa0b1c4e6faa17f9a6f21abd9f [CANDIDATE]: Term 1 pre-election: Election decided. Result: candidate lost. Election summary: received 3 responses out of 3 voters: 1 yes votes; 2 no votes. yes voters: 63adc1fa0b1c4e6faa17f9a6f21abd9f; no voters: 80d2f3594f1d4987b50727c0826d78ef, e591231333db4948aa2a22a2f0d4cd05
I20260710 11:09:26.032931 27575 raft_consensus.cc:3060] T 954074fbad1d48f0a8f01be94f311bbe P 63adc1fa0b1c4e6faa17f9a6f21abd9f [term 0 FOLLOWER]: Advancing to term 1
I20260710 11:09:26.036924 27575 raft_consensus.cc:2749] T 954074fbad1d48f0a8f01be94f311bbe P 63adc1fa0b1c4e6faa17f9a6f21abd9f [term 1 FOLLOWER]: Leader pre-election lost for term 1. Reason: could not achieve majority
I20260710 11:09:26.052794 27575 raft_consensus.cc:493] T 31c893c86b334264a2befac0cc801842 P 63adc1fa0b1c4e6faa17f9a6f21abd9f [term 0 FOLLOWER]: Starting pre-election (no leader contacted us within the election timeout)
I20260710 11:09:26.053182 27575 raft_consensus.cc:515] T 31c893c86b334264a2befac0cc801842 P 63adc1fa0b1c4e6faa17f9a6f21abd9f [term 0 FOLLOWER]: Starting pre-election with config: opid_index: -1 OBSOLETE_local: false peers { permanent_uuid: "e591231333db4948aa2a22a2f0d4cd05" member_type: VOTER last_known_addr { host: "127.25.144.1" port: 35357 } } peers { permanent_uuid: "63adc1fa0b1c4e6faa17f9a6f21abd9f" member_type: VOTER last_known_addr { host: "127.25.144.2" port: 41063 } } peers { permanent_uuid: "80d2f3594f1d4987b50727c0826d78ef" member_type: VOTER last_known_addr { host: "127.25.144.3" port: 33851 } }
I20260710 11:09:26.054647 27575 leader_election.cc:290] T 31c893c86b334264a2befac0cc801842 P 63adc1fa0b1c4e6faa17f9a6f21abd9f [CANDIDATE]: Term 1 pre-election: Requested pre-vote from peers e591231333db4948aa2a22a2f0d4cd05 (127.25.144.1:35357), 80d2f3594f1d4987b50727c0826d78ef (127.25.144.3:33851)
I20260710 11:09:26.055517 27267 tablet_service.cc:1917] Received RequestConsensusVote() RPC: tablet_id: "31c893c86b334264a2befac0cc801842" candidate_uuid: "63adc1fa0b1c4e6faa17f9a6f21abd9f" candidate_term: 1 candidate_status { last_received { term: 0 index: 0 } } ignore_live_leader: false dest_uuid: "e591231333db4948aa2a22a2f0d4cd05" is_pre_election: true
I20260710 11:09:26.055732 27416 tablet_service.cc:1917] Received RequestConsensusVote() RPC: tablet_id: "31c893c86b334264a2befac0cc801842" candidate_uuid: "63adc1fa0b1c4e6faa17f9a6f21abd9f" candidate_term: 1 candidate_status { last_received { term: 0 index: 0 } } ignore_live_leader: false dest_uuid: "80d2f3594f1d4987b50727c0826d78ef" is_pre_election: true
I20260710 11:09:26.056495 27416 raft_consensus.cc:2393] T 31c893c86b334264a2befac0cc801842 P 80d2f3594f1d4987b50727c0826d78ef [term 1 FOLLOWER]: Leader pre-election vote request: Denying vote to candidate 63adc1fa0b1c4e6faa17f9a6f21abd9f in current term 1: Already voted for candidate e591231333db4948aa2a22a2f0d4cd05 in this term.
I20260710 11:09:26.057374 27309 leader_election.cc:304] T 31c893c86b334264a2befac0cc801842 P 63adc1fa0b1c4e6faa17f9a6f21abd9f [CANDIDATE]: Term 1 pre-election: Election decided. Result: candidate lost. Election summary: received 3 responses out of 3 voters: 1 yes votes; 2 no votes. yes voters: 63adc1fa0b1c4e6faa17f9a6f21abd9f; no voters: 80d2f3594f1d4987b50727c0826d78ef, e591231333db4948aa2a22a2f0d4cd05
I20260710 11:09:26.057982 27575 raft_consensus.cc:3060] T 31c893c86b334264a2befac0cc801842 P 63adc1fa0b1c4e6faa17f9a6f21abd9f [term 0 FOLLOWER]: Advancing to term 1
I20260710 11:09:26.062487 27575 raft_consensus.cc:2749] T 31c893c86b334264a2befac0cc801842 P 63adc1fa0b1c4e6faa17f9a6f21abd9f [term 1 FOLLOWER]: Leader pre-election lost for term 1. Reason: could not achieve majority
I20260710 11:09:26.150516 27467 consensus_queue.cc:1048] T 31c893c86b334264a2befac0cc801842 P e591231333db4948aa2a22a2f0d4cd05 [LEADER]: Connected to new peer: Peer: permanent_uuid: "63adc1fa0b1c4e6faa17f9a6f21abd9f" member_type: VOTER last_known_addr { host: "127.25.144.2" port: 41063 }, Status: LMP_MISMATCH, Last received: 0.0, Next index: 1, Last known committed idx: 0, Time since last communication: 0.000s
I20260710 11:09:26.160532 27532 consensus_queue.cc:1048] T 31c893c86b334264a2befac0cc801842 P e591231333db4948aa2a22a2f0d4cd05 [LEADER]: Connected to new peer: Peer: permanent_uuid: "80d2f3594f1d4987b50727c0826d78ef" member_type: VOTER last_known_addr { host: "127.25.144.3" port: 33851 }, Status: LMP_MISMATCH, Last received: 0.0, Next index: 1, Last known committed idx: 0, Time since last communication: 0.000s
I20260710 11:09:26.166178 27575 raft_consensus.cc:493] T a660e131171b4427a65ee20b130a17a6 P 63adc1fa0b1c4e6faa17f9a6f21abd9f [term 0 FOLLOWER]: Starting pre-election (no leader contacted us within the election timeout)
I20260710 11:09:26.166687 27575 raft_consensus.cc:515] T a660e131171b4427a65ee20b130a17a6 P 63adc1fa0b1c4e6faa17f9a6f21abd9f [term 0 FOLLOWER]: Starting pre-election with config: opid_index: -1 OBSOLETE_local: false peers { permanent_uuid: "e591231333db4948aa2a22a2f0d4cd05" member_type: VOTER last_known_addr { host: "127.25.144.1" port: 35357 } } peers { permanent_uuid: "63adc1fa0b1c4e6faa17f9a6f21abd9f" member_type: VOTER last_known_addr { host: "127.25.144.2" port: 41063 } } peers { permanent_uuid: "80d2f3594f1d4987b50727c0826d78ef" member_type: VOTER last_known_addr { host: "127.25.144.3" port: 33851 } }
I20260710 11:09:26.168550 27575 leader_election.cc:290] T a660e131171b4427a65ee20b130a17a6 P 63adc1fa0b1c4e6faa17f9a6f21abd9f [CANDIDATE]: Term 1 pre-election: Requested pre-vote from peers e591231333db4948aa2a22a2f0d4cd05 (127.25.144.1:35357), 80d2f3594f1d4987b50727c0826d78ef (127.25.144.3:33851)
I20260710 11:09:26.169822 27267 tablet_service.cc:1917] Received RequestConsensusVote() RPC: tablet_id: "a660e131171b4427a65ee20b130a17a6" candidate_uuid: "63adc1fa0b1c4e6faa17f9a6f21abd9f" candidate_term: 1 candidate_status { last_received { term: 0 index: 0 } } ignore_live_leader: false dest_uuid: "e591231333db4948aa2a22a2f0d4cd05" is_pre_election: true
I20260710 11:09:26.170316 27417 tablet_service.cc:1917] Received RequestConsensusVote() RPC: tablet_id: "a660e131171b4427a65ee20b130a17a6" candidate_uuid: "63adc1fa0b1c4e6faa17f9a6f21abd9f" candidate_term: 1 candidate_status { last_received { term: 0 index: 0 } } ignore_live_leader: false dest_uuid: "80d2f3594f1d4987b50727c0826d78ef" is_pre_election: true
I20260710 11:09:26.170539 27267 raft_consensus.cc:2393] T a660e131171b4427a65ee20b130a17a6 P e591231333db4948aa2a22a2f0d4cd05 [term 1 FOLLOWER]: Leader pre-election vote request: Denying vote to candidate 63adc1fa0b1c4e6faa17f9a6f21abd9f in current term 1: Already voted for candidate 80d2f3594f1d4987b50727c0826d78ef in this term.
I20260710 11:09:26.171818 27309 leader_election.cc:304] T a660e131171b4427a65ee20b130a17a6 P 63adc1fa0b1c4e6faa17f9a6f21abd9f [CANDIDATE]: Term 1 pre-election: Election decided. Result: candidate lost. Election summary: received 3 responses out of 3 voters: 1 yes votes; 2 no votes. yes voters: 63adc1fa0b1c4e6faa17f9a6f21abd9f; no voters: 80d2f3594f1d4987b50727c0826d78ef, e591231333db4948aa2a22a2f0d4cd05
I20260710 11:09:26.172521 27575 raft_consensus.cc:3060] T a660e131171b4427a65ee20b130a17a6 P 63adc1fa0b1c4e6faa17f9a6f21abd9f [term 0 FOLLOWER]: Advancing to term 1
I20260710 11:09:26.177681 27575 raft_consensus.cc:2749] T a660e131171b4427a65ee20b130a17a6 P 63adc1fa0b1c4e6faa17f9a6f21abd9f [term 1 FOLLOWER]: Leader pre-election lost for term 1. Reason: could not achieve majority
I20260710 11:09:26.241451 26176 file_cache.cc:504] Constructed file cache file cache with capacity 419430
W20260710 11:09:26.246971 27624 instance_detector.cc:116] could not retrieve AWS instance metadata: Network error: curl error: HTTP response code said error: The requested URL returned error: 404
W20260710 11:09:26.248706 27627 instance_detector.cc:116] could not retrieve OpenStack instance metadata: Network error: curl error: HTTP response code said error: The requested URL returned error: 404
W20260710 11:09:26.248852 27625 instance_detector.cc:116] could not retrieve Azure instance metadata: Network error: curl error: HTTP response code said error: The requested URL returned error: 404
I20260710 11:09:26.249008 26176 server_base.cc:1061] running on GCE node
I20260710 11:09:26.250068 26176 hybrid_clock.cc:584] initializing the hybrid clock with 'system_unsync' time source
W20260710 11:09:26.250275 26176 system_unsync_time.cc:38] NTP support is disabled. Clock error bounds will not be accurate. This configuration is not suitable for distributed clusters.
I20260710 11:09:26.250442 26176 hybrid_clock.cc:648] HybridClock initialized: now 1783681766250424 us; error 0 us; skew 500 ppm
I20260710 11:09:26.251073 26176 server_base.cc:861] Flag tcmalloc_max_total_thread_cache_bytes is not working since tcmalloc is not enabled.
I20260710 11:09:26.251310 27575 consensus_queue.cc:1048] T 53a67a11b14842978732a1ab4dc3aa35 P 63adc1fa0b1c4e6faa17f9a6f21abd9f [LEADER]: Connected to new peer: Peer: permanent_uuid: "80d2f3594f1d4987b50727c0826d78ef" member_type: VOTER last_known_addr { host: "127.25.144.3" port: 33851 }, Status: LMP_MISMATCH, Last received: 0.0, Next index: 1, Last known committed idx: 0, Time since last communication: 0.000s
I20260710 11:09:26.253718 26176 webserver.cc:533] Webserver started at http://127.25.144.4:37001/ using document root <none> and password file <none>
I20260710 11:09:26.254331 26176 fs_manager.cc:362] Metadata directory not provided
I20260710 11:09:26.254520 26176 fs_manager.cc:368] Using write-ahead log directory (fs_wal_dir) as metadata directory
I20260710 11:09:26.254851 26176 server_base.cc:909] This appears to be a new deployment of Kudu; creating new FS layout
I20260710 11:09:26.255908 26176 fs_manager.cc:1068] Generated new instance metadata in path /tmp/dist-test-taskDRzPAm/test-tmp/auto_leader_rebalancer-test.0.LeaderRebalancerTest.AddTserver.1783681740534505-26176-0/minicluster-data/ts-3-root/instance:
uuid: "95af85f4648d4e7cad8826c884e0725c"
format_stamp: "Formatted at 2026-07-10 11:09:26 on dist-test-slave-h1jm"
I20260710 11:09:26.261015 26176 fs_manager.cc:696] Time spent creating directory manager: real 0.005s	user 0.006s	sys 0.000s
I20260710 11:09:26.265168 27633 log_block_manager.cc:4127] Time spent loading block containers with low live blocks: real 0.000s	user 0.000s	sys 0.000s
I20260710 11:09:26.265407 27574 consensus_queue.cc:1048] T 53a67a11b14842978732a1ab4dc3aa35 P 63adc1fa0b1c4e6faa17f9a6f21abd9f [LEADER]: Connected to new peer: Peer: permanent_uuid: "e591231333db4948aa2a22a2f0d4cd05" member_type: VOTER last_known_addr { host: "127.25.144.1" port: 35357 }, Status: LMP_MISMATCH, Last received: 0.0, Next index: 1, Last known committed idx: 0, Time since last communication: 0.000s
I20260710 11:09:26.265980 26176 fs_manager.cc:730] Time spent opening block manager: real 0.002s	user 0.002s	sys 0.000s
I20260710 11:09:26.266322 26176 fs_manager.cc:647] Opened local filesystem: /tmp/dist-test-taskDRzPAm/test-tmp/auto_leader_rebalancer-test.0.LeaderRebalancerTest.AddTserver.1783681740534505-26176-0/minicluster-data/ts-3-root
uuid: "95af85f4648d4e7cad8826c884e0725c"
format_stamp: "Formatted at 2026-07-10 11:09:26 on dist-test-slave-h1jm"
I20260710 11:09:26.266997 26176 fs_report.cc:389] FS layout report
--------------------
wal directory: /tmp/dist-test-taskDRzPAm/test-tmp/auto_leader_rebalancer-test.0.LeaderRebalancerTest.AddTserver.1783681740534505-26176-0/minicluster-data/ts-3-root
metadata directory: /tmp/dist-test-taskDRzPAm/test-tmp/auto_leader_rebalancer-test.0.LeaderRebalancerTest.AddTserver.1783681740534505-26176-0/minicluster-data/ts-3-root
1 data directories: /tmp/dist-test-taskDRzPAm/test-tmp/auto_leader_rebalancer-test.0.LeaderRebalancerTest.AddTserver.1783681740534505-26176-0/minicluster-data/ts-3-root/data
Total live blocks: 0
Total live bytes: 0
Total live bytes (after alignment): 0
Total number of LBM containers: 0 (0 full)
Did not check for missing blocks
Did not check for orphaned blocks
Total full LBM containers with extra space: 0 (0 repaired)
Total full LBM container extra space in bytes: 0 (0 repaired)
Total incomplete LBM containers: 0 (0 repaired)
Total LBM partial records: 0 (0 repaired)
Total corrupted LBM metadata records in RocksDB: 0 (0 repaired)
I20260710 11:09:26.284880 26176 rpc_server.cc:225] running with OpenSSL 1.1.1  11 Sep 2018
I20260710 11:09:26.286286 26176 kserver.cc:163] Server-wide thread pool size limit: 3276
I20260710 11:09:26.287683 26176 txn_system_client.cc:432] TxnSystemClient initialization is disabled...
I20260710 11:09:26.289914 26176 ts_tablet_manager.cc:585] Loaded tablet metadata (0 total tablets, 0 live tablets)
I20260710 11:09:26.290100 26176 ts_tablet_manager.cc:531] Time spent load tablet metadata: real 0.000s	user 0.000s	sys 0.000s
I20260710 11:09:26.290323 26176 ts_tablet_manager.cc:616] Registered 0 tablets
I20260710 11:09:26.290531 26176 ts_tablet_manager.cc:595] Time spent register tablets: real 0.000s	user 0.000s	sys 0.000s
I20260710 11:09:26.298314 27464 consensus_queue.cc:1048] T 0a69ccdb353941019e649f7d7128d964 P 80d2f3594f1d4987b50727c0826d78ef [LEADER]: Connected to new peer: Peer: permanent_uuid: "e591231333db4948aa2a22a2f0d4cd05" member_type: VOTER last_known_addr { host: "127.25.144.1" port: 35357 }, Status: LMP_MISMATCH, Last received: 0.0, Next index: 1, Last known committed idx: 0, Time since last communication: 0.000s
I20260710 11:09:26.298183 27478 consensus_queue.cc:1048] T a660e131171b4427a65ee20b130a17a6 P 80d2f3594f1d4987b50727c0826d78ef [LEADER]: Connected to new peer: Peer: permanent_uuid: "e591231333db4948aa2a22a2f0d4cd05" member_type: VOTER last_known_addr { host: "127.25.144.1" port: 35357 }, Status: LMP_MISMATCH, Last received: 0.0, Next index: 1, Last known committed idx: 0, Time since last communication: 0.000s
I20260710 11:09:26.313913 27343 raft_consensus.cc:3060] T 0a69ccdb353941019e649f7d7128d964 P 63adc1fa0b1c4e6faa17f9a6f21abd9f [term 0 FOLLOWER]: Advancing to term 1
I20260710 11:09:26.322291 27530 consensus_queue.cc:1048] T 0a69ccdb353941019e649f7d7128d964 P 80d2f3594f1d4987b50727c0826d78ef [LEADER]: Connected to new peer: Peer: permanent_uuid: "63adc1fa0b1c4e6faa17f9a6f21abd9f" member_type: VOTER last_known_addr { host: "127.25.144.2" port: 41063 }, Status: LMP_MISMATCH, Last received: 0.0, Next index: 1, Last known committed idx: 0, Time since last communication: 0.000s
I20260710 11:09:26.326313 27574 raft_consensus.cc:493] T 0a69ccdb353941019e649f7d7128d964 P 63adc1fa0b1c4e6faa17f9a6f21abd9f [term 1 FOLLOWER]: Starting pre-election (no leader contacted us within the election timeout)
I20260710 11:09:26.326844 27574 raft_consensus.cc:515] T 0a69ccdb353941019e649f7d7128d964 P 63adc1fa0b1c4e6faa17f9a6f21abd9f [term 1 FOLLOWER]: Starting pre-election with config: opid_index: -1 OBSOLETE_local: false peers { permanent_uuid: "e591231333db4948aa2a22a2f0d4cd05" member_type: VOTER last_known_addr { host: "127.25.144.1" port: 35357 } } peers { permanent_uuid: "63adc1fa0b1c4e6faa17f9a6f21abd9f" member_type: VOTER last_known_addr { host: "127.25.144.2" port: 41063 } } peers { permanent_uuid: "80d2f3594f1d4987b50727c0826d78ef" member_type: VOTER last_known_addr { host: "127.25.144.3" port: 33851 } }
I20260710 11:09:26.328886 27574 leader_election.cc:290] T 0a69ccdb353941019e649f7d7128d964 P 63adc1fa0b1c4e6faa17f9a6f21abd9f [CANDIDATE]: Term 2 pre-election: Requested pre-vote from peers e591231333db4948aa2a22a2f0d4cd05 (127.25.144.1:35357), 80d2f3594f1d4987b50727c0826d78ef (127.25.144.3:33851)
I20260710 11:09:26.331545 27416 tablet_service.cc:1917] Received RequestConsensusVote() RPC: tablet_id: "0a69ccdb353941019e649f7d7128d964" candidate_uuid: "63adc1fa0b1c4e6faa17f9a6f21abd9f" candidate_term: 2 candidate_status { last_received { term: 0 index: 0 } } ignore_live_leader: false dest_uuid: "80d2f3594f1d4987b50727c0826d78ef" is_pre_election: true
I20260710 11:09:26.336912 27464 consensus_queue.cc:1048] T 99e958544cdd4b9f80e4788d39cd1324 P 80d2f3594f1d4987b50727c0826d78ef [LEADER]: Connected to new peer: Peer: permanent_uuid: "63adc1fa0b1c4e6faa17f9a6f21abd9f" member_type: VOTER last_known_addr { host: "127.25.144.2" port: 41063 }, Status: LMP_MISMATCH, Last received: 0.0, Next index: 1, Last known committed idx: 0, Time since last communication: 0.000s
I20260710 11:09:26.338127 27464 consensus_queue.cc:1048] T a660e131171b4427a65ee20b130a17a6 P 80d2f3594f1d4987b50727c0826d78ef [LEADER]: Connected to new peer: Peer: permanent_uuid: "63adc1fa0b1c4e6faa17f9a6f21abd9f" member_type: VOTER last_known_addr { host: "127.25.144.2" port: 41063 }, Status: LMP_MISMATCH, Last received: 0.0, Next index: 1, Last known committed idx: 0, Time since last communication: 0.000s
I20260710 11:09:26.342692 27267 tablet_service.cc:1917] Received RequestConsensusVote() RPC: tablet_id: "0a69ccdb353941019e649f7d7128d964" candidate_uuid: "63adc1fa0b1c4e6faa17f9a6f21abd9f" candidate_term: 2 candidate_status { last_received { term: 0 index: 0 } } ignore_live_leader: false dest_uuid: "e591231333db4948aa2a22a2f0d4cd05" is_pre_election: true
I20260710 11:09:26.344254 27307 leader_election.cc:304] T 0a69ccdb353941019e649f7d7128d964 P 63adc1fa0b1c4e6faa17f9a6f21abd9f [CANDIDATE]: Term 2 pre-election: Election decided. Result: candidate lost. Election summary: received 3 responses out of 3 voters: 1 yes votes; 2 no votes. yes voters: 63adc1fa0b1c4e6faa17f9a6f21abd9f; no voters: 80d2f3594f1d4987b50727c0826d78ef, e591231333db4948aa2a22a2f0d4cd05
I20260710 11:09:26.376121 27574 raft_consensus.cc:2749] T 0a69ccdb353941019e649f7d7128d964 P 63adc1fa0b1c4e6faa17f9a6f21abd9f [term 1 FOLLOWER]: Leader pre-election lost for term 2. Reason: could not achieve majority
I20260710 11:09:26.380856 27530 consensus_queue.cc:1048] T 99e958544cdd4b9f80e4788d39cd1324 P 80d2f3594f1d4987b50727c0826d78ef [LEADER]: Connected to new peer: Peer: permanent_uuid: "e591231333db4948aa2a22a2f0d4cd05" member_type: VOTER last_known_addr { host: "127.25.144.1" port: 35357 }, Status: LMP_MISMATCH, Last received: 0.0, Next index: 1, Last known committed idx: 0, Time since last communication: 0.000s
I20260710 11:09:26.389938 27464 consensus_queue.cc:1048] T 954074fbad1d48f0a8f01be94f311bbe P 80d2f3594f1d4987b50727c0826d78ef [LEADER]: Connected to new peer: Peer: permanent_uuid: "e591231333db4948aa2a22a2f0d4cd05" member_type: VOTER last_known_addr { host: "127.25.144.1" port: 35357 }, Status: LMP_MISMATCH, Last received: 0.0, Next index: 1, Last known committed idx: 0, Time since last communication: 0.000s
I20260710 11:09:26.407243 27478 consensus_queue.cc:1048] T 954074fbad1d48f0a8f01be94f311bbe P 80d2f3594f1d4987b50727c0826d78ef [LEADER]: Connected to new peer: Peer: permanent_uuid: "63adc1fa0b1c4e6faa17f9a6f21abd9f" member_type: VOTER last_known_addr { host: "127.25.144.2" port: 41063 }, Status: LMP_MISMATCH, Last received: 0.0, Next index: 1, Last known committed idx: 0, Time since last communication: 0.000s
I20260710 11:09:26.409870 27464 consensus_queue.cc:1048] T af409dcc904b456185470a9586bac4f1 P 80d2f3594f1d4987b50727c0826d78ef [LEADER]: Connected to new peer: Peer: permanent_uuid: "e591231333db4948aa2a22a2f0d4cd05" member_type: VOTER last_known_addr { host: "127.25.144.1" port: 35357 }, Status: LMP_MISMATCH, Last received: 0.0, Next index: 1, Last known committed idx: 0, Time since last communication: 0.000s
I20260710 11:09:26.441327 27464 consensus_queue.cc:1048] T af409dcc904b456185470a9586bac4f1 P 80d2f3594f1d4987b50727c0826d78ef [LEADER]: Connected to new peer: Peer: permanent_uuid: "63adc1fa0b1c4e6faa17f9a6f21abd9f" member_type: VOTER last_known_addr { host: "127.25.144.2" port: 41063 }, Status: LMP_MISMATCH, Last received: 0.0, Next index: 1, Last known committed idx: 0, Time since last communication: 0.000s
I20260710 11:09:26.497611 26176 rpc_server.cc:307] RPC server started. Bound to: 127.25.144.4:43291
I20260710 11:09:26.497714 27706 acceptor_pool.cc:272] collecting diagnostics on the listening RPC socket 127.25.144.4:43291 every 8 connection(s)
I20260710 11:09:26.502046 26176 auto_leader_rebalancer-test.cc:388] add a tserver: 95af85f4648d4e7cad8826c884e0725c
I20260710 11:09:26.511795 27707 heartbeater.cc:344] Connected to a master server at 127.25.144.62:37029
I20260710 11:09:26.512146 27707 heartbeater.cc:461] Registering TS with master...
I20260710 11:09:26.512802 27707 heartbeater.cc:507] Master 127.25.144.62:37029 requested a full tablet report, sending...
I20260710 11:09:26.514335 27165 ts_manager.cc:194] Registered new tserver with Master: 95af85f4648d4e7cad8826c884e0725c (127.25.144.4:43291)
I20260710 11:09:26.515513 27165 master_service.cc:502] Signed X509 certificate for tserver {username='slave'} at 127.0.0.1:50282
I20260710 11:09:27.109521 27267 consensus_queue.cc:237] T ec083a86de47444caf3e5b4efd318c37 P e591231333db4948aa2a22a2f0d4cd05 [LEADER]: Queue going to LEADER mode. State: All replicated index: 0, Majority replicated index: 1, Committed index: 1, Last appended: 1.1, Last appended by leader: 0, Current term: 1, Majority size: 2, State: 0, Mode: LEADER, active raft config: opid_index: 2 OBSOLETE_local: false peers { permanent_uuid: "e591231333db4948aa2a22a2f0d4cd05" member_type: VOTER last_known_addr { host: "127.25.144.1" port: 35357 } } peers { permanent_uuid: "63adc1fa0b1c4e6faa17f9a6f21abd9f" member_type: VOTER last_known_addr { host: "127.25.144.2" port: 41063 } } peers { permanent_uuid: "80d2f3594f1d4987b50727c0826d78ef" member_type: VOTER last_known_addr { host: "127.25.144.3" port: 33851 } attrs { replace: true } } peers { permanent_uuid: "95af85f4648d4e7cad8826c884e0725c" member_type: NON_VOTER last_known_addr { host: "127.25.144.4" port: 43291 } attrs { promote: true } }
I20260710 11:09:27.116819 27343 raft_consensus.cc:1275] T ec083a86de47444caf3e5b4efd318c37 P 63adc1fa0b1c4e6faa17f9a6f21abd9f [term 1 FOLLOWER]: Refusing update from remote peer e591231333db4948aa2a22a2f0d4cd05: Log matching property violated. Preceding OpId in replica: term: 1 index: 1. Preceding OpId from leader: term: 1 index: 2. (index mismatch)
I20260710 11:09:27.117549 27417 raft_consensus.cc:1275] T ec083a86de47444caf3e5b4efd318c37 P 80d2f3594f1d4987b50727c0826d78ef [term 1 FOLLOWER]: Refusing update from remote peer e591231333db4948aa2a22a2f0d4cd05: Log matching property violated. Preceding OpId in replica: term: 1 index: 1. Preceding OpId from leader: term: 1 index: 2. (index mismatch)
I20260710 11:09:27.119048 27532 consensus_queue.cc:1048] T ec083a86de47444caf3e5b4efd318c37 P e591231333db4948aa2a22a2f0d4cd05 [LEADER]: Connected to new peer: Peer: permanent_uuid: "63adc1fa0b1c4e6faa17f9a6f21abd9f" member_type: VOTER last_known_addr { host: "127.25.144.2" port: 41063 }, Status: LMP_MISMATCH, Last received: 0.0, Next index: 2, Last known committed idx: 1, Time since last communication: 0.000s
I20260710 11:09:27.119877 27483 consensus_queue.cc:1048] T ec083a86de47444caf3e5b4efd318c37 P e591231333db4948aa2a22a2f0d4cd05 [LEADER]: Connected to new peer: Peer: permanent_uuid: "80d2f3594f1d4987b50727c0826d78ef" member_type: VOTER last_known_addr { host: "127.25.144.3" port: 33851 } attrs { replace: true }, Status: LMP_MISMATCH, Last received: 0.0, Next index: 2, Last known committed idx: 1, Time since last communication: 0.000s
W20260710 11:09:27.131021 27234 consensus_peers.cc:597] T ec083a86de47444caf3e5b4efd318c37 P e591231333db4948aa2a22a2f0d4cd05 -> Peer 95af85f4648d4e7cad8826c884e0725c (127.25.144.4:43291): Couldn't send request to peer 95af85f4648d4e7cad8826c884e0725c. Error code: TABLET_NOT_FOUND (6). Status: Not found: Tablet not found: ec083a86de47444caf3e5b4efd318c37. This is attempt 1: this message will repeat every 5th retry.
I20260710 11:09:27.132762 27483 raft_consensus.cc:2955] T ec083a86de47444caf3e5b4efd318c37 P e591231333db4948aa2a22a2f0d4cd05 [term 1 LEADER]: Committing config change with OpId 1.2: config changed from index -1 to 2, NON_VOTER 95af85f4648d4e7cad8826c884e0725c (127.25.144.4) added. New config: { opid_index: 2 OBSOLETE_local: false peers { permanent_uuid: "e591231333db4948aa2a22a2f0d4cd05" member_type: VOTER last_known_addr { host: "127.25.144.1" port: 35357 } } peers { permanent_uuid: "63adc1fa0b1c4e6faa17f9a6f21abd9f" member_type: VOTER last_known_addr { host: "127.25.144.2" port: 41063 } } peers { permanent_uuid: "80d2f3594f1d4987b50727c0826d78ef" member_type: VOTER last_known_addr { host: "127.25.144.3" port: 33851 } attrs { replace: true } } peers { permanent_uuid: "95af85f4648d4e7cad8826c884e0725c" member_type: NON_VOTER last_known_addr { host: "127.25.144.4" port: 43291 } attrs { promote: true } } }
I20260710 11:09:27.134241 27417 raft_consensus.cc:2955] T ec083a86de47444caf3e5b4efd318c37 P 80d2f3594f1d4987b50727c0826d78ef [term 1 FOLLOWER]: Committing config change with OpId 1.2: config changed from index -1 to 2, NON_VOTER 95af85f4648d4e7cad8826c884e0725c (127.25.144.4) added. New config: { opid_index: 2 OBSOLETE_local: false peers { permanent_uuid: "e591231333db4948aa2a22a2f0d4cd05" member_type: VOTER last_known_addr { host: "127.25.144.1" port: 35357 } } peers { permanent_uuid: "63adc1fa0b1c4e6faa17f9a6f21abd9f" member_type: VOTER last_known_addr { host: "127.25.144.2" port: 41063 } } peers { permanent_uuid: "80d2f3594f1d4987b50727c0826d78ef" member_type: VOTER last_known_addr { host: "127.25.144.3" port: 33851 } attrs { replace: true } } peers { permanent_uuid: "95af85f4648d4e7cad8826c884e0725c" member_type: NON_VOTER last_known_addr { host: "127.25.144.4" port: 43291 } attrs { promote: true } } }
I20260710 11:09:27.135926 27343 raft_consensus.cc:2955] T ec083a86de47444caf3e5b4efd318c37 P 63adc1fa0b1c4e6faa17f9a6f21abd9f [term 1 FOLLOWER]: Committing config change with OpId 1.2: config changed from index -1 to 2, NON_VOTER 95af85f4648d4e7cad8826c884e0725c (127.25.144.4) added. New config: { opid_index: 2 OBSOLETE_local: false peers { permanent_uuid: "e591231333db4948aa2a22a2f0d4cd05" member_type: VOTER last_known_addr { host: "127.25.144.1" port: 35357 } } peers { permanent_uuid: "63adc1fa0b1c4e6faa17f9a6f21abd9f" member_type: VOTER last_known_addr { host: "127.25.144.2" port: 41063 } } peers { permanent_uuid: "80d2f3594f1d4987b50727c0826d78ef" member_type: VOTER last_known_addr { host: "127.25.144.3" port: 33851 } attrs { replace: true } } peers { permanent_uuid: "95af85f4648d4e7cad8826c884e0725c" member_type: NON_VOTER last_known_addr { host: "127.25.144.4" port: 43291 } attrs { promote: true } } }
I20260710 11:09:27.148675 27165 catalog_manager.cc:5697] T ec083a86de47444caf3e5b4efd318c37 P 80d2f3594f1d4987b50727c0826d78ef reported cstate change: config changed from index -1 to 2, NON_VOTER 95af85f4648d4e7cad8826c884e0725c (127.25.144.4) added. New cstate: current_term: 1 leader_uuid: "e591231333db4948aa2a22a2f0d4cd05" committed_config { opid_index: 2 OBSOLETE_local: false peers { permanent_uuid: "e591231333db4948aa2a22a2f0d4cd05" member_type: VOTER last_known_addr { host: "127.25.144.1" port: 35357 } } peers { permanent_uuid: "63adc1fa0b1c4e6faa17f9a6f21abd9f" member_type: VOTER last_known_addr { host: "127.25.144.2" port: 41063 } } peers { permanent_uuid: "80d2f3594f1d4987b50727c0826d78ef" member_type: VOTER last_known_addr { host: "127.25.144.3" port: 33851 } attrs { replace: true } } peers { permanent_uuid: "95af85f4648d4e7cad8826c884e0725c" member_type: NON_VOTER last_known_addr { host: "127.25.144.4" port: 43291 } attrs { promote: true } } }
I20260710 11:09:27.161549 27417 consensus_queue.cc:237] T 99e958544cdd4b9f80e4788d39cd1324 P 80d2f3594f1d4987b50727c0826d78ef [LEADER]: Queue going to LEADER mode. State: All replicated index: 0, Majority replicated index: 1, Committed index: 1, Last appended: 1.1, Last appended by leader: 0, Current term: 1, Majority size: 2, State: 0, Mode: LEADER, active raft config: opid_index: 2 OBSOLETE_local: false peers { permanent_uuid: "e591231333db4948aa2a22a2f0d4cd05" member_type: VOTER last_known_addr { host: "127.25.144.1" port: 35357 } } peers { permanent_uuid: "63adc1fa0b1c4e6faa17f9a6f21abd9f" member_type: VOTER last_known_addr { host: "127.25.144.2" port: 41063 } attrs { replace: true } } peers { permanent_uuid: "80d2f3594f1d4987b50727c0826d78ef" member_type: VOTER last_known_addr { host: "127.25.144.3" port: 33851 } } peers { permanent_uuid: "95af85f4648d4e7cad8826c884e0725c" member_type: NON_VOTER last_known_addr { host: "127.25.144.4" port: 43291 } attrs { promote: true } }
I20260710 11:09:27.169921 27342 raft_consensus.cc:1275] T 99e958544cdd4b9f80e4788d39cd1324 P 63adc1fa0b1c4e6faa17f9a6f21abd9f [term 1 FOLLOWER]: Refusing update from remote peer 80d2f3594f1d4987b50727c0826d78ef: Log matching property violated. Preceding OpId in replica: term: 1 index: 1. Preceding OpId from leader: term: 1 index: 2. (index mismatch)
I20260710 11:09:27.171247 27269 raft_consensus.cc:1275] T 99e958544cdd4b9f80e4788d39cd1324 P e591231333db4948aa2a22a2f0d4cd05 [term 1 FOLLOWER]: Refusing update from remote peer 80d2f3594f1d4987b50727c0826d78ef: Log matching property violated. Preceding OpId in replica: term: 1 index: 1. Preceding OpId from leader: term: 1 index: 2. (index mismatch)
I20260710 11:09:27.171449 27530 consensus_queue.cc:1048] T 99e958544cdd4b9f80e4788d39cd1324 P 80d2f3594f1d4987b50727c0826d78ef [LEADER]: Connected to new peer: Peer: permanent_uuid: "63adc1fa0b1c4e6faa17f9a6f21abd9f" member_type: VOTER last_known_addr { host: "127.25.144.2" port: 41063 } attrs { replace: true }, Status: LMP_MISMATCH, Last received: 0.0, Next index: 2, Last known committed idx: 1, Time since last communication: 0.000s
I20260710 11:09:27.172721 27464 consensus_queue.cc:1048] T 99e958544cdd4b9f80e4788d39cd1324 P 80d2f3594f1d4987b50727c0826d78ef [LEADER]: Connected to new peer: Peer: permanent_uuid: "e591231333db4948aa2a22a2f0d4cd05" member_type: VOTER last_known_addr { host: "127.25.144.1" port: 35357 }, Status: LMP_MISMATCH, Last received: 0.0, Next index: 2, Last known committed idx: 1, Time since last communication: 0.000s
W20260710 11:09:27.178704 27383 consensus_peers.cc:597] T 99e958544cdd4b9f80e4788d39cd1324 P 80d2f3594f1d4987b50727c0826d78ef -> Peer 95af85f4648d4e7cad8826c884e0725c (127.25.144.4:43291): Couldn't send request to peer 95af85f4648d4e7cad8826c884e0725c. Error code: TABLET_NOT_FOUND (6). Status: Not found: Tablet not found: 99e958544cdd4b9f80e4788d39cd1324. This is attempt 1: this message will repeat every 5th retry.
I20260710 11:09:27.178411 27503 raft_consensus.cc:2955] T 99e958544cdd4b9f80e4788d39cd1324 P 80d2f3594f1d4987b50727c0826d78ef [term 1 LEADER]: Committing config change with OpId 1.2: config changed from index -1 to 2, NON_VOTER 95af85f4648d4e7cad8826c884e0725c (127.25.144.4) added. New config: { opid_index: 2 OBSOLETE_local: false peers { permanent_uuid: "e591231333db4948aa2a22a2f0d4cd05" member_type: VOTER last_known_addr { host: "127.25.144.1" port: 35357 } } peers { permanent_uuid: "63adc1fa0b1c4e6faa17f9a6f21abd9f" member_type: VOTER last_known_addr { host: "127.25.144.2" port: 41063 } attrs { replace: true } } peers { permanent_uuid: "80d2f3594f1d4987b50727c0826d78ef" member_type: VOTER last_known_addr { host: "127.25.144.3" port: 33851 } } peers { permanent_uuid: "95af85f4648d4e7cad8826c884e0725c" member_type: NON_VOTER last_known_addr { host: "127.25.144.4" port: 43291 } attrs { promote: true } } }
I20260710 11:09:27.180101 27269 raft_consensus.cc:2955] T 99e958544cdd4b9f80e4788d39cd1324 P e591231333db4948aa2a22a2f0d4cd05 [term 1 FOLLOWER]: Committing config change with OpId 1.2: config changed from index -1 to 2, NON_VOTER 95af85f4648d4e7cad8826c884e0725c (127.25.144.4) added. New config: { opid_index: 2 OBSOLETE_local: false peers { permanent_uuid: "e591231333db4948aa2a22a2f0d4cd05" member_type: VOTER last_known_addr { host: "127.25.144.1" port: 35357 } } peers { permanent_uuid: "63adc1fa0b1c4e6faa17f9a6f21abd9f" member_type: VOTER last_known_addr { host: "127.25.144.2" port: 41063 } attrs { replace: true } } peers { permanent_uuid: "80d2f3594f1d4987b50727c0826d78ef" member_type: VOTER last_known_addr { host: "127.25.144.3" port: 33851 } } peers { permanent_uuid: "95af85f4648d4e7cad8826c884e0725c" member_type: NON_VOTER last_known_addr { host: "127.25.144.4" port: 43291 } attrs { promote: true } } }
I20260710 11:09:27.180226 27342 raft_consensus.cc:2955] T 99e958544cdd4b9f80e4788d39cd1324 P 63adc1fa0b1c4e6faa17f9a6f21abd9f [term 1 FOLLOWER]: Committing config change with OpId 1.2: config changed from index -1 to 2, NON_VOTER 95af85f4648d4e7cad8826c884e0725c (127.25.144.4) added. New config: { opid_index: 2 OBSOLETE_local: false peers { permanent_uuid: "e591231333db4948aa2a22a2f0d4cd05" member_type: VOTER last_known_addr { host: "127.25.144.1" port: 35357 } } peers { permanent_uuid: "63adc1fa0b1c4e6faa17f9a6f21abd9f" member_type: VOTER last_known_addr { host: "127.25.144.2" port: 41063 } attrs { replace: true } } peers { permanent_uuid: "80d2f3594f1d4987b50727c0826d78ef" member_type: VOTER last_known_addr { host: "127.25.144.3" port: 33851 } } peers { permanent_uuid: "95af85f4648d4e7cad8826c884e0725c" member_type: NON_VOTER last_known_addr { host: "127.25.144.4" port: 43291 } attrs { promote: true } } }
I20260710 11:09:27.191854 27417 consensus_queue.cc:237] T 0a69ccdb353941019e649f7d7128d964 P 80d2f3594f1d4987b50727c0826d78ef [LEADER]: Queue going to LEADER mode. State: All replicated index: 0, Majority replicated index: 1, Committed index: 1, Last appended: 1.1, Last appended by leader: 0, Current term: 1, Majority size: 2, State: 0, Mode: LEADER, active raft config: opid_index: 2 OBSOLETE_local: false peers { permanent_uuid: "e591231333db4948aa2a22a2f0d4cd05" member_type: VOTER last_known_addr { host: "127.25.144.1" port: 35357 } attrs { replace: true } } peers { permanent_uuid: "63adc1fa0b1c4e6faa17f9a6f21abd9f" member_type: VOTER last_known_addr { host: "127.25.144.2" port: 41063 } } peers { permanent_uuid: "80d2f3594f1d4987b50727c0826d78ef" member_type: VOTER last_known_addr { host: "127.25.144.3" port: 33851 } } peers { permanent_uuid: "95af85f4648d4e7cad8826c884e0725c" member_type: NON_VOTER last_known_addr { host: "127.25.144.4" port: 43291 } attrs { promote: true } }
I20260710 11:09:27.192102 27166 catalog_manager.cc:5697] T 99e958544cdd4b9f80e4788d39cd1324 P e591231333db4948aa2a22a2f0d4cd05 reported cstate change: config changed from index -1 to 2, NON_VOTER 95af85f4648d4e7cad8826c884e0725c (127.25.144.4) added. New cstate: current_term: 1 leader_uuid: "80d2f3594f1d4987b50727c0826d78ef" committed_config { opid_index: 2 OBSOLETE_local: false peers { permanent_uuid: "e591231333db4948aa2a22a2f0d4cd05" member_type: VOTER last_known_addr { host: "127.25.144.1" port: 35357 } } peers { permanent_uuid: "63adc1fa0b1c4e6faa17f9a6f21abd9f" member_type: VOTER last_known_addr { host: "127.25.144.2" port: 41063 } attrs { replace: true } } peers { permanent_uuid: "80d2f3594f1d4987b50727c0826d78ef" member_type: VOTER last_known_addr { host: "127.25.144.3" port: 33851 } } peers { permanent_uuid: "95af85f4648d4e7cad8826c884e0725c" member_type: NON_VOTER last_known_addr { host: "127.25.144.4" port: 43291 } attrs { promote: true } } }
W20260710 11:09:27.200163 27383 consensus_peers.cc:597] T 0a69ccdb353941019e649f7d7128d964 P 80d2f3594f1d4987b50727c0826d78ef -> Peer 95af85f4648d4e7cad8826c884e0725c (127.25.144.4:43291): Couldn't send request to peer 95af85f4648d4e7cad8826c884e0725c. Error code: TABLET_NOT_FOUND (6). Status: Not found: Tablet not found: 0a69ccdb353941019e649f7d7128d964. This is attempt 1: this message will repeat every 5th retry.
I20260710 11:09:27.200639 27342 raft_consensus.cc:1275] T 0a69ccdb353941019e649f7d7128d964 P 63adc1fa0b1c4e6faa17f9a6f21abd9f [term 1 FOLLOWER]: Refusing update from remote peer 80d2f3594f1d4987b50727c0826d78ef: Log matching property violated. Preceding OpId in replica: term: 1 index: 1. Preceding OpId from leader: term: 1 index: 2. (index mismatch)
I20260710 11:09:27.200713 27269 raft_consensus.cc:1275] T 0a69ccdb353941019e649f7d7128d964 P e591231333db4948aa2a22a2f0d4cd05 [term 1 FOLLOWER]: Refusing update from remote peer 80d2f3594f1d4987b50727c0826d78ef: Log matching property violated. Preceding OpId in replica: term: 1 index: 1. Preceding OpId from leader: term: 1 index: 2. (index mismatch)
I20260710 11:09:27.201748 27503 consensus_queue.cc:1048] T 0a69ccdb353941019e649f7d7128d964 P 80d2f3594f1d4987b50727c0826d78ef [LEADER]: Connected to new peer: Peer: permanent_uuid: "63adc1fa0b1c4e6faa17f9a6f21abd9f" member_type: VOTER last_known_addr { host: "127.25.144.2" port: 41063 }, Status: LMP_MISMATCH, Last received: 0.0, Next index: 2, Last known committed idx: 1, Time since last communication: 0.000s
I20260710 11:09:27.203498 27725 consensus_queue.cc:1048] T 0a69ccdb353941019e649f7d7128d964 P 80d2f3594f1d4987b50727c0826d78ef [LEADER]: Connected to new peer: Peer: permanent_uuid: "e591231333db4948aa2a22a2f0d4cd05" member_type: VOTER last_known_addr { host: "127.25.144.1" port: 35357 } attrs { replace: true }, Status: LMP_MISMATCH, Last received: 0.0, Next index: 2, Last known committed idx: 1, Time since last communication: 0.000s
I20260710 11:09:27.208076 27503 raft_consensus.cc:2955] T 0a69ccdb353941019e649f7d7128d964 P 80d2f3594f1d4987b50727c0826d78ef [term 1 LEADER]: Committing config change with OpId 1.2: config changed from index -1 to 2, NON_VOTER 95af85f4648d4e7cad8826c884e0725c (127.25.144.4) added. New config: { opid_index: 2 OBSOLETE_local: false peers { permanent_uuid: "e591231333db4948aa2a22a2f0d4cd05" member_type: VOTER last_known_addr { host: "127.25.144.1" port: 35357 } attrs { replace: true } } peers { permanent_uuid: "63adc1fa0b1c4e6faa17f9a6f21abd9f" member_type: VOTER last_known_addr { host: "127.25.144.2" port: 41063 } } peers { permanent_uuid: "80d2f3594f1d4987b50727c0826d78ef" member_type: VOTER last_known_addr { host: "127.25.144.3" port: 33851 } } peers { permanent_uuid: "95af85f4648d4e7cad8826c884e0725c" member_type: NON_VOTER last_known_addr { host: "127.25.144.4" port: 43291 } attrs { promote: true } } }
I20260710 11:09:27.209919 27342 raft_consensus.cc:2955] T 0a69ccdb353941019e649f7d7128d964 P 63adc1fa0b1c4e6faa17f9a6f21abd9f [term 1 FOLLOWER]: Committing config change with OpId 1.2: config changed from index -1 to 2, NON_VOTER 95af85f4648d4e7cad8826c884e0725c (127.25.144.4) added. New config: { opid_index: 2 OBSOLETE_local: false peers { permanent_uuid: "e591231333db4948aa2a22a2f0d4cd05" member_type: VOTER last_known_addr { host: "127.25.144.1" port: 35357 } attrs { replace: true } } peers { permanent_uuid: "63adc1fa0b1c4e6faa17f9a6f21abd9f" member_type: VOTER last_known_addr { host: "127.25.144.2" port: 41063 } } peers { permanent_uuid: "80d2f3594f1d4987b50727c0826d78ef" member_type: VOTER last_known_addr { host: "127.25.144.3" port: 33851 } } peers { permanent_uuid: "95af85f4648d4e7cad8826c884e0725c" member_type: NON_VOTER last_known_addr { host: "127.25.144.4" port: 43291 } attrs { promote: true } } }
I20260710 11:09:27.211524 27267 raft_consensus.cc:2955] T 0a69ccdb353941019e649f7d7128d964 P e591231333db4948aa2a22a2f0d4cd05 [term 1 FOLLOWER]: Committing config change with OpId 1.2: config changed from index -1 to 2, NON_VOTER 95af85f4648d4e7cad8826c884e0725c (127.25.144.4) added. New config: { opid_index: 2 OBSOLETE_local: false peers { permanent_uuid: "e591231333db4948aa2a22a2f0d4cd05" member_type: VOTER last_known_addr { host: "127.25.144.1" port: 35357 } attrs { replace: true } } peers { permanent_uuid: "63adc1fa0b1c4e6faa17f9a6f21abd9f" member_type: VOTER last_known_addr { host: "127.25.144.2" port: 41063 } } peers { permanent_uuid: "80d2f3594f1d4987b50727c0826d78ef" member_type: VOTER last_known_addr { host: "127.25.144.3" port: 33851 } } peers { permanent_uuid: "95af85f4648d4e7cad8826c884e0725c" member_type: NON_VOTER last_known_addr { host: "127.25.144.4" port: 43291 } attrs { promote: true } } }
I20260710 11:09:27.223196 27165 catalog_manager.cc:5697] T 0a69ccdb353941019e649f7d7128d964 P e591231333db4948aa2a22a2f0d4cd05 reported cstate change: config changed from index -1 to 2, NON_VOTER 95af85f4648d4e7cad8826c884e0725c (127.25.144.4) added. New cstate: current_term: 1 leader_uuid: "80d2f3594f1d4987b50727c0826d78ef" committed_config { opid_index: 2 OBSOLETE_local: false peers { permanent_uuid: "e591231333db4948aa2a22a2f0d4cd05" member_type: VOTER last_known_addr { host: "127.25.144.1" port: 35357 } attrs { replace: true } } peers { permanent_uuid: "63adc1fa0b1c4e6faa17f9a6f21abd9f" member_type: VOTER last_known_addr { host: "127.25.144.2" port: 41063 } } peers { permanent_uuid: "80d2f3594f1d4987b50727c0826d78ef" member_type: VOTER last_known_addr { host: "127.25.144.3" port: 33851 } } peers { permanent_uuid: "95af85f4648d4e7cad8826c884e0725c" member_type: NON_VOTER last_known_addr { host: "127.25.144.4" port: 43291 } attrs { promote: true } } }
I20260710 11:09:27.248275 27342 consensus_queue.cc:237] T 3df1ebcb02924691b48179fc77c11667 P 63adc1fa0b1c4e6faa17f9a6f21abd9f [LEADER]: Queue going to LEADER mode. State: All replicated index: 0, Majority replicated index: 1, Committed index: 1, Last appended: 1.1, Last appended by leader: 0, Current term: 1, Majority size: 2, State: 0, Mode: LEADER, active raft config: opid_index: 2 OBSOLETE_local: false peers { permanent_uuid: "e591231333db4948aa2a22a2f0d4cd05" member_type: VOTER last_known_addr { host: "127.25.144.1" port: 35357 } } peers { permanent_uuid: "63adc1fa0b1c4e6faa17f9a6f21abd9f" member_type: VOTER last_known_addr { host: "127.25.144.2" port: 41063 } } peers { permanent_uuid: "80d2f3594f1d4987b50727c0826d78ef" member_type: VOTER last_known_addr { host: "127.25.144.3" port: 33851 } attrs { replace: true } } peers { permanent_uuid: "95af85f4648d4e7cad8826c884e0725c" member_type: NON_VOTER last_known_addr { host: "127.25.144.4" port: 43291 } attrs { promote: true } }
I20260710 11:09:27.254662 27267 raft_consensus.cc:1275] T 3df1ebcb02924691b48179fc77c11667 P e591231333db4948aa2a22a2f0d4cd05 [term 1 FOLLOWER]: Refusing update from remote peer 63adc1fa0b1c4e6faa17f9a6f21abd9f: Log matching property violated. Preceding OpId in replica: term: 1 index: 1. Preceding OpId from leader: term: 1 index: 2. (index mismatch)
I20260710 11:09:27.255981 27417 raft_consensus.cc:1275] T 3df1ebcb02924691b48179fc77c11667 P 80d2f3594f1d4987b50727c0826d78ef [term 1 FOLLOWER]: Refusing update from remote peer 63adc1fa0b1c4e6faa17f9a6f21abd9f: Log matching property violated. Preceding OpId in replica: term: 1 index: 1. Preceding OpId from leader: term: 1 index: 2. (index mismatch)
I20260710 11:09:27.256037 27711 consensus_queue.cc:1048] T 3df1ebcb02924691b48179fc77c11667 P 63adc1fa0b1c4e6faa17f9a6f21abd9f [LEADER]: Connected to new peer: Peer: permanent_uuid: "e591231333db4948aa2a22a2f0d4cd05" member_type: VOTER last_known_addr { host: "127.25.144.1" port: 35357 }, Status: LMP_MISMATCH, Last received: 0.0, Next index: 2, Last known committed idx: 1, Time since last communication: 0.000s
I20260710 11:09:27.257496 27574 consensus_queue.cc:1048] T 3df1ebcb02924691b48179fc77c11667 P 63adc1fa0b1c4e6faa17f9a6f21abd9f [LEADER]: Connected to new peer: Peer: permanent_uuid: "80d2f3594f1d4987b50727c0826d78ef" member_type: VOTER last_known_addr { host: "127.25.144.3" port: 33851 } attrs { replace: true }, Status: LMP_MISMATCH, Last received: 0.0, Next index: 2, Last known committed idx: 1, Time since last communication: 0.000s
I20260710 11:09:27.264164 27574 raft_consensus.cc:2955] T 3df1ebcb02924691b48179fc77c11667 P 63adc1fa0b1c4e6faa17f9a6f21abd9f [term 1 LEADER]: Committing config change with OpId 1.2: config changed from index -1 to 2, NON_VOTER 95af85f4648d4e7cad8826c884e0725c (127.25.144.4) added. New config: { opid_index: 2 OBSOLETE_local: false peers { permanent_uuid: "e591231333db4948aa2a22a2f0d4cd05" member_type: VOTER last_known_addr { host: "127.25.144.1" port: 35357 } } peers { permanent_uuid: "63adc1fa0b1c4e6faa17f9a6f21abd9f" member_type: VOTER last_known_addr { host: "127.25.144.2" port: 41063 } } peers { permanent_uuid: "80d2f3594f1d4987b50727c0826d78ef" member_type: VOTER last_known_addr { host: "127.25.144.3" port: 33851 } attrs { replace: true } } peers { permanent_uuid: "95af85f4648d4e7cad8826c884e0725c" member_type: NON_VOTER last_known_addr { host: "127.25.144.4" port: 43291 } attrs { promote: true } } }
I20260710 11:09:27.267843 27267 raft_consensus.cc:2955] T 3df1ebcb02924691b48179fc77c11667 P e591231333db4948aa2a22a2f0d4cd05 [term 1 FOLLOWER]: Committing config change with OpId 1.2: config changed from index -1 to 2, NON_VOTER 95af85f4648d4e7cad8826c884e0725c (127.25.144.4) added. New config: { opid_index: 2 OBSOLETE_local: false peers { permanent_uuid: "e591231333db4948aa2a22a2f0d4cd05" member_type: VOTER last_known_addr { host: "127.25.144.1" port: 35357 } } peers { permanent_uuid: "63adc1fa0b1c4e6faa17f9a6f21abd9f" member_type: VOTER last_known_addr { host: "127.25.144.2" port: 41063 } } peers { permanent_uuid: "80d2f3594f1d4987b50727c0826d78ef" member_type: VOTER last_known_addr { host: "127.25.144.3" port: 33851 } attrs { replace: true } } peers { permanent_uuid: "95af85f4648d4e7cad8826c884e0725c" member_type: NON_VOTER last_known_addr { host: "127.25.144.4" port: 43291 } attrs { promote: true } } }
