I20260710 11:08:54.548493 30945 raft_consensus.cc:2955] T 8d9b2fe374934a0ebca1959c7597c72d P dce00b1f4129442cbfc8892a0bc01746 [term 1 FOLLOWER]: Committing config change with OpId 1.4: config changed from index 3 to 4, VOTER 169797cb53974f149a4ccfcbe0a3d42b (127.28.184.130) evicted. New config: { opid_index: 4 OBSOLETE_local: false peers { permanent_uuid: "85cd8f09e48c4582b8efc5e7bf05d26b" member_type: VOTER last_known_addr { host: "127.28.184.129" port: 43931 } } peers { permanent_uuid: "37d8e661e704490c8a23606dbd1dc7e1" member_type: VOTER last_known_addr { host: "127.28.184.131" port: 36805 } } peers { permanent_uuid: "dce00b1f4129442cbfc8892a0bc01746" member_type: VOTER last_known_addr { host: "127.28.184.132" port: 38123 } attrs { promote: false } } }
I20260710 11:08:54.550170 31221 raft_consensus.cc:2955] T 04c765d63cf94e3f94423215eb72229d P 37d8e661e704490c8a23606dbd1dc7e1 [term 1 LEADER]: Committing config change with OpId 1.4: config changed from index 3 to 4, VOTER 85cd8f09e48c4582b8efc5e7bf05d26b (127.28.184.129) evicted. New config: { opid_index: 4 OBSOLETE_local: false peers { permanent_uuid: "169797cb53974f149a4ccfcbe0a3d42b" member_type: VOTER last_known_addr { host: "127.28.184.130" port: 37495 } } peers { permanent_uuid: "37d8e661e704490c8a23606dbd1dc7e1" member_type: VOTER last_known_addr { host: "127.28.184.131" port: 36805 } } peers { permanent_uuid: "dce00b1f4129442cbfc8892a0bc01746" member_type: VOTER last_known_addr { host: "127.28.184.132" port: 38123 } attrs { promote: false } } }
I20260710 11:08:54.552819 30604 raft_consensus.cc:1275] T 04c765d63cf94e3f94423215eb72229d P 169797cb53974f149a4ccfcbe0a3d42b [term 1 FOLLOWER]: Refusing update from remote peer 37d8e661e704490c8a23606dbd1dc7e1: Log matching property violated. Preceding OpId in replica: term: 1 index: 3. Preceding OpId from leader: term: 1 index: 4. (index mismatch)
I20260710 11:08:54.554775 31212 consensus_queue.cc:1048] T 04c765d63cf94e3f94423215eb72229d P 37d8e661e704490c8a23606dbd1dc7e1 [LEADER]: Connected to new peer: Peer: permanent_uuid: "169797cb53974f149a4ccfcbe0a3d42b" member_type: VOTER last_known_addr { host: "127.28.184.130" port: 37495 }, Status: LMP_MISMATCH, Last received: 0.0, Next index: 4, Last known committed idx: 3, Time since last communication: 0.000s
I20260710 11:08:54.556084 30525 raft_consensus.cc:2955] T 8d9b2fe374934a0ebca1959c7597c72d P 85cd8f09e48c4582b8efc5e7bf05d26b [term 1 FOLLOWER]: Committing config change with OpId 1.4: config changed from index 3 to 4, VOTER 169797cb53974f149a4ccfcbe0a3d42b (127.28.184.130) evicted. New config: { opid_index: 4 OBSOLETE_local: false peers { permanent_uuid: "85cd8f09e48c4582b8efc5e7bf05d26b" member_type: VOTER last_known_addr { host: "127.28.184.129" port: 43931 } } peers { permanent_uuid: "37d8e661e704490c8a23606dbd1dc7e1" member_type: VOTER last_known_addr { host: "127.28.184.131" port: 36805 } } peers { permanent_uuid: "dce00b1f4129442cbfc8892a0bc01746" member_type: VOTER last_known_addr { host: "127.28.184.132" port: 38123 } attrs { promote: false } } }
I20260710 11:08:54.562606 30411 catalog_manager.cc:5210] ChangeConfig:REMOVE_PEER RPC for tablet 04c765d63cf94e3f94423215eb72229d with cas_config_opid_index 3: ChangeConfig:REMOVE_PEER succeeded (attempt 1)
I20260710 11:08:54.552398 30942 raft_consensus.cc:2955] T 04c765d63cf94e3f94423215eb72229d P dce00b1f4129442cbfc8892a0bc01746 [term 1 FOLLOWER]: Committing config change with OpId 1.4: config changed from index 3 to 4, VOTER 85cd8f09e48c4582b8efc5e7bf05d26b (127.28.184.129) evicted. New config: { opid_index: 4 OBSOLETE_local: false peers { permanent_uuid: "169797cb53974f149a4ccfcbe0a3d42b" member_type: VOTER last_known_addr { host: "127.28.184.130" port: 37495 } } peers { permanent_uuid: "37d8e661e704490c8a23606dbd1dc7e1" member_type: VOTER last_known_addr { host: "127.28.184.131" port: 36805 } } peers { permanent_uuid: "dce00b1f4129442cbfc8892a0bc01746" member_type: VOTER last_known_addr { host: "127.28.184.132" port: 38123 } attrs { promote: false } } }
I20260710 11:08:54.551240 31237 raft_consensus.cc:2955] T 46774020fc164e99bd6b164ca58315f7 P 169797cb53974f149a4ccfcbe0a3d42b [term 1 LEADER]: Committing config change with OpId 1.3: config changed from index 2 to 3, dce00b1f4129442cbfc8892a0bc01746 (127.28.184.132) changed from NON_VOTER to VOTER. New config: { opid_index: 3 OBSOLETE_local: false peers { permanent_uuid: "85cd8f09e48c4582b8efc5e7bf05d26b" member_type: VOTER last_known_addr { host: "127.28.184.129" port: 43931 } attrs { replace: true } } peers { permanent_uuid: "169797cb53974f149a4ccfcbe0a3d42b" member_type: VOTER last_known_addr { host: "127.28.184.130" port: 37495 } } peers { permanent_uuid: "37d8e661e704490c8a23606dbd1dc7e1" member_type: VOTER last_known_addr { host: "127.28.184.131" port: 36805 } } peers { permanent_uuid: "dce00b1f4129442cbfc8892a0bc01746" member_type: VOTER last_known_addr { host: "127.28.184.132" port: 38123 } attrs { promote: false } } }
I20260710 11:08:54.566167 30604 raft_consensus.cc:2955] T 04c765d63cf94e3f94423215eb72229d P 169797cb53974f149a4ccfcbe0a3d42b [term 1 FOLLOWER]: Committing config change with OpId 1.4: config changed from index 3 to 4, VOTER 85cd8f09e48c4582b8efc5e7bf05d26b (127.28.184.129) evicted. New config: { opid_index: 4 OBSOLETE_local: false peers { permanent_uuid: "169797cb53974f149a4ccfcbe0a3d42b" member_type: VOTER last_known_addr { host: "127.28.184.130" port: 37495 } } peers { permanent_uuid: "37d8e661e704490c8a23606dbd1dc7e1" member_type: VOTER last_known_addr { host: "127.28.184.131" port: 36805 } } peers { permanent_uuid: "dce00b1f4129442cbfc8892a0bc01746" member_type: VOTER last_known_addr { host: "127.28.184.132" port: 38123 } attrs { promote: false } } }
I20260710 11:08:54.575727 30424 catalog_manager.cc:5697] T 04c765d63cf94e3f94423215eb72229d P 37d8e661e704490c8a23606dbd1dc7e1 reported cstate change: config changed from index 3 to 4, VOTER 85cd8f09e48c4582b8efc5e7bf05d26b (127.28.184.129) evicted. New cstate: current_term: 1 leader_uuid: "37d8e661e704490c8a23606dbd1dc7e1" committed_config { opid_index: 4 OBSOLETE_local: false peers { permanent_uuid: "169797cb53974f149a4ccfcbe0a3d42b" member_type: VOTER last_known_addr { host: "127.28.184.130" port: 37495 } health_report { overall_health: UNKNOWN } } peers { permanent_uuid: "37d8e661e704490c8a23606dbd1dc7e1" member_type: VOTER last_known_addr { host: "127.28.184.131" port: 36805 } health_report { overall_health: HEALTHY } } peers { permanent_uuid: "dce00b1f4129442cbfc8892a0bc01746" member_type: VOTER last_known_addr { host: "127.28.184.132" port: 38123 } attrs { promote: false } health_report { overall_health: HEALTHY } } }
I20260710 11:08:54.570360 30941 raft_consensus.cc:2955] T 46774020fc164e99bd6b164ca58315f7 P dce00b1f4129442cbfc8892a0bc01746 [term 1 FOLLOWER]: Committing config change with OpId 1.3: config changed from index 2 to 3, dce00b1f4129442cbfc8892a0bc01746 (127.28.184.132) changed from NON_VOTER to VOTER. New config: { opid_index: 3 OBSOLETE_local: false peers { permanent_uuid: "85cd8f09e48c4582b8efc5e7bf05d26b" member_type: VOTER last_known_addr { host: "127.28.184.129" port: 43931 } attrs { replace: true } } peers { permanent_uuid: "169797cb53974f149a4ccfcbe0a3d42b" member_type: VOTER last_known_addr { host: "127.28.184.130" port: 37495 } } peers { permanent_uuid: "37d8e661e704490c8a23606dbd1dc7e1" member_type: VOTER last_known_addr { host: "127.28.184.131" port: 36805 } } peers { permanent_uuid: "dce00b1f4129442cbfc8892a0bc01746" member_type: VOTER last_known_addr { host: "127.28.184.132" port: 38123 } attrs { promote: false } } }
I20260710 11:08:54.573717 30411 catalog_manager.cc:5210] ChangeConfig:REMOVE_PEER RPC for tablet 8d9b2fe374934a0ebca1959c7597c72d with cas_config_opid_index 3: ChangeConfig:REMOVE_PEER succeeded (attempt 1)
I20260710 11:08:54.590287 30423 catalog_manager.cc:5697] T 8d9b2fe374934a0ebca1959c7597c72d P 85cd8f09e48c4582b8efc5e7bf05d26b reported cstate change: config changed from index 3 to 4, VOTER 169797cb53974f149a4ccfcbe0a3d42b (127.28.184.130) evicted. New cstate: current_term: 1 leader_uuid: "37d8e661e704490c8a23606dbd1dc7e1" committed_config { opid_index: 4 OBSOLETE_local: false peers { permanent_uuid: "85cd8f09e48c4582b8efc5e7bf05d26b" member_type: VOTER last_known_addr { host: "127.28.184.129" port: 43931 } } peers { permanent_uuid: "37d8e661e704490c8a23606dbd1dc7e1" member_type: VOTER last_known_addr { host: "127.28.184.131" port: 36805 } } peers { permanent_uuid: "dce00b1f4129442cbfc8892a0bc01746" member_type: VOTER last_known_addr { host: "127.28.184.132" port: 38123 } attrs { promote: false } } }
I20260710 11:08:54.591663 30511 tablet_service.cc:1558] Processing DeleteTablet for tablet 04c765d63cf94e3f94423215eb72229d with delete_type TABLET_DATA_TOMBSTONED (TS 85cd8f09e48c4582b8efc5e7bf05d26b not found in new config with opid_index 4) from {username='slave'} at 127.0.0.1:51662
I20260710 11:08:54.600211 31238 tablet_replica.cc:333] T 04c765d63cf94e3f94423215eb72229d P 85cd8f09e48c4582b8efc5e7bf05d26b: stopping tablet replica
I20260710 11:08:54.601188 31238 raft_consensus.cc:2243] T 04c765d63cf94e3f94423215eb72229d P 85cd8f09e48c4582b8efc5e7bf05d26b [term 1 FOLLOWER]: Raft consensus shutting down.
I20260710 11:08:54.602288 31238 raft_consensus.cc:2272] T 04c765d63cf94e3f94423215eb72229d P 85cd8f09e48c4582b8efc5e7bf05d26b [term 1 FOLLOWER]: Raft consensus is shut down!
I20260710 11:08:54.585886 30525 raft_consensus.cc:2955] T 46774020fc164e99bd6b164ca58315f7 P 85cd8f09e48c4582b8efc5e7bf05d26b [term 1 FOLLOWER]: Committing config change with OpId 1.3: config changed from index 2 to 3, dce00b1f4129442cbfc8892a0bc01746 (127.28.184.132) changed from NON_VOTER to VOTER. New config: { opid_index: 3 OBSOLETE_local: false peers { permanent_uuid: "85cd8f09e48c4582b8efc5e7bf05d26b" member_type: VOTER last_known_addr { host: "127.28.184.129" port: 43931 } attrs { replace: true } } peers { permanent_uuid: "169797cb53974f149a4ccfcbe0a3d42b" member_type: VOTER last_known_addr { host: "127.28.184.130" port: 37495 } } peers { permanent_uuid: "37d8e661e704490c8a23606dbd1dc7e1" member_type: VOTER last_known_addr { host: "127.28.184.131" port: 36805 } } peers { permanent_uuid: "dce00b1f4129442cbfc8892a0bc01746" member_type: VOTER last_known_addr { host: "127.28.184.132" port: 38123 } attrs { promote: false } } }
I20260710 11:08:54.606284 31238 ts_tablet_manager.cc:1916] T 04c765d63cf94e3f94423215eb72229d P 85cd8f09e48c4582b8efc5e7bf05d26b: Deleting tablet data with delete state TABLET_DATA_TOMBSTONED
I20260710 11:08:54.610517 31213 raft_consensus.cc:2955] T bafee07f4c1647f6a23f7042b7eeab6e P 169797cb53974f149a4ccfcbe0a3d42b [term 1 LEADER]: Committing config change with OpId 1.3: config changed from index 2 to 3, dce00b1f4129442cbfc8892a0bc01746 (127.28.184.132) changed from NON_VOTER to VOTER. New config: { opid_index: 3 OBSOLETE_local: false peers { permanent_uuid: "85cd8f09e48c4582b8efc5e7bf05d26b" member_type: VOTER last_known_addr { host: "127.28.184.129" port: 43931 } } peers { permanent_uuid: "169797cb53974f149a4ccfcbe0a3d42b" member_type: VOTER last_known_addr { host: "127.28.184.130" port: 37495 } } peers { permanent_uuid: "37d8e661e704490c8a23606dbd1dc7e1" member_type: VOTER last_known_addr { host: "127.28.184.131" port: 36805 } attrs { replace: true } } peers { permanent_uuid: "dce00b1f4129442cbfc8892a0bc01746" member_type: VOTER last_known_addr { host: "127.28.184.132" port: 38123 } attrs { promote: false } } }
I20260710 11:08:54.613920 30425 catalog_manager.cc:5697] T 46774020fc164e99bd6b164ca58315f7 P 169797cb53974f149a4ccfcbe0a3d42b reported cstate change: config changed from index 2 to 3, dce00b1f4129442cbfc8892a0bc01746 (127.28.184.132) changed from NON_VOTER to VOTER. New cstate: current_term: 1 leader_uuid: "169797cb53974f149a4ccfcbe0a3d42b" committed_config { opid_index: 3 OBSOLETE_local: false peers { permanent_uuid: "85cd8f09e48c4582b8efc5e7bf05d26b" member_type: VOTER last_known_addr { host: "127.28.184.129" port: 43931 } attrs { replace: true } health_report { overall_health: HEALTHY } } peers { permanent_uuid: "169797cb53974f149a4ccfcbe0a3d42b" member_type: VOTER last_known_addr { host: "127.28.184.130" port: 37495 } health_report { overall_health: HEALTHY } } peers { permanent_uuid: "37d8e661e704490c8a23606dbd1dc7e1" member_type: VOTER last_known_addr { host: "127.28.184.131" port: 36805 } health_report { overall_health: HEALTHY } } peers { permanent_uuid: "dce00b1f4129442cbfc8892a0bc01746" member_type: VOTER last_known_addr { host: "127.28.184.132" port: 38123 } attrs { promote: false } health_report { overall_health: HEALTHY } } }
I20260710 11:08:54.622709 31238 ts_tablet_manager.cc:1929] T 04c765d63cf94e3f94423215eb72229d P 85cd8f09e48c4582b8efc5e7bf05d26b: tablet deleted with delete type TABLET_DATA_TOMBSTONED: last-logged OpId 1.3
I20260710 11:08:54.623238 31238 log.cc:1199] T 04c765d63cf94e3f94423215eb72229d P 85cd8f09e48c4582b8efc5e7bf05d26b: Deleting WAL directory at /tmp/dist-test-task6IBtVb/test-tmp/auto_leader_rebalancer-test.0.LeaderRebalancerTest.AddTserver.1783681695827507-29410-0/minicluster-data/ts-0-root/wals/04c765d63cf94e3f94423215eb72229d
I20260710 11:08:54.624891 30411 catalog_manager.cc:5028] TS 85cd8f09e48c4582b8efc5e7bf05d26b (127.28.184.129:43931): tablet 04c765d63cf94e3f94423215eb72229d (table test-workload [id=9592e53e39a74449b03fc30df6758700]) successfully deleted
I20260710 11:08:54.625900 30673 raft_consensus.cc:2955] T 46774020fc164e99bd6b164ca58315f7 P 37d8e661e704490c8a23606dbd1dc7e1 [term 1 FOLLOWER]: Committing config change with OpId 1.3: config changed from index 2 to 3, dce00b1f4129442cbfc8892a0bc01746 (127.28.184.132) changed from NON_VOTER to VOTER. New config: { opid_index: 3 OBSOLETE_local: false peers { permanent_uuid: "85cd8f09e48c4582b8efc5e7bf05d26b" member_type: VOTER last_known_addr { host: "127.28.184.129" port: 43931 } attrs { replace: true } } peers { permanent_uuid: "169797cb53974f149a4ccfcbe0a3d42b" member_type: VOTER last_known_addr { host: "127.28.184.130" port: 37495 } } peers { permanent_uuid: "37d8e661e704490c8a23606dbd1dc7e1" member_type: VOTER last_known_addr { host: "127.28.184.131" port: 36805 } } peers { permanent_uuid: "dce00b1f4129442cbfc8892a0bc01746" member_type: VOTER last_known_addr { host: "127.28.184.132" port: 38123 } attrs { promote: false } } }
I20260710 11:08:54.633776 30587 tablet_service.cc:1558] Processing DeleteTablet for tablet 8d9b2fe374934a0ebca1959c7597c72d with delete_type TABLET_DATA_TOMBSTONED (TS 169797cb53974f149a4ccfcbe0a3d42b not found in new config with opid_index 4) from {username='slave'} at 127.0.0.1:49890
I20260710 11:08:54.645569 30941 raft_consensus.cc:2955] T bafee07f4c1647f6a23f7042b7eeab6e P dce00b1f4129442cbfc8892a0bc01746 [term 1 FOLLOWER]: Committing config change with OpId 1.3: config changed from index 2 to 3, dce00b1f4129442cbfc8892a0bc01746 (127.28.184.132) changed from NON_VOTER to VOTER. New config: { opid_index: 3 OBSOLETE_local: false peers { permanent_uuid: "85cd8f09e48c4582b8efc5e7bf05d26b" member_type: VOTER last_known_addr { host: "127.28.184.129" port: 43931 } } peers { permanent_uuid: "169797cb53974f149a4ccfcbe0a3d42b" member_type: VOTER last_known_addr { host: "127.28.184.130" port: 37495 } } peers { permanent_uuid: "37d8e661e704490c8a23606dbd1dc7e1" member_type: VOTER last_known_addr { host: "127.28.184.131" port: 36805 } attrs { replace: true } } peers { permanent_uuid: "dce00b1f4129442cbfc8892a0bc01746" member_type: VOTER last_known_addr { host: "127.28.184.132" port: 38123 } attrs { promote: false } } }
I20260710 11:08:54.645363 30525 raft_consensus.cc:2955] T bafee07f4c1647f6a23f7042b7eeab6e P 85cd8f09e48c4582b8efc5e7bf05d26b [term 1 FOLLOWER]: Committing config change with OpId 1.3: config changed from index 2 to 3, dce00b1f4129442cbfc8892a0bc01746 (127.28.184.132) changed from NON_VOTER to VOTER. New config: { opid_index: 3 OBSOLETE_local: false peers { permanent_uuid: "85cd8f09e48c4582b8efc5e7bf05d26b" member_type: VOTER last_known_addr { host: "127.28.184.129" port: 43931 } } peers { permanent_uuid: "169797cb53974f149a4ccfcbe0a3d42b" member_type: VOTER last_known_addr { host: "127.28.184.130" port: 37495 } } peers { permanent_uuid: "37d8e661e704490c8a23606dbd1dc7e1" member_type: VOTER last_known_addr { host: "127.28.184.131" port: 36805 } attrs { replace: true } } peers { permanent_uuid: "dce00b1f4129442cbfc8892a0bc01746" member_type: VOTER last_known_addr { host: "127.28.184.132" port: 38123 } attrs { promote: false } } }
I20260710 11:08:54.646366 30673 raft_consensus.cc:2955] T bafee07f4c1647f6a23f7042b7eeab6e P 37d8e661e704490c8a23606dbd1dc7e1 [term 1 FOLLOWER]: Committing config change with OpId 1.3: config changed from index 2 to 3, dce00b1f4129442cbfc8892a0bc01746 (127.28.184.132) changed from NON_VOTER to VOTER. New config: { opid_index: 3 OBSOLETE_local: false peers { permanent_uuid: "85cd8f09e48c4582b8efc5e7bf05d26b" member_type: VOTER last_known_addr { host: "127.28.184.129" port: 43931 } } peers { permanent_uuid: "169797cb53974f149a4ccfcbe0a3d42b" member_type: VOTER last_known_addr { host: "127.28.184.130" port: 37495 } } peers { permanent_uuid: "37d8e661e704490c8a23606dbd1dc7e1" member_type: VOTER last_known_addr { host: "127.28.184.131" port: 36805 } attrs { replace: true } } peers { permanent_uuid: "dce00b1f4129442cbfc8892a0bc01746" member_type: VOTER last_known_addr { host: "127.28.184.132" port: 38123 } attrs { promote: false } } }
W20260710 11:08:54.650883 31183 consensus_queue.cc:1175] T 46774020fc164e99bd6b164ca58315f7 P 169797cb53974f149a4ccfcbe0a3d42b [LEADER]: Queue is closed or peer was untracked, disregarding peer response. Response: responder_uuid: "dce00b1f4129442cbfc8892a0bc01746" responder_term: 1 status { last_received { term: 1 index: 3 } last_committed_idx: 3 last_received_current_leader { term: 1 index: 3 } }
I20260710 11:08:54.658525 30604 consensus_queue.cc:237] T 46774020fc164e99bd6b164ca58315f7 P 169797cb53974f149a4ccfcbe0a3d42b [LEADER]: Queue going to LEADER mode. State: All replicated index: 0, Majority replicated index: 3, Committed index: 3, Last appended: 1.3, Last appended by leader: 0, Current term: 1, Majority size: 2, State: 0, Mode: LEADER, active raft config: opid_index: 4 OBSOLETE_local: false peers { permanent_uuid: "169797cb53974f149a4ccfcbe0a3d42b" member_type: VOTER last_known_addr { host: "127.28.184.130" port: 37495 } } peers { permanent_uuid: "37d8e661e704490c8a23606dbd1dc7e1" member_type: VOTER last_known_addr { host: "127.28.184.131" port: 36805 } } peers { permanent_uuid: "dce00b1f4129442cbfc8892a0bc01746" member_type: VOTER last_known_addr { host: "127.28.184.132" port: 38123 } attrs { promote: false } }
I20260710 11:08:54.649886 30425 catalog_manager.cc:5697] T bafee07f4c1647f6a23f7042b7eeab6e P 169797cb53974f149a4ccfcbe0a3d42b reported cstate change: config changed from index 2 to 3, dce00b1f4129442cbfc8892a0bc01746 (127.28.184.132) changed from NON_VOTER to VOTER. New cstate: current_term: 1 leader_uuid: "169797cb53974f149a4ccfcbe0a3d42b" committed_config { opid_index: 3 OBSOLETE_local: false peers { permanent_uuid: "85cd8f09e48c4582b8efc5e7bf05d26b" member_type: VOTER last_known_addr { host: "127.28.184.129" port: 43931 } health_report { overall_health: UNKNOWN } } peers { permanent_uuid: "169797cb53974f149a4ccfcbe0a3d42b" member_type: VOTER last_known_addr { host: "127.28.184.130" port: 37495 } health_report { overall_health: HEALTHY } } peers { permanent_uuid: "37d8e661e704490c8a23606dbd1dc7e1" member_type: VOTER last_known_addr { host: "127.28.184.131" port: 36805 } attrs { replace: true } health_report { overall_health: HEALTHY } } peers { permanent_uuid: "dce00b1f4129442cbfc8892a0bc01746" member_type: VOTER last_known_addr { host: "127.28.184.132" port: 38123 } attrs { promote: false } health_report { overall_health: HEALTHY } } }
I20260710 11:08:54.664673 31239 tablet_replica.cc:333] T 8d9b2fe374934a0ebca1959c7597c72d P 169797cb53974f149a4ccfcbe0a3d42b: stopping tablet replica
I20260710 11:08:54.668893 31239 raft_consensus.cc:2243] T 8d9b2fe374934a0ebca1959c7597c72d P 169797cb53974f149a4ccfcbe0a3d42b [term 1 FOLLOWER]: Raft consensus shutting down.
I20260710 11:08:54.669761 31239 raft_consensus.cc:2272] T 8d9b2fe374934a0ebca1959c7597c72d P 169797cb53974f149a4ccfcbe0a3d42b [term 1 FOLLOWER]: Raft consensus is shut down!
I20260710 11:08:54.670173 30942 raft_consensus.cc:1275] T 46774020fc164e99bd6b164ca58315f7 P dce00b1f4129442cbfc8892a0bc01746 [term 1 FOLLOWER]: Refusing update from remote peer 169797cb53974f149a4ccfcbe0a3d42b: Log matching property violated. Preceding OpId in replica: term: 1 index: 3. Preceding OpId from leader: term: 1 index: 4. (index mismatch)
I20260710 11:08:54.669255 30673 raft_consensus.cc:1275] T 46774020fc164e99bd6b164ca58315f7 P 37d8e661e704490c8a23606dbd1dc7e1 [term 1 FOLLOWER]: Refusing update from remote peer 169797cb53974f149a4ccfcbe0a3d42b: Log matching property violated. Preceding OpId in replica: term: 1 index: 3. Preceding OpId from leader: term: 1 index: 4. (index mismatch)
I20260710 11:08:54.672654 31237 consensus_queue.cc:1048] T 46774020fc164e99bd6b164ca58315f7 P 169797cb53974f149a4ccfcbe0a3d42b [LEADER]: Connected to new peer: Peer: permanent_uuid: "37d8e661e704490c8a23606dbd1dc7e1" member_type: VOTER last_known_addr { host: "127.28.184.131" port: 36805 }, Status: LMP_MISMATCH, Last received: 0.0, Next index: 4, Last known committed idx: 3, Time since last communication: 0.000s
I20260710 11:08:54.673318 31239 ts_tablet_manager.cc:1916] T 8d9b2fe374934a0ebca1959c7597c72d P 169797cb53974f149a4ccfcbe0a3d42b: Deleting tablet data with delete state TABLET_DATA_TOMBSTONED
I20260710 11:08:54.675935 31237 consensus_queue.cc:1048] T 46774020fc164e99bd6b164ca58315f7 P 169797cb53974f149a4ccfcbe0a3d42b [LEADER]: Connected to new peer: Peer: permanent_uuid: "dce00b1f4129442cbfc8892a0bc01746" member_type: VOTER last_known_addr { host: "127.28.184.132" port: 38123 } attrs { promote: false }, Status: LMP_MISMATCH, Last received: 0.0, Next index: 4, Last known committed idx: 3, Time since last communication: 0.000s
I20260710 11:08:54.686784 31183 raft_consensus.cc:2955] T 46774020fc164e99bd6b164ca58315f7 P 169797cb53974f149a4ccfcbe0a3d42b [term 1 LEADER]: Committing config change with OpId 1.4: config changed from index 3 to 4, VOTER 85cd8f09e48c4582b8efc5e7bf05d26b (127.28.184.129) evicted. New config: { opid_index: 4 OBSOLETE_local: false peers { permanent_uuid: "169797cb53974f149a4ccfcbe0a3d42b" member_type: VOTER last_known_addr { host: "127.28.184.130" port: 37495 } } peers { permanent_uuid: "37d8e661e704490c8a23606dbd1dc7e1" member_type: VOTER last_known_addr { host: "127.28.184.131" port: 36805 } } peers { permanent_uuid: "dce00b1f4129442cbfc8892a0bc01746" member_type: VOTER last_known_addr { host: "127.28.184.132" port: 38123 } attrs { promote: false } } }
I20260710 11:08:54.695309 31239 ts_tablet_manager.cc:1929] T 8d9b2fe374934a0ebca1959c7597c72d P 169797cb53974f149a4ccfcbe0a3d42b: tablet deleted with delete type TABLET_DATA_TOMBSTONED: last-logged OpId 1.3
I20260710 11:08:54.695993 31239 log.cc:1199] T 8d9b2fe374934a0ebca1959c7597c72d P 169797cb53974f149a4ccfcbe0a3d42b: Deleting WAL directory at /tmp/dist-test-task6IBtVb/test-tmp/auto_leader_rebalancer-test.0.LeaderRebalancerTest.AddTserver.1783681695827507-29410-0/minicluster-data/ts-1-root/wals/8d9b2fe374934a0ebca1959c7597c72d
I20260710 11:08:54.699024 30941 raft_consensus.cc:2955] T 46774020fc164e99bd6b164ca58315f7 P dce00b1f4129442cbfc8892a0bc01746 [term 1 FOLLOWER]: Committing config change with OpId 1.4: config changed from index 3 to 4, VOTER 85cd8f09e48c4582b8efc5e7bf05d26b (127.28.184.129) evicted. New config: { opid_index: 4 OBSOLETE_local: false peers { permanent_uuid: "169797cb53974f149a4ccfcbe0a3d42b" member_type: VOTER last_known_addr { host: "127.28.184.130" port: 37495 } } peers { permanent_uuid: "37d8e661e704490c8a23606dbd1dc7e1" member_type: VOTER last_known_addr { host: "127.28.184.131" port: 36805 } } peers { permanent_uuid: "dce00b1f4129442cbfc8892a0bc01746" member_type: VOTER last_known_addr { host: "127.28.184.132" port: 38123 } attrs { promote: false } } }
I20260710 11:08:54.700913 30413 catalog_manager.cc:5028] TS 169797cb53974f149a4ccfcbe0a3d42b (127.28.184.130:37495): tablet 8d9b2fe374934a0ebca1959c7597c72d (table test-workload [id=9592e53e39a74449b03fc30df6758700]) successfully deleted
I20260710 11:08:54.705837 30604 consensus_queue.cc:237] T bafee07f4c1647f6a23f7042b7eeab6e P 169797cb53974f149a4ccfcbe0a3d42b [LEADER]: Queue going to LEADER mode. State: All replicated index: 0, Majority replicated index: 3, Committed index: 3, Last appended: 1.3, Last appended by leader: 0, Current term: 1, Majority size: 2, State: 0, Mode: LEADER, active raft config: opid_index: 4 OBSOLETE_local: false peers { permanent_uuid: "85cd8f09e48c4582b8efc5e7bf05d26b" member_type: VOTER last_known_addr { host: "127.28.184.129" port: 43931 } } peers { permanent_uuid: "169797cb53974f149a4ccfcbe0a3d42b" member_type: VOTER last_known_addr { host: "127.28.184.130" port: 37495 } } peers { permanent_uuid: "dce00b1f4129442cbfc8892a0bc01746" member_type: VOTER last_known_addr { host: "127.28.184.132" port: 38123 } attrs { promote: false } }
I20260710 11:08:54.707041 30423 catalog_manager.cc:5697] T 46774020fc164e99bd6b164ca58315f7 P 169797cb53974f149a4ccfcbe0a3d42b reported cstate change: config changed from index 3 to 4, VOTER 85cd8f09e48c4582b8efc5e7bf05d26b (127.28.184.129) evicted. New cstate: current_term: 1 leader_uuid: "169797cb53974f149a4ccfcbe0a3d42b" committed_config { opid_index: 4 OBSOLETE_local: false peers { permanent_uuid: "169797cb53974f149a4ccfcbe0a3d42b" member_type: VOTER last_known_addr { host: "127.28.184.130" port: 37495 } health_report { overall_health: HEALTHY } } peers { permanent_uuid: "37d8e661e704490c8a23606dbd1dc7e1" member_type: VOTER last_known_addr { host: "127.28.184.131" port: 36805 } health_report { overall_health: HEALTHY } } peers { permanent_uuid: "dce00b1f4129442cbfc8892a0bc01746" member_type: VOTER last_known_addr { host: "127.28.184.132" port: 38123 } attrs { promote: false } health_report { overall_health: HEALTHY } } }
I20260710 11:08:54.711840 30673 raft_consensus.cc:2955] T 46774020fc164e99bd6b164ca58315f7 P 37d8e661e704490c8a23606dbd1dc7e1 [term 1 FOLLOWER]: Committing config change with OpId 1.4: config changed from index 3 to 4, VOTER 85cd8f09e48c4582b8efc5e7bf05d26b (127.28.184.129) evicted. New config: { opid_index: 4 OBSOLETE_local: false peers { permanent_uuid: "169797cb53974f149a4ccfcbe0a3d42b" member_type: VOTER last_known_addr { host: "127.28.184.130" port: 37495 } } peers { permanent_uuid: "37d8e661e704490c8a23606dbd1dc7e1" member_type: VOTER last_known_addr { host: "127.28.184.131" port: 36805 } } peers { permanent_uuid: "dce00b1f4129442cbfc8892a0bc01746" member_type: VOTER last_known_addr { host: "127.28.184.132" port: 38123 } attrs { promote: false } } }
I20260710 11:08:54.713387 30413 catalog_manager.cc:5210] ChangeConfig:REMOVE_PEER RPC for tablet 46774020fc164e99bd6b164ca58315f7 with cas_config_opid_index 3: ChangeConfig:REMOVE_PEER succeeded (attempt 1)
I20260710 11:08:54.715535 30941 raft_consensus.cc:1275] T bafee07f4c1647f6a23f7042b7eeab6e P dce00b1f4129442cbfc8892a0bc01746 [term 1 FOLLOWER]: Refusing update from remote peer 169797cb53974f149a4ccfcbe0a3d42b: Log matching property violated. Preceding OpId in replica: term: 1 index: 3. Preceding OpId from leader: term: 1 index: 4. (index mismatch)
I20260710 11:08:54.717201 30525 raft_consensus.cc:1275] T bafee07f4c1647f6a23f7042b7eeab6e P 85cd8f09e48c4582b8efc5e7bf05d26b [term 1 FOLLOWER]: Refusing update from remote peer 169797cb53974f149a4ccfcbe0a3d42b: Log matching property violated. Preceding OpId in replica: term: 1 index: 3. Preceding OpId from leader: term: 1 index: 4. (index mismatch)
I20260710 11:08:54.720867 31237 consensus_queue.cc:1048] T bafee07f4c1647f6a23f7042b7eeab6e P 169797cb53974f149a4ccfcbe0a3d42b [LEADER]: Connected to new peer: Peer: permanent_uuid: "85cd8f09e48c4582b8efc5e7bf05d26b" member_type: VOTER last_known_addr { host: "127.28.184.129" port: 43931 }, Status: LMP_MISMATCH, Last received: 0.0, Next index: 4, Last known committed idx: 3, Time since last communication: 0.000s
I20260710 11:08:54.721835 30511 tablet_service.cc:1558] Processing DeleteTablet for tablet 46774020fc164e99bd6b164ca58315f7 with delete_type TABLET_DATA_TOMBSTONED (TS 85cd8f09e48c4582b8efc5e7bf05d26b not found in new config with opid_index 4) from {username='slave'} at 127.0.0.1:51662
I20260710 11:08:54.722783 31238 tablet_replica.cc:333] T 46774020fc164e99bd6b164ca58315f7 P 85cd8f09e48c4582b8efc5e7bf05d26b: stopping tablet replica
I20260710 11:08:54.723743 31238 raft_consensus.cc:2243] T 46774020fc164e99bd6b164ca58315f7 P 85cd8f09e48c4582b8efc5e7bf05d26b [term 1 FOLLOWER]: Raft consensus shutting down.
I20260710 11:08:54.724493 31238 raft_consensus.cc:2272] T 46774020fc164e99bd6b164ca58315f7 P 85cd8f09e48c4582b8efc5e7bf05d26b [term 1 FOLLOWER]: Raft consensus is shut down!
I20260710 11:08:54.724532 31214 consensus_queue.cc:1048] T bafee07f4c1647f6a23f7042b7eeab6e P 169797cb53974f149a4ccfcbe0a3d42b [LEADER]: Connected to new peer: Peer: permanent_uuid: "dce00b1f4129442cbfc8892a0bc01746" member_type: VOTER last_known_addr { host: "127.28.184.132" port: 38123 } attrs { promote: false }, Status: LMP_MISMATCH, Last received: 0.0, Next index: 4, Last known committed idx: 3, Time since last communication: 0.001s
I20260710 11:08:54.731881 31238 ts_tablet_manager.cc:1916] T 46774020fc164e99bd6b164ca58315f7 P 85cd8f09e48c4582b8efc5e7bf05d26b: Deleting tablet data with delete state TABLET_DATA_TOMBSTONED
I20260710 11:08:54.732543 31183 raft_consensus.cc:2955] T bafee07f4c1647f6a23f7042b7eeab6e P 169797cb53974f149a4ccfcbe0a3d42b [term 1 LEADER]: Committing config change with OpId 1.4: config changed from index 3 to 4, VOTER 37d8e661e704490c8a23606dbd1dc7e1 (127.28.184.131) evicted. New config: { opid_index: 4 OBSOLETE_local: false peers { permanent_uuid: "85cd8f09e48c4582b8efc5e7bf05d26b" member_type: VOTER last_known_addr { host: "127.28.184.129" port: 43931 } } peers { permanent_uuid: "169797cb53974f149a4ccfcbe0a3d42b" member_type: VOTER last_known_addr { host: "127.28.184.130" port: 37495 } } peers { permanent_uuid: "dce00b1f4129442cbfc8892a0bc01746" member_type: VOTER last_known_addr { host: "127.28.184.132" port: 38123 } attrs { promote: false } } }
I20260710 11:08:54.740367 30942 raft_consensus.cc:2955] T bafee07f4c1647f6a23f7042b7eeab6e P dce00b1f4129442cbfc8892a0bc01746 [term 1 FOLLOWER]: Committing config change with OpId 1.4: config changed from index 3 to 4, VOTER 37d8e661e704490c8a23606dbd1dc7e1 (127.28.184.131) evicted. New config: { opid_index: 4 OBSOLETE_local: false peers { permanent_uuid: "85cd8f09e48c4582b8efc5e7bf05d26b" member_type: VOTER last_known_addr { host: "127.28.184.129" port: 43931 } } peers { permanent_uuid: "169797cb53974f149a4ccfcbe0a3d42b" member_type: VOTER last_known_addr { host: "127.28.184.130" port: 37495 } } peers { permanent_uuid: "dce00b1f4129442cbfc8892a0bc01746" member_type: VOTER last_known_addr { host: "127.28.184.132" port: 38123 } attrs { promote: false } } }
I20260710 11:08:54.748672 30413 catalog_manager.cc:5210] ChangeConfig:REMOVE_PEER RPC for tablet bafee07f4c1647f6a23f7042b7eeab6e with cas_config_opid_index 3: ChangeConfig:REMOVE_PEER succeeded (attempt 1)
I20260710 11:08:54.748339 30424 catalog_manager.cc:5697] T bafee07f4c1647f6a23f7042b7eeab6e P 169797cb53974f149a4ccfcbe0a3d42b reported cstate change: config changed from index 3 to 4, VOTER 37d8e661e704490c8a23606dbd1dc7e1 (127.28.184.131) evicted. New cstate: current_term: 1 leader_uuid: "169797cb53974f149a4ccfcbe0a3d42b" committed_config { opid_index: 4 OBSOLETE_local: false peers { permanent_uuid: "85cd8f09e48c4582b8efc5e7bf05d26b" member_type: VOTER last_known_addr { host: "127.28.184.129" port: 43931 } health_report { overall_health: HEALTHY } } peers { permanent_uuid: "169797cb53974f149a4ccfcbe0a3d42b" member_type: VOTER last_known_addr { host: "127.28.184.130" port: 37495 } health_report { overall_health: HEALTHY } } peers { permanent_uuid: "dce00b1f4129442cbfc8892a0bc01746" member_type: VOTER last_known_addr { host: "127.28.184.132" port: 38123 } attrs { promote: false } health_report { overall_health: HEALTHY } } }
I20260710 11:08:54.749979 30525 raft_consensus.cc:2955] T bafee07f4c1647f6a23f7042b7eeab6e P 85cd8f09e48c4582b8efc5e7bf05d26b [term 1 FOLLOWER]: Committing config change with OpId 1.4: config changed from index 3 to 4, VOTER 37d8e661e704490c8a23606dbd1dc7e1 (127.28.184.131) evicted. New config: { opid_index: 4 OBSOLETE_local: false peers { permanent_uuid: "85cd8f09e48c4582b8efc5e7bf05d26b" member_type: VOTER last_known_addr { host: "127.28.184.129" port: 43931 } } peers { permanent_uuid: "169797cb53974f149a4ccfcbe0a3d42b" member_type: VOTER last_known_addr { host: "127.28.184.130" port: 37495 } } peers { permanent_uuid: "dce00b1f4129442cbfc8892a0bc01746" member_type: VOTER last_known_addr { host: "127.28.184.132" port: 38123 } attrs { promote: false } } }
I20260710 11:08:54.757863 31238 ts_tablet_manager.cc:1929] T 46774020fc164e99bd6b164ca58315f7 P 85cd8f09e48c4582b8efc5e7bf05d26b: tablet deleted with delete type TABLET_DATA_TOMBSTONED: last-logged OpId 1.3
I20260710 11:08:54.758980 31238 log.cc:1199] T 46774020fc164e99bd6b164ca58315f7 P 85cd8f09e48c4582b8efc5e7bf05d26b: Deleting WAL directory at /tmp/dist-test-task6IBtVb/test-tmp/auto_leader_rebalancer-test.0.LeaderRebalancerTest.AddTserver.1783681695827507-29410-0/minicluster-data/ts-0-root/wals/46774020fc164e99bd6b164ca58315f7
I20260710 11:08:54.761426 30411 catalog_manager.cc:5028] TS 85cd8f09e48c4582b8efc5e7bf05d26b (127.28.184.129:43931): tablet 46774020fc164e99bd6b164ca58315f7 (table test-workload [id=9592e53e39a74449b03fc30df6758700]) successfully deleted
I20260710 11:08:54.763625 30659 tablet_service.cc:1558] Processing DeleteTablet for tablet bafee07f4c1647f6a23f7042b7eeab6e with delete_type TABLET_DATA_TOMBSTONED (TS 37d8e661e704490c8a23606dbd1dc7e1 not found in new config with opid_index 4) from {username='slave'} at 127.0.0.1:44394
I20260710 11:08:54.765287 31240 tablet_replica.cc:333] T bafee07f4c1647f6a23f7042b7eeab6e P 37d8e661e704490c8a23606dbd1dc7e1: stopping tablet replica
I20260710 11:08:54.767434 31240 raft_consensus.cc:2243] T bafee07f4c1647f6a23f7042b7eeab6e P 37d8e661e704490c8a23606dbd1dc7e1 [term 1 FOLLOWER]: Raft consensus shutting down.
I20260710 11:08:54.768158 31240 raft_consensus.cc:2272] T bafee07f4c1647f6a23f7042b7eeab6e P 37d8e661e704490c8a23606dbd1dc7e1 [term 1 FOLLOWER]: Raft consensus is shut down!
I20260710 11:08:54.771198 31240 ts_tablet_manager.cc:1916] T bafee07f4c1647f6a23f7042b7eeab6e P 37d8e661e704490c8a23606dbd1dc7e1: Deleting tablet data with delete state TABLET_DATA_TOMBSTONED
I20260710 11:08:54.782207 31240 ts_tablet_manager.cc:1929] T bafee07f4c1647f6a23f7042b7eeab6e P 37d8e661e704490c8a23606dbd1dc7e1: tablet deleted with delete type TABLET_DATA_TOMBSTONED: last-logged OpId 1.3
I20260710 11:08:54.782581 31240 log.cc:1199] T bafee07f4c1647f6a23f7042b7eeab6e P 37d8e661e704490c8a23606dbd1dc7e1: Deleting WAL directory at /tmp/dist-test-task6IBtVb/test-tmp/auto_leader_rebalancer-test.0.LeaderRebalancerTest.AddTserver.1783681695827507-29410-0/minicluster-data/ts-2-root/wals/bafee07f4c1647f6a23f7042b7eeab6e
I20260710 11:08:54.784091 30411 catalog_manager.cc:5028] TS 37d8e661e704490c8a23606dbd1dc7e1 (127.28.184.131:36805): tablet bafee07f4c1647f6a23f7042b7eeab6e (table test-workload [id=9592e53e39a74449b03fc30df6758700]) successfully deleted
W20260710 11:08:55.932955 30493 thread.cc:641] raft [worker] (thread pool) Time spent creating pthread: real 0.644s	user 0.005s	sys 0.015s
W20260710 11:08:55.933461 30493 thread.cc:608] raft [worker] (thread pool) Time spent starting thread: real 0.645s	user 0.006s	sys 0.015s
W20260710 11:08:56.037858 30641 outbound_call.cc:321] RPC callback for RPC call kudu.consensus.ConsensusService.UpdateConsensus -> {remote=127.28.184.129:43931, user_credentials={real_user=slave}} blocked reactor thread for 59187us
I20260710 11:08:56.046607 31253 raft_consensus.cc:493] T 0617ae2b673e4fe88107a23d5a44003f P dce00b1f4129442cbfc8892a0bc01746 [term 1 FOLLOWER]: Starting pre-election (detected failure of leader 169797cb53974f149a4ccfcbe0a3d42b)
I20260710 11:08:56.047370 31253 raft_consensus.cc:515] T 0617ae2b673e4fe88107a23d5a44003f P dce00b1f4129442cbfc8892a0bc01746 [term 1 FOLLOWER]: Starting pre-election with config: opid_index: 4 OBSOLETE_local: false peers { permanent_uuid: "169797cb53974f149a4ccfcbe0a3d42b" member_type: VOTER last_known_addr { host: "127.28.184.130" port: 37495 } } peers { permanent_uuid: "85cd8f09e48c4582b8efc5e7bf05d26b" member_type: VOTER last_known_addr { host: "127.28.184.129" port: 43931 } } peers { permanent_uuid: "dce00b1f4129442cbfc8892a0bc01746" member_type: VOTER last_known_addr { host: "127.28.184.132" port: 38123 } attrs { promote: false } }
I20260710 11:08:56.051316 30602 tablet_service.cc:1917] Received RequestConsensusVote() RPC: tablet_id: "0617ae2b673e4fe88107a23d5a44003f" candidate_uuid: "dce00b1f4129442cbfc8892a0bc01746" candidate_term: 2 candidate_status { last_received { term: 1 index: 4 } } ignore_live_leader: false dest_uuid: "169797cb53974f149a4ccfcbe0a3d42b" is_pre_election: true
I20260710 11:08:56.052953 30525 tablet_service.cc:1917] Received RequestConsensusVote() RPC: tablet_id: "0617ae2b673e4fe88107a23d5a44003f" candidate_uuid: "dce00b1f4129442cbfc8892a0bc01746" candidate_term: 2 candidate_status { last_received { term: 1 index: 4 } } ignore_live_leader: false dest_uuid: "85cd8f09e48c4582b8efc5e7bf05d26b" is_pre_election: true
I20260710 11:08:56.054271 30908 leader_election.cc:304] T 0617ae2b673e4fe88107a23d5a44003f P dce00b1f4129442cbfc8892a0bc01746 [CANDIDATE]: Term 2 pre-election: Election decided. Result: candidate lost. Election summary: received 3 responses out of 3 voters: 1 yes votes; 2 no votes. yes voters: dce00b1f4129442cbfc8892a0bc01746; no voters: 169797cb53974f149a4ccfcbe0a3d42b, 85cd8f09e48c4582b8efc5e7bf05d26b
I20260710 11:08:56.056806 31255 raft_consensus.cc:2749] T 0617ae2b673e4fe88107a23d5a44003f P dce00b1f4129442cbfc8892a0bc01746 [term 1 FOLLOWER]: Leader pre-election lost for term 2. Reason: could not achieve majority
I20260710 11:08:56.055909 31253 leader_election.cc:290] T 0617ae2b673e4fe88107a23d5a44003f P dce00b1f4129442cbfc8892a0bc01746 [CANDIDATE]: Term 2 pre-election: Requested pre-vote from peers 169797cb53974f149a4ccfcbe0a3d42b (127.28.184.130:37495), 85cd8f09e48c4582b8efc5e7bf05d26b (127.28.184.129:43931)
I20260710 11:08:56.059195 30525 consensus_queue.cc:237] T 32635012d55246d18dc4bf5f2504cc93 P 85cd8f09e48c4582b8efc5e7bf05d26b [LEADER]: Queue going to LEADER mode. State: All replicated index: 0, Majority replicated index: 1, Committed index: 1, Last appended: 1.1, Last appended by leader: 0, Current term: 1, Majority size: 2, State: 0, Mode: LEADER, active raft config: opid_index: 2 OBSOLETE_local: false peers { permanent_uuid: "85cd8f09e48c4582b8efc5e7bf05d26b" member_type: VOTER last_known_addr { host: "127.28.184.129" port: 43931 } } peers { permanent_uuid: "169797cb53974f149a4ccfcbe0a3d42b" member_type: VOTER last_known_addr { host: "127.28.184.130" port: 37495 } } peers { permanent_uuid: "37d8e661e704490c8a23606dbd1dc7e1" member_type: VOTER last_known_addr { host: "127.28.184.131" port: 36805 } attrs { replace: true } } peers { permanent_uuid: "dce00b1f4129442cbfc8892a0bc01746" member_type: NON_VOTER last_known_addr { host: "127.28.184.132" port: 38123 } attrs { promote: true } }
I20260710 11:08:56.065773 30678 raft_consensus.cc:1275] T 32635012d55246d18dc4bf5f2504cc93 P 37d8e661e704490c8a23606dbd1dc7e1 [term 1 FOLLOWER]: Refusing update from remote peer 85cd8f09e48c4582b8efc5e7bf05d26b: Log matching property violated. Preceding OpId in replica: term: 1 index: 1. Preceding OpId from leader: term: 1 index: 2. (index mismatch)
W20260710 11:08:56.066110 30492 consensus_peers.cc:597] T 32635012d55246d18dc4bf5f2504cc93 P 85cd8f09e48c4582b8efc5e7bf05d26b -> Peer dce00b1f4129442cbfc8892a0bc01746 (127.28.184.132:38123): Couldn't send request to peer dce00b1f4129442cbfc8892a0bc01746. Error code: TABLET_NOT_FOUND (6). Status: Not found: Tablet not found: 32635012d55246d18dc4bf5f2504cc93. This is attempt 1: this message will repeat every 5th retry.
I20260710 11:08:56.066439 30602 raft_consensus.cc:1275] T 32635012d55246d18dc4bf5f2504cc93 P 169797cb53974f149a4ccfcbe0a3d42b [term 1 FOLLOWER]: Refusing update from remote peer 85cd8f09e48c4582b8efc5e7bf05d26b: Log matching property violated. Preceding OpId in replica: term: 1 index: 1. Preceding OpId from leader: term: 1 index: 2. (index mismatch)
I20260710 11:08:56.067080 31144 consensus_queue.cc:1048] T 32635012d55246d18dc4bf5f2504cc93 P 85cd8f09e48c4582b8efc5e7bf05d26b [LEADER]: Connected to new peer: Peer: permanent_uuid: "37d8e661e704490c8a23606dbd1dc7e1" member_type: VOTER last_known_addr { host: "127.28.184.131" port: 36805 } attrs { replace: true }, Status: LMP_MISMATCH, Last received: 0.0, Next index: 2, Last known committed idx: 1, Time since last communication: 0.000s
I20260710 11:08:56.067950 31244 consensus_queue.cc:1048] T 32635012d55246d18dc4bf5f2504cc93 P 85cd8f09e48c4582b8efc5e7bf05d26b [LEADER]: Connected to new peer: Peer: permanent_uuid: "169797cb53974f149a4ccfcbe0a3d42b" member_type: VOTER last_known_addr { host: "127.28.184.130" port: 37495 }, Status: LMP_MISMATCH, Last received: 0.0, Next index: 2, Last known committed idx: 1, Time since last communication: 0.000s
I20260710 11:08:56.075546 31244 raft_consensus.cc:2955] T 32635012d55246d18dc4bf5f2504cc93 P 85cd8f09e48c4582b8efc5e7bf05d26b [term 1 LEADER]: Committing config change with OpId 1.2: config changed from index -1 to 2, NON_VOTER dce00b1f4129442cbfc8892a0bc01746 (127.28.184.132) added. New config: { opid_index: 2 OBSOLETE_local: false peers { permanent_uuid: "85cd8f09e48c4582b8efc5e7bf05d26b" member_type: VOTER last_known_addr { host: "127.28.184.129" port: 43931 } } peers { permanent_uuid: "169797cb53974f149a4ccfcbe0a3d42b" member_type: VOTER last_known_addr { host: "127.28.184.130" port: 37495 } } peers { permanent_uuid: "37d8e661e704490c8a23606dbd1dc7e1" member_type: VOTER last_known_addr { host: "127.28.184.131" port: 36805 } attrs { replace: true } } peers { permanent_uuid: "dce00b1f4129442cbfc8892a0bc01746" member_type: NON_VOTER last_known_addr { host: "127.28.184.132" port: 38123 } attrs { promote: true } } }
I20260710 11:08:56.077399 30678 raft_consensus.cc:2955] T 32635012d55246d18dc4bf5f2504cc93 P 37d8e661e704490c8a23606dbd1dc7e1 [term 1 FOLLOWER]: Committing config change with OpId 1.2: config changed from index -1 to 2, NON_VOTER dce00b1f4129442cbfc8892a0bc01746 (127.28.184.132) added. New config: { opid_index: 2 OBSOLETE_local: false peers { permanent_uuid: "85cd8f09e48c4582b8efc5e7bf05d26b" member_type: VOTER last_known_addr { host: "127.28.184.129" port: 43931 } } peers { permanent_uuid: "169797cb53974f149a4ccfcbe0a3d42b" member_type: VOTER last_known_addr { host: "127.28.184.130" port: 37495 } } peers { permanent_uuid: "37d8e661e704490c8a23606dbd1dc7e1" member_type: VOTER last_known_addr { host: "127.28.184.131" port: 36805 } attrs { replace: true } } peers { permanent_uuid: "dce00b1f4129442cbfc8892a0bc01746" member_type: NON_VOTER last_known_addr { host: "127.28.184.132" port: 38123 } attrs { promote: true } } }
I20260710 11:08:56.079736 30602 raft_consensus.cc:2955] T 32635012d55246d18dc4bf5f2504cc93 P 169797cb53974f149a4ccfcbe0a3d42b [term 1 FOLLOWER]: Committing config change with OpId 1.2: config changed from index -1 to 2, NON_VOTER dce00b1f4129442cbfc8892a0bc01746 (127.28.184.132) added. New config: { opid_index: 2 OBSOLETE_local: false peers { permanent_uuid: "85cd8f09e48c4582b8efc5e7bf05d26b" member_type: VOTER last_known_addr { host: "127.28.184.129" port: 43931 } } peers { permanent_uuid: "169797cb53974f149a4ccfcbe0a3d42b" member_type: VOTER last_known_addr { host: "127.28.184.130" port: 37495 } } peers { permanent_uuid: "37d8e661e704490c8a23606dbd1dc7e1" member_type: VOTER last_known_addr { host: "127.28.184.131" port: 36805 } attrs { replace: true } } peers { permanent_uuid: "dce00b1f4129442cbfc8892a0bc01746" member_type: NON_VOTER last_known_addr { host: "127.28.184.132" port: 38123 } attrs { promote: true } } }
I20260710 11:08:56.094400 30422 catalog_manager.cc:5697] T 32635012d55246d18dc4bf5f2504cc93 P 85cd8f09e48c4582b8efc5e7bf05d26b reported cstate change: config changed from index -1 to 2, NON_VOTER dce00b1f4129442cbfc8892a0bc01746 (127.28.184.132) added. New cstate: current_term: 1 leader_uuid: "85cd8f09e48c4582b8efc5e7bf05d26b" committed_config { opid_index: 2 OBSOLETE_local: false peers { permanent_uuid: "85cd8f09e48c4582b8efc5e7bf05d26b" member_type: VOTER last_known_addr { host: "127.28.184.129" port: 43931 } health_report { overall_health: HEALTHY } } peers { permanent_uuid: "169797cb53974f149a4ccfcbe0a3d42b" member_type: VOTER last_known_addr { host: "127.28.184.130" port: 37495 } health_report { overall_health: HEALTHY } } peers { permanent_uuid: "37d8e661e704490c8a23606dbd1dc7e1" member_type: VOTER last_known_addr { host: "127.28.184.131" port: 36805 } attrs { replace: true } health_report { overall_health: HEALTHY } } peers { permanent_uuid: "dce00b1f4129442cbfc8892a0bc01746" member_type: NON_VOTER last_known_addr { host: "127.28.184.132" port: 38123 } attrs { promote: true } health_report { overall_health: UNKNOWN } } }
I20260710 11:08:56.095005 30678 consensus_queue.cc:237] T ccef2dd5908941008d12af54ba0b9423 P 37d8e661e704490c8a23606dbd1dc7e1 [LEADER]: Queue going to LEADER mode. State: All replicated index: 0, Majority replicated index: 1, Committed index: 1, Last appended: 1.1, Last appended by leader: 0, Current term: 1, Majority size: 2, State: 0, Mode: LEADER, active raft config: opid_index: 2 OBSOLETE_local: false peers { permanent_uuid: "85cd8f09e48c4582b8efc5e7bf05d26b" member_type: VOTER last_known_addr { host: "127.28.184.129" port: 43931 } } peers { permanent_uuid: "169797cb53974f149a4ccfcbe0a3d42b" member_type: VOTER last_known_addr { host: "127.28.184.130" port: 37495 } attrs { replace: true } } peers { permanent_uuid: "37d8e661e704490c8a23606dbd1dc7e1" member_type: VOTER last_known_addr { host: "127.28.184.131" port: 36805 } } peers { permanent_uuid: "dce00b1f4129442cbfc8892a0bc01746" member_type: NON_VOTER last_known_addr { host: "127.28.184.132" port: 38123 } attrs { promote: true } }
W20260710 11:08:56.109234 30641 consensus_peers.cc:597] T ccef2dd5908941008d12af54ba0b9423 P 37d8e661e704490c8a23606dbd1dc7e1 -> Peer dce00b1f4129442cbfc8892a0bc01746 (127.28.184.132:38123): Couldn't send request to peer dce00b1f4129442cbfc8892a0bc01746. Error code: TABLET_NOT_FOUND (6). Status: Not found: Tablet not found: ccef2dd5908941008d12af54ba0b9423. This is attempt 1: this message will repeat every 5th retry.
I20260710 11:08:56.109321 30602 raft_consensus.cc:1275] T ccef2dd5908941008d12af54ba0b9423 P 169797cb53974f149a4ccfcbe0a3d42b [term 1 FOLLOWER]: Refusing update from remote peer 37d8e661e704490c8a23606dbd1dc7e1: Log matching property violated. Preceding OpId in replica: term: 1 index: 1. Preceding OpId from leader: term: 1 index: 2. (index mismatch)
I20260710 11:08:56.110853 30525 raft_consensus.cc:1275] T ccef2dd5908941008d12af54ba0b9423 P 85cd8f09e48c4582b8efc5e7bf05d26b [term 1 FOLLOWER]: Refusing update from remote peer 37d8e661e704490c8a23606dbd1dc7e1: Log matching property violated. Preceding OpId in replica: term: 1 index: 1. Preceding OpId from leader: term: 1 index: 2. (index mismatch)
I20260710 11:08:56.112324 31250 consensus_queue.cc:1048] T ccef2dd5908941008d12af54ba0b9423 P 37d8e661e704490c8a23606dbd1dc7e1 [LEADER]: Connected to new peer: Peer: permanent_uuid: "169797cb53974f149a4ccfcbe0a3d42b" member_type: VOTER last_known_addr { host: "127.28.184.130" port: 37495 } attrs { replace: true }, Status: LMP_MISMATCH, Last received: 0.0, Next index: 2, Last known committed idx: 1, Time since last communication: 0.000s
I20260710 11:08:56.113636 31254 consensus_queue.cc:1048] T ccef2dd5908941008d12af54ba0b9423 P 37d8e661e704490c8a23606dbd1dc7e1 [LEADER]: Connected to new peer: Peer: permanent_uuid: "85cd8f09e48c4582b8efc5e7bf05d26b" member_type: VOTER last_known_addr { host: "127.28.184.129" port: 43931 }, Status: LMP_MISMATCH, Last received: 0.0, Next index: 2, Last known committed idx: 1, Time since last communication: 0.000s
I20260710 11:08:56.139624 30527 raft_consensus.cc:2955] T ccef2dd5908941008d12af54ba0b9423 P 85cd8f09e48c4582b8efc5e7bf05d26b [term 1 FOLLOWER]: Committing config change with OpId 1.2: config changed from index -1 to 2, NON_VOTER dce00b1f4129442cbfc8892a0bc01746 (127.28.184.132) added. New config: { opid_index: 2 OBSOLETE_local: false peers { permanent_uuid: "85cd8f09e48c4582b8efc5e7bf05d26b" member_type: VOTER last_known_addr { host: "127.28.184.129" port: 43931 } } peers { permanent_uuid: "169797cb53974f149a4ccfcbe0a3d42b" member_type: VOTER last_known_addr { host: "127.28.184.130" port: 37495 } attrs { replace: true } } peers { permanent_uuid: "37d8e661e704490c8a23606dbd1dc7e1" member_type: VOTER last_known_addr { host: "127.28.184.131" port: 36805 } } peers { permanent_uuid: "dce00b1f4129442cbfc8892a0bc01746" member_type: NON_VOTER last_known_addr { host: "127.28.184.132" port: 38123 } attrs { promote: true } } }
