I20260710 11:08:22.497269 31688 raft_consensus.cc:515] T 7690c04a5c4d4a499537371d7fe47dd8 P 529839c10d564a428c245445cd1985f4 [term 0 FOLLOWER]: Starting pre-election with config: opid_index: -1 OBSOLETE_local: false peers { permanent_uuid: "529839c10d564a428c245445cd1985f4" member_type: VOTER last_known_addr { host: "127.30.33.129" port: 39011 } } peers { permanent_uuid: "0c3e09fc7e3243b48f734439d421a87e" member_type: VOTER last_known_addr { host: "127.30.33.130" port: 44373 } } peers { permanent_uuid: "c81be16982184f719e20a169e7615d96" member_type: VOTER last_known_addr { host: "127.30.33.131" port: 41363 } }
I20260710 11:08:22.498003 31691 raft_consensus.cc:493] T 154841af36304008a88fc04ffd920e61 P 529839c10d564a428c245445cd1985f4 [term 0 FOLLOWER]: Starting pre-election (no leader contacted us within the election timeout)
I20260710 11:08:22.498495 31455 leader_election.cc:304] T 55d6b5d4a0e24d94bd89ac88599db025 P 529839c10d564a428c245445cd1985f4 [CANDIDATE]: Term 1 pre-election: Election decided. Result: candidate won. Election summary: received 3 responses out of 3 voters: 2 yes votes; 1 no votes. yes voters: 0c3e09fc7e3243b48f734439d421a87e, 529839c10d564a428c245445cd1985f4; no voters: c81be16982184f719e20a169e7615d96
I20260710 11:08:22.499477 31680 tablet_bootstrap.cc:654] T 7690c04a5c4d4a499537371d7fe47dd8 P 0c3e09fc7e3243b48f734439d421a87e: Neither blocks nor log segments found. Creating new log.
I20260710 11:08:22.501567 31564 tablet_service.cc:1917] Received RequestConsensusVote() RPC: tablet_id: "7690c04a5c4d4a499537371d7fe47dd8" candidate_uuid: "529839c10d564a428c245445cd1985f4" candidate_term: 1 candidate_status { last_received { term: 0 index: 0 } } ignore_live_leader: false dest_uuid: "0c3e09fc7e3243b48f734439d421a87e" is_pre_election: true
W20260710 11:08:22.503477 31455 leader_election.cc:343] T 7690c04a5c4d4a499537371d7fe47dd8 P 529839c10d564a428c245445cd1985f4 [CANDIDATE]: Term 1 pre-election: Tablet error from VoteRequest() call to peer 0c3e09fc7e3243b48f734439d421a87e (127.30.33.130:44373): Illegal state: must be running to vote when last-logged opid is not known
I20260710 11:08:22.498535 31691 raft_consensus.cc:515] T 154841af36304008a88fc04ffd920e61 P 529839c10d564a428c245445cd1985f4 [term 0 FOLLOWER]: Starting pre-election with config: opid_index: -1 OBSOLETE_local: false peers { permanent_uuid: "529839c10d564a428c245445cd1985f4" member_type: VOTER last_known_addr { host: "127.30.33.129" port: 39011 } } peers { permanent_uuid: "0c3e09fc7e3243b48f734439d421a87e" member_type: VOTER last_known_addr { host: "127.30.33.130" port: 44373 } } peers { permanent_uuid: "c81be16982184f719e20a169e7615d96" member_type: VOTER last_known_addr { host: "127.30.33.131" port: 41363 } }
I20260710 11:08:22.505851 31683 raft_consensus.cc:2804] T cc180fd457044af5973f52dd98e59188 P 0c3e09fc7e3243b48f734439d421a87e [term 0 FOLLOWER]: Leader pre-election won for term 1
I20260710 11:08:22.506330 31683 raft_consensus.cc:493] T cc180fd457044af5973f52dd98e59188 P 0c3e09fc7e3243b48f734439d421a87e [term 0 FOLLOWER]: Starting leader election (no leader contacted us within the election timeout)
I20260710 11:08:22.506781 31683 raft_consensus.cc:3060] T cc180fd457044af5973f52dd98e59188 P 0c3e09fc7e3243b48f734439d421a87e [term 0 FOLLOWER]: Advancing to term 1
I20260710 11:08:22.507012 31707 raft_consensus.cc:493] T 154841af36304008a88fc04ffd920e61 P 0c3e09fc7e3243b48f734439d421a87e [term 0 FOLLOWER]: Starting pre-election (no leader contacted us within the election timeout)
I20260710 11:08:22.508693 31688 leader_election.cc:290] T 7690c04a5c4d4a499537371d7fe47dd8 P 529839c10d564a428c245445cd1985f4 [CANDIDATE]: Term 1 pre-election: Requested pre-vote from peers 0c3e09fc7e3243b48f734439d421a87e (127.30.33.130:44373), c81be16982184f719e20a169e7615d96 (127.30.33.131:41363)
I20260710 11:08:22.509335 31688 raft_consensus.cc:2804] T 55d6b5d4a0e24d94bd89ac88599db025 P 529839c10d564a428c245445cd1985f4 [term 0 FOLLOWER]: Leader pre-election won for term 1
I20260710 11:08:22.509727 31688 raft_consensus.cc:493] T 55d6b5d4a0e24d94bd89ac88599db025 P 529839c10d564a428c245445cd1985f4 [term 0 FOLLOWER]: Starting leader election (no leader contacted us within the election timeout)
I20260710 11:08:22.510097 31688 raft_consensus.cc:3060] T 55d6b5d4a0e24d94bd89ac88599db025 P 529839c10d564a428c245445cd1985f4 [term 0 FOLLOWER]: Advancing to term 1
I20260710 11:08:22.510368 31564 tablet_service.cc:1917] Received RequestConsensusVote() RPC: tablet_id: "154841af36304008a88fc04ffd920e61" candidate_uuid: "529839c10d564a428c245445cd1985f4" candidate_term: 1 candidate_status { last_received { term: 0 index: 0 } } ignore_live_leader: false dest_uuid: "0c3e09fc7e3243b48f734439d421a87e" is_pre_election: true
I20260710 11:08:22.510881 31719 raft_consensus.cc:2804] T c78a0ea48514429e9aff2a3c291d1f61 P c81be16982184f719e20a169e7615d96 [term 1 FOLLOWER]: Leader election won for term 1
I20260710 11:08:22.512544 31687 raft_consensus.cc:2804] T fc46bb65910e4371bbe4d8a795bd4d4e P c81be16982184f719e20a169e7615d96 [term 0 FOLLOWER]: Leader pre-election won for term 1
I20260710 11:08:22.507619 31707 raft_consensus.cc:515] T 154841af36304008a88fc04ffd920e61 P 0c3e09fc7e3243b48f734439d421a87e [term 0 FOLLOWER]: Starting pre-election with config: opid_index: -1 OBSOLETE_local: false peers { permanent_uuid: "529839c10d564a428c245445cd1985f4" member_type: VOTER last_known_addr { host: "127.30.33.129" port: 39011 } } peers { permanent_uuid: "0c3e09fc7e3243b48f734439d421a87e" member_type: VOTER last_known_addr { host: "127.30.33.130" port: 44373 } } peers { permanent_uuid: "c81be16982184f719e20a169e7615d96" member_type: VOTER last_known_addr { host: "127.30.33.131" port: 41363 } }
I20260710 11:08:22.513111 31687 raft_consensus.cc:493] T fc46bb65910e4371bbe4d8a795bd4d4e P c81be16982184f719e20a169e7615d96 [term 0 FOLLOWER]: Starting leader election (no leader contacted us within the election timeout)
I20260710 11:08:22.516425 31687 raft_consensus.cc:3060] T fc46bb65910e4371bbe4d8a795bd4d4e P c81be16982184f719e20a169e7615d96 [term 0 FOLLOWER]: Advancing to term 1
I20260710 11:08:22.513657 31638 tablet_service.cc:1917] Received RequestConsensusVote() RPC: tablet_id: "7690c04a5c4d4a499537371d7fe47dd8" candidate_uuid: "529839c10d564a428c245445cd1985f4" candidate_term: 1 candidate_status { last_received { term: 0 index: 0 } } ignore_live_leader: false dest_uuid: "c81be16982184f719e20a169e7615d96" is_pre_election: true
I20260710 11:08:22.515177 31639 tablet_service.cc:1917] Received RequestConsensusVote() RPC: tablet_id: "154841af36304008a88fc04ffd920e61" candidate_uuid: "529839c10d564a428c245445cd1985f4" candidate_term: 1 candidate_status { last_received { term: 0 index: 0 } } ignore_live_leader: false dest_uuid: "c81be16982184f719e20a169e7615d96" is_pre_election: true
I20260710 11:08:22.514526 31386 catalog_manager.cc:5697] T 3466ae2bd582485cba1b066a90f9e283 P 0c3e09fc7e3243b48f734439d421a87e reported cstate change: term changed from 0 to 1, leader changed from <none> to 0c3e09fc7e3243b48f734439d421a87e (127.30.33.130). New cstate: current_term: 1 leader_uuid: "0c3e09fc7e3243b48f734439d421a87e" committed_config { opid_index: -1 OBSOLETE_local: false peers { permanent_uuid: "529839c10d564a428c245445cd1985f4" member_type: VOTER last_known_addr { host: "127.30.33.129" port: 39011 } health_report { overall_health: UNKNOWN } } peers { permanent_uuid: "0c3e09fc7e3243b48f734439d421a87e" member_type: VOTER last_known_addr { host: "127.30.33.130" port: 44373 } health_report { overall_health: HEALTHY } } peers { permanent_uuid: "c81be16982184f719e20a169e7615d96" member_type: VOTER last_known_addr { host: "127.30.33.131" port: 41363 } health_report { overall_health: UNKNOWN } } }
I20260710 11:08:22.516583 31683 raft_consensus.cc:515] T cc180fd457044af5973f52dd98e59188 P 0c3e09fc7e3243b48f734439d421a87e [term 1 FOLLOWER]: Starting leader election with config: opid_index: -1 OBSOLETE_local: false peers { permanent_uuid: "529839c10d564a428c245445cd1985f4" member_type: VOTER last_known_addr { host: "127.30.33.129" port: 39011 } } peers { permanent_uuid: "0c3e09fc7e3243b48f734439d421a87e" member_type: VOTER last_known_addr { host: "127.30.33.130" port: 44373 } } peers { permanent_uuid: "c81be16982184f719e20a169e7615d96" member_type: VOTER last_known_addr { host: "127.30.33.131" port: 41363 } }
I20260710 11:08:22.513589 31564 raft_consensus.cc:2468] T 154841af36304008a88fc04ffd920e61 P 0c3e09fc7e3243b48f734439d421a87e [term 0 FOLLOWER]: Leader pre-election vote request: Granting yes vote for candidate 529839c10d564a428c245445cd1985f4 in term 0.
I20260710 11:08:22.518158 31490 tablet_service.cc:1917] Received RequestConsensusVote() RPC: tablet_id: "154841af36304008a88fc04ffd920e61" candidate_uuid: "0c3e09fc7e3243b48f734439d421a87e" candidate_term: 1 candidate_status { last_received { term: 0 index: 0 } } ignore_live_leader: false dest_uuid: "529839c10d564a428c245445cd1985f4" is_pre_election: true
I20260710 11:08:22.519061 31490 raft_consensus.cc:2468] T 154841af36304008a88fc04ffd920e61 P 529839c10d564a428c245445cd1985f4 [term 0 FOLLOWER]: Leader pre-election vote request: Granting yes vote for candidate 0c3e09fc7e3243b48f734439d421a87e in term 0.
I20260710 11:08:22.517210 31639 raft_consensus.cc:2468] T 154841af36304008a88fc04ffd920e61 P c81be16982184f719e20a169e7615d96 [term 0 FOLLOWER]: Leader pre-election vote request: Granting yes vote for candidate 529839c10d564a428c245445cd1985f4 in term 0.
I20260710 11:08:22.520823 31639 tablet_service.cc:1917] Received RequestConsensusVote() RPC: tablet_id: "154841af36304008a88fc04ffd920e61" candidate_uuid: "0c3e09fc7e3243b48f734439d421a87e" candidate_term: 1 candidate_status { last_received { term: 0 index: 0 } } ignore_live_leader: false dest_uuid: "c81be16982184f719e20a169e7615d96" is_pre_election: true
I20260710 11:08:22.515993 31691 leader_election.cc:290] T 154841af36304008a88fc04ffd920e61 P 529839c10d564a428c245445cd1985f4 [CANDIDATE]: Term 1 pre-election: Requested pre-vote from peers 0c3e09fc7e3243b48f734439d421a87e (127.30.33.130:44373), c81be16982184f719e20a169e7615d96 (127.30.33.131:41363)
I20260710 11:08:22.521112 31683 leader_election.cc:290] T cc180fd457044af5973f52dd98e59188 P 0c3e09fc7e3243b48f734439d421a87e [CANDIDATE]: Term 1 election: Requested vote from peers 529839c10d564a428c245445cd1985f4 (127.30.33.129:39011), c81be16982184f719e20a169e7615d96 (127.30.33.131:41363)
I20260710 11:08:22.521250 31454 leader_election.cc:304] T 154841af36304008a88fc04ffd920e61 P 529839c10d564a428c245445cd1985f4 [CANDIDATE]: Term 1 pre-election: Election decided. Result: candidate won. Election summary: received 2 responses out of 3 voters: 2 yes votes; 0 no votes. yes voters: 529839c10d564a428c245445cd1985f4, c81be16982184f719e20a169e7615d96; no voters: 
I20260710 11:08:22.521533 31639 raft_consensus.cc:2468] T 154841af36304008a88fc04ffd920e61 P c81be16982184f719e20a169e7615d96 [term 0 FOLLOWER]: Leader pre-election vote request: Granting yes vote for candidate 0c3e09fc7e3243b48f734439d421a87e in term 0.
I20260710 11:08:22.493289 31681 tablet_bootstrap.cc:654] T 7690c04a5c4d4a499537371d7fe47dd8 P c81be16982184f719e20a169e7615d96: Neither blocks nor log segments found. Creating new log.
I20260710 11:08:22.496160 31489 raft_consensus.cc:2468] T c78a0ea48514429e9aff2a3c291d1f61 P 529839c10d564a428c245445cd1985f4 [term 1 FOLLOWER]: Leader election vote request: Granting yes vote for candidate c81be16982184f719e20a169e7615d96 in term 1.
I20260710 11:08:22.523695 31691 raft_consensus.cc:2804] T 154841af36304008a88fc04ffd920e61 P 529839c10d564a428c245445cd1985f4 [term 0 FOLLOWER]: Leader pre-election won for term 1
I20260710 11:08:22.522861 31707 leader_election.cc:290] T 154841af36304008a88fc04ffd920e61 P 0c3e09fc7e3243b48f734439d421a87e [CANDIDATE]: Term 1 pre-election: Requested pre-vote from peers 529839c10d564a428c245445cd1985f4 (127.30.33.129:39011), c81be16982184f719e20a169e7615d96 (127.30.33.131:41363)
W20260710 11:08:22.532841 31454 leader_election.cc:343] T 7690c04a5c4d4a499537371d7fe47dd8 P 529839c10d564a428c245445cd1985f4 [CANDIDATE]: Term 1 pre-election: Tablet error from VoteRequest() call to peer c81be16982184f719e20a169e7615d96 (127.30.33.131:41363): Illegal state: must be running to vote when last-logged opid is not known
I20260710 11:08:22.533885 31638 tablet_service.cc:1917] Received RequestConsensusVote() RPC: tablet_id: "cc180fd457044af5973f52dd98e59188" candidate_uuid: "0c3e09fc7e3243b48f734439d421a87e" candidate_term: 1 candidate_status { last_received { term: 0 index: 0 } } ignore_live_leader: false dest_uuid: "c81be16982184f719e20a169e7615d96"
I20260710 11:08:22.534039 31454 leader_election.cc:304] T 7690c04a5c4d4a499537371d7fe47dd8 P 529839c10d564a428c245445cd1985f4 [CANDIDATE]: Term 1 pre-election: Election decided. Result: candidate lost. Election summary: received 3 responses out of 3 voters: 1 yes votes; 2 no votes. yes voters: 529839c10d564a428c245445cd1985f4; no voters: 0c3e09fc7e3243b48f734439d421a87e, c81be16982184f719e20a169e7615d96
I20260710 11:08:22.534775 31638 raft_consensus.cc:3060] T cc180fd457044af5973f52dd98e59188 P c81be16982184f719e20a169e7615d96 [term 0 FOLLOWER]: Advancing to term 1
I20260710 11:08:22.532336 31691 raft_consensus.cc:493] T 154841af36304008a88fc04ffd920e61 P 529839c10d564a428c245445cd1985f4 [term 0 FOLLOWER]: Starting leader election (no leader contacted us within the election timeout)
I20260710 11:08:22.539948 31691 raft_consensus.cc:3060] T 154841af36304008a88fc04ffd920e61 P 529839c10d564a428c245445cd1985f4 [term 0 FOLLOWER]: Advancing to term 1
I20260710 11:08:22.528736 31529 leader_election.cc:304] T 154841af36304008a88fc04ffd920e61 P 0c3e09fc7e3243b48f734439d421a87e [CANDIDATE]: Term 1 pre-election: Election decided. Result: candidate won. Election summary: received 2 responses out of 3 voters: 2 yes votes; 0 no votes. yes voters: 0c3e09fc7e3243b48f734439d421a87e, c81be16982184f719e20a169e7615d96; no voters: 
I20260710 11:08:22.545953 31489 tablet_service.cc:1917] Received RequestConsensusVote() RPC: tablet_id: "cc180fd457044af5973f52dd98e59188" candidate_uuid: "0c3e09fc7e3243b48f734439d421a87e" candidate_term: 1 candidate_status { last_received { term: 0 index: 0 } } ignore_live_leader: false dest_uuid: "529839c10d564a428c245445cd1985f4"
I20260710 11:08:22.546823 31489 raft_consensus.cc:3060] T cc180fd457044af5973f52dd98e59188 P 529839c10d564a428c245445cd1985f4 [term 0 FOLLOWER]: Advancing to term 1
I20260710 11:08:22.548219 31721 raft_consensus.cc:2749] T 7690c04a5c4d4a499537371d7fe47dd8 P 529839c10d564a428c245445cd1985f4 [term 0 FOLLOWER]: Leader pre-election lost for term 1. Reason: could not achieve majority
W20260710 11:08:22.527961 31604 leader_election.cc:343] T fc46bb65910e4371bbe4d8a795bd4d4e P c81be16982184f719e20a169e7615d96 [CANDIDATE]: Term 1 pre-election: Tablet error from VoteRequest() call to peer 0c3e09fc7e3243b48f734439d421a87e (127.30.33.130:44373): Illegal state: must be running to vote when last-logged opid is not known
I20260710 11:08:22.549160 31724 raft_consensus.cc:493] T 154841af36304008a88fc04ffd920e61 P c81be16982184f719e20a169e7615d96 [term 0 FOLLOWER]: Starting pre-election (no leader contacted us within the election timeout)
I20260710 11:08:22.553634 31679 tablet_bootstrap.cc:654] T 44b08290262e4635b5b468d3aff6b768 P 529839c10d564a428c245445cd1985f4: Neither blocks nor log segments found. Creating new log.
I20260710 11:08:22.551765 31691 raft_consensus.cc:515] T 154841af36304008a88fc04ffd920e61 P 529839c10d564a428c245445cd1985f4 [term 1 FOLLOWER]: Starting leader election with config: opid_index: -1 OBSOLETE_local: false peers { permanent_uuid: "529839c10d564a428c245445cd1985f4" member_type: VOTER last_known_addr { host: "127.30.33.129" port: 39011 } } peers { permanent_uuid: "0c3e09fc7e3243b48f734439d421a87e" member_type: VOTER last_known_addr { host: "127.30.33.130" port: 44373 } } peers { permanent_uuid: "c81be16982184f719e20a169e7615d96" member_type: VOTER last_known_addr { host: "127.30.33.131" port: 41363 } }
I20260710 11:08:22.556391 31688 raft_consensus.cc:515] T 55d6b5d4a0e24d94bd89ac88599db025 P 529839c10d564a428c245445cd1985f4 [term 1 FOLLOWER]: Starting leader election with config: opid_index: -1 OBSOLETE_local: false peers { permanent_uuid: "529839c10d564a428c245445cd1985f4" member_type: VOTER last_known_addr { host: "127.30.33.129" port: 39011 } } peers { permanent_uuid: "0c3e09fc7e3243b48f734439d421a87e" member_type: VOTER last_known_addr { host: "127.30.33.130" port: 44373 } } peers { permanent_uuid: "c81be16982184f719e20a169e7615d96" member_type: VOTER last_known_addr { host: "127.30.33.131" port: 41363 } }
I20260710 11:08:22.557601 31638 raft_consensus.cc:2468] T cc180fd457044af5973f52dd98e59188 P c81be16982184f719e20a169e7615d96 [term 1 FOLLOWER]: Leader election vote request: Granting yes vote for candidate 0c3e09fc7e3243b48f734439d421a87e in term 1.
I20260710 11:08:22.558136 31564 tablet_service.cc:1917] Received RequestConsensusVote() RPC: tablet_id: "154841af36304008a88fc04ffd920e61" candidate_uuid: "529839c10d564a428c245445cd1985f4" candidate_term: 1 candidate_status { last_received { term: 0 index: 0 } } ignore_live_leader: false dest_uuid: "0c3e09fc7e3243b48f734439d421a87e"
I20260710 11:08:22.559178 31529 leader_election.cc:304] T cc180fd457044af5973f52dd98e59188 P 0c3e09fc7e3243b48f734439d421a87e [CANDIDATE]: Term 1 election: Election decided. Result: candidate won. Election summary: received 2 responses out of 3 voters: 2 yes votes; 0 no votes. yes voters: 0c3e09fc7e3243b48f734439d421a87e, c81be16982184f719e20a169e7615d96; no voters: 
I20260710 11:08:22.559479 31688 leader_election.cc:290] T 55d6b5d4a0e24d94bd89ac88599db025 P 529839c10d564a428c245445cd1985f4 [CANDIDATE]: Term 1 election: Requested vote from peers 0c3e09fc7e3243b48f734439d421a87e (127.30.33.130:44373), c81be16982184f719e20a169e7615d96 (127.30.33.131:41363)
I20260710 11:08:22.553157 31707 raft_consensus.cc:2804] T 154841af36304008a88fc04ffd920e61 P 0c3e09fc7e3243b48f734439d421a87e [term 0 FOLLOWER]: Leader pre-election won for term 1
I20260710 11:08:22.562469 31707 raft_consensus.cc:493] T 154841af36304008a88fc04ffd920e61 P 0c3e09fc7e3243b48f734439d421a87e [term 0 FOLLOWER]: Starting leader election (no leader contacted us within the election timeout)
I20260710 11:08:22.554311 31724 raft_consensus.cc:515] T 154841af36304008a88fc04ffd920e61 P c81be16982184f719e20a169e7615d96 [term 0 FOLLOWER]: Starting pre-election with config: opid_index: -1 OBSOLETE_local: false peers { permanent_uuid: "529839c10d564a428c245445cd1985f4" member_type: VOTER last_known_addr { host: "127.30.33.129" port: 39011 } } peers { permanent_uuid: "0c3e09fc7e3243b48f734439d421a87e" member_type: VOTER last_known_addr { host: "127.30.33.130" port: 44373 } } peers { permanent_uuid: "c81be16982184f719e20a169e7615d96" member_type: VOTER last_known_addr { host: "127.30.33.131" port: 41363 } }
I20260710 11:08:22.562637 31691 leader_election.cc:290] T 154841af36304008a88fc04ffd920e61 P 529839c10d564a428c245445cd1985f4 [CANDIDATE]: Term 1 election: Requested vote from peers 0c3e09fc7e3243b48f734439d421a87e (127.30.33.130:44373), c81be16982184f719e20a169e7615d96 (127.30.33.131:41363)
I20260710 11:08:22.562898 31680 tablet_bootstrap.cc:492] T 7690c04a5c4d4a499537371d7fe47dd8 P 0c3e09fc7e3243b48f734439d421a87e: No bootstrap required, opened a new log
I20260710 11:08:22.560738 31639 tablet_service.cc:1917] Received RequestConsensusVote() RPC: tablet_id: "55d6b5d4a0e24d94bd89ac88599db025" candidate_uuid: "529839c10d564a428c245445cd1985f4" candidate_term: 1 candidate_status { last_received { term: 0 index: 0 } } ignore_live_leader: false dest_uuid: "c81be16982184f719e20a169e7615d96"
I20260710 11:08:22.561813 31565 tablet_service.cc:1917] Received RequestConsensusVote() RPC: tablet_id: "55d6b5d4a0e24d94bd89ac88599db025" candidate_uuid: "529839c10d564a428c245445cd1985f4" candidate_term: 1 candidate_status { last_received { term: 0 index: 0 } } ignore_live_leader: false dest_uuid: "0c3e09fc7e3243b48f734439d421a87e"
I20260710 11:08:22.565018 31565 raft_consensus.cc:3060] T 55d6b5d4a0e24d94bd89ac88599db025 P 0c3e09fc7e3243b48f734439d421a87e [term 0 FOLLOWER]: Advancing to term 1
I20260710 11:08:22.565335 31724 leader_election.cc:290] T 154841af36304008a88fc04ffd920e61 P c81be16982184f719e20a169e7615d96 [CANDIDATE]: Term 1 pre-election: Requested pre-vote from peers 529839c10d564a428c245445cd1985f4 (127.30.33.129:39011), 0c3e09fc7e3243b48f734439d421a87e (127.30.33.130:44373)
I20260710 11:08:22.566505 31490 tablet_service.cc:1917] Received RequestConsensusVote() RPC: tablet_id: "154841af36304008a88fc04ffd920e61" candidate_uuid: "c81be16982184f719e20a169e7615d96" candidate_term: 1 candidate_status { last_received { term: 0 index: 0 } } ignore_live_leader: false dest_uuid: "529839c10d564a428c245445cd1985f4" is_pre_election: true
I20260710 11:08:22.567425 31490 raft_consensus.cc:2393] T 154841af36304008a88fc04ffd920e61 P 529839c10d564a428c245445cd1985f4 [term 1 FOLLOWER]: Leader pre-election vote request: Denying vote to candidate c81be16982184f719e20a169e7615d96 in current term 1: Already voted for candidate 529839c10d564a428c245445cd1985f4 in this term.
W20260710 11:08:22.568440 31454 leader_election.cc:343] T 55d6b5d4a0e24d94bd89ac88599db025 P 529839c10d564a428c245445cd1985f4 [CANDIDATE]: Term 1 election: Tablet error from VoteRequest() call to peer c81be16982184f719e20a169e7615d96 (127.30.33.131:41363): Illegal state: must be running to vote when last-logged opid is not known
I20260710 11:08:22.551275 31719 raft_consensus.cc:697] T c78a0ea48514429e9aff2a3c291d1f61 P c81be16982184f719e20a169e7615d96 [term 1 LEADER]: Becoming Leader. State: Replica: c81be16982184f719e20a169e7615d96, State: Running, Role: LEADER
I20260710 11:08:22.568162 31563 tablet_service.cc:1917] Received RequestConsensusVote() RPC: tablet_id: "154841af36304008a88fc04ffd920e61" candidate_uuid: "c81be16982184f719e20a169e7615d96" candidate_term: 1 candidate_status { last_received { term: 0 index: 0 } } ignore_live_leader: false dest_uuid: "0c3e09fc7e3243b48f734439d421a87e" is_pre_election: true
I20260710 11:08:22.571055 31604 leader_election.cc:304] T 154841af36304008a88fc04ffd920e61 P c81be16982184f719e20a169e7615d96 [CANDIDATE]: Term 1 pre-election: Election decided. Result: candidate lost. Election summary: received 3 responses out of 3 voters: 1 yes votes; 2 no votes. yes voters: c81be16982184f719e20a169e7615d96; no voters: 0c3e09fc7e3243b48f734439d421a87e, 529839c10d564a428c245445cd1985f4
I20260710 11:08:22.572526 31724 raft_consensus.cc:3060] T 154841af36304008a88fc04ffd920e61 P c81be16982184f719e20a169e7615d96 [term 0 FOLLOWER]: Advancing to term 1
I20260710 11:08:22.560200 31683 raft_consensus.cc:2804] T cc180fd457044af5973f52dd98e59188 P 0c3e09fc7e3243b48f734439d421a87e [term 1 FOLLOWER]: Leader election won for term 1
I20260710 11:08:22.575882 31683 raft_consensus.cc:697] T cc180fd457044af5973f52dd98e59188 P 0c3e09fc7e3243b48f734439d421a87e [term 1 LEADER]: Becoming Leader. State: Replica: 0c3e09fc7e3243b48f734439d421a87e, State: Running, Role: LEADER
I20260710 11:08:22.576215 31680 ts_tablet_manager.cc:1403] T 7690c04a5c4d4a499537371d7fe47dd8 P 0c3e09fc7e3243b48f734439d421a87e: Time spent bootstrapping tablet: real 0.085s	user 0.017s	sys 0.003s
I20260710 11:08:22.577350 31683 consensus_queue.cc:237] T cc180fd457044af5973f52dd98e59188 P 0c3e09fc7e3243b48f734439d421a87e [LEADER]: Queue going to LEADER mode. State: All replicated index: 0, Majority replicated index: 0, Committed index: 0, Last appended: 0.0, Last appended by leader: 0, Current term: 1, Majority size: 2, State: 0, Mode: LEADER, active raft config: opid_index: -1 OBSOLETE_local: false peers { permanent_uuid: "529839c10d564a428c245445cd1985f4" member_type: VOTER last_known_addr { host: "127.30.33.129" port: 39011 } } peers { permanent_uuid: "0c3e09fc7e3243b48f734439d421a87e" member_type: VOTER last_known_addr { host: "127.30.33.130" port: 44373 } } peers { permanent_uuid: "c81be16982184f719e20a169e7615d96" member_type: VOTER last_known_addr { host: "127.30.33.131" port: 41363 } }
I20260710 11:08:22.580900 31679 tablet_bootstrap.cc:492] T 44b08290262e4635b5b468d3aff6b768 P 529839c10d564a428c245445cd1985f4: No bootstrap required, opened a new log
I20260710 11:08:22.562902 31707 raft_consensus.cc:3060] T 154841af36304008a88fc04ffd920e61 P 0c3e09fc7e3243b48f734439d421a87e [term 0 FOLLOWER]: Advancing to term 1
I20260710 11:08:22.581393 31679 ts_tablet_manager.cc:1403] T 44b08290262e4635b5b468d3aff6b768 P 529839c10d564a428c245445cd1985f4: Time spent bootstrapping tablet: real 0.105s	user 0.020s	sys 0.002s
I20260710 11:08:22.573267 31719 consensus_queue.cc:237] T c78a0ea48514429e9aff2a3c291d1f61 P c81be16982184f719e20a169e7615d96 [LEADER]: Queue going to LEADER mode. State: All replicated index: 0, Majority replicated index: 0, Committed index: 0, Last appended: 0.0, Last appended by leader: 0, Current term: 1, Majority size: 2, State: 0, Mode: LEADER, active raft config: opid_index: -1 OBSOLETE_local: false peers { permanent_uuid: "529839c10d564a428c245445cd1985f4" member_type: VOTER last_known_addr { host: "127.30.33.129" port: 39011 } } peers { permanent_uuid: "0c3e09fc7e3243b48f734439d421a87e" member_type: VOTER last_known_addr { host: "127.30.33.130" port: 44373 } } peers { permanent_uuid: "c81be16982184f719e20a169e7615d96" member_type: VOTER last_known_addr { host: "127.30.33.131" port: 41363 } }
I20260710 11:08:22.581291 31680 raft_consensus.cc:359] T 7690c04a5c4d4a499537371d7fe47dd8 P 0c3e09fc7e3243b48f734439d421a87e [term 0 FOLLOWER]: Replica starting. Triggering 0 pending ops. Active config: opid_index: -1 OBSOLETE_local: false peers { permanent_uuid: "529839c10d564a428c245445cd1985f4" member_type: VOTER last_known_addr { host: "127.30.33.129" port: 39011 } } peers { permanent_uuid: "0c3e09fc7e3243b48f734439d421a87e" member_type: VOTER last_known_addr { host: "127.30.33.130" port: 44373 } } peers { permanent_uuid: "c81be16982184f719e20a169e7615d96" member_type: VOTER last_known_addr { host: "127.30.33.131" port: 41363 } }
I20260710 11:08:22.582245 31680 raft_consensus.cc:385] T 7690c04a5c4d4a499537371d7fe47dd8 P 0c3e09fc7e3243b48f734439d421a87e [term 0 FOLLOWER]: Consensus starting up: Expiring failure detector timer to make a prompt election more likely
I20260710 11:08:22.563177 31638 tablet_service.cc:1917] Received RequestConsensusVote() RPC: tablet_id: "154841af36304008a88fc04ffd920e61" candidate_uuid: "529839c10d564a428c245445cd1985f4" candidate_term: 1 candidate_status { last_received { term: 0 index: 0 } } ignore_live_leader: false dest_uuid: "c81be16982184f719e20a169e7615d96"
I20260710 11:08:22.584213 31679 raft_consensus.cc:359] T 44b08290262e4635b5b468d3aff6b768 P 529839c10d564a428c245445cd1985f4 [term 0 FOLLOWER]: Replica starting. Triggering 0 pending ops. Active config: opid_index: -1 OBSOLETE_local: false peers { permanent_uuid: "529839c10d564a428c245445cd1985f4" member_type: VOTER last_known_addr { host: "127.30.33.129" port: 39011 } } peers { permanent_uuid: "0c3e09fc7e3243b48f734439d421a87e" member_type: VOTER last_known_addr { host: "127.30.33.130" port: 44373 } } peers { permanent_uuid: "c81be16982184f719e20a169e7615d96" member_type: VOTER last_known_addr { host: "127.30.33.131" port: 41363 } }
I20260710 11:08:22.585197 31679 raft_consensus.cc:385] T 44b08290262e4635b5b468d3aff6b768 P 529839c10d564a428c245445cd1985f4 [term 0 FOLLOWER]: Consensus starting up: Expiring failure detector timer to make a prompt election more likely
I20260710 11:08:22.585565 31679 raft_consensus.cc:740] T 44b08290262e4635b5b468d3aff6b768 P 529839c10d564a428c245445cd1985f4 [term 0 FOLLOWER]: Becoming Follower/Learner. State: Replica: 529839c10d564a428c245445cd1985f4, State: Initialized, Role: FOLLOWER
I20260710 11:08:22.586409 31489 raft_consensus.cc:2468] T cc180fd457044af5973f52dd98e59188 P 529839c10d564a428c245445cd1985f4 [term 1 FOLLOWER]: Leader election vote request: Granting yes vote for candidate 0c3e09fc7e3243b48f734439d421a87e in term 1.
I20260710 11:08:22.579263 31565 raft_consensus.cc:2468] T 55d6b5d4a0e24d94bd89ac88599db025 P 0c3e09fc7e3243b48f734439d421a87e [term 1 FOLLOWER]: Leader election vote request: Granting yes vote for candidate 529839c10d564a428c245445cd1985f4 in term 1.
I20260710 11:08:22.582623 31680 raft_consensus.cc:740] T 7690c04a5c4d4a499537371d7fe47dd8 P 0c3e09fc7e3243b48f734439d421a87e [term 0 FOLLOWER]: Becoming Follower/Learner. State: Replica: 0c3e09fc7e3243b48f734439d421a87e, State: Initialized, Role: FOLLOWER
I20260710 11:08:22.588325 31680 consensus_queue.cc:260] T 7690c04a5c4d4a499537371d7fe47dd8 P 0c3e09fc7e3243b48f734439d421a87e [NON_LEADER]: Queue going to NON_LEADER mode. State: All replicated index: 0, Majority replicated index: 0, Committed index: 0, Last appended: 0.0, Last appended by leader: 0, Current term: 0, Majority size: -1, State: 0, Mode: NON_LEADER, active raft config: opid_index: -1 OBSOLETE_local: false peers { permanent_uuid: "529839c10d564a428c245445cd1985f4" member_type: VOTER last_known_addr { host: "127.30.33.129" port: 39011 } } peers { permanent_uuid: "0c3e09fc7e3243b48f734439d421a87e" member_type: VOTER last_known_addr { host: "127.30.33.130" port: 44373 } } peers { permanent_uuid: "c81be16982184f719e20a169e7615d96" member_type: VOTER last_known_addr { host: "127.30.33.131" port: 41363 } }
I20260710 11:08:22.589570 31687 raft_consensus.cc:515] T fc46bb65910e4371bbe4d8a795bd4d4e P c81be16982184f719e20a169e7615d96 [term 1 FOLLOWER]: Starting leader election with config: opid_index: -1 OBSOLETE_local: false peers { permanent_uuid: "529839c10d564a428c245445cd1985f4" member_type: VOTER last_known_addr { host: "127.30.33.129" port: 39011 } } peers { permanent_uuid: "0c3e09fc7e3243b48f734439d421a87e" member_type: VOTER last_known_addr { host: "127.30.33.130" port: 44373 } } peers { permanent_uuid: "c81be16982184f719e20a169e7615d96" member_type: VOTER last_known_addr { host: "127.30.33.131" port: 41363 } }
I20260710 11:08:22.586443 31679 consensus_queue.cc:260] T 44b08290262e4635b5b468d3aff6b768 P 529839c10d564a428c245445cd1985f4 [NON_LEADER]: Queue going to NON_LEADER mode. State: All replicated index: 0, Majority replicated index: 0, Committed index: 0, Last appended: 0.0, Last appended by leader: 0, Current term: 0, Majority size: -1, State: 0, Mode: NON_LEADER, active raft config: opid_index: -1 OBSOLETE_local: false peers { permanent_uuid: "529839c10d564a428c245445cd1985f4" member_type: VOTER last_known_addr { host: "127.30.33.129" port: 39011 } } peers { permanent_uuid: "0c3e09fc7e3243b48f734439d421a87e" member_type: VOTER last_known_addr { host: "127.30.33.130" port: 44373 } } peers { permanent_uuid: "c81be16982184f719e20a169e7615d96" member_type: VOTER last_known_addr { host: "127.30.33.131" port: 41363 } }
I20260710 11:08:22.589900 31455 leader_election.cc:304] T 55d6b5d4a0e24d94bd89ac88599db025 P 529839c10d564a428c245445cd1985f4 [CANDIDATE]: Term 1 election: Election decided. Result: candidate won. Election summary: received 3 responses out of 3 voters: 2 yes votes; 1 no votes. yes voters: 0c3e09fc7e3243b48f734439d421a87e, 529839c10d564a428c245445cd1985f4; no voters: c81be16982184f719e20a169e7615d96
I20260710 11:08:22.592221 31680 ts_tablet_manager.cc:1434] T 7690c04a5c4d4a499537371d7fe47dd8 P 0c3e09fc7e3243b48f734439d421a87e: Time spent starting tablet: real 0.016s	user 0.006s	sys 0.003s
I20260710 11:08:22.592983 31679 ts_tablet_manager.cc:1434] T 44b08290262e4635b5b468d3aff6b768 P 529839c10d564a428c245445cd1985f4: Time spent starting tablet: real 0.011s	user 0.005s	sys 0.004s
I20260710 11:08:22.593887 31680 tablet_bootstrap.cc:492] T fc46bb65910e4371bbe4d8a795bd4d4e P 0c3e09fc7e3243b48f734439d421a87e: Bootstrap starting.
I20260710 11:08:22.595312 31691 raft_consensus.cc:2804] T 55d6b5d4a0e24d94bd89ac88599db025 P 529839c10d564a428c245445cd1985f4 [term 1 FOLLOWER]: Leader election won for term 1
I20260710 11:08:22.596400 31691 raft_consensus.cc:697] T 55d6b5d4a0e24d94bd89ac88599db025 P 529839c10d564a428c245445cd1985f4 [term 1 LEADER]: Becoming Leader. State: Replica: 529839c10d564a428c245445cd1985f4, State: Running, Role: LEADER
I20260710 11:08:22.597560 31691 consensus_queue.cc:237] T 55d6b5d4a0e24d94bd89ac88599db025 P 529839c10d564a428c245445cd1985f4 [LEADER]: Queue going to LEADER mode. State: All replicated index: 0, Majority replicated index: 0, Committed index: 0, Last appended: 0.0, Last appended by leader: 0, Current term: 1, Majority size: 2, State: 0, Mode: LEADER, active raft config: opid_index: -1 OBSOLETE_local: false peers { permanent_uuid: "529839c10d564a428c245445cd1985f4" member_type: VOTER last_known_addr { host: "127.30.33.129" port: 39011 } } peers { permanent_uuid: "0c3e09fc7e3243b48f734439d421a87e" member_type: VOTER last_known_addr { host: "127.30.33.130" port: 44373 } } peers { permanent_uuid: "c81be16982184f719e20a169e7615d96" member_type: VOTER last_known_addr { host: "127.30.33.131" port: 41363 } }
I20260710 11:08:22.597702 31565 tablet_service.cc:1917] Received RequestConsensusVote() RPC: tablet_id: "fc46bb65910e4371bbe4d8a795bd4d4e" candidate_uuid: "c81be16982184f719e20a169e7615d96" candidate_term: 1 candidate_status { last_received { term: 0 index: 0 } } ignore_live_leader: false dest_uuid: "0c3e09fc7e3243b48f734439d421a87e"
W20260710 11:08:22.600461 31604 leader_election.cc:343] T fc46bb65910e4371bbe4d8a795bd4d4e P c81be16982184f719e20a169e7615d96 [CANDIDATE]: Term 1 election: Tablet error from VoteRequest() call to peer 0c3e09fc7e3243b48f734439d421a87e (127.30.33.130:44373): Illegal state: must be running to vote when last-logged opid is not known
I20260710 11:08:22.599702 31386 catalog_manager.cc:5697] T c78a0ea48514429e9aff2a3c291d1f61 P c81be16982184f719e20a169e7615d96 reported cstate change: term changed from 0 to 1, leader changed from <none> to c81be16982184f719e20a169e7615d96 (127.30.33.131). New cstate: current_term: 1 leader_uuid: "c81be16982184f719e20a169e7615d96" committed_config { opid_index: -1 OBSOLETE_local: false peers { permanent_uuid: "529839c10d564a428c245445cd1985f4" member_type: VOTER last_known_addr { host: "127.30.33.129" port: 39011 } health_report { overall_health: UNKNOWN } } peers { permanent_uuid: "0c3e09fc7e3243b48f734439d421a87e" member_type: VOTER last_known_addr { host: "127.30.33.130" port: 44373 } health_report { overall_health: UNKNOWN } } peers { permanent_uuid: "c81be16982184f719e20a169e7615d96" member_type: VOTER last_known_addr { host: "127.30.33.131" port: 41363 } health_report { overall_health: HEALTHY } } }
I20260710 11:08:22.595765 31687 leader_election.cc:290] T fc46bb65910e4371bbe4d8a795bd4d4e P c81be16982184f719e20a169e7615d96 [CANDIDATE]: Term 1 election: Requested vote from peers 529839c10d564a428c245445cd1985f4 (127.30.33.129:39011), 0c3e09fc7e3243b48f734439d421a87e (127.30.33.130:44373)
I20260710 11:08:22.603358 31679 tablet_bootstrap.cc:492] T 24c026da30fe4baca3a69b8fca61f063 P 529839c10d564a428c245445cd1985f4: Bootstrap starting.
I20260710 11:08:22.605721 31681 tablet_bootstrap.cc:492] T 7690c04a5c4d4a499537371d7fe47dd8 P c81be16982184f719e20a169e7615d96: No bootstrap required, opened a new log
I20260710 11:08:22.606992 31489 tablet_service.cc:1917] Received RequestConsensusVote() RPC: tablet_id: "fc46bb65910e4371bbe4d8a795bd4d4e" candidate_uuid: "c81be16982184f719e20a169e7615d96" candidate_term: 1 candidate_status { last_received { term: 0 index: 0 } } ignore_live_leader: false dest_uuid: "529839c10d564a428c245445cd1985f4"
I20260710 11:08:22.607719 31681 ts_tablet_manager.cc:1403] T 7690c04a5c4d4a499537371d7fe47dd8 P c81be16982184f719e20a169e7615d96: Time spent bootstrapping tablet: real 0.134s	user 0.009s	sys 0.013s
I20260710 11:08:22.607726 31489 raft_consensus.cc:3060] T fc46bb65910e4371bbe4d8a795bd4d4e P 529839c10d564a428c245445cd1985f4 [term 0 FOLLOWER]: Advancing to term 1
I20260710 11:08:22.617826 31387 catalog_manager.cc:5697] T 55d6b5d4a0e24d94bd89ac88599db025 P 529839c10d564a428c245445cd1985f4 reported cstate change: term changed from 0 to 1, leader changed from <none> to 529839c10d564a428c245445cd1985f4 (127.30.33.129). New cstate: current_term: 1 leader_uuid: "529839c10d564a428c245445cd1985f4" committed_config { opid_index: -1 OBSOLETE_local: false peers { permanent_uuid: "529839c10d564a428c245445cd1985f4" member_type: VOTER last_known_addr { host: "127.30.33.129" port: 39011 } health_report { overall_health: HEALTHY } } peers { permanent_uuid: "0c3e09fc7e3243b48f734439d421a87e" member_type: VOTER last_known_addr { host: "127.30.33.130" port: 44373 } health_report { overall_health: UNKNOWN } } peers { permanent_uuid: "c81be16982184f719e20a169e7615d96" member_type: VOTER last_known_addr { host: "127.30.33.131" port: 41363 } health_report { overall_health: UNKNOWN } } }
I20260710 11:08:22.619900 31680 tablet_bootstrap.cc:654] T fc46bb65910e4371bbe4d8a795bd4d4e P 0c3e09fc7e3243b48f734439d421a87e: Neither blocks nor log segments found. Creating new log.
I20260710 11:08:22.627074 31679 tablet_bootstrap.cc:654] T 24c026da30fe4baca3a69b8fca61f063 P 529839c10d564a428c245445cd1985f4: Neither blocks nor log segments found. Creating new log.
I20260710 11:08:22.629527 31707 raft_consensus.cc:515] T 154841af36304008a88fc04ffd920e61 P 0c3e09fc7e3243b48f734439d421a87e [term 1 FOLLOWER]: Starting leader election with config: opid_index: -1 OBSOLETE_local: false peers { permanent_uuid: "529839c10d564a428c245445cd1985f4" member_type: VOTER last_known_addr { host: "127.30.33.129" port: 39011 } } peers { permanent_uuid: "0c3e09fc7e3243b48f734439d421a87e" member_type: VOTER last_known_addr { host: "127.30.33.130" port: 44373 } } peers { permanent_uuid: "c81be16982184f719e20a169e7615d96" member_type: VOTER last_known_addr { host: "127.30.33.131" port: 41363 } }
I20260710 11:08:22.630949 31564 raft_consensus.cc:2393] T 154841af36304008a88fc04ffd920e61 P 0c3e09fc7e3243b48f734439d421a87e [term 1 FOLLOWER]: Leader election vote request: Denying vote to candidate 529839c10d564a428c245445cd1985f4 in current term 1: Already voted for candidate 0c3e09fc7e3243b48f734439d421a87e in this term.
I20260710 11:08:22.636081 31681 raft_consensus.cc:359] T 7690c04a5c4d4a499537371d7fe47dd8 P c81be16982184f719e20a169e7615d96 [term 0 FOLLOWER]: Replica starting. Triggering 0 pending ops. Active config: opid_index: -1 OBSOLETE_local: false peers { permanent_uuid: "529839c10d564a428c245445cd1985f4" member_type: VOTER last_known_addr { host: "127.30.33.129" port: 39011 } } peers { permanent_uuid: "0c3e09fc7e3243b48f734439d421a87e" member_type: VOTER last_known_addr { host: "127.30.33.130" port: 44373 } } peers { permanent_uuid: "c81be16982184f719e20a169e7615d96" member_type: VOTER last_known_addr { host: "127.30.33.131" port: 41363 } }
I20260710 11:08:22.636749 31691 raft_consensus.cc:493] T 44b08290262e4635b5b468d3aff6b768 P 529839c10d564a428c245445cd1985f4 [term 0 FOLLOWER]: Starting pre-election (no leader contacted us within the election timeout)
I20260710 11:08:22.637148 31681 raft_consensus.cc:385] T 7690c04a5c4d4a499537371d7fe47dd8 P c81be16982184f719e20a169e7615d96 [term 0 FOLLOWER]: Consensus starting up: Expiring failure detector timer to make a prompt election more likely
I20260710 11:08:22.637784 31681 raft_consensus.cc:740] T 7690c04a5c4d4a499537371d7fe47dd8 P c81be16982184f719e20a169e7615d96 [term 0 FOLLOWER]: Becoming Follower/Learner. State: Replica: c81be16982184f719e20a169e7615d96, State: Initialized, Role: FOLLOWER
I20260710 11:08:22.637468 31691 raft_consensus.cc:515] T 44b08290262e4635b5b468d3aff6b768 P 529839c10d564a428c245445cd1985f4 [term 0 FOLLOWER]: Starting pre-election with config: opid_index: -1 OBSOLETE_local: false peers { permanent_uuid: "529839c10d564a428c245445cd1985f4" member_type: VOTER last_known_addr { host: "127.30.33.129" port: 39011 } } peers { permanent_uuid: "0c3e09fc7e3243b48f734439d421a87e" member_type: VOTER last_known_addr { host: "127.30.33.130" port: 44373 } } peers { permanent_uuid: "c81be16982184f719e20a169e7615d96" member_type: VOTER last_known_addr { host: "127.30.33.131" port: 41363 } }
I20260710 11:08:22.632910 31724 raft_consensus.cc:2749] T 154841af36304008a88fc04ffd920e61 P c81be16982184f719e20a169e7615d96 [term 1 FOLLOWER]: Leader pre-election lost for term 1. Reason: could not achieve majority
I20260710 11:08:22.639686 31681 consensus_queue.cc:260] T 7690c04a5c4d4a499537371d7fe47dd8 P c81be16982184f719e20a169e7615d96 [NON_LEADER]: Queue going to NON_LEADER mode. State: All replicated index: 0, Majority replicated index: 0, Committed index: 0, Last appended: 0.0, Last appended by leader: 0, Current term: 0, Majority size: -1, State: 0, Mode: NON_LEADER, active raft config: opid_index: -1 OBSOLETE_local: false peers { permanent_uuid: "529839c10d564a428c245445cd1985f4" member_type: VOTER last_known_addr { host: "127.30.33.129" port: 39011 } } peers { permanent_uuid: "0c3e09fc7e3243b48f734439d421a87e" member_type: VOTER last_known_addr { host: "127.30.33.130" port: 44373 } } peers { permanent_uuid: "c81be16982184f719e20a169e7615d96" member_type: VOTER last_known_addr { host: "127.30.33.131" port: 41363 } }
I20260710 11:08:22.642680 31681 ts_tablet_manager.cc:1434] T 7690c04a5c4d4a499537371d7fe47dd8 P c81be16982184f719e20a169e7615d96: Time spent starting tablet: real 0.034s	user 0.009s	sys 0.000s
I20260710 11:08:22.637292 31490 tablet_service.cc:1917] Received RequestConsensusVote() RPC: tablet_id: "154841af36304008a88fc04ffd920e61" candidate_uuid: "0c3e09fc7e3243b48f734439d421a87e" candidate_term: 1 candidate_status { last_received { term: 0 index: 0 } } ignore_live_leader: false dest_uuid: "529839c10d564a428c245445cd1985f4"
I20260710 11:08:22.644142 31681 tablet_bootstrap.cc:492] T 55d6b5d4a0e24d94bd89ac88599db025 P c81be16982184f719e20a169e7615d96: Bootstrap starting.
I20260710 11:08:22.644486 31490 raft_consensus.cc:2393] T 154841af36304008a88fc04ffd920e61 P 529839c10d564a428c245445cd1985f4 [term 1 FOLLOWER]: Leader election vote request: Denying vote to candidate 0c3e09fc7e3243b48f734439d421a87e in current term 1: Already voted for candidate 529839c10d564a428c245445cd1985f4 in this term.
I20260710 11:08:22.645063 31639 tablet_service.cc:1917] Received RequestConsensusVote() RPC: tablet_id: "44b08290262e4635b5b468d3aff6b768" candidate_uuid: "529839c10d564a428c245445cd1985f4" candidate_term: 1 candidate_status { last_received { term: 0 index: 0 } } ignore_live_leader: false dest_uuid: "c81be16982184f719e20a169e7615d96" is_pre_election: true
I20260710 11:08:22.647179 31638 raft_consensus.cc:2468] T 154841af36304008a88fc04ffd920e61 P c81be16982184f719e20a169e7615d96 [term 1 FOLLOWER]: Leader election vote request: Granting yes vote for candidate 529839c10d564a428c245445cd1985f4 in term 1.
W20260710 11:08:22.648813 31454 leader_election.cc:343] T 44b08290262e4635b5b468d3aff6b768 P 529839c10d564a428c245445cd1985f4 [CANDIDATE]: Term 1 pre-election: Tablet error from VoteRequest() call to peer c81be16982184f719e20a169e7615d96 (127.30.33.131:41363): Illegal state: must be running to vote when last-logged opid is not known
I20260710 11:08:22.649109 31707 leader_election.cc:290] T 154841af36304008a88fc04ffd920e61 P 0c3e09fc7e3243b48f734439d421a87e [CANDIDATE]: Term 1 election: Requested vote from peers 529839c10d564a428c245445cd1985f4 (127.30.33.129:39011), c81be16982184f719e20a169e7615d96 (127.30.33.131:41363)
I20260710 11:08:22.650336 31454 leader_election.cc:304] T 154841af36304008a88fc04ffd920e61 P 529839c10d564a428c245445cd1985f4 [CANDIDATE]: Term 1 election: Election decided. Result: candidate won. Election summary: received 3 responses out of 3 voters: 2 yes votes; 1 no votes. yes voters: 529839c10d564a428c245445cd1985f4, c81be16982184f719e20a169e7615d96; no voters: 0c3e09fc7e3243b48f734439d421a87e
I20260710 11:08:22.651247 31489 raft_consensus.cc:2468] T fc46bb65910e4371bbe4d8a795bd4d4e P 529839c10d564a428c245445cd1985f4 [term 1 FOLLOWER]: Leader election vote request: Granting yes vote for candidate c81be16982184f719e20a169e7615d96 in term 1.
I20260710 11:08:22.652053 31564 tablet_service.cc:1917] Received RequestConsensusVote() RPC: tablet_id: "44b08290262e4635b5b468d3aff6b768" candidate_uuid: "529839c10d564a428c245445cd1985f4" candidate_term: 1 candidate_status { last_received { term: 0 index: 0 } } ignore_live_leader: false dest_uuid: "0c3e09fc7e3243b48f734439d421a87e" is_pre_election: true
I20260710 11:08:22.653422 31604 leader_election.cc:304] T fc46bb65910e4371bbe4d8a795bd4d4e P c81be16982184f719e20a169e7615d96 [CANDIDATE]: Term 1 election: Election decided. Result: candidate won. Election summary: received 3 responses out of 3 voters: 2 yes votes; 1 no votes. yes voters: 529839c10d564a428c245445cd1985f4, c81be16982184f719e20a169e7615d96; no voters: 0c3e09fc7e3243b48f734439d421a87e
W20260710 11:08:22.653607 31455 leader_election.cc:343] T 44b08290262e4635b5b468d3aff6b768 P 529839c10d564a428c245445cd1985f4 [CANDIDATE]: Term 1 pre-election: Tablet error from VoteRequest() call to peer 0c3e09fc7e3243b48f734439d421a87e (127.30.33.130:44373): Illegal state: must be running to vote when last-logged opid is not known
I20260710 11:08:22.655800 31688 raft_consensus.cc:2804] T 154841af36304008a88fc04ffd920e61 P 529839c10d564a428c245445cd1985f4 [term 1 FOLLOWER]: Leader election won for term 1
I20260710 11:08:22.655968 31724 raft_consensus.cc:2804] T fc46bb65910e4371bbe4d8a795bd4d4e P c81be16982184f719e20a169e7615d96 [term 1 FOLLOWER]: Leader election won for term 1
I20260710 11:08:22.656188 31691 leader_election.cc:290] T 44b08290262e4635b5b468d3aff6b768 P 529839c10d564a428c245445cd1985f4 [CANDIDATE]: Term 1 pre-election: Requested pre-vote from peers 0c3e09fc7e3243b48f734439d421a87e (127.30.33.130:44373), c81be16982184f719e20a169e7615d96 (127.30.33.131:41363)
I20260710 11:08:22.656503 31688 raft_consensus.cc:697] T 154841af36304008a88fc04ffd920e61 P 529839c10d564a428c245445cd1985f4 [term 1 LEADER]: Becoming Leader. State: Replica: 529839c10d564a428c245445cd1985f4, State: Running, Role: LEADER
I20260710 11:08:22.656708 31724 raft_consensus.cc:697] T fc46bb65910e4371bbe4d8a795bd4d4e P c81be16982184f719e20a169e7615d96 [term 1 LEADER]: Becoming Leader. State: Replica: c81be16982184f719e20a169e7615d96, State: Running, Role: LEADER
I20260710 11:08:22.658262 31455 leader_election.cc:304] T 44b08290262e4635b5b468d3aff6b768 P 529839c10d564a428c245445cd1985f4 [CANDIDATE]: Term 1 pre-election: Election decided. Result: candidate lost. Election summary: received 3 responses out of 3 voters: 1 yes votes; 2 no votes. yes voters: 529839c10d564a428c245445cd1985f4; no voters: 0c3e09fc7e3243b48f734439d421a87e, c81be16982184f719e20a169e7615d96
I20260710 11:08:22.659384 31681 tablet_bootstrap.cc:654] T 55d6b5d4a0e24d94bd89ac88599db025 P c81be16982184f719e20a169e7615d96: Neither blocks nor log segments found. Creating new log.
I20260710 11:08:22.659751 31721 raft_consensus.cc:2749] T 44b08290262e4635b5b468d3aff6b768 P 529839c10d564a428c245445cd1985f4 [term 0 FOLLOWER]: Leader pre-election lost for term 1. Reason: could not achieve majority
I20260710 11:08:22.661366 31724 consensus_queue.cc:237] T fc46bb65910e4371bbe4d8a795bd4d4e P c81be16982184f719e20a169e7615d96 [LEADER]: Queue going to LEADER mode. State: All replicated index: 0, Majority replicated index: 0, Committed index: 0, Last appended: 0.0, Last appended by leader: 0, Current term: 1, Majority size: 2, State: 0, Mode: LEADER, active raft config: opid_index: -1 OBSOLETE_local: false peers { permanent_uuid: "529839c10d564a428c245445cd1985f4" member_type: VOTER last_known_addr { host: "127.30.33.129" port: 39011 } } peers { permanent_uuid: "0c3e09fc7e3243b48f734439d421a87e" member_type: VOTER last_known_addr { host: "127.30.33.130" port: 44373 } } peers { permanent_uuid: "c81be16982184f719e20a169e7615d96" member_type: VOTER last_known_addr { host: "127.30.33.131" port: 41363 } }
I20260710 11:08:22.665365 31688 consensus_queue.cc:237] T 154841af36304008a88fc04ffd920e61 P 529839c10d564a428c245445cd1985f4 [LEADER]: Queue going to LEADER mode. State: All replicated index: 0, Majority replicated index: 0, Committed index: 0, Last appended: 0.0, Last appended by leader: 0, Current term: 1, Majority size: 2, State: 0, Mode: LEADER, active raft config: opid_index: -1 OBSOLETE_local: false peers { permanent_uuid: "529839c10d564a428c245445cd1985f4" member_type: VOTER last_known_addr { host: "127.30.33.129" port: 39011 } } peers { permanent_uuid: "0c3e09fc7e3243b48f734439d421a87e" member_type: VOTER last_known_addr { host: "127.30.33.130" port: 44373 } } peers { permanent_uuid: "c81be16982184f719e20a169e7615d96" member_type: VOTER last_known_addr { host: "127.30.33.131" port: 41363 } }
I20260710 11:08:22.665483 31387 catalog_manager.cc:5697] T cc180fd457044af5973f52dd98e59188 P 0c3e09fc7e3243b48f734439d421a87e reported cstate change: term changed from 0 to 1, leader changed from <none> to 0c3e09fc7e3243b48f734439d421a87e (127.30.33.130). New cstate: current_term: 1 leader_uuid: "0c3e09fc7e3243b48f734439d421a87e" committed_config { opid_index: -1 OBSOLETE_local: false peers { permanent_uuid: "529839c10d564a428c245445cd1985f4" member_type: VOTER last_known_addr { host: "127.30.33.129" port: 39011 } health_report { overall_health: UNKNOWN } } peers { permanent_uuid: "0c3e09fc7e3243b48f734439d421a87e" member_type: VOTER last_known_addr { host: "127.30.33.130" port: 44373 } health_report { overall_health: HEALTHY } } peers { permanent_uuid: "c81be16982184f719e20a169e7615d96" member_type: VOTER last_known_addr { host: "127.30.33.131" port: 41363 } health_report { overall_health: UNKNOWN } } }
I20260710 11:08:22.670372 31679 tablet_bootstrap.cc:492] T 24c026da30fe4baca3a69b8fca61f063 P 529839c10d564a428c245445cd1985f4: No bootstrap required, opened a new log
