I20260710 11:08:08.921736 30816 raft_consensus.cc:2468] T 1a8b98b2e4154adda87d9bc9904fd431 P b404415f54d54c5c9ce72216fa4c507c [term 1 FOLLOWER]: Leader election vote request: Granting yes vote for candidate fe74395178c24d2391b6a0f390da2067 in term 1.
I20260710 11:08:08.923499 30862 tablet_bootstrap.cc:654] T 43481988dc884201b53593932a6bf1b2 P fe74395178c24d2391b6a0f390da2067: Neither blocks nor log segments found. Creating new log.
I20260710 11:08:08.923053 30898 leader_election.cc:290] T 43481988dc884201b53593932a6bf1b2 P b404415f54d54c5c9ce72216fa4c507c [CANDIDATE]: Term 1 pre-election: Requested pre-vote from peers 78be11138f884bfe97863b7de5223b37 (127.29.209.129:39601), fe74395178c24d2391b6a0f390da2067 (127.29.209.130:45215)
I20260710 11:08:08.929894 30665 tablet_service.cc:1917] Received RequestConsensusVote() RPC: tablet_id: "43481988dc884201b53593932a6bf1b2" candidate_uuid: "b404415f54d54c5c9ce72216fa4c507c" candidate_term: 1 candidate_status { last_received { term: 0 index: 0 } } ignore_live_leader: false dest_uuid: "78be11138f884bfe97863b7de5223b37" is_pre_election: true
I20260710 11:08:08.930351 30890 raft_consensus.cc:697] T 45814fb406de4094b55556df8dc03324 P b404415f54d54c5c9ce72216fa4c507c [term 1 LEADER]: Becoming Leader. State: Replica: b404415f54d54c5c9ce72216fa4c507c, State: Running, Role: LEADER
W20260710 11:08:08.934845 30783 leader_election.cc:343] T 43481988dc884201b53593932a6bf1b2 P b404415f54d54c5c9ce72216fa4c507c [CANDIDATE]: Term 1 pre-election: Tablet error from VoteRequest() call to peer 78be11138f884bfe97863b7de5223b37 (127.29.209.129:39601): Illegal state: must be running to vote when last-logged opid is not known
I20260710 11:08:08.935223 30741 tablet_service.cc:1917] Received RequestConsensusVote() RPC: tablet_id: "43481988dc884201b53593932a6bf1b2" candidate_uuid: "b404415f54d54c5c9ce72216fa4c507c" candidate_term: 1 candidate_status { last_received { term: 0 index: 0 } } ignore_live_leader: false dest_uuid: "fe74395178c24d2391b6a0f390da2067" is_pre_election: true
I20260710 11:08:08.934058 30890 consensus_queue.cc:237] T 45814fb406de4094b55556df8dc03324 P b404415f54d54c5c9ce72216fa4c507c [LEADER]: Queue going to LEADER mode. State: All replicated index: 0, Majority replicated index: 0, Committed index: 0, Last appended: 0.0, Last appended by leader: 0, Current term: 1, Majority size: 2, State: 0, Mode: LEADER, active raft config: opid_index: -1 OBSOLETE_local: false peers { permanent_uuid: "78be11138f884bfe97863b7de5223b37" member_type: VOTER last_known_addr { host: "127.29.209.129" port: 39601 } } peers { permanent_uuid: "fe74395178c24d2391b6a0f390da2067" member_type: VOTER last_known_addr { host: "127.29.209.130" port: 45215 } } peers { permanent_uuid: "b404415f54d54c5c9ce72216fa4c507c" member_type: VOTER last_known_addr { host: "127.29.209.131" port: 38553 } }
W20260710 11:08:08.938786 30781 leader_election.cc:343] T 43481988dc884201b53593932a6bf1b2 P b404415f54d54c5c9ce72216fa4c507c [CANDIDATE]: Term 1 pre-election: Tablet error from VoteRequest() call to peer fe74395178c24d2391b6a0f390da2067 (127.29.209.130:45215): Illegal state: must be running to vote when last-logged opid is not known
I20260710 11:08:08.939276 30781 leader_election.cc:304] T 43481988dc884201b53593932a6bf1b2 P b404415f54d54c5c9ce72216fa4c507c [CANDIDATE]: Term 1 pre-election: Election decided. Result: candidate lost. Election summary: received 3 responses out of 3 voters: 1 yes votes; 2 no votes. yes voters: b404415f54d54c5c9ce72216fa4c507c; no voters: 78be11138f884bfe97863b7de5223b37, fe74395178c24d2391b6a0f390da2067
I20260710 11:08:08.940752 30865 raft_consensus.cc:2749] T 43481988dc884201b53593932a6bf1b2 P b404415f54d54c5c9ce72216fa4c507c [term 0 FOLLOWER]: Leader pre-election lost for term 1. Reason: could not achieve majority
I20260710 11:08:08.947309 30863 tablet_bootstrap.cc:654] T 4d9072ed2b724b6084b22f0ed144d2d0 P 78be11138f884bfe97863b7de5223b37: Neither blocks nor log segments found. Creating new log.
I20260710 11:08:08.956000 30862 tablet_bootstrap.cc:492] T 43481988dc884201b53593932a6bf1b2 P fe74395178c24d2391b6a0f390da2067: No bootstrap required, opened a new log
I20260710 11:08:08.956524 30862 ts_tablet_manager.cc:1403] T 43481988dc884201b53593932a6bf1b2 P fe74395178c24d2391b6a0f390da2067: Time spent bootstrapping tablet: real 0.119s	user 0.019s	sys 0.000s
I20260710 11:08:08.958106 30781 leader_election.cc:304] T 1a8b98b2e4154adda87d9bc9904fd431 P b404415f54d54c5c9ce72216fa4c507c [CANDIDATE]: Term 1 pre-election: Election decided. Result: candidate won. Election summary: received 3 responses out of 3 voters: 2 yes votes; 1 no votes. yes voters: b404415f54d54c5c9ce72216fa4c507c, fe74395178c24d2391b6a0f390da2067; no voters: 78be11138f884bfe97863b7de5223b37
I20260710 11:08:08.959506 30862 raft_consensus.cc:359] T 43481988dc884201b53593932a6bf1b2 P fe74395178c24d2391b6a0f390da2067 [term 0 FOLLOWER]: Replica starting. Triggering 0 pending ops. Active config: opid_index: -1 OBSOLETE_local: false peers { permanent_uuid: "78be11138f884bfe97863b7de5223b37" member_type: VOTER last_known_addr { host: "127.29.209.129" port: 39601 } } peers { permanent_uuid: "fe74395178c24d2391b6a0f390da2067" member_type: VOTER last_known_addr { host: "127.29.209.130" port: 45215 } } peers { permanent_uuid: "b404415f54d54c5c9ce72216fa4c507c" member_type: VOTER last_known_addr { host: "127.29.209.131" port: 38553 } }
I20260710 11:08:08.960304 30862 raft_consensus.cc:385] T 43481988dc884201b53593932a6bf1b2 P fe74395178c24d2391b6a0f390da2067 [term 0 FOLLOWER]: Consensus starting up: Expiring failure detector timer to make a prompt election more likely
I20260710 11:08:08.960631 30862 raft_consensus.cc:740] T 43481988dc884201b53593932a6bf1b2 P fe74395178c24d2391b6a0f390da2067 [term 0 FOLLOWER]: Becoming Follower/Learner. State: Replica: fe74395178c24d2391b6a0f390da2067, State: Initialized, Role: FOLLOWER
I20260710 11:08:08.960731 30890 raft_consensus.cc:2764] T 1a8b98b2e4154adda87d9bc9904fd431 P b404415f54d54c5c9ce72216fa4c507c [term 1 FOLLOWER]: Leader pre-election decision vote started in defunct term 0: won
I20260710 11:08:08.961746 30862 consensus_queue.cc:260] T 43481988dc884201b53593932a6bf1b2 P fe74395178c24d2391b6a0f390da2067 [NON_LEADER]: Queue going to NON_LEADER mode. State: All replicated index: 0, Majority replicated index: 0, Committed index: 0, Last appended: 0.0, Last appended by leader: 0, Current term: 0, Majority size: -1, State: 0, Mode: NON_LEADER, active raft config: opid_index: -1 OBSOLETE_local: false peers { permanent_uuid: "78be11138f884bfe97863b7de5223b37" member_type: VOTER last_known_addr { host: "127.29.209.129" port: 39601 } } peers { permanent_uuid: "fe74395178c24d2391b6a0f390da2067" member_type: VOTER last_known_addr { host: "127.29.209.130" port: 45215 } } peers { permanent_uuid: "b404415f54d54c5c9ce72216fa4c507c" member_type: VOTER last_known_addr { host: "127.29.209.131" port: 38553 } }
I20260710 11:08:08.963943 30862 ts_tablet_manager.cc:1434] T 43481988dc884201b53593932a6bf1b2 P fe74395178c24d2391b6a0f390da2067: Time spent starting tablet: real 0.007s	user 0.007s	sys 0.001s
I20260710 11:08:08.964076 30890 raft_consensus.cc:493] T 4d9072ed2b724b6084b22f0ed144d2d0 P b404415f54d54c5c9ce72216fa4c507c [term 0 FOLLOWER]: Starting pre-election (no leader contacted us within the election timeout)
I20260710 11:08:08.964915 30862 tablet_bootstrap.cc:492] T 5acd6e9997314f2cbffd4970e52fb59e P fe74395178c24d2391b6a0f390da2067: Bootstrap starting.
I20260710 11:08:08.964619 30890 raft_consensus.cc:515] T 4d9072ed2b724b6084b22f0ed144d2d0 P b404415f54d54c5c9ce72216fa4c507c [term 0 FOLLOWER]: Starting pre-election with config: opid_index: -1 OBSOLETE_local: false peers { permanent_uuid: "78be11138f884bfe97863b7de5223b37" member_type: VOTER last_known_addr { host: "127.29.209.129" port: 39601 } } peers { permanent_uuid: "fe74395178c24d2391b6a0f390da2067" member_type: VOTER last_known_addr { host: "127.29.209.130" port: 45215 } } peers { permanent_uuid: "b404415f54d54c5c9ce72216fa4c507c" member_type: VOTER last_known_addr { host: "127.29.209.131" port: 38553 } }
I20260710 11:08:08.967100 30566 catalog_manager.cc:5697] T d725084d58ca4450aced98c97362d7e5 P fe74395178c24d2391b6a0f390da2067 reported cstate change: term changed from 0 to 1, leader changed from <none> to fe74395178c24d2391b6a0f390da2067 (127.29.209.130). New cstate: current_term: 1 leader_uuid: "fe74395178c24d2391b6a0f390da2067" committed_config { opid_index: -1 OBSOLETE_local: false peers { permanent_uuid: "78be11138f884bfe97863b7de5223b37" member_type: VOTER last_known_addr { host: "127.29.209.129" port: 39601 } health_report { overall_health: UNKNOWN } } peers { permanent_uuid: "fe74395178c24d2391b6a0f390da2067" member_type: VOTER last_known_addr { host: "127.29.209.130" port: 45215 } health_report { overall_health: HEALTHY } } peers { permanent_uuid: "b404415f54d54c5c9ce72216fa4c507c" member_type: VOTER last_known_addr { host: "127.29.209.131" port: 38553 } health_report { overall_health: UNKNOWN } } }
I20260710 11:08:08.968341 30743 tablet_service.cc:1917] Received RequestConsensusVote() RPC: tablet_id: "4d9072ed2b724b6084b22f0ed144d2d0" candidate_uuid: "b404415f54d54c5c9ce72216fa4c507c" candidate_term: 1 candidate_status { last_received { term: 0 index: 0 } } ignore_live_leader: false dest_uuid: "fe74395178c24d2391b6a0f390da2067" is_pre_election: true
W20260710 11:08:08.975270 30781 leader_election.cc:343] T 4d9072ed2b724b6084b22f0ed144d2d0 P b404415f54d54c5c9ce72216fa4c507c [CANDIDATE]: Term 1 pre-election: Tablet error from VoteRequest() call to peer fe74395178c24d2391b6a0f390da2067 (127.29.209.130:45215): Illegal state: must be running to vote when last-logged opid is not known
I20260710 11:08:08.968845 30890 leader_election.cc:290] T 4d9072ed2b724b6084b22f0ed144d2d0 P b404415f54d54c5c9ce72216fa4c507c [CANDIDATE]: Term 1 pre-election: Requested pre-vote from peers 78be11138f884bfe97863b7de5223b37 (127.29.209.129:39601), fe74395178c24d2391b6a0f390da2067 (127.29.209.130:45215)
I20260710 11:08:08.978557 30863 tablet_bootstrap.cc:492] T 4d9072ed2b724b6084b22f0ed144d2d0 P 78be11138f884bfe97863b7de5223b37: No bootstrap required, opened a new log
I20260710 11:08:08.979158 30863 ts_tablet_manager.cc:1403] T 4d9072ed2b724b6084b22f0ed144d2d0 P 78be11138f884bfe97863b7de5223b37: Time spent bootstrapping tablet: real 0.118s	user 0.013s	sys 0.012s
I20260710 11:08:08.970163 30665 tablet_service.cc:1917] Received RequestConsensusVote() RPC: tablet_id: "4d9072ed2b724b6084b22f0ed144d2d0" candidate_uuid: "b404415f54d54c5c9ce72216fa4c507c" candidate_term: 1 candidate_status { last_received { term: 0 index: 0 } } ignore_live_leader: false dest_uuid: "78be11138f884bfe97863b7de5223b37" is_pre_election: true
I20260710 11:08:08.972198 30862 tablet_bootstrap.cc:654] T 5acd6e9997314f2cbffd4970e52fb59e P fe74395178c24d2391b6a0f390da2067: Neither blocks nor log segments found. Creating new log.
I20260710 11:08:08.982506 30863 raft_consensus.cc:359] T 4d9072ed2b724b6084b22f0ed144d2d0 P 78be11138f884bfe97863b7de5223b37 [term 0 FOLLOWER]: Replica starting. Triggering 0 pending ops. Active config: opid_index: -1 OBSOLETE_local: false peers { permanent_uuid: "78be11138f884bfe97863b7de5223b37" member_type: VOTER last_known_addr { host: "127.29.209.129" port: 39601 } } peers { permanent_uuid: "fe74395178c24d2391b6a0f390da2067" member_type: VOTER last_known_addr { host: "127.29.209.130" port: 45215 } } peers { permanent_uuid: "b404415f54d54c5c9ce72216fa4c507c" member_type: VOTER last_known_addr { host: "127.29.209.131" port: 38553 } }
I20260710 11:08:08.983328 30863 raft_consensus.cc:385] T 4d9072ed2b724b6084b22f0ed144d2d0 P 78be11138f884bfe97863b7de5223b37 [term 0 FOLLOWER]: Consensus starting up: Expiring failure detector timer to make a prompt election more likely
I20260710 11:08:08.983798 30863 raft_consensus.cc:740] T 4d9072ed2b724b6084b22f0ed144d2d0 P 78be11138f884bfe97863b7de5223b37 [term 0 FOLLOWER]: Becoming Follower/Learner. State: Replica: 78be11138f884bfe97863b7de5223b37, State: Initialized, Role: FOLLOWER
I20260710 11:08:08.984656 30863 consensus_queue.cc:260] T 4d9072ed2b724b6084b22f0ed144d2d0 P 78be11138f884bfe97863b7de5223b37 [NON_LEADER]: Queue going to NON_LEADER mode. State: All replicated index: 0, Majority replicated index: 0, Committed index: 0, Last appended: 0.0, Last appended by leader: 0, Current term: 0, Majority size: -1, State: 0, Mode: NON_LEADER, active raft config: opid_index: -1 OBSOLETE_local: false peers { permanent_uuid: "78be11138f884bfe97863b7de5223b37" member_type: VOTER last_known_addr { host: "127.29.209.129" port: 39601 } } peers { permanent_uuid: "fe74395178c24d2391b6a0f390da2067" member_type: VOTER last_known_addr { host: "127.29.209.130" port: 45215 } } peers { permanent_uuid: "b404415f54d54c5c9ce72216fa4c507c" member_type: VOTER last_known_addr { host: "127.29.209.131" port: 38553 } }
W20260710 11:08:08.986898 30783 leader_election.cc:343] T 4d9072ed2b724b6084b22f0ed144d2d0 P b404415f54d54c5c9ce72216fa4c507c [CANDIDATE]: Term 1 pre-election: Tablet error from VoteRequest() call to peer 78be11138f884bfe97863b7de5223b37 (127.29.209.129:39601): Illegal state: must be running to vote when last-logged opid is not known
I20260710 11:08:08.987468 30863 ts_tablet_manager.cc:1434] T 4d9072ed2b724b6084b22f0ed144d2d0 P 78be11138f884bfe97863b7de5223b37: Time spent starting tablet: real 0.008s	user 0.006s	sys 0.002s
I20260710 11:08:08.987401 30783 leader_election.cc:304] T 4d9072ed2b724b6084b22f0ed144d2d0 P b404415f54d54c5c9ce72216fa4c507c [CANDIDATE]: Term 1 pre-election: Election decided. Result: candidate lost. Election summary: received 3 responses out of 3 voters: 1 yes votes; 2 no votes. yes voters: b404415f54d54c5c9ce72216fa4c507c; no voters: 78be11138f884bfe97863b7de5223b37, fe74395178c24d2391b6a0f390da2067
I20260710 11:08:08.988206 30890 raft_consensus.cc:2749] T 4d9072ed2b724b6084b22f0ed144d2d0 P b404415f54d54c5c9ce72216fa4c507c [term 0 FOLLOWER]: Leader pre-election lost for term 1. Reason: could not achieve majority
I20260710 11:08:08.975153 30669 raft_consensus.cc:2376] T 1a8b98b2e4154adda87d9bc9904fd431 P 78be11138f884bfe97863b7de5223b37 [term 1 FOLLOWER]: Leader pre-election vote request: Already granted yes vote for candidate fe74395178c24d2391b6a0f390da2067 in term 1. Re-sending same reply.
I20260710 11:08:08.989336 30863 tablet_bootstrap.cc:492] T 5acd6e9997314f2cbffd4970e52fb59e P 78be11138f884bfe97863b7de5223b37: Bootstrap starting.
I20260710 11:08:08.997645 30564 catalog_manager.cc:5697] T 45814fb406de4094b55556df8dc03324 P b404415f54d54c5c9ce72216fa4c507c reported cstate change: term changed from 0 to 1, leader changed from <none> to b404415f54d54c5c9ce72216fa4c507c (127.29.209.131). New cstate: current_term: 1 leader_uuid: "b404415f54d54c5c9ce72216fa4c507c" committed_config { opid_index: -1 OBSOLETE_local: false peers { permanent_uuid: "78be11138f884bfe97863b7de5223b37" member_type: VOTER last_known_addr { host: "127.29.209.129" port: 39601 } health_report { overall_health: UNKNOWN } } peers { permanent_uuid: "fe74395178c24d2391b6a0f390da2067" member_type: VOTER last_known_addr { host: "127.29.209.130" port: 45215 } health_report { overall_health: UNKNOWN } } peers { permanent_uuid: "b404415f54d54c5c9ce72216fa4c507c" member_type: VOTER last_known_addr { host: "127.29.209.131" port: 38553 } health_report { overall_health: HEALTHY } } }
I20260710 11:08:09.002066 30564 catalog_manager.cc:5697] T 9359f784605648f38afd5ce6be3546f7 P b404415f54d54c5c9ce72216fa4c507c reported cstate change: term changed from 0 to 1, leader changed from <none> to b404415f54d54c5c9ce72216fa4c507c (127.29.209.131). New cstate: current_term: 1 leader_uuid: "b404415f54d54c5c9ce72216fa4c507c" committed_config { opid_index: -1 OBSOLETE_local: false peers { permanent_uuid: "78be11138f884bfe97863b7de5223b37" member_type: VOTER last_known_addr { host: "127.29.209.129" port: 39601 } health_report { overall_health: UNKNOWN } } peers { permanent_uuid: "fe74395178c24d2391b6a0f390da2067" member_type: VOTER last_known_addr { host: "127.29.209.130" port: 45215 } health_report { overall_health: UNKNOWN } } peers { permanent_uuid: "b404415f54d54c5c9ce72216fa4c507c" member_type: VOTER last_known_addr { host: "127.29.209.131" port: 38553 } health_report { overall_health: HEALTHY } } }
I20260710 11:08:09.004096 30564 catalog_manager.cc:5697] T 75559f01ddbd44f19b96427bf6ab4ed6 P b404415f54d54c5c9ce72216fa4c507c reported cstate change: term changed from 0 to 1, leader changed from <none> to b404415f54d54c5c9ce72216fa4c507c (127.29.209.131). New cstate: current_term: 1 leader_uuid: "b404415f54d54c5c9ce72216fa4c507c" committed_config { opid_index: -1 OBSOLETE_local: false peers { permanent_uuid: "b404415f54d54c5c9ce72216fa4c507c" member_type: VOTER last_known_addr { host: "127.29.209.131" port: 38553 } health_report { overall_health: HEALTHY } } peers { permanent_uuid: "fe74395178c24d2391b6a0f390da2067" member_type: VOTER last_known_addr { host: "127.29.209.130" port: 45215 } health_report { overall_health: UNKNOWN } } peers { permanent_uuid: "78be11138f884bfe97863b7de5223b37" member_type: VOTER last_known_addr { host: "127.29.209.129" port: 39601 } health_report { overall_health: UNKNOWN } } }
I20260710 11:08:09.008044 30862 tablet_bootstrap.cc:492] T 5acd6e9997314f2cbffd4970e52fb59e P fe74395178c24d2391b6a0f390da2067: No bootstrap required, opened a new log
I20260710 11:08:09.008653 30862 ts_tablet_manager.cc:1403] T 5acd6e9997314f2cbffd4970e52fb59e P fe74395178c24d2391b6a0f390da2067: Time spent bootstrapping tablet: real 0.044s	user 0.009s	sys 0.004s
I20260710 11:08:09.008460 30565 catalog_manager.cc:5697] T df75a74de5984d268b33fc9391b0da5f P 78be11138f884bfe97863b7de5223b37 reported cstate change: term changed from 0 to 1, leader changed from <none> to 78be11138f884bfe97863b7de5223b37 (127.29.209.129). New cstate: current_term: 1 leader_uuid: "78be11138f884bfe97863b7de5223b37" committed_config { opid_index: -1 OBSOLETE_local: false peers { permanent_uuid: "78be11138f884bfe97863b7de5223b37" member_type: VOTER last_known_addr { host: "127.29.209.129" port: 39601 } health_report { overall_health: HEALTHY } } peers { permanent_uuid: "fe74395178c24d2391b6a0f390da2067" member_type: VOTER last_known_addr { host: "127.29.209.130" port: 45215 } health_report { overall_health: UNKNOWN } } peers { permanent_uuid: "b404415f54d54c5c9ce72216fa4c507c" member_type: VOTER last_known_addr { host: "127.29.209.131" port: 38553 } health_report { overall_health: UNKNOWN } } }
I20260710 11:08:09.011902 30862 raft_consensus.cc:359] T 5acd6e9997314f2cbffd4970e52fb59e P fe74395178c24d2391b6a0f390da2067 [term 0 FOLLOWER]: Replica starting. Triggering 0 pending ops. Active config: opid_index: -1 OBSOLETE_local: false peers { permanent_uuid: "78be11138f884bfe97863b7de5223b37" member_type: VOTER last_known_addr { host: "127.29.209.129" port: 39601 } } peers { permanent_uuid: "fe74395178c24d2391b6a0f390da2067" member_type: VOTER last_known_addr { host: "127.29.209.130" port: 45215 } } peers { permanent_uuid: "b404415f54d54c5c9ce72216fa4c507c" member_type: VOTER last_known_addr { host: "127.29.209.131" port: 38553 } }
I20260710 11:08:09.012639 30863 tablet_bootstrap.cc:654] T 5acd6e9997314f2cbffd4970e52fb59e P 78be11138f884bfe97863b7de5223b37: Neither blocks nor log segments found. Creating new log.
I20260710 11:08:09.012687 30862 raft_consensus.cc:385] T 5acd6e9997314f2cbffd4970e52fb59e P fe74395178c24d2391b6a0f390da2067 [term 0 FOLLOWER]: Consensus starting up: Expiring failure detector timer to make a prompt election more likely
I20260710 11:08:09.013098 30862 raft_consensus.cc:740] T 5acd6e9997314f2cbffd4970e52fb59e P fe74395178c24d2391b6a0f390da2067 [term 0 FOLLOWER]: Becoming Follower/Learner. State: Replica: fe74395178c24d2391b6a0f390da2067, State: Initialized, Role: FOLLOWER
I20260710 11:08:09.014711 30862 consensus_queue.cc:260] T 5acd6e9997314f2cbffd4970e52fb59e P fe74395178c24d2391b6a0f390da2067 [NON_LEADER]: Queue going to NON_LEADER mode. State: All replicated index: 0, Majority replicated index: 0, Committed index: 0, Last appended: 0.0, Last appended by leader: 0, Current term: 0, Majority size: -1, State: 0, Mode: NON_LEADER, active raft config: opid_index: -1 OBSOLETE_local: false peers { permanent_uuid: "78be11138f884bfe97863b7de5223b37" member_type: VOTER last_known_addr { host: "127.29.209.129" port: 39601 } } peers { permanent_uuid: "fe74395178c24d2391b6a0f390da2067" member_type: VOTER last_known_addr { host: "127.29.209.130" port: 45215 } } peers { permanent_uuid: "b404415f54d54c5c9ce72216fa4c507c" member_type: VOTER last_known_addr { host: "127.29.209.131" port: 38553 } }
I20260710 11:08:09.018379 30862 ts_tablet_manager.cc:1434] T 5acd6e9997314f2cbffd4970e52fb59e P fe74395178c24d2391b6a0f390da2067: Time spent starting tablet: real 0.009s	user 0.007s	sys 0.001s
I20260710 11:08:09.023361 30862 tablet_bootstrap.cc:492] T 45814fb406de4094b55556df8dc03324 P fe74395178c24d2391b6a0f390da2067: Bootstrap starting.
I20260710 11:08:09.025190 30863 tablet_bootstrap.cc:492] T 5acd6e9997314f2cbffd4970e52fb59e P 78be11138f884bfe97863b7de5223b37: No bootstrap required, opened a new log
I20260710 11:08:09.026324 30863 ts_tablet_manager.cc:1403] T 5acd6e9997314f2cbffd4970e52fb59e P 78be11138f884bfe97863b7de5223b37: Time spent bootstrapping tablet: real 0.037s	user 0.011s	sys 0.011s
I20260710 11:08:09.029547 30863 raft_consensus.cc:359] T 5acd6e9997314f2cbffd4970e52fb59e P 78be11138f884bfe97863b7de5223b37 [term 0 FOLLOWER]: Replica starting. Triggering 0 pending ops. Active config: opid_index: -1 OBSOLETE_local: false peers { permanent_uuid: "78be11138f884bfe97863b7de5223b37" member_type: VOTER last_known_addr { host: "127.29.209.129" port: 39601 } } peers { permanent_uuid: "fe74395178c24d2391b6a0f390da2067" member_type: VOTER last_known_addr { host: "127.29.209.130" port: 45215 } } peers { permanent_uuid: "b404415f54d54c5c9ce72216fa4c507c" member_type: VOTER last_known_addr { host: "127.29.209.131" port: 38553 } }
I20260710 11:08:09.030439 30863 raft_consensus.cc:385] T 5acd6e9997314f2cbffd4970e52fb59e P 78be11138f884bfe97863b7de5223b37 [term 0 FOLLOWER]: Consensus starting up: Expiring failure detector timer to make a prompt election more likely
I20260710 11:08:09.030764 30863 raft_consensus.cc:740] T 5acd6e9997314f2cbffd4970e52fb59e P 78be11138f884bfe97863b7de5223b37 [term 0 FOLLOWER]: Becoming Follower/Learner. State: Replica: 78be11138f884bfe97863b7de5223b37, State: Initialized, Role: FOLLOWER
I20260710 11:08:09.031791 30863 consensus_queue.cc:260] T 5acd6e9997314f2cbffd4970e52fb59e P 78be11138f884bfe97863b7de5223b37 [NON_LEADER]: Queue going to NON_LEADER mode. State: All replicated index: 0, Majority replicated index: 0, Committed index: 0, Last appended: 0.0, Last appended by leader: 0, Current term: 0, Majority size: -1, State: 0, Mode: NON_LEADER, active raft config: opid_index: -1 OBSOLETE_local: false peers { permanent_uuid: "78be11138f884bfe97863b7de5223b37" member_type: VOTER last_known_addr { host: "127.29.209.129" port: 39601 } } peers { permanent_uuid: "fe74395178c24d2391b6a0f390da2067" member_type: VOTER last_known_addr { host: "127.29.209.130" port: 45215 } } peers { permanent_uuid: "b404415f54d54c5c9ce72216fa4c507c" member_type: VOTER last_known_addr { host: "127.29.209.131" port: 38553 } }
I20260710 11:08:09.034539 30863 ts_tablet_manager.cc:1434] T 5acd6e9997314f2cbffd4970e52fb59e P 78be11138f884bfe97863b7de5223b37: Time spent starting tablet: real 0.008s	user 0.003s	sys 0.005s
I20260710 11:08:09.035791 30862 tablet_bootstrap.cc:654] T 45814fb406de4094b55556df8dc03324 P fe74395178c24d2391b6a0f390da2067: Neither blocks nor log segments found. Creating new log.
I20260710 11:08:09.035866 30863 tablet_bootstrap.cc:492] T d725084d58ca4450aced98c97362d7e5 P 78be11138f884bfe97863b7de5223b37: Bootstrap starting.
I20260710 11:08:09.043738 30863 tablet_bootstrap.cc:654] T d725084d58ca4450aced98c97362d7e5 P 78be11138f884bfe97863b7de5223b37: Neither blocks nor log segments found. Creating new log.
I20260710 11:08:09.058447 30862 tablet_bootstrap.cc:492] T 45814fb406de4094b55556df8dc03324 P fe74395178c24d2391b6a0f390da2067: No bootstrap required, opened a new log
I20260710 11:08:09.060873 30862 ts_tablet_manager.cc:1403] T 45814fb406de4094b55556df8dc03324 P fe74395178c24d2391b6a0f390da2067: Time spent bootstrapping tablet: real 0.038s	user 0.012s	sys 0.023s
I20260710 11:08:09.064391 30863 tablet_bootstrap.cc:492] T d725084d58ca4450aced98c97362d7e5 P 78be11138f884bfe97863b7de5223b37: No bootstrap required, opened a new log
I20260710 11:08:09.064922 30863 ts_tablet_manager.cc:1403] T d725084d58ca4450aced98c97362d7e5 P 78be11138f884bfe97863b7de5223b37: Time spent bootstrapping tablet: real 0.029s	user 0.011s	sys 0.011s
I20260710 11:08:09.064580 30862 raft_consensus.cc:359] T 45814fb406de4094b55556df8dc03324 P fe74395178c24d2391b6a0f390da2067 [term 0 FOLLOWER]: Replica starting. Triggering 0 pending ops. Active config: opid_index: -1 OBSOLETE_local: false peers { permanent_uuid: "78be11138f884bfe97863b7de5223b37" member_type: VOTER last_known_addr { host: "127.29.209.129" port: 39601 } } peers { permanent_uuid: "fe74395178c24d2391b6a0f390da2067" member_type: VOTER last_known_addr { host: "127.29.209.130" port: 45215 } } peers { permanent_uuid: "b404415f54d54c5c9ce72216fa4c507c" member_type: VOTER last_known_addr { host: "127.29.209.131" port: 38553 } }
I20260710 11:08:09.065609 30862 raft_consensus.cc:385] T 45814fb406de4094b55556df8dc03324 P fe74395178c24d2391b6a0f390da2067 [term 0 FOLLOWER]: Consensus starting up: Expiring failure detector timer to make a prompt election more likely
I20260710 11:08:09.065987 30862 raft_consensus.cc:740] T 45814fb406de4094b55556df8dc03324 P fe74395178c24d2391b6a0f390da2067 [term 0 FOLLOWER]: Becoming Follower/Learner. State: Replica: fe74395178c24d2391b6a0f390da2067, State: Initialized, Role: FOLLOWER
I20260710 11:08:09.066892 30862 consensus_queue.cc:260] T 45814fb406de4094b55556df8dc03324 P fe74395178c24d2391b6a0f390da2067 [NON_LEADER]: Queue going to NON_LEADER mode. State: All replicated index: 0, Majority replicated index: 0, Committed index: 0, Last appended: 0.0, Last appended by leader: 0, Current term: 0, Majority size: -1, State: 0, Mode: NON_LEADER, active raft config: opid_index: -1 OBSOLETE_local: false peers { permanent_uuid: "78be11138f884bfe97863b7de5223b37" member_type: VOTER last_known_addr { host: "127.29.209.129" port: 39601 } } peers { permanent_uuid: "fe74395178c24d2391b6a0f390da2067" member_type: VOTER last_known_addr { host: "127.29.209.130" port: 45215 } } peers { permanent_uuid: "b404415f54d54c5c9ce72216fa4c507c" member_type: VOTER last_known_addr { host: "127.29.209.131" port: 38553 } }
I20260710 11:08:09.067781 30863 raft_consensus.cc:359] T d725084d58ca4450aced98c97362d7e5 P 78be11138f884bfe97863b7de5223b37 [term 0 FOLLOWER]: Replica starting. Triggering 0 pending ops. Active config: opid_index: -1 OBSOLETE_local: false peers { permanent_uuid: "78be11138f884bfe97863b7de5223b37" member_type: VOTER last_known_addr { host: "127.29.209.129" port: 39601 } } peers { permanent_uuid: "fe74395178c24d2391b6a0f390da2067" member_type: VOTER last_known_addr { host: "127.29.209.130" port: 45215 } } peers { permanent_uuid: "b404415f54d54c5c9ce72216fa4c507c" member_type: VOTER last_known_addr { host: "127.29.209.131" port: 38553 } }
I20260710 11:08:09.068503 30863 raft_consensus.cc:385] T d725084d58ca4450aced98c97362d7e5 P 78be11138f884bfe97863b7de5223b37 [term 0 FOLLOWER]: Consensus starting up: Expiring failure detector timer to make a prompt election more likely
I20260710 11:08:09.068778 30863 raft_consensus.cc:740] T d725084d58ca4450aced98c97362d7e5 P 78be11138f884bfe97863b7de5223b37 [term 0 FOLLOWER]: Becoming Follower/Learner. State: Replica: 78be11138f884bfe97863b7de5223b37, State: Initialized, Role: FOLLOWER
I20260710 11:08:09.069451 30863 consensus_queue.cc:260] T d725084d58ca4450aced98c97362d7e5 P 78be11138f884bfe97863b7de5223b37 [NON_LEADER]: Queue going to NON_LEADER mode. State: All replicated index: 0, Majority replicated index: 0, Committed index: 0, Last appended: 0.0, Last appended by leader: 0, Current term: 0, Majority size: -1, State: 0, Mode: NON_LEADER, active raft config: opid_index: -1 OBSOLETE_local: false peers { permanent_uuid: "78be11138f884bfe97863b7de5223b37" member_type: VOTER last_known_addr { host: "127.29.209.129" port: 39601 } } peers { permanent_uuid: "fe74395178c24d2391b6a0f390da2067" member_type: VOTER last_known_addr { host: "127.29.209.130" port: 45215 } } peers { permanent_uuid: "b404415f54d54c5c9ce72216fa4c507c" member_type: VOTER last_known_addr { host: "127.29.209.131" port: 38553 } }
I20260710 11:08:09.070377 30862 ts_tablet_manager.cc:1434] T 45814fb406de4094b55556df8dc03324 P fe74395178c24d2391b6a0f390da2067: Time spent starting tablet: real 0.009s	user 0.004s	sys 0.004s
I20260710 11:08:09.071456 30862 tablet_bootstrap.cc:492] T 4d9072ed2b724b6084b22f0ed144d2d0 P fe74395178c24d2391b6a0f390da2067: Bootstrap starting.
I20260710 11:08:09.071494 30863 ts_tablet_manager.cc:1434] T d725084d58ca4450aced98c97362d7e5 P 78be11138f884bfe97863b7de5223b37: Time spent starting tablet: real 0.006s	user 0.007s	sys 0.000s
I20260710 11:08:09.072670 30863 tablet_bootstrap.cc:492] T 43481988dc884201b53593932a6bf1b2 P 78be11138f884bfe97863b7de5223b37: Bootstrap starting.
I20260710 11:08:09.079430 30862 tablet_bootstrap.cc:654] T 4d9072ed2b724b6084b22f0ed144d2d0 P fe74395178c24d2391b6a0f390da2067: Neither blocks nor log segments found. Creating new log.
I20260710 11:08:09.086200 30863 tablet_bootstrap.cc:654] T 43481988dc884201b53593932a6bf1b2 P 78be11138f884bfe97863b7de5223b37: Neither blocks nor log segments found. Creating new log.
I20260710 11:08:09.100950 30870 raft_consensus.cc:493] T 4d9072ed2b724b6084b22f0ed144d2d0 P 78be11138f884bfe97863b7de5223b37 [term 0 FOLLOWER]: Starting pre-election (no leader contacted us within the election timeout)
I20260710 11:08:09.102011 30870 raft_consensus.cc:515] T 4d9072ed2b724b6084b22f0ed144d2d0 P 78be11138f884bfe97863b7de5223b37 [term 0 FOLLOWER]: Starting pre-election with config: opid_index: -1 OBSOLETE_local: false peers { permanent_uuid: "78be11138f884bfe97863b7de5223b37" member_type: VOTER last_known_addr { host: "127.29.209.129" port: 39601 } } peers { permanent_uuid: "fe74395178c24d2391b6a0f390da2067" member_type: VOTER last_known_addr { host: "127.29.209.130" port: 45215 } } peers { permanent_uuid: "b404415f54d54c5c9ce72216fa4c507c" member_type: VOTER last_known_addr { host: "127.29.209.131" port: 38553 } }
I20260710 11:08:09.107108 30870 leader_election.cc:290] T 4d9072ed2b724b6084b22f0ed144d2d0 P 78be11138f884bfe97863b7de5223b37 [CANDIDATE]: Term 1 pre-election: Requested pre-vote from peers fe74395178c24d2391b6a0f390da2067 (127.29.209.130:45215), b404415f54d54c5c9ce72216fa4c507c (127.29.209.131:38553)
I20260710 11:08:09.108018 30743 tablet_service.cc:1917] Received RequestConsensusVote() RPC: tablet_id: "4d9072ed2b724b6084b22f0ed144d2d0" candidate_uuid: "78be11138f884bfe97863b7de5223b37" candidate_term: 1 candidate_status { last_received { term: 0 index: 0 } } ignore_live_leader: false dest_uuid: "fe74395178c24d2391b6a0f390da2067" is_pre_election: true
W20260710 11:08:09.109496 30632 leader_election.cc:343] T 4d9072ed2b724b6084b22f0ed144d2d0 P 78be11138f884bfe97863b7de5223b37 [CANDIDATE]: Term 1 pre-election: Tablet error from VoteRequest() call to peer fe74395178c24d2391b6a0f390da2067 (127.29.209.130:45215): Illegal state: must be running to vote when last-logged opid is not known
I20260710 11:08:09.110673 30816 tablet_service.cc:1917] Received RequestConsensusVote() RPC: tablet_id: "4d9072ed2b724b6084b22f0ed144d2d0" candidate_uuid: "78be11138f884bfe97863b7de5223b37" candidate_term: 1 candidate_status { last_received { term: 0 index: 0 } } ignore_live_leader: false dest_uuid: "b404415f54d54c5c9ce72216fa4c507c" is_pre_election: true
I20260710 11:08:09.111465 30816 raft_consensus.cc:2468] T 4d9072ed2b724b6084b22f0ed144d2d0 P b404415f54d54c5c9ce72216fa4c507c [term 0 FOLLOWER]: Leader pre-election vote request: Granting yes vote for candidate 78be11138f884bfe97863b7de5223b37 in term 0.
I20260710 11:08:09.111606 30863 tablet_bootstrap.cc:492] T 43481988dc884201b53593932a6bf1b2 P 78be11138f884bfe97863b7de5223b37: No bootstrap required, opened a new log
I20260710 11:08:09.112247 30863 ts_tablet_manager.cc:1403] T 43481988dc884201b53593932a6bf1b2 P 78be11138f884bfe97863b7de5223b37: Time spent bootstrapping tablet: real 0.040s	user 0.009s	sys 0.020s
I20260710 11:08:09.114367 30566 catalog_manager.cc:5697] T 1a8b98b2e4154adda87d9bc9904fd431 P fe74395178c24d2391b6a0f390da2067 reported cstate change: term changed from 0 to 1, leader changed from <none> to fe74395178c24d2391b6a0f390da2067 (127.29.209.130). New cstate: current_term: 1 leader_uuid: "fe74395178c24d2391b6a0f390da2067" committed_config { opid_index: -1 OBSOLETE_local: false peers { permanent_uuid: "78be11138f884bfe97863b7de5223b37" member_type: VOTER last_known_addr { host: "127.29.209.129" port: 39601 } health_report { overall_health: UNKNOWN } } peers { permanent_uuid: "fe74395178c24d2391b6a0f390da2067" member_type: VOTER last_known_addr { host: "127.29.209.130" port: 45215 } health_report { overall_health: HEALTHY } } peers { permanent_uuid: "b404415f54d54c5c9ce72216fa4c507c" member_type: VOTER last_known_addr { host: "127.29.209.131" port: 38553 } health_report { overall_health: UNKNOWN } } }
I20260710 11:08:09.114931 30863 raft_consensus.cc:359] T 43481988dc884201b53593932a6bf1b2 P 78be11138f884bfe97863b7de5223b37 [term 0 FOLLOWER]: Replica starting. Triggering 0 pending ops. Active config: opid_index: -1 OBSOLETE_local: false peers { permanent_uuid: "78be11138f884bfe97863b7de5223b37" member_type: VOTER last_known_addr { host: "127.29.209.129" port: 39601 } } peers { permanent_uuid: "fe74395178c24d2391b6a0f390da2067" member_type: VOTER last_known_addr { host: "127.29.209.130" port: 45215 } } peers { permanent_uuid: "b404415f54d54c5c9ce72216fa4c507c" member_type: VOTER last_known_addr { host: "127.29.209.131" port: 38553 } }
I20260710 11:08:09.115666 30863 raft_consensus.cc:385] T 43481988dc884201b53593932a6bf1b2 P 78be11138f884bfe97863b7de5223b37 [term 0 FOLLOWER]: Consensus starting up: Expiring failure detector timer to make a prompt election more likely
I20260710 11:08:09.115945 30863 raft_consensus.cc:740] T 43481988dc884201b53593932a6bf1b2 P 78be11138f884bfe97863b7de5223b37 [term 0 FOLLOWER]: Becoming Follower/Learner. State: Replica: 78be11138f884bfe97863b7de5223b37, State: Initialized, Role: FOLLOWER
I20260710 11:08:09.116611 30863 consensus_queue.cc:260] T 43481988dc884201b53593932a6bf1b2 P 78be11138f884bfe97863b7de5223b37 [NON_LEADER]: Queue going to NON_LEADER mode. State: All replicated index: 0, Majority replicated index: 0, Committed index: 0, Last appended: 0.0, Last appended by leader: 0, Current term: 0, Majority size: -1, State: 0, Mode: NON_LEADER, active raft config: opid_index: -1 OBSOLETE_local: false peers { permanent_uuid: "78be11138f884bfe97863b7de5223b37" member_type: VOTER last_known_addr { host: "127.29.209.129" port: 39601 } } peers { permanent_uuid: "fe74395178c24d2391b6a0f390da2067" member_type: VOTER last_known_addr { host: "127.29.209.130" port: 45215 } } peers { permanent_uuid: "b404415f54d54c5c9ce72216fa4c507c" member_type: VOTER last_known_addr { host: "127.29.209.131" port: 38553 } }
I20260710 11:08:09.118786 30863 ts_tablet_manager.cc:1434] T 43481988dc884201b53593932a6bf1b2 P 78be11138f884bfe97863b7de5223b37: Time spent starting tablet: real 0.006s	user 0.005s	sys 0.000s
I20260710 11:08:09.121145 30634 leader_election.cc:304] T 4d9072ed2b724b6084b22f0ed144d2d0 P 78be11138f884bfe97863b7de5223b37 [CANDIDATE]: Term 1 pre-election: Election decided. Result: candidate won. Election summary: received 3 responses out of 3 voters: 2 yes votes; 1 no votes. yes voters: 78be11138f884bfe97863b7de5223b37, b404415f54d54c5c9ce72216fa4c507c; no voters: fe74395178c24d2391b6a0f390da2067
I20260710 11:08:09.122165 30870 raft_consensus.cc:2804] T 4d9072ed2b724b6084b22f0ed144d2d0 P 78be11138f884bfe97863b7de5223b37 [term 0 FOLLOWER]: Leader pre-election won for term 1
I20260710 11:08:09.122570 30870 raft_consensus.cc:493] T 4d9072ed2b724b6084b22f0ed144d2d0 P 78be11138f884bfe97863b7de5223b37 [term 0 FOLLOWER]: Starting leader election (no leader contacted us within the election timeout)
I20260710 11:08:09.122905 30870 raft_consensus.cc:3060] T 4d9072ed2b724b6084b22f0ed144d2d0 P 78be11138f884bfe97863b7de5223b37 [term 0 FOLLOWER]: Advancing to term 1
I20260710 11:08:09.126252 30862 tablet_bootstrap.cc:492] T 4d9072ed2b724b6084b22f0ed144d2d0 P fe74395178c24d2391b6a0f390da2067: No bootstrap required, opened a new log
I20260710 11:08:09.126793 30862 ts_tablet_manager.cc:1403] T 4d9072ed2b724b6084b22f0ed144d2d0 P fe74395178c24d2391b6a0f390da2067: Time spent bootstrapping tablet: real 0.056s	user 0.026s	sys 0.009s
I20260710 11:08:09.129853 30862 raft_consensus.cc:359] T 4d9072ed2b724b6084b22f0ed144d2d0 P fe74395178c24d2391b6a0f390da2067 [term 0 FOLLOWER]: Replica starting. Triggering 0 pending ops. Active config: opid_index: -1 OBSOLETE_local: false peers { permanent_uuid: "78be11138f884bfe97863b7de5223b37" member_type: VOTER last_known_addr { host: "127.29.209.129" port: 39601 } } peers { permanent_uuid: "fe74395178c24d2391b6a0f390da2067" member_type: VOTER last_known_addr { host: "127.29.209.130" port: 45215 } } peers { permanent_uuid: "b404415f54d54c5c9ce72216fa4c507c" member_type: VOTER last_known_addr { host: "127.29.209.131" port: 38553 } }
I20260710 11:08:09.130584 30862 raft_consensus.cc:385] T 4d9072ed2b724b6084b22f0ed144d2d0 P fe74395178c24d2391b6a0f390da2067 [term 0 FOLLOWER]: Consensus starting up: Expiring failure detector timer to make a prompt election more likely
I20260710 11:08:09.130875 30862 raft_consensus.cc:740] T 4d9072ed2b724b6084b22f0ed144d2d0 P fe74395178c24d2391b6a0f390da2067 [term 0 FOLLOWER]: Becoming Follower/Learner. State: Replica: fe74395178c24d2391b6a0f390da2067, State: Initialized, Role: FOLLOWER
I20260710 11:08:09.131592 30862 consensus_queue.cc:260] T 4d9072ed2b724b6084b22f0ed144d2d0 P fe74395178c24d2391b6a0f390da2067 [NON_LEADER]: Queue going to NON_LEADER mode. State: All replicated index: 0, Majority replicated index: 0, Committed index: 0, Last appended: 0.0, Last appended by leader: 0, Current term: 0, Majority size: -1, State: 0, Mode: NON_LEADER, active raft config: opid_index: -1 OBSOLETE_local: false peers { permanent_uuid: "78be11138f884bfe97863b7de5223b37" member_type: VOTER last_known_addr { host: "127.29.209.129" port: 39601 } } peers { permanent_uuid: "fe74395178c24d2391b6a0f390da2067" member_type: VOTER last_known_addr { host: "127.29.209.130" port: 45215 } } peers { permanent_uuid: "b404415f54d54c5c9ce72216fa4c507c" member_type: VOTER last_known_addr { host: "127.29.209.131" port: 38553 } }
I20260710 11:08:09.132344 30870 raft_consensus.cc:515] T 4d9072ed2b724b6084b22f0ed144d2d0 P 78be11138f884bfe97863b7de5223b37 [term 1 FOLLOWER]: Starting leader election with config: opid_index: -1 OBSOLETE_local: false peers { permanent_uuid: "78be11138f884bfe97863b7de5223b37" member_type: VOTER last_known_addr { host: "127.29.209.129" port: 39601 } } peers { permanent_uuid: "fe74395178c24d2391b6a0f390da2067" member_type: VOTER last_known_addr { host: "127.29.209.130" port: 45215 } } peers { permanent_uuid: "b404415f54d54c5c9ce72216fa4c507c" member_type: VOTER last_known_addr { host: "127.29.209.131" port: 38553 } }
I20260710 11:08:09.133772 30862 ts_tablet_manager.cc:1434] T 4d9072ed2b724b6084b22f0ed144d2d0 P fe74395178c24d2391b6a0f390da2067: Time spent starting tablet: real 0.007s	user 0.008s	sys 0.000s
I20260710 11:08:09.140455 30743 tablet_service.cc:1917] Received RequestConsensusVote() RPC: tablet_id: "4d9072ed2b724b6084b22f0ed144d2d0" candidate_uuid: "78be11138f884bfe97863b7de5223b37" candidate_term: 1 candidate_status { last_received { term: 0 index: 0 } } ignore_live_leader: false dest_uuid: "fe74395178c24d2391b6a0f390da2067"
I20260710 11:08:09.141010 30743 raft_consensus.cc:3060] T 4d9072ed2b724b6084b22f0ed144d2d0 P fe74395178c24d2391b6a0f390da2067 [term 0 FOLLOWER]: Advancing to term 1
I20260710 11:08:09.146593 30870 leader_election.cc:290] T 4d9072ed2b724b6084b22f0ed144d2d0 P 78be11138f884bfe97863b7de5223b37 [CANDIDATE]: Term 1 election: Requested vote from peers fe74395178c24d2391b6a0f390da2067 (127.29.209.130:45215), b404415f54d54c5c9ce72216fa4c507c (127.29.209.131:38553)
I20260710 11:08:09.147094 30743 raft_consensus.cc:2468] T 4d9072ed2b724b6084b22f0ed144d2d0 P fe74395178c24d2391b6a0f390da2067 [term 1 FOLLOWER]: Leader election vote request: Granting yes vote for candidate 78be11138f884bfe97863b7de5223b37 in term 1.
I20260710 11:08:09.147971 30816 tablet_service.cc:1917] Received RequestConsensusVote() RPC: tablet_id: "4d9072ed2b724b6084b22f0ed144d2d0" candidate_uuid: "78be11138f884bfe97863b7de5223b37" candidate_term: 1 candidate_status { last_received { term: 0 index: 0 } } ignore_live_leader: false dest_uuid: "b404415f54d54c5c9ce72216fa4c507c"
I20260710 11:08:09.148358 30632 leader_election.cc:304] T 4d9072ed2b724b6084b22f0ed144d2d0 P 78be11138f884bfe97863b7de5223b37 [CANDIDATE]: Term 1 election: Election decided. Result: candidate won. Election summary: received 2 responses out of 3 voters: 2 yes votes; 0 no votes. yes voters: 78be11138f884bfe97863b7de5223b37, fe74395178c24d2391b6a0f390da2067; no voters: 
I20260710 11:08:09.148572 30816 raft_consensus.cc:3060] T 4d9072ed2b724b6084b22f0ed144d2d0 P b404415f54d54c5c9ce72216fa4c507c [term 0 FOLLOWER]: Advancing to term 1
I20260710 11:08:09.149405 30870 raft_consensus.cc:2804] T 4d9072ed2b724b6084b22f0ed144d2d0 P 78be11138f884bfe97863b7de5223b37 [term 1 FOLLOWER]: Leader election won for term 1
I20260710 11:08:09.149893 30870 raft_consensus.cc:697] T 4d9072ed2b724b6084b22f0ed144d2d0 P 78be11138f884bfe97863b7de5223b37 [term 1 LEADER]: Becoming Leader. State: Replica: 78be11138f884bfe97863b7de5223b37, State: Running, Role: LEADER
I20260710 11:08:09.150763 30870 consensus_queue.cc:237] T 4d9072ed2b724b6084b22f0ed144d2d0 P 78be11138f884bfe97863b7de5223b37 [LEADER]: Queue going to LEADER mode. State: All replicated index: 0, Majority replicated index: 0, Committed index: 0, Last appended: 0.0, Last appended by leader: 0, Current term: 1, Majority size: 2, State: 0, Mode: LEADER, active raft config: opid_index: -1 OBSOLETE_local: false peers { permanent_uuid: "78be11138f884bfe97863b7de5223b37" member_type: VOTER last_known_addr { host: "127.29.209.129" port: 39601 } } peers { permanent_uuid: "fe74395178c24d2391b6a0f390da2067" member_type: VOTER last_known_addr { host: "127.29.209.130" port: 45215 } } peers { permanent_uuid: "b404415f54d54c5c9ce72216fa4c507c" member_type: VOTER last_known_addr { host: "127.29.209.131" port: 38553 } }
I20260710 11:08:09.157857 30816 raft_consensus.cc:2468] T 4d9072ed2b724b6084b22f0ed144d2d0 P b404415f54d54c5c9ce72216fa4c507c [term 1 FOLLOWER]: Leader election vote request: Granting yes vote for candidate 78be11138f884bfe97863b7de5223b37 in term 1.
I20260710 11:08:09.162779 30564 catalog_manager.cc:5697] T 4d9072ed2b724b6084b22f0ed144d2d0 P 78be11138f884bfe97863b7de5223b37 reported cstate change: term changed from 0 to 1, leader changed from <none> to 78be11138f884bfe97863b7de5223b37 (127.29.209.129). New cstate: current_term: 1 leader_uuid: "78be11138f884bfe97863b7de5223b37" committed_config { opid_index: -1 OBSOLETE_local: false peers { permanent_uuid: "78be11138f884bfe97863b7de5223b37" member_type: VOTER last_known_addr { host: "127.29.209.129" port: 39601 } health_report { overall_health: HEALTHY } } peers { permanent_uuid: "fe74395178c24d2391b6a0f390da2067" member_type: VOTER last_known_addr { host: "127.29.209.130" port: 45215 } health_report { overall_health: UNKNOWN } } peers { permanent_uuid: "b404415f54d54c5c9ce72216fa4c507c" member_type: VOTER last_known_addr { host: "127.29.209.131" port: 38553 } health_report { overall_health: UNKNOWN } } }
I20260710 11:08:09.206617 30868 raft_consensus.cc:493] T 45814fb406de4094b55556df8dc03324 P fe74395178c24d2391b6a0f390da2067 [term 0 FOLLOWER]: Starting pre-election (no leader contacted us within the election timeout)
I20260710 11:08:09.207257 30868 raft_consensus.cc:515] T 45814fb406de4094b55556df8dc03324 P fe74395178c24d2391b6a0f390da2067 [term 0 FOLLOWER]: Starting pre-election with config: opid_index: -1 OBSOLETE_local: false peers { permanent_uuid: "78be11138f884bfe97863b7de5223b37" member_type: VOTER last_known_addr { host: "127.29.209.129" port: 39601 } } peers { permanent_uuid: "fe74395178c24d2391b6a0f390da2067" member_type: VOTER last_known_addr { host: "127.29.209.130" port: 45215 } } peers { permanent_uuid: "b404415f54d54c5c9ce72216fa4c507c" member_type: VOTER last_known_addr { host: "127.29.209.131" port: 38553 } }
I20260710 11:08:09.209025 30868 leader_election.cc:290] T 45814fb406de4094b55556df8dc03324 P fe74395178c24d2391b6a0f390da2067 [CANDIDATE]: Term 1 pre-election: Requested pre-vote from peers 78be11138f884bfe97863b7de5223b37 (127.29.209.129:39601), b404415f54d54c5c9ce72216fa4c507c (127.29.209.131:38553)
I20260710 11:08:09.210538 30816 tablet_service.cc:1917] Received RequestConsensusVote() RPC: tablet_id: "45814fb406de4094b55556df8dc03324" candidate_uuid: "fe74395178c24d2391b6a0f390da2067" candidate_term: 1 candidate_status { last_received { term: 0 index: 0 } } ignore_live_leader: false dest_uuid: "b404415f54d54c5c9ce72216fa4c507c" is_pre_election: true
I20260710 11:08:09.210441 30669 tablet_service.cc:1917] Received RequestConsensusVote() RPC: tablet_id: "45814fb406de4094b55556df8dc03324" candidate_uuid: "fe74395178c24d2391b6a0f390da2067" candidate_term: 1 candidate_status { last_received { term: 0 index: 0 } } ignore_live_leader: false dest_uuid: "78be11138f884bfe97863b7de5223b37" is_pre_election: true
I20260710 11:08:09.211510 30669 raft_consensus.cc:2393] T 45814fb406de4094b55556df8dc03324 P 78be11138f884bfe97863b7de5223b37 [term 1 FOLLOWER]: Leader pre-election vote request: Denying vote to candidate fe74395178c24d2391b6a0f390da2067 in current term 1: Already voted for candidate b404415f54d54c5c9ce72216fa4c507c in this term.
I20260710 11:08:09.213024 30709 leader_election.cc:304] T 45814fb406de4094b55556df8dc03324 P fe74395178c24d2391b6a0f390da2067 [CANDIDATE]: Term 1 pre-election: Election decided. Result: candidate lost. Election summary: received 3 responses out of 3 voters: 1 yes votes; 2 no votes. yes voters: fe74395178c24d2391b6a0f390da2067; no voters: 78be11138f884bfe97863b7de5223b37, b404415f54d54c5c9ce72216fa4c507c
I20260710 11:08:09.213863 30868 raft_consensus.cc:3060] T 45814fb406de4094b55556df8dc03324 P fe74395178c24d2391b6a0f390da2067 [term 0 FOLLOWER]: Advancing to term 1
I20260710 11:08:09.220314 30868 raft_consensus.cc:2749] T 45814fb406de4094b55556df8dc03324 P fe74395178c24d2391b6a0f390da2067 [term 1 FOLLOWER]: Leader pre-election lost for term 1. Reason: could not achieve majority
I20260710 11:08:09.230957 30890 raft_consensus.cc:493] T 5acd6e9997314f2cbffd4970e52fb59e P b404415f54d54c5c9ce72216fa4c507c [term 0 FOLLOWER]: Starting pre-election (no leader contacted us within the election timeout)
I20260710 11:08:09.231554 30890 raft_consensus.cc:515] T 5acd6e9997314f2cbffd4970e52fb59e P b404415f54d54c5c9ce72216fa4c507c [term 0 FOLLOWER]: Starting pre-election with config: opid_index: -1 OBSOLETE_local: false peers { permanent_uuid: "78be11138f884bfe97863b7de5223b37" member_type: VOTER last_known_addr { host: "127.29.209.129" port: 39601 } } peers { permanent_uuid: "fe74395178c24d2391b6a0f390da2067" member_type: VOTER last_known_addr { host: "127.29.209.130" port: 45215 } } peers { permanent_uuid: "b404415f54d54c5c9ce72216fa4c507c" member_type: VOTER last_known_addr { host: "127.29.209.131" port: 38553 } }
I20260710 11:08:09.233973 30890 leader_election.cc:290] T 5acd6e9997314f2cbffd4970e52fb59e P b404415f54d54c5c9ce72216fa4c507c [CANDIDATE]: Term 1 pre-election: Requested pre-vote from peers 78be11138f884bfe97863b7de5223b37 (127.29.209.129:39601), fe74395178c24d2391b6a0f390da2067 (127.29.209.130:45215)
I20260710 11:08:09.235306 30669 tablet_service.cc:1917] Received RequestConsensusVote() RPC: tablet_id: "5acd6e9997314f2cbffd4970e52fb59e" candidate_uuid: "b404415f54d54c5c9ce72216fa4c507c" candidate_term: 1 candidate_status { last_received { term: 0 index: 0 } } ignore_live_leader: false dest_uuid: "78be11138f884bfe97863b7de5223b37" is_pre_election: true
I20260710 11:08:09.236289 30669 raft_consensus.cc:2468] T 5acd6e9997314f2cbffd4970e52fb59e P 78be11138f884bfe97863b7de5223b37 [term 0 FOLLOWER]: Leader pre-election vote request: Granting yes vote for candidate b404415f54d54c5c9ce72216fa4c507c in term 0.
I20260710 11:08:09.235293 30743 tablet_service.cc:1917] Received RequestConsensusVote() RPC: tablet_id: "5acd6e9997314f2cbffd4970e52fb59e" candidate_uuid: "b404415f54d54c5c9ce72216fa4c507c" candidate_term: 1 candidate_status { last_received { term: 0 index: 0 } } ignore_live_leader: false dest_uuid: "fe74395178c24d2391b6a0f390da2067" is_pre_election: true
I20260710 11:08:09.236982 30743 raft_consensus.cc:2468] T 5acd6e9997314f2cbffd4970e52fb59e P fe74395178c24d2391b6a0f390da2067 [term 0 FOLLOWER]: Leader pre-election vote request: Granting yes vote for candidate b404415f54d54c5c9ce72216fa4c507c in term 0.
I20260710 11:08:09.237562 30783 leader_election.cc:304] T 5acd6e9997314f2cbffd4970e52fb59e P b404415f54d54c5c9ce72216fa4c507c [CANDIDATE]: Term 1 pre-election: Election decided. Result: candidate won. Election summary: received 2 responses out of 3 voters: 2 yes votes; 0 no votes. yes voters: 78be11138f884bfe97863b7de5223b37, b404415f54d54c5c9ce72216fa4c507c; no voters: 
