I20260710 11:08:31.306375 30464 tablet_service.cc:1917] Received RequestConsensusVote() RPC: tablet_id: "75d4f522a8114299879e04dc3c12e874" candidate_uuid: "5a5bdb940a964c0f9ae49b6d6ff934a6" candidate_term: 1 candidate_status { last_received { term: 0 index: 0 } } ignore_live_leader: false dest_uuid: "d3c5188fbabc4907937d2ecbcb66e7d7" is_pre_election: true
I20260710 11:08:31.306520 30389 raft_consensus.cc:2468] T 6684872abb8d466c9cf60d801824d1a6 P 5a5bdb940a964c0f9ae49b6d6ff934a6 [term 0 FOLLOWER]: Leader pre-election vote request: Granting yes vote for candidate ed1638e9dc4e4dc5b71ce0f27a75e19a in term 0.
I20260710 11:08:31.307296 30464 raft_consensus.cc:2468] T 75d4f522a8114299879e04dc3c12e874 P d3c5188fbabc4907937d2ecbcb66e7d7 [term 0 FOLLOWER]: Leader pre-election vote request: Granting yes vote for candidate 5a5bdb940a964c0f9ae49b6d6ff934a6 in term 0.
I20260710 11:08:31.307983 30280 leader_election.cc:304] T 6684872abb8d466c9cf60d801824d1a6 P ed1638e9dc4e4dc5b71ce0f27a75e19a [CANDIDATE]: Term 1 pre-election: Election decided. Result: candidate won. Election summary: received 2 responses out of 3 voters: 2 yes votes; 0 no votes. yes voters: 5a5bdb940a964c0f9ae49b6d6ff934a6, ed1638e9dc4e4dc5b71ce0f27a75e19a; no voters: 
I20260710 11:08:31.308478 30463 tablet_service.cc:1917] Received RequestConsensusVote() RPC: tablet_id: "6684872abb8d466c9cf60d801824d1a6" candidate_uuid: "ed1638e9dc4e4dc5b71ce0f27a75e19a" candidate_term: 1 candidate_status { last_received { term: 0 index: 0 } } ignore_live_leader: false dest_uuid: "d3c5188fbabc4907937d2ecbcb66e7d7" is_pre_election: true
I20260710 11:08:31.308804 30516 raft_consensus.cc:2804] T 6684872abb8d466c9cf60d801824d1a6 P ed1638e9dc4e4dc5b71ce0f27a75e19a [term 0 FOLLOWER]: Leader pre-election won for term 1
I20260710 11:08:31.309065 30463 raft_consensus.cc:2468] T 6684872abb8d466c9cf60d801824d1a6 P d3c5188fbabc4907937d2ecbcb66e7d7 [term 0 FOLLOWER]: Leader pre-election vote request: Granting yes vote for candidate ed1638e9dc4e4dc5b71ce0f27a75e19a in term 0.
I20260710 11:08:31.309183 30516 raft_consensus.cc:493] T 6684872abb8d466c9cf60d801824d1a6 P ed1638e9dc4e4dc5b71ce0f27a75e19a [term 0 FOLLOWER]: Starting leader election (no leader contacted us within the election timeout)
I20260710 11:08:31.310039 30516 raft_consensus.cc:3060] T 6684872abb8d466c9cf60d801824d1a6 P ed1638e9dc4e4dc5b71ce0f27a75e19a [term 0 FOLLOWER]: Advancing to term 1
I20260710 11:08:31.312664 30315 tablet_service.cc:1917] Received RequestConsensusVote() RPC: tablet_id: "3d2623719ad843d2ae6421d1a2fa85b0" candidate_uuid: "5a5bdb940a964c0f9ae49b6d6ff934a6" candidate_term: 1 candidate_status { last_received { term: 0 index: 0 } } ignore_live_leader: false dest_uuid: "ed1638e9dc4e4dc5b71ce0f27a75e19a" is_pre_election: true
I20260710 11:08:31.313611 30315 raft_consensus.cc:2468] T 3d2623719ad843d2ae6421d1a2fa85b0 P ed1638e9dc4e4dc5b71ce0f27a75e19a [term 0 FOLLOWER]: Leader pre-election vote request: Granting yes vote for candidate 5a5bdb940a964c0f9ae49b6d6ff934a6 in term 0.
I20260710 11:08:31.314014 30354 leader_election.cc:304] T 75d4f522a8114299879e04dc3c12e874 P 5a5bdb940a964c0f9ae49b6d6ff934a6 [CANDIDATE]: Term 1 pre-election: Election decided. Result: candidate won. Election summary: received 2 responses out of 3 voters: 2 yes votes; 0 no votes. yes voters: 5a5bdb940a964c0f9ae49b6d6ff934a6, d3c5188fbabc4907937d2ecbcb66e7d7; no voters: 
I20260710 11:08:31.315222 30314 tablet_service.cc:1917] Received RequestConsensusVote() RPC: tablet_id: "b323809ec9e34904af44c6bde80b3a53" candidate_uuid: "5a5bdb940a964c0f9ae49b6d6ff934a6" candidate_term: 1 candidate_status { last_received { term: 0 index: 0 } } ignore_live_leader: false dest_uuid: "ed1638e9dc4e4dc5b71ce0f27a75e19a" is_pre_election: true
I20260710 11:08:31.317116 30313 tablet_service.cc:1917] Received RequestConsensusVote() RPC: tablet_id: "75d4f522a8114299879e04dc3c12e874" candidate_uuid: "5a5bdb940a964c0f9ae49b6d6ff934a6" candidate_term: 1 candidate_status { last_received { term: 0 index: 0 } } ignore_live_leader: false dest_uuid: "ed1638e9dc4e4dc5b71ce0f27a75e19a" is_pre_election: true
I20260710 11:08:31.318130 30313 raft_consensus.cc:2468] T 75d4f522a8114299879e04dc3c12e874 P ed1638e9dc4e4dc5b71ce0f27a75e19a [term 0 FOLLOWER]: Leader pre-election vote request: Granting yes vote for candidate 5a5bdb940a964c0f9ae49b6d6ff934a6 in term 0.
I20260710 11:08:31.319416 30511 raft_consensus.cc:2804] T 75d4f522a8114299879e04dc3c12e874 P 5a5bdb940a964c0f9ae49b6d6ff934a6 [term 0 FOLLOWER]: Leader pre-election won for term 1
I20260710 11:08:31.319960 30511 raft_consensus.cc:493] T 75d4f522a8114299879e04dc3c12e874 P 5a5bdb940a964c0f9ae49b6d6ff934a6 [term 0 FOLLOWER]: Starting leader election (no leader contacted us within the election timeout)
I20260710 11:08:31.320459 30511 raft_consensus.cc:3060] T 75d4f522a8114299879e04dc3c12e874 P 5a5bdb940a964c0f9ae49b6d6ff934a6 [term 0 FOLLOWER]: Advancing to term 1
I20260710 11:08:31.322055 30516 raft_consensus.cc:515] T 6684872abb8d466c9cf60d801824d1a6 P ed1638e9dc4e4dc5b71ce0f27a75e19a [term 1 FOLLOWER]: Starting leader election with config: opid_index: -1 OBSOLETE_local: false peers { permanent_uuid: "ed1638e9dc4e4dc5b71ce0f27a75e19a" member_type: VOTER last_known_addr { host: "127.28.125.65" port: 46459 } } peers { permanent_uuid: "5a5bdb940a964c0f9ae49b6d6ff934a6" member_type: VOTER last_known_addr { host: "127.28.125.66" port: 45825 } } peers { permanent_uuid: "d3c5188fbabc4907937d2ecbcb66e7d7" member_type: VOTER last_known_addr { host: "127.28.125.67" port: 42763 } }
I20260710 11:08:31.324612 30516 leader_election.cc:290] T 6684872abb8d466c9cf60d801824d1a6 P ed1638e9dc4e4dc5b71ce0f27a75e19a [CANDIDATE]: Term 1 election: Requested vote from peers 5a5bdb940a964c0f9ae49b6d6ff934a6 (127.28.125.66:45825), d3c5188fbabc4907937d2ecbcb66e7d7 (127.28.125.67:42763)
I20260710 11:08:31.324867 30513 raft_consensus.cc:493] T b0ef752101c24e70b6e95defbc7948f1 P ed1638e9dc4e4dc5b71ce0f27a75e19a [term 0 FOLLOWER]: Starting pre-election (no leader contacted us within the election timeout)
I20260710 11:08:31.325191 30355 leader_election.cc:304] T 3d2623719ad843d2ae6421d1a2fa85b0 P 5a5bdb940a964c0f9ae49b6d6ff934a6 [CANDIDATE]: Term 1 pre-election: Election decided. Result: candidate won. Election summary: received 3 responses out of 3 voters: 2 yes votes; 1 no votes. yes voters: 5a5bdb940a964c0f9ae49b6d6ff934a6, ed1638e9dc4e4dc5b71ce0f27a75e19a; no voters: d3c5188fbabc4907937d2ecbcb66e7d7
I20260710 11:08:31.325345 30513 raft_consensus.cc:515] T b0ef752101c24e70b6e95defbc7948f1 P ed1638e9dc4e4dc5b71ce0f27a75e19a [term 0 FOLLOWER]: Starting pre-election with config: opid_index: -1 OBSOLETE_local: false peers { permanent_uuid: "ed1638e9dc4e4dc5b71ce0f27a75e19a" member_type: VOTER last_known_addr { host: "127.28.125.65" port: 46459 } } peers { permanent_uuid: "5a5bdb940a964c0f9ae49b6d6ff934a6" member_type: VOTER last_known_addr { host: "127.28.125.66" port: 45825 } } peers { permanent_uuid: "d3c5188fbabc4907937d2ecbcb66e7d7" member_type: VOTER last_known_addr { host: "127.28.125.67" port: 42763 } }
I20260710 11:08:31.326293 30512 leader_election.cc:290] T 701228e193c24ee48f63d5c7018d9080 P d3c5188fbabc4907937d2ecbcb66e7d7 [CANDIDATE]: Term 1 election: Requested vote from peers ed1638e9dc4e4dc5b71ce0f27a75e19a (127.28.125.65:46459), 5a5bdb940a964c0f9ae49b6d6ff934a6 (127.28.125.66:45825)
I20260710 11:08:31.327901 30506 tablet_bootstrap.cc:492] T 701228e193c24ee48f63d5c7018d9080 P ed1638e9dc4e4dc5b71ce0f27a75e19a: No bootstrap required, opened a new log
I20260710 11:08:31.328526 30506 ts_tablet_manager.cc:1403] T 701228e193c24ee48f63d5c7018d9080 P ed1638e9dc4e4dc5b71ce0f27a75e19a: Time spent bootstrapping tablet: real 0.091s	user 0.023s	sys 0.063s
I20260710 11:08:31.330394 30388 tablet_service.cc:1917] Received RequestConsensusVote() RPC: tablet_id: "b0ef752101c24e70b6e95defbc7948f1" candidate_uuid: "ed1638e9dc4e4dc5b71ce0f27a75e19a" candidate_term: 1 candidate_status { last_received { term: 0 index: 0 } } ignore_live_leader: false dest_uuid: "5a5bdb940a964c0f9ae49b6d6ff934a6" is_pre_election: true
I20260710 11:08:31.331058 30388 raft_consensus.cc:2468] T b0ef752101c24e70b6e95defbc7948f1 P 5a5bdb940a964c0f9ae49b6d6ff934a6 [term 0 FOLLOWER]: Leader pre-election vote request: Granting yes vote for candidate ed1638e9dc4e4dc5b71ce0f27a75e19a in term 0.
I20260710 11:08:31.332041 30389 tablet_service.cc:1917] Received RequestConsensusVote() RPC: tablet_id: "6684872abb8d466c9cf60d801824d1a6" candidate_uuid: "ed1638e9dc4e4dc5b71ce0f27a75e19a" candidate_term: 1 candidate_status { last_received { term: 0 index: 0 } } ignore_live_leader: false dest_uuid: "5a5bdb940a964c0f9ae49b6d6ff934a6"
I20260710 11:08:31.332653 30389 raft_consensus.cc:3060] T 6684872abb8d466c9cf60d801824d1a6 P 5a5bdb940a964c0f9ae49b6d6ff934a6 [term 0 FOLLOWER]: Advancing to term 1
I20260710 11:08:31.333274 30506 raft_consensus.cc:359] T 701228e193c24ee48f63d5c7018d9080 P ed1638e9dc4e4dc5b71ce0f27a75e19a [term 0 FOLLOWER]: Replica starting. Triggering 0 pending ops. Active config: opid_index: -1 OBSOLETE_local: false peers { permanent_uuid: "ed1638e9dc4e4dc5b71ce0f27a75e19a" member_type: VOTER last_known_addr { host: "127.28.125.65" port: 46459 } } peers { permanent_uuid: "5a5bdb940a964c0f9ae49b6d6ff934a6" member_type: VOTER last_known_addr { host: "127.28.125.66" port: 45825 } } peers { permanent_uuid: "d3c5188fbabc4907937d2ecbcb66e7d7" member_type: VOTER last_known_addr { host: "127.28.125.67" port: 42763 } }
I20260710 11:08:31.333360 30211 catalog_manager.cc:5697] T a857cdff4143454ea807069eb6eb6f3c P d3c5188fbabc4907937d2ecbcb66e7d7 reported cstate change: term changed from 0 to 1, leader changed from <none> to d3c5188fbabc4907937d2ecbcb66e7d7 (127.28.125.67). New cstate: current_term: 1 leader_uuid: "d3c5188fbabc4907937d2ecbcb66e7d7" committed_config { opid_index: -1 OBSOLETE_local: false peers { permanent_uuid: "ed1638e9dc4e4dc5b71ce0f27a75e19a" member_type: VOTER last_known_addr { host: "127.28.125.65" port: 46459 } health_report { overall_health: UNKNOWN } } peers { permanent_uuid: "5a5bdb940a964c0f9ae49b6d6ff934a6" member_type: VOTER last_known_addr { host: "127.28.125.66" port: 45825 } health_report { overall_health: UNKNOWN } } peers { permanent_uuid: "d3c5188fbabc4907937d2ecbcb66e7d7" member_type: VOTER last_known_addr { host: "127.28.125.67" port: 42763 } health_report { overall_health: HEALTHY } } }
I20260710 11:08:31.334466 30506 raft_consensus.cc:385] T 701228e193c24ee48f63d5c7018d9080 P ed1638e9dc4e4dc5b71ce0f27a75e19a [term 0 FOLLOWER]: Consensus starting up: Expiring failure detector timer to make a prompt election more likely
I20260710 11:08:31.335034 30506 raft_consensus.cc:740] T 701228e193c24ee48f63d5c7018d9080 P ed1638e9dc4e4dc5b71ce0f27a75e19a [term 0 FOLLOWER]: Becoming Follower/Learner. State: Replica: ed1638e9dc4e4dc5b71ce0f27a75e19a, State: Initialized, Role: FOLLOWER
I20260710 11:08:31.336054 30506 consensus_queue.cc:260] T 701228e193c24ee48f63d5c7018d9080 P ed1638e9dc4e4dc5b71ce0f27a75e19a [NON_LEADER]: Queue going to NON_LEADER mode. State: All replicated index: 0, Majority replicated index: 0, Committed index: 0, Last appended: 0.0, Last appended by leader: 0, Current term: 0, Majority size: -1, State: 0, Mode: NON_LEADER, active raft config: opid_index: -1 OBSOLETE_local: false peers { permanent_uuid: "ed1638e9dc4e4dc5b71ce0f27a75e19a" member_type: VOTER last_known_addr { host: "127.28.125.65" port: 46459 } } peers { permanent_uuid: "5a5bdb940a964c0f9ae49b6d6ff934a6" member_type: VOTER last_known_addr { host: "127.28.125.66" port: 45825 } } peers { permanent_uuid: "d3c5188fbabc4907937d2ecbcb66e7d7" member_type: VOTER last_known_addr { host: "127.28.125.67" port: 42763 } }
I20260710 11:08:31.338050 30390 raft_consensus.cc:2468] T 701228e193c24ee48f63d5c7018d9080 P 5a5bdb940a964c0f9ae49b6d6ff934a6 [term 1 FOLLOWER]: Leader election vote request: Granting yes vote for candidate d3c5188fbabc4907937d2ecbcb66e7d7 in term 1.
I20260710 11:08:31.332240 30511 raft_consensus.cc:515] T 75d4f522a8114299879e04dc3c12e874 P 5a5bdb940a964c0f9ae49b6d6ff934a6 [term 1 FOLLOWER]: Starting leader election with config: opid_index: -1 OBSOLETE_local: false peers { permanent_uuid: "ed1638e9dc4e4dc5b71ce0f27a75e19a" member_type: VOTER last_known_addr { host: "127.28.125.65" port: 46459 } } peers { permanent_uuid: "5a5bdb940a964c0f9ae49b6d6ff934a6" member_type: VOTER last_known_addr { host: "127.28.125.66" port: 45825 } } peers { permanent_uuid: "d3c5188fbabc4907937d2ecbcb66e7d7" member_type: VOTER last_known_addr { host: "127.28.125.67" port: 42763 } }
I20260710 11:08:31.339077 30506 ts_tablet_manager.cc:1434] T 701228e193c24ee48f63d5c7018d9080 P ed1638e9dc4e4dc5b71ce0f27a75e19a: Time spent starting tablet: real 0.010s	user 0.006s	sys 0.002s
I20260710 11:08:31.339185 30429 leader_election.cc:304] T 701228e193c24ee48f63d5c7018d9080 P d3c5188fbabc4907937d2ecbcb66e7d7 [CANDIDATE]: Term 1 election: Election decided. Result: candidate won. Election summary: received 3 responses out of 3 voters: 2 yes votes; 1 no votes. yes voters: 5a5bdb940a964c0f9ae49b6d6ff934a6, d3c5188fbabc4907937d2ecbcb66e7d7; no voters: ed1638e9dc4e4dc5b71ce0f27a75e19a
I20260710 11:08:31.339990 30280 leader_election.cc:304] T b0ef752101c24e70b6e95defbc7948f1 P ed1638e9dc4e4dc5b71ce0f27a75e19a [CANDIDATE]: Term 1 pre-election: Election decided. Result: candidate won. Election summary: received 2 responses out of 3 voters: 2 yes votes; 0 no votes. yes voters: 5a5bdb940a964c0f9ae49b6d6ff934a6, ed1638e9dc4e4dc5b71ce0f27a75e19a; no voters: 
I20260710 11:08:31.340420 30549 raft_consensus.cc:2804] T 701228e193c24ee48f63d5c7018d9080 P d3c5188fbabc4907937d2ecbcb66e7d7 [term 1 FOLLOWER]: Leader election won for term 1
I20260710 11:08:31.340476 30506 tablet_bootstrap.cc:492] T 953b5288f56b4af490ffae99838d8696 P ed1638e9dc4e4dc5b71ce0f27a75e19a: Bootstrap starting.
I20260710 11:08:31.341051 30549 raft_consensus.cc:697] T 701228e193c24ee48f63d5c7018d9080 P d3c5188fbabc4907937d2ecbcb66e7d7 [term 1 LEADER]: Becoming Leader. State: Replica: d3c5188fbabc4907937d2ecbcb66e7d7, State: Running, Role: LEADER
I20260710 11:08:31.341418 30463 tablet_service.cc:1917] Received RequestConsensusVote() RPC: tablet_id: "6684872abb8d466c9cf60d801824d1a6" candidate_uuid: "ed1638e9dc4e4dc5b71ce0f27a75e19a" candidate_term: 1 candidate_status { last_received { term: 0 index: 0 } } ignore_live_leader: false dest_uuid: "d3c5188fbabc4907937d2ecbcb66e7d7"
I20260710 11:08:31.341924 30549 consensus_queue.cc:237] T 701228e193c24ee48f63d5c7018d9080 P d3c5188fbabc4907937d2ecbcb66e7d7 [LEADER]: Queue going to LEADER mode. State: All replicated index: 0, Majority replicated index: 0, Committed index: 0, Last appended: 0.0, Last appended by leader: 0, Current term: 1, Majority size: 2, State: 0, Mode: LEADER, active raft config: opid_index: -1 OBSOLETE_local: false peers { permanent_uuid: "ed1638e9dc4e4dc5b71ce0f27a75e19a" member_type: VOTER last_known_addr { host: "127.28.125.65" port: 46459 } } peers { permanent_uuid: "5a5bdb940a964c0f9ae49b6d6ff934a6" member_type: VOTER last_known_addr { host: "127.28.125.66" port: 45825 } } peers { permanent_uuid: "d3c5188fbabc4907937d2ecbcb66e7d7" member_type: VOTER last_known_addr { host: "127.28.125.67" port: 42763 } }
I20260710 11:08:31.342648 30464 tablet_service.cc:1917] Received RequestConsensusVote() RPC: tablet_id: "b0ef752101c24e70b6e95defbc7948f1" candidate_uuid: "ed1638e9dc4e4dc5b71ce0f27a75e19a" candidate_term: 1 candidate_status { last_received { term: 0 index: 0 } } ignore_live_leader: false dest_uuid: "d3c5188fbabc4907937d2ecbcb66e7d7" is_pre_election: true
I20260710 11:08:31.343231 30464 raft_consensus.cc:2468] T b0ef752101c24e70b6e95defbc7948f1 P d3c5188fbabc4907937d2ecbcb66e7d7 [term 0 FOLLOWER]: Leader pre-election vote request: Granting yes vote for candidate ed1638e9dc4e4dc5b71ce0f27a75e19a in term 0.
I20260710 11:08:31.327817 30513 leader_election.cc:290] T b0ef752101c24e70b6e95defbc7948f1 P ed1638e9dc4e4dc5b71ce0f27a75e19a [CANDIDATE]: Term 1 pre-election: Requested pre-vote from peers 5a5bdb940a964c0f9ae49b6d6ff934a6 (127.28.125.66:45825), d3c5188fbabc4907937d2ecbcb66e7d7 (127.28.125.67:42763)
I20260710 11:08:31.341940 30463 raft_consensus.cc:3060] T 6684872abb8d466c9cf60d801824d1a6 P d3c5188fbabc4907937d2ecbcb66e7d7 [term 0 FOLLOWER]: Advancing to term 1
I20260710 11:08:31.346662 30513 raft_consensus.cc:2804] T b0ef752101c24e70b6e95defbc7948f1 P ed1638e9dc4e4dc5b71ce0f27a75e19a [term 0 FOLLOWER]: Leader pre-election won for term 1
I20260710 11:08:31.347038 30513 raft_consensus.cc:493] T b0ef752101c24e70b6e95defbc7948f1 P ed1638e9dc4e4dc5b71ce0f27a75e19a [term 0 FOLLOWER]: Starting leader election (no leader contacted us within the election timeout)
I20260710 11:08:31.347363 30513 raft_consensus.cc:3060] T b0ef752101c24e70b6e95defbc7948f1 P ed1638e9dc4e4dc5b71ce0f27a75e19a [term 0 FOLLOWER]: Advancing to term 1
I20260710 11:08:31.344105 30555 leader_election.cc:290] T 75d4f522a8114299879e04dc3c12e874 P 5a5bdb940a964c0f9ae49b6d6ff934a6 [CANDIDATE]: Term 1 pre-election: Requested pre-vote from peers ed1638e9dc4e4dc5b71ce0f27a75e19a (127.28.125.65:46459), d3c5188fbabc4907937d2ecbcb66e7d7 (127.28.125.67:42763)
I20260710 11:08:31.349642 30555 raft_consensus.cc:2804] T 3d2623719ad843d2ae6421d1a2fa85b0 P 5a5bdb940a964c0f9ae49b6d6ff934a6 [term 0 FOLLOWER]: Leader pre-election won for term 1
I20260710 11:08:31.349979 30555 raft_consensus.cc:493] T 3d2623719ad843d2ae6421d1a2fa85b0 P 5a5bdb940a964c0f9ae49b6d6ff934a6 [term 0 FOLLOWER]: Starting leader election (no leader contacted us within the election timeout)
I20260710 11:08:31.350332 30555 raft_consensus.cc:3060] T 3d2623719ad843d2ae6421d1a2fa85b0 P 5a5bdb940a964c0f9ae49b6d6ff934a6 [term 0 FOLLOWER]: Advancing to term 1
I20260710 11:08:31.352116 30516 raft_consensus.cc:493] T 701228e193c24ee48f63d5c7018d9080 P ed1638e9dc4e4dc5b71ce0f27a75e19a [term 0 FOLLOWER]: Starting pre-election (no leader contacted us within the election timeout)
I20260710 11:08:31.352594 30389 raft_consensus.cc:2468] T 6684872abb8d466c9cf60d801824d1a6 P 5a5bdb940a964c0f9ae49b6d6ff934a6 [term 1 FOLLOWER]: Leader election vote request: Granting yes vote for candidate ed1638e9dc4e4dc5b71ce0f27a75e19a in term 1.
I20260710 11:08:31.353919 30463 raft_consensus.cc:2468] T 6684872abb8d466c9cf60d801824d1a6 P d3c5188fbabc4907937d2ecbcb66e7d7 [term 1 FOLLOWER]: Leader election vote request: Granting yes vote for candidate ed1638e9dc4e4dc5b71ce0f27a75e19a in term 1.
I20260710 11:08:31.352659 30516 raft_consensus.cc:515] T 701228e193c24ee48f63d5c7018d9080 P ed1638e9dc4e4dc5b71ce0f27a75e19a [term 0 FOLLOWER]: Starting pre-election with config: opid_index: -1 OBSOLETE_local: false peers { permanent_uuid: "ed1638e9dc4e4dc5b71ce0f27a75e19a" member_type: VOTER last_known_addr { host: "127.28.125.65" port: 46459 } } peers { permanent_uuid: "5a5bdb940a964c0f9ae49b6d6ff934a6" member_type: VOTER last_known_addr { host: "127.28.125.66" port: 45825 } } peers { permanent_uuid: "d3c5188fbabc4907937d2ecbcb66e7d7" member_type: VOTER last_known_addr { host: "127.28.125.67" port: 42763 } }
I20260710 11:08:31.356778 30279 leader_election.cc:304] T 6684872abb8d466c9cf60d801824d1a6 P ed1638e9dc4e4dc5b71ce0f27a75e19a [CANDIDATE]: Term 1 election: Election decided. Result: candidate won. Election summary: received 2 responses out of 3 voters: 2 yes votes; 0 no votes. yes voters: d3c5188fbabc4907937d2ecbcb66e7d7, ed1638e9dc4e4dc5b71ce0f27a75e19a; no voters: 
I20260710 11:08:31.358805 30505 tablet_bootstrap.cc:492] T 2134d23d87aa4b0783b090584158da4c P 5a5bdb940a964c0f9ae49b6d6ff934a6: No bootstrap required, opened a new log
I20260710 11:08:31.360282 30505 ts_tablet_manager.cc:1403] T 2134d23d87aa4b0783b090584158da4c P 5a5bdb940a964c0f9ae49b6d6ff934a6: Time spent bootstrapping tablet: real 0.118s	user 0.025s	sys 0.020s
I20260710 11:08:31.359143 30516 leader_election.cc:290] T 701228e193c24ee48f63d5c7018d9080 P ed1638e9dc4e4dc5b71ce0f27a75e19a [CANDIDATE]: Term 1 pre-election: Requested pre-vote from peers 5a5bdb940a964c0f9ae49b6d6ff934a6 (127.28.125.66:45825), d3c5188fbabc4907937d2ecbcb66e7d7 (127.28.125.67:42763)
I20260710 11:08:31.358952 30390 tablet_service.cc:1917] Received RequestConsensusVote() RPC: tablet_id: "701228e193c24ee48f63d5c7018d9080" candidate_uuid: "ed1638e9dc4e4dc5b71ce0f27a75e19a" candidate_term: 1 candidate_status { last_received { term: 0 index: 0 } } ignore_live_leader: false dest_uuid: "5a5bdb940a964c0f9ae49b6d6ff934a6" is_pre_election: true
I20260710 11:08:31.363229 30516 raft_consensus.cc:2804] T 6684872abb8d466c9cf60d801824d1a6 P ed1638e9dc4e4dc5b71ce0f27a75e19a [term 1 FOLLOWER]: Leader election won for term 1
W20260710 11:08:31.363731 30355 leader_election.cc:343] T b323809ec9e34904af44c6bde80b3a53 P 5a5bdb940a964c0f9ae49b6d6ff934a6 [CANDIDATE]: Term 1 pre-election: Tablet error from VoteRequest() call to peer ed1638e9dc4e4dc5b71ce0f27a75e19a (127.28.125.65:46459): Illegal state: must be running to vote when last-logged opid is not known
I20260710 11:08:31.365381 30355 leader_election.cc:304] T b323809ec9e34904af44c6bde80b3a53 P 5a5bdb940a964c0f9ae49b6d6ff934a6 [CANDIDATE]: Term 1 pre-election: Election decided. Result: candidate lost. Election summary: received 3 responses out of 3 voters: 1 yes votes; 2 no votes. yes voters: 5a5bdb940a964c0f9ae49b6d6ff934a6; no voters: d3c5188fbabc4907937d2ecbcb66e7d7, ed1638e9dc4e4dc5b71ce0f27a75e19a
I20260710 11:08:31.364679 30463 tablet_service.cc:1917] Received RequestConsensusVote() RPC: tablet_id: "75d4f522a8114299879e04dc3c12e874" candidate_uuid: "5a5bdb940a964c0f9ae49b6d6ff934a6" candidate_term: 1 candidate_status { last_received { term: 0 index: 0 } } ignore_live_leader: false dest_uuid: "d3c5188fbabc4907937d2ecbcb66e7d7"
I20260710 11:08:31.363937 30516 raft_consensus.cc:697] T 6684872abb8d466c9cf60d801824d1a6 P ed1638e9dc4e4dc5b71ce0f27a75e19a [term 1 LEADER]: Becoming Leader. State: Replica: ed1638e9dc4e4dc5b71ce0f27a75e19a, State: Running, Role: LEADER
I20260710 11:08:31.365803 30390 raft_consensus.cc:2393] T 701228e193c24ee48f63d5c7018d9080 P 5a5bdb940a964c0f9ae49b6d6ff934a6 [term 1 FOLLOWER]: Leader pre-election vote request: Denying vote to candidate ed1638e9dc4e4dc5b71ce0f27a75e19a in current term 1: Already voted for candidate d3c5188fbabc4907937d2ecbcb66e7d7 in this term.
I20260710 11:08:31.368444 30555 raft_consensus.cc:515] T 3d2623719ad843d2ae6421d1a2fa85b0 P 5a5bdb940a964c0f9ae49b6d6ff934a6 [term 1 FOLLOWER]: Starting leader election with config: opid_index: -1 OBSOLETE_local: false peers { permanent_uuid: "ed1638e9dc4e4dc5b71ce0f27a75e19a" member_type: VOTER last_known_addr { host: "127.28.125.65" port: 46459 } } peers { permanent_uuid: "5a5bdb940a964c0f9ae49b6d6ff934a6" member_type: VOTER last_known_addr { host: "127.28.125.66" port: 45825 } } peers { permanent_uuid: "d3c5188fbabc4907937d2ecbcb66e7d7" member_type: VOTER last_known_addr { host: "127.28.125.67" port: 42763 } }
I20260710 11:08:31.367645 30464 tablet_service.cc:1917] Received RequestConsensusVote() RPC: tablet_id: "701228e193c24ee48f63d5c7018d9080" candidate_uuid: "ed1638e9dc4e4dc5b71ce0f27a75e19a" candidate_term: 1 candidate_status { last_received { term: 0 index: 0 } } ignore_live_leader: false dest_uuid: "d3c5188fbabc4907937d2ecbcb66e7d7" is_pre_election: true
I20260710 11:08:31.370106 30559 raft_consensus.cc:493] T ec89f6ed89804dd9a717e019ffd6bb8d P 5a5bdb940a964c0f9ae49b6d6ff934a6 [term 0 FOLLOWER]: Starting pre-election (no leader contacted us within the election timeout)
I20260710 11:08:31.370329 30516 consensus_queue.cc:237] T 6684872abb8d466c9cf60d801824d1a6 P ed1638e9dc4e4dc5b71ce0f27a75e19a [LEADER]: Queue going to LEADER mode. State: All replicated index: 0, Majority replicated index: 0, Committed index: 0, Last appended: 0.0, Last appended by leader: 0, Current term: 1, Majority size: 2, State: 0, Mode: LEADER, active raft config: opid_index: -1 OBSOLETE_local: false peers { permanent_uuid: "ed1638e9dc4e4dc5b71ce0f27a75e19a" member_type: VOTER last_known_addr { host: "127.28.125.65" port: 46459 } } peers { permanent_uuid: "5a5bdb940a964c0f9ae49b6d6ff934a6" member_type: VOTER last_known_addr { host: "127.28.125.66" port: 45825 } } peers { permanent_uuid: "d3c5188fbabc4907937d2ecbcb66e7d7" member_type: VOTER last_known_addr { host: "127.28.125.67" port: 42763 } }
I20260710 11:08:31.370581 30559 raft_consensus.cc:515] T ec89f6ed89804dd9a717e019ffd6bb8d P 5a5bdb940a964c0f9ae49b6d6ff934a6 [term 0 FOLLOWER]: Starting pre-election with config: opid_index: -1 OBSOLETE_local: false peers { permanent_uuid: "ed1638e9dc4e4dc5b71ce0f27a75e19a" member_type: VOTER last_known_addr { host: "127.28.125.65" port: 46459 } } peers { permanent_uuid: "5a5bdb940a964c0f9ae49b6d6ff934a6" member_type: VOTER last_known_addr { host: "127.28.125.66" port: 45825 } } peers { permanent_uuid: "d3c5188fbabc4907937d2ecbcb66e7d7" member_type: VOTER last_known_addr { host: "127.28.125.67" port: 42763 } }
I20260710 11:08:31.371762 30463 raft_consensus.cc:3060] T 75d4f522a8114299879e04dc3c12e874 P d3c5188fbabc4907937d2ecbcb66e7d7 [term 0 FOLLOWER]: Advancing to term 1
I20260710 11:08:31.372215 30555 leader_election.cc:290] T 3d2623719ad843d2ae6421d1a2fa85b0 P 5a5bdb940a964c0f9ae49b6d6ff934a6 [CANDIDATE]: Term 1 election: Requested vote from peers ed1638e9dc4e4dc5b71ce0f27a75e19a (127.28.125.65:46459), d3c5188fbabc4907937d2ecbcb66e7d7 (127.28.125.67:42763)
I20260710 11:08:31.368887 30505 raft_consensus.cc:359] T 2134d23d87aa4b0783b090584158da4c P 5a5bdb940a964c0f9ae49b6d6ff934a6 [term 0 FOLLOWER]: Replica starting. Triggering 0 pending ops. Active config: opid_index: -1 OBSOLETE_local: false peers { permanent_uuid: "ed1638e9dc4e4dc5b71ce0f27a75e19a" member_type: VOTER last_known_addr { host: "127.28.125.65" port: 46459 } } peers { permanent_uuid: "5a5bdb940a964c0f9ae49b6d6ff934a6" member_type: VOTER last_known_addr { host: "127.28.125.66" port: 45825 } } peers { permanent_uuid: "d3c5188fbabc4907937d2ecbcb66e7d7" member_type: VOTER last_known_addr { host: "127.28.125.67" port: 42763 } }
I20260710 11:08:31.375674 30462 tablet_service.cc:1917] Received RequestConsensusVote() RPC: tablet_id: "ec89f6ed89804dd9a717e019ffd6bb8d" candidate_uuid: "5a5bdb940a964c0f9ae49b6d6ff934a6" candidate_term: 1 candidate_status { last_received { term: 0 index: 0 } } ignore_live_leader: false dest_uuid: "d3c5188fbabc4907937d2ecbcb66e7d7" is_pre_election: true
I20260710 11:08:31.376386 30464 tablet_service.cc:1917] Received RequestConsensusVote() RPC: tablet_id: "3d2623719ad843d2ae6421d1a2fa85b0" candidate_uuid: "5a5bdb940a964c0f9ae49b6d6ff934a6" candidate_term: 1 candidate_status { last_received { term: 0 index: 0 } } ignore_live_leader: false dest_uuid: "d3c5188fbabc4907937d2ecbcb66e7d7"
I20260710 11:08:31.381973 30560 raft_consensus.cc:493] T ec89f6ed89804dd9a717e019ffd6bb8d P ed1638e9dc4e4dc5b71ce0f27a75e19a [term 0 FOLLOWER]: Starting pre-election (no leader contacted us within the election timeout)
I20260710 11:08:31.377089 30504 tablet_bootstrap.cc:654] T 4e39507b17f045b38095c061b1db3123 P d3c5188fbabc4907937d2ecbcb66e7d7: Neither blocks nor log segments found. Creating new log.
W20260710 11:08:31.383014 30354 leader_election.cc:343] T 3d2623719ad843d2ae6421d1a2fa85b0 P 5a5bdb940a964c0f9ae49b6d6ff934a6 [CANDIDATE]: Term 1 election: Tablet error from VoteRequest() call to peer d3c5188fbabc4907937d2ecbcb66e7d7 (127.28.125.67:42763): Illegal state: must be running to vote when last-logged opid is not known
I20260710 11:08:31.379573 30513 raft_consensus.cc:515] T b0ef752101c24e70b6e95defbc7948f1 P ed1638e9dc4e4dc5b71ce0f27a75e19a [term 1 FOLLOWER]: Starting leader election with config: opid_index: -1 OBSOLETE_local: false peers { permanent_uuid: "ed1638e9dc4e4dc5b71ce0f27a75e19a" member_type: VOTER last_known_addr { host: "127.28.125.65" port: 46459 } } peers { permanent_uuid: "5a5bdb940a964c0f9ae49b6d6ff934a6" member_type: VOTER last_known_addr { host: "127.28.125.66" port: 45825 } } peers { permanent_uuid: "d3c5188fbabc4907937d2ecbcb66e7d7" member_type: VOTER last_known_addr { host: "127.28.125.67" port: 42763 } }
I20260710 11:08:31.362216 30511 leader_election.cc:290] T 75d4f522a8114299879e04dc3c12e874 P 5a5bdb940a964c0f9ae49b6d6ff934a6 [CANDIDATE]: Term 1 election: Requested vote from peers ed1638e9dc4e4dc5b71ce0f27a75e19a (127.28.125.65:46459), d3c5188fbabc4907937d2ecbcb66e7d7 (127.28.125.67:42763)
I20260710 11:08:31.380921 30505 raft_consensus.cc:385] T 2134d23d87aa4b0783b090584158da4c P 5a5bdb940a964c0f9ae49b6d6ff934a6 [term 0 FOLLOWER]: Consensus starting up: Expiring failure detector timer to make a prompt election more likely
I20260710 11:08:31.380183 30279 leader_election.cc:304] T 701228e193c24ee48f63d5c7018d9080 P ed1638e9dc4e4dc5b71ce0f27a75e19a [CANDIDATE]: Term 1 pre-election: Election decided. Result: candidate lost. Election summary: received 3 responses out of 3 voters: 1 yes votes; 2 no votes. yes voters: ed1638e9dc4e4dc5b71ce0f27a75e19a; no voters: 5a5bdb940a964c0f9ae49b6d6ff934a6, d3c5188fbabc4907937d2ecbcb66e7d7
I20260710 11:08:31.381637 30462 raft_consensus.cc:2468] T ec89f6ed89804dd9a717e019ffd6bb8d P d3c5188fbabc4907937d2ecbcb66e7d7 [term 0 FOLLOWER]: Leader pre-election vote request: Granting yes vote for candidate 5a5bdb940a964c0f9ae49b6d6ff934a6 in term 0.
I20260710 11:08:31.385233 30505 raft_consensus.cc:740] T 2134d23d87aa4b0783b090584158da4c P 5a5bdb940a964c0f9ae49b6d6ff934a6 [term 0 FOLLOWER]: Becoming Follower/Learner. State: Replica: 5a5bdb940a964c0f9ae49b6d6ff934a6, State: Initialized, Role: FOLLOWER
I20260710 11:08:31.380546 30559 leader_election.cc:290] T ec89f6ed89804dd9a717e019ffd6bb8d P 5a5bdb940a964c0f9ae49b6d6ff934a6 [CANDIDATE]: Term 1 pre-election: Requested pre-vote from peers ed1638e9dc4e4dc5b71ce0f27a75e19a (127.28.125.65:46459), d3c5188fbabc4907937d2ecbcb66e7d7 (127.28.125.67:42763)
I20260710 11:08:31.387815 30505 consensus_queue.cc:260] T 2134d23d87aa4b0783b090584158da4c P 5a5bdb940a964c0f9ae49b6d6ff934a6 [NON_LEADER]: Queue going to NON_LEADER mode. State: All replicated index: 0, Majority replicated index: 0, Committed index: 0, Last appended: 0.0, Last appended by leader: 0, Current term: 0, Majority size: -1, State: 0, Mode: NON_LEADER, active raft config: opid_index: -1 OBSOLETE_local: false peers { permanent_uuid: "ed1638e9dc4e4dc5b71ce0f27a75e19a" member_type: VOTER last_known_addr { host: "127.28.125.65" port: 46459 } } peers { permanent_uuid: "5a5bdb940a964c0f9ae49b6d6ff934a6" member_type: VOTER last_known_addr { host: "127.28.125.66" port: 45825 } } peers { permanent_uuid: "d3c5188fbabc4907937d2ecbcb66e7d7" member_type: VOTER last_known_addr { host: "127.28.125.67" port: 42763 } }
I20260710 11:08:31.386072 30555 raft_consensus.cc:2749] T b323809ec9e34904af44c6bde80b3a53 P 5a5bdb940a964c0f9ae49b6d6ff934a6 [term 0 FOLLOWER]: Leader pre-election lost for term 1. Reason: could not achieve majority
I20260710 11:08:31.390744 30505 ts_tablet_manager.cc:1434] T 2134d23d87aa4b0783b090584158da4c P 5a5bdb940a964c0f9ae49b6d6ff934a6: Time spent starting tablet: real 0.030s	user 0.007s	sys 0.000s
I20260710 11:08:31.389686 30513 leader_election.cc:290] T b0ef752101c24e70b6e95defbc7948f1 P ed1638e9dc4e4dc5b71ce0f27a75e19a [CANDIDATE]: Term 1 election: Requested vote from peers 5a5bdb940a964c0f9ae49b6d6ff934a6 (127.28.125.66:45825), d3c5188fbabc4907937d2ecbcb66e7d7 (127.28.125.67:42763)
I20260710 11:08:31.393968 30505 tablet_bootstrap.cc:492] T 4e39507b17f045b38095c061b1db3123 P 5a5bdb940a964c0f9ae49b6d6ff934a6: Bootstrap starting.
I20260710 11:08:31.394137 30561 raft_consensus.cc:3060] T 701228e193c24ee48f63d5c7018d9080 P ed1638e9dc4e4dc5b71ce0f27a75e19a [term 0 FOLLOWER]: Advancing to term 1
I20260710 11:08:31.402674 30505 tablet_bootstrap.cc:654] T 4e39507b17f045b38095c061b1db3123 P 5a5bdb940a964c0f9ae49b6d6ff934a6: Neither blocks nor log segments found. Creating new log.
I20260710 11:08:31.382385 30560 raft_consensus.cc:515] T ec89f6ed89804dd9a717e019ffd6bb8d P ed1638e9dc4e4dc5b71ce0f27a75e19a [term 0 FOLLOWER]: Starting pre-election with config: opid_index: -1 OBSOLETE_local: false peers { permanent_uuid: "ed1638e9dc4e4dc5b71ce0f27a75e19a" member_type: VOTER last_known_addr { host: "127.28.125.65" port: 46459 } } peers { permanent_uuid: "5a5bdb940a964c0f9ae49b6d6ff934a6" member_type: VOTER last_known_addr { host: "127.28.125.66" port: 45825 } } peers { permanent_uuid: "d3c5188fbabc4907937d2ecbcb66e7d7" member_type: VOTER last_known_addr { host: "127.28.125.67" port: 42763 } }
I20260710 11:08:31.406433 30560 leader_election.cc:290] T ec89f6ed89804dd9a717e019ffd6bb8d P ed1638e9dc4e4dc5b71ce0f27a75e19a [CANDIDATE]: Term 1 pre-election: Requested pre-vote from peers 5a5bdb940a964c0f9ae49b6d6ff934a6 (127.28.125.66:45825), d3c5188fbabc4907937d2ecbcb66e7d7 (127.28.125.67:42763)
I20260710 11:08:31.406970 30313 tablet_service.cc:1917] Received RequestConsensusVote() RPC: tablet_id: "75d4f522a8114299879e04dc3c12e874" candidate_uuid: "5a5bdb940a964c0f9ae49b6d6ff934a6" candidate_term: 1 candidate_status { last_received { term: 0 index: 0 } } ignore_live_leader: false dest_uuid: "ed1638e9dc4e4dc5b71ce0f27a75e19a"
I20260710 11:08:31.407601 30313 raft_consensus.cc:3060] T 75d4f522a8114299879e04dc3c12e874 P ed1638e9dc4e4dc5b71ce0f27a75e19a [term 0 FOLLOWER]: Advancing to term 1
I20260710 11:08:31.409963 30314 tablet_service.cc:1917] Received RequestConsensusVote() RPC: tablet_id: "3d2623719ad843d2ae6421d1a2fa85b0" candidate_uuid: "5a5bdb940a964c0f9ae49b6d6ff934a6" candidate_term: 1 candidate_status { last_received { term: 0 index: 0 } } ignore_live_leader: false dest_uuid: "ed1638e9dc4e4dc5b71ce0f27a75e19a"
I20260710 11:08:31.410595 30314 raft_consensus.cc:3060] T 3d2623719ad843d2ae6421d1a2fa85b0 P ed1638e9dc4e4dc5b71ce0f27a75e19a [term 0 FOLLOWER]: Advancing to term 1
I20260710 11:08:31.407300 30354 leader_election.cc:304] T ec89f6ed89804dd9a717e019ffd6bb8d P 5a5bdb940a964c0f9ae49b6d6ff934a6 [CANDIDATE]: Term 1 pre-election: Election decided. Result: candidate won. Election summary: received 2 responses out of 3 voters: 2 yes votes; 0 no votes. yes voters: 5a5bdb940a964c0f9ae49b6d6ff934a6, d3c5188fbabc4907937d2ecbcb66e7d7; no voters: 
I20260710 11:08:31.391873 30390 tablet_service.cc:1917] Received RequestConsensusVote() RPC: tablet_id: "b0ef752101c24e70b6e95defbc7948f1" candidate_uuid: "ed1638e9dc4e4dc5b71ce0f27a75e19a" candidate_term: 1 candidate_status { last_received { term: 0 index: 0 } } ignore_live_leader: false dest_uuid: "5a5bdb940a964c0f9ae49b6d6ff934a6"
I20260710 11:08:31.415990 30511 raft_consensus.cc:2804] T ec89f6ed89804dd9a717e019ffd6bb8d P 5a5bdb940a964c0f9ae49b6d6ff934a6 [term 0 FOLLOWER]: Leader pre-election won for term 1
I20260710 11:08:31.416426 30511 raft_consensus.cc:493] T ec89f6ed89804dd9a717e019ffd6bb8d P 5a5bdb940a964c0f9ae49b6d6ff934a6 [term 0 FOLLOWER]: Starting leader election (no leader contacted us within the election timeout)
I20260710 11:08:31.416380 30462 tablet_service.cc:1917] Received RequestConsensusVote() RPC: tablet_id: "b0ef752101c24e70b6e95defbc7948f1" candidate_uuid: "ed1638e9dc4e4dc5b71ce0f27a75e19a" candidate_term: 1 candidate_status { last_received { term: 0 index: 0 } } ignore_live_leader: false dest_uuid: "d3c5188fbabc4907937d2ecbcb66e7d7"
I20260710 11:08:31.416916 30511 raft_consensus.cc:3060] T ec89f6ed89804dd9a717e019ffd6bb8d P 5a5bdb940a964c0f9ae49b6d6ff934a6 [term 0 FOLLOWER]: Advancing to term 1
I20260710 11:08:31.417085 30462 raft_consensus.cc:3060] T b0ef752101c24e70b6e95defbc7948f1 P d3c5188fbabc4907937d2ecbcb66e7d7 [term 0 FOLLOWER]: Advancing to term 1
I20260710 11:08:31.406440 30561 raft_consensus.cc:2749] T 701228e193c24ee48f63d5c7018d9080 P ed1638e9dc4e4dc5b71ce0f27a75e19a [term 1 FOLLOWER]: Leader pre-election lost for term 1. Reason: could not achieve majority
I20260710 11:08:31.413692 30390 raft_consensus.cc:3060] T b0ef752101c24e70b6e95defbc7948f1 P 5a5bdb940a964c0f9ae49b6d6ff934a6 [term 0 FOLLOWER]: Advancing to term 1
I20260710 11:08:31.421729 30464 tablet_service.cc:1917] Received RequestConsensusVote() RPC: tablet_id: "ec89f6ed89804dd9a717e019ffd6bb8d" candidate_uuid: "ed1638e9dc4e4dc5b71ce0f27a75e19a" candidate_term: 1 candidate_status { last_received { term: 0 index: 0 } } ignore_live_leader: false dest_uuid: "d3c5188fbabc4907937d2ecbcb66e7d7" is_pre_election: true
I20260710 11:08:31.422283 30463 raft_consensus.cc:2468] T 75d4f522a8114299879e04dc3c12e874 P d3c5188fbabc4907937d2ecbcb66e7d7 [term 1 FOLLOWER]: Leader election vote request: Granting yes vote for candidate 5a5bdb940a964c0f9ae49b6d6ff934a6 in term 1.
I20260710 11:08:31.422358 30464 raft_consensus.cc:2468] T ec89f6ed89804dd9a717e019ffd6bb8d P d3c5188fbabc4907937d2ecbcb66e7d7 [term 0 FOLLOWER]: Leader pre-election vote request: Granting yes vote for candidate ed1638e9dc4e4dc5b71ce0f27a75e19a in term 0.
I20260710 11:08:31.422485 30315 tablet_service.cc:1917] Received RequestConsensusVote() RPC: tablet_id: "ec89f6ed89804dd9a717e019ffd6bb8d" candidate_uuid: "5a5bdb940a964c0f9ae49b6d6ff934a6" candidate_term: 1 candidate_status { last_received { term: 0 index: 0 } } ignore_live_leader: false dest_uuid: "ed1638e9dc4e4dc5b71ce0f27a75e19a" is_pre_election: true
I20260710 11:08:31.423231 30315 raft_consensus.cc:2468] T ec89f6ed89804dd9a717e019ffd6bb8d P ed1638e9dc4e4dc5b71ce0f27a75e19a [term 0 FOLLOWER]: Leader pre-election vote request: Granting yes vote for candidate 5a5bdb940a964c0f9ae49b6d6ff934a6 in term 0.
I20260710 11:08:31.423435 30389 tablet_service.cc:1917] Received RequestConsensusVote() RPC: tablet_id: "ec89f6ed89804dd9a717e019ffd6bb8d" candidate_uuid: "ed1638e9dc4e4dc5b71ce0f27a75e19a" candidate_term: 1 candidate_status { last_received { term: 0 index: 0 } } ignore_live_leader: false dest_uuid: "5a5bdb940a964c0f9ae49b6d6ff934a6" is_pre_election: true
I20260710 11:08:31.426280 30211 catalog_manager.cc:5697] T 701228e193c24ee48f63d5c7018d9080 P d3c5188fbabc4907937d2ecbcb66e7d7 reported cstate change: term changed from 0 to 1, leader changed from <none> to d3c5188fbabc4907937d2ecbcb66e7d7 (127.28.125.67). New cstate: current_term: 1 leader_uuid: "d3c5188fbabc4907937d2ecbcb66e7d7" committed_config { opid_index: -1 OBSOLETE_local: false peers { permanent_uuid: "ed1638e9dc4e4dc5b71ce0f27a75e19a" member_type: VOTER last_known_addr { host: "127.28.125.65" port: 46459 } health_report { overall_health: UNKNOWN } } peers { permanent_uuid: "5a5bdb940a964c0f9ae49b6d6ff934a6" member_type: VOTER last_known_addr { host: "127.28.125.66" port: 45825 } health_report { overall_health: UNKNOWN } } peers { permanent_uuid: "d3c5188fbabc4907937d2ecbcb66e7d7" member_type: VOTER last_known_addr { host: "127.28.125.67" port: 42763 } health_report { overall_health: HEALTHY } } }
I20260710 11:08:31.419104 30560 raft_consensus.cc:493] T 4e39507b17f045b38095c061b1db3123 P ed1638e9dc4e4dc5b71ce0f27a75e19a [term 0 FOLLOWER]: Starting pre-election (no leader contacted us within the election timeout)
I20260710 11:08:31.427834 30506 tablet_bootstrap.cc:654] T 953b5288f56b4af490ffae99838d8696 P ed1638e9dc4e4dc5b71ce0f27a75e19a: Neither blocks nor log segments found. Creating new log.
I20260710 11:08:31.430439 30354 leader_election.cc:304] T 75d4f522a8114299879e04dc3c12e874 P 5a5bdb940a964c0f9ae49b6d6ff934a6 [CANDIDATE]: Term 1 election: Election decided. Result: candidate won. Election summary: received 2 responses out of 3 voters: 2 yes votes; 0 no votes. yes voters: 5a5bdb940a964c0f9ae49b6d6ff934a6, d3c5188fbabc4907937d2ecbcb66e7d7; no voters: 
I20260710 11:08:31.435165 30564 raft_consensus.cc:2804] T 75d4f522a8114299879e04dc3c12e874 P 5a5bdb940a964c0f9ae49b6d6ff934a6 [term 1 FOLLOWER]: Leader election won for term 1
I20260710 11:08:31.433667 30279 leader_election.cc:304] T ec89f6ed89804dd9a717e019ffd6bb8d P ed1638e9dc4e4dc5b71ce0f27a75e19a [CANDIDATE]: Term 1 pre-election: Election decided. Result: candidate won. Election summary: received 2 responses out of 3 voters: 2 yes votes; 0 no votes. yes voters: d3c5188fbabc4907937d2ecbcb66e7d7, ed1638e9dc4e4dc5b71ce0f27a75e19a; no voters: 
I20260710 11:08:31.436285 30564 raft_consensus.cc:697] T 75d4f522a8114299879e04dc3c12e874 P 5a5bdb940a964c0f9ae49b6d6ff934a6 [term 1 LEADER]: Becoming Leader. State: Replica: 5a5bdb940a964c0f9ae49b6d6ff934a6, State: Running, Role: LEADER
I20260710 11:08:31.436434 30390 raft_consensus.cc:2468] T b0ef752101c24e70b6e95defbc7948f1 P 5a5bdb940a964c0f9ae49b6d6ff934a6 [term 1 FOLLOWER]: Leader election vote request: Granting yes vote for candidate ed1638e9dc4e4dc5b71ce0f27a75e19a in term 1.
I20260710 11:08:31.427874 30560 raft_consensus.cc:515] T 4e39507b17f045b38095c061b1db3123 P ed1638e9dc4e4dc5b71ce0f27a75e19a [term 0 FOLLOWER]: Starting pre-election with config: opid_index: -1 OBSOLETE_local: false peers { permanent_uuid: "ed1638e9dc4e4dc5b71ce0f27a75e19a" member_type: VOTER last_known_addr { host: "127.28.125.65" port: 46459 } } peers { permanent_uuid: "5a5bdb940a964c0f9ae49b6d6ff934a6" member_type: VOTER last_known_addr { host: "127.28.125.66" port: 45825 } } peers { permanent_uuid: "d3c5188fbabc4907937d2ecbcb66e7d7" member_type: VOTER last_known_addr { host: "127.28.125.67" port: 42763 } }
I20260710 11:08:31.430610 30210 catalog_manager.cc:5697] T 6684872abb8d466c9cf60d801824d1a6 P ed1638e9dc4e4dc5b71ce0f27a75e19a reported cstate change: term changed from 0 to 1, leader changed from <none> to ed1638e9dc4e4dc5b71ce0f27a75e19a (127.28.125.65). New cstate: current_term: 1 leader_uuid: "ed1638e9dc4e4dc5b71ce0f27a75e19a" committed_config { opid_index: -1 OBSOLETE_local: false peers { permanent_uuid: "ed1638e9dc4e4dc5b71ce0f27a75e19a" member_type: VOTER last_known_addr { host: "127.28.125.65" port: 46459 } health_report { overall_health: HEALTHY } } peers { permanent_uuid: "5a5bdb940a964c0f9ae49b6d6ff934a6" member_type: VOTER last_known_addr { host: "127.28.125.66" port: 45825 } health_report { overall_health: UNKNOWN } } peers { permanent_uuid: "d3c5188fbabc4907937d2ecbcb66e7d7" member_type: VOTER last_known_addr { host: "127.28.125.67" port: 42763 } health_report { overall_health: UNKNOWN } } }
I20260710 11:08:31.437825 30280 leader_election.cc:304] T b0ef752101c24e70b6e95defbc7948f1 P ed1638e9dc4e4dc5b71ce0f27a75e19a [CANDIDATE]: Term 1 election: Election decided. Result: candidate won. Election summary: received 2 responses out of 3 voters: 2 yes votes; 0 no votes. yes voters: 5a5bdb940a964c0f9ae49b6d6ff934a6, ed1638e9dc4e4dc5b71ce0f27a75e19a; no voters: 
I20260710 11:08:31.439004 30504 tablet_bootstrap.cc:492] T 4e39507b17f045b38095c061b1db3123 P d3c5188fbabc4907937d2ecbcb66e7d7: No bootstrap required, opened a new log
I20260710 11:08:31.439416 30504 ts_tablet_manager.cc:1403] T 4e39507b17f045b38095c061b1db3123 P d3c5188fbabc4907937d2ecbcb66e7d7: Time spent bootstrapping tablet: real 0.156s	user 0.025s	sys 0.001s
I20260710 11:08:31.439991 30513 raft_consensus.cc:2804] T b0ef752101c24e70b6e95defbc7948f1 P ed1638e9dc4e4dc5b71ce0f27a75e19a [term 1 FOLLOWER]: Leader election won for term 1
I20260710 11:08:31.440654 30513 raft_consensus.cc:697] T b0ef752101c24e70b6e95defbc7948f1 P ed1638e9dc4e4dc5b71ce0f27a75e19a [term 1 LEADER]: Becoming Leader. State: Replica: ed1638e9dc4e4dc5b71ce0f27a75e19a, State: Running, Role: LEADER
I20260710 11:08:31.441610 30513 consensus_queue.cc:237] T b0ef752101c24e70b6e95defbc7948f1 P ed1638e9dc4e4dc5b71ce0f27a75e19a [LEADER]: Queue going to LEADER mode. State: All replicated index: 0, Majority replicated index: 0, Committed index: 0, Last appended: 0.0, Last appended by leader: 0, Current term: 1, Majority size: 2, State: 0, Mode: LEADER, active raft config: opid_index: -1 OBSOLETE_local: false peers { permanent_uuid: "ed1638e9dc4e4dc5b71ce0f27a75e19a" member_type: VOTER last_known_addr { host: "127.28.125.65" port: 46459 } } peers { permanent_uuid: "5a5bdb940a964c0f9ae49b6d6ff934a6" member_type: VOTER last_known_addr { host: "127.28.125.66" port: 45825 } } peers { permanent_uuid: "d3c5188fbabc4907937d2ecbcb66e7d7" member_type: VOTER last_known_addr { host: "127.28.125.67" port: 42763 } }
I20260710 11:08:31.443425 30560 leader_election.cc:290] T 4e39507b17f045b38095c061b1db3123 P ed1638e9dc4e4dc5b71ce0f27a75e19a [CANDIDATE]: Term 1 pre-election: Requested pre-vote from peers 5a5bdb940a964c0f9ae49b6d6ff934a6 (127.28.125.66:45825), d3c5188fbabc4907937d2ecbcb66e7d7 (127.28.125.67:42763)
I20260710 11:08:31.445415 30462 raft_consensus.cc:2468] T b0ef752101c24e70b6e95defbc7948f1 P d3c5188fbabc4907937d2ecbcb66e7d7 [term 1 FOLLOWER]: Leader election vote request: Granting yes vote for candidate ed1638e9dc4e4dc5b71ce0f27a75e19a in term 1.
I20260710 11:08:31.446218 30313 raft_consensus.cc:2468] T 75d4f522a8114299879e04dc3c12e874 P ed1638e9dc4e4dc5b71ce0f27a75e19a [term 1 FOLLOWER]: Leader election vote request: Granting yes vote for candidate 5a5bdb940a964c0f9ae49b6d6ff934a6 in term 1.
I20260710 11:08:31.453560 30462 tablet_service.cc:1917] Received RequestConsensusVote() RPC: tablet_id: "4e39507b17f045b38095c061b1db3123" candidate_uuid: "ed1638e9dc4e4dc5b71ce0f27a75e19a" candidate_term: 1 candidate_status { last_received { term: 0 index: 0 } } ignore_live_leader: false dest_uuid: "d3c5188fbabc4907937d2ecbcb66e7d7" is_pre_election: true
I20260710 11:08:31.437183 30564 consensus_queue.cc:237] T 75d4f522a8114299879e04dc3c12e874 P 5a5bdb940a964c0f9ae49b6d6ff934a6 [LEADER]: Queue going to LEADER mode. State: All replicated index: 0, Majority replicated index: 0, Committed index: 0, Last appended: 0.0, Last appended by leader: 0, Current term: 1, Majority size: 2, State: 0, Mode: LEADER, active raft config: opid_index: -1 OBSOLETE_local: false peers { permanent_uuid: "ed1638e9dc4e4dc5b71ce0f27a75e19a" member_type: VOTER last_known_addr { host: "127.28.125.65" port: 46459 } } peers { permanent_uuid: "5a5bdb940a964c0f9ae49b6d6ff934a6" member_type: VOTER last_known_addr { host: "127.28.125.66" port: 45825 } } peers { permanent_uuid: "d3c5188fbabc4907937d2ecbcb66e7d7" member_type: VOTER last_known_addr { host: "127.28.125.67" port: 42763 } }
I20260710 11:08:31.455117 30390 tablet_service.cc:1917] Received RequestConsensusVote() RPC: tablet_id: "4e39507b17f045b38095c061b1db3123" candidate_uuid: "ed1638e9dc4e4dc5b71ce0f27a75e19a" candidate_term: 1 candidate_status { last_received { term: 0 index: 0 } } ignore_live_leader: false dest_uuid: "5a5bdb940a964c0f9ae49b6d6ff934a6" is_pre_election: true
I20260710 11:08:31.456072 30549 raft_consensus.cc:493] T 47d01410c2d64b058de5a90b4b5bc93c P d3c5188fbabc4907937d2ecbcb66e7d7 [term 0 FOLLOWER]: Starting pre-election (no leader contacted us within the election timeout)
W20260710 11:08:31.456601 30280 leader_election.cc:343] T 4e39507b17f045b38095c061b1db3123 P ed1638e9dc4e4dc5b71ce0f27a75e19a [CANDIDATE]: Term 1 pre-election: Tablet error from VoteRequest() call to peer 5a5bdb940a964c0f9ae49b6d6ff934a6 (127.28.125.66:45825): Illegal state: must be running to vote when last-logged opid is not known
I20260710 11:08:31.456733 30549 raft_consensus.cc:515] T 47d01410c2d64b058de5a90b4b5bc93c P d3c5188fbabc4907937d2ecbcb66e7d7 [term 0 FOLLOWER]: Starting pre-election with config: opid_index: -1 OBSOLETE_local: false peers { permanent_uuid: "ed1638e9dc4e4dc5b71ce0f27a75e19a" member_type: VOTER last_known_addr { host: "127.28.125.65" port: 46459 } } peers { permanent_uuid: "5a5bdb940a964c0f9ae49b6d6ff934a6" member_type: VOTER last_known_addr { host: "127.28.125.66" port: 45825 } } peers { permanent_uuid: "d3c5188fbabc4907937d2ecbcb66e7d7" member_type: VOTER last_known_addr { host: "127.28.125.67" port: 42763 } }
I20260710 11:08:31.449947 30561 raft_consensus.cc:2804] T ec89f6ed89804dd9a717e019ffd6bb8d P ed1638e9dc4e4dc5b71ce0f27a75e19a [term 0 FOLLOWER]: Leader pre-election won for term 1
I20260710 11:08:31.459911 30561 raft_consensus.cc:493] T ec89f6ed89804dd9a717e019ffd6bb8d P ed1638e9dc4e4dc5b71ce0f27a75e19a [term 0 FOLLOWER]: Starting leader election (no leader contacted us within the election timeout)
I20260710 11:08:31.464184 30561 raft_consensus.cc:3060] T ec89f6ed89804dd9a717e019ffd6bb8d P ed1638e9dc4e4dc5b71ce0f27a75e19a [term 0 FOLLOWER]: Advancing to term 1
I20260710 11:08:31.465392 30549 leader_election.cc:290] T 47d01410c2d64b058de5a90b4b5bc93c P d3c5188fbabc4907937d2ecbcb66e7d7 [CANDIDATE]: Term 1 pre-election: Requested pre-vote from peers ed1638e9dc4e4dc5b71ce0f27a75e19a (127.28.125.65:46459), 5a5bdb940a964c0f9ae49b6d6ff934a6 (127.28.125.66:45825)
I20260710 11:08:31.454581 30511 raft_consensus.cc:515] T ec89f6ed89804dd9a717e019ffd6bb8d P 5a5bdb940a964c0f9ae49b6d6ff934a6 [term 1 FOLLOWER]: Starting leader election with config: opid_index: -1 OBSOLETE_local: false peers { permanent_uuid: "ed1638e9dc4e4dc5b71ce0f27a75e19a" member_type: VOTER last_known_addr { host: "127.28.125.65" port: 46459 } } peers { permanent_uuid: "5a5bdb940a964c0f9ae49b6d6ff934a6" member_type: VOTER last_known_addr { host: "127.28.125.66" port: 45825 } } peers { permanent_uuid: "d3c5188fbabc4907937d2ecbcb66e7d7" member_type: VOTER last_known_addr { host: "127.28.125.67" port: 42763 } }
I20260710 11:08:31.477628 30313 tablet_service.cc:1917] Received RequestConsensusVote() RPC: tablet_id: "47d01410c2d64b058de5a90b4b5bc93c" candidate_uuid: "d3c5188fbabc4907937d2ecbcb66e7d7" candidate_term: 1 candidate_status { last_received { term: 0 index: 0 } } ignore_live_leader: false dest_uuid: "ed1638e9dc4e4dc5b71ce0f27a75e19a" is_pre_election: true
I20260710 11:08:31.478675 30314 raft_consensus.cc:2468] T 3d2623719ad843d2ae6421d1a2fa85b0 P ed1638e9dc4e4dc5b71ce0f27a75e19a [term 1 FOLLOWER]: Leader election vote request: Granting yes vote for candidate 5a5bdb940a964c0f9ae49b6d6ff934a6 in term 1.
