I20260710 11:08:26.834712 18062 consensus_queue.cc:260] T b8c4eaa0aebd44ee89a1d11493bda8cc P edf6262bcdd4408da08fdcfb5cf6d0ca [NON_LEADER]: Queue going to NON_LEADER mode. State: All replicated index: 0, Majority replicated index: 0, Committed index: 0, Last appended: 0.0, Last appended by leader: 0, Current term: 0, Majority size: -1, State: 0, Mode: NON_LEADER, active raft config: opid_index: -1 OBSOLETE_local: false peers { permanent_uuid: "edf6262bcdd4408da08fdcfb5cf6d0ca" member_type: VOTER last_known_addr { host: "127.16.98.1" port: 34191 } } peers { permanent_uuid: "f53325f725af414880ea403345ca76f7" member_type: VOTER last_known_addr { host: "127.16.98.2" port: 34403 } } peers { permanent_uuid: "a4bdc41e3a654d5dbc64f5fe3b89735c" member_type: VOTER last_known_addr { host: "127.16.98.3" port: 40605 } }
I20260710 11:08:26.843806 18065 tablet_bootstrap.cc:492] T d7b10def8dee4c5c995f2230d57e0028 P f53325f725af414880ea403345ca76f7: Bootstrap starting.
I20260710 11:08:26.834832 18066 leader_election.cc:290] T 8ca2e4fcd54a4f7f81a0b99b07eeeaf4 P edf6262bcdd4408da08fdcfb5cf6d0ca [CANDIDATE]: Term 1 pre-election: Requested pre-vote from peers f53325f725af414880ea403345ca76f7 (127.16.98.2:34403), a4bdc41e3a654d5dbc64f5fe3b89735c (127.16.98.3:40605)
I20260710 11:08:26.849411 18074 raft_consensus.cc:515] T 8ca2e4fcd54a4f7f81a0b99b07eeeaf4 P edf6262bcdd4408da08fdcfb5cf6d0ca [term 1 FOLLOWER]: Starting leader election with config: opid_index: -1 OBSOLETE_local: false peers { permanent_uuid: "edf6262bcdd4408da08fdcfb5cf6d0ca" member_type: VOTER last_known_addr { host: "127.16.98.1" port: 34191 } } peers { permanent_uuid: "f53325f725af414880ea403345ca76f7" member_type: VOTER last_known_addr { host: "127.16.98.2" port: 34403 } } peers { permanent_uuid: "a4bdc41e3a654d5dbc64f5fe3b89735c" member_type: VOTER last_known_addr { host: "127.16.98.3" port: 40605 } }
I20260710 11:08:26.850775 18065 tablet_bootstrap.cc:654] T d7b10def8dee4c5c995f2230d57e0028 P f53325f725af414880ea403345ca76f7: Neither blocks nor log segments found. Creating new log.
I20260710 11:08:26.852322 17873 tablet_service.cc:1917] Received RequestConsensusVote() RPC: tablet_id: "74f3687e15d9487c9040faf008f0becc" candidate_uuid: "a4bdc41e3a654d5dbc64f5fe3b89735c" candidate_term: 1 candidate_status { last_received { term: 0 index: 0 } } ignore_live_leader: false dest_uuid: "edf6262bcdd4408da08fdcfb5cf6d0ca" is_pre_election: true
I20260710 11:08:26.852988 17873 raft_consensus.cc:2468] T 74f3687e15d9487c9040faf008f0becc P edf6262bcdd4408da08fdcfb5cf6d0ca [term 0 FOLLOWER]: Leader pre-election vote request: Granting yes vote for candidate a4bdc41e3a654d5dbc64f5fe3b89735c in term 0.
I20260710 11:08:26.854132 18062 ts_tablet_manager.cc:1434] T b8c4eaa0aebd44ee89a1d11493bda8cc P edf6262bcdd4408da08fdcfb5cf6d0ca: Time spent starting tablet: real 0.023s	user 0.008s	sys 0.000s
I20260710 11:08:26.855321 18062 tablet_bootstrap.cc:492] T b897c97cc9e94b649533b74cdfccea59 P edf6262bcdd4408da08fdcfb5cf6d0ca: Bootstrap starting.
I20260710 11:08:26.855428 17948 tablet_service.cc:1917] Received RequestConsensusVote() RPC: tablet_id: "74f3687e15d9487c9040faf008f0becc" candidate_uuid: "a4bdc41e3a654d5dbc64f5fe3b89735c" candidate_term: 1 candidate_status { last_received { term: 0 index: 0 } } ignore_live_leader: false dest_uuid: "f53325f725af414880ea403345ca76f7" is_pre_election: true
I20260710 11:08:26.856341 17948 raft_consensus.cc:2468] T 74f3687e15d9487c9040faf008f0becc P f53325f725af414880ea403345ca76f7 [term 0 FOLLOWER]: Leader pre-election vote request: Granting yes vote for candidate a4bdc41e3a654d5dbc64f5fe3b89735c in term 0.
I20260710 11:08:26.862085 18021 tablet_service.cc:1917] Received RequestConsensusVote() RPC: tablet_id: "8ca2e4fcd54a4f7f81a0b99b07eeeaf4" candidate_uuid: "edf6262bcdd4408da08fdcfb5cf6d0ca" candidate_term: 1 candidate_status { last_received { term: 0 index: 0 } } ignore_live_leader: false dest_uuid: "a4bdc41e3a654d5dbc64f5fe3b89735c" is_pre_election: true
I20260710 11:08:26.862798 18021 raft_consensus.cc:2468] T 8ca2e4fcd54a4f7f81a0b99b07eeeaf4 P a4bdc41e3a654d5dbc64f5fe3b89735c [term 0 FOLLOWER]: Leader pre-election vote request: Granting yes vote for candidate edf6262bcdd4408da08fdcfb5cf6d0ca in term 0.
I20260710 11:08:26.864732 17771 catalog_manager.cc:5697] T b897c97cc9e94b649533b74cdfccea59 P a4bdc41e3a654d5dbc64f5fe3b89735c reported cstate change: term changed from 0 to 1, leader changed from <none> to a4bdc41e3a654d5dbc64f5fe3b89735c (127.16.98.3). New cstate: current_term: 1 leader_uuid: "a4bdc41e3a654d5dbc64f5fe3b89735c" committed_config { opid_index: -1 OBSOLETE_local: false peers { permanent_uuid: "edf6262bcdd4408da08fdcfb5cf6d0ca" member_type: VOTER last_known_addr { host: "127.16.98.1" port: 34191 } health_report { overall_health: UNKNOWN } } peers { permanent_uuid: "f53325f725af414880ea403345ca76f7" member_type: VOTER last_known_addr { host: "127.16.98.2" port: 34403 } health_report { overall_health: UNKNOWN } } peers { permanent_uuid: "a4bdc41e3a654d5dbc64f5fe3b89735c" member_type: VOTER last_known_addr { host: "127.16.98.3" port: 40605 } health_report { overall_health: HEALTHY } } }
I20260710 11:08:26.866638 18062 tablet_bootstrap.cc:654] T b897c97cc9e94b649533b74cdfccea59 P edf6262bcdd4408da08fdcfb5cf6d0ca: Neither blocks nor log segments found. Creating new log.
I20260710 11:08:26.867763 17985 leader_election.cc:304] T 74f3687e15d9487c9040faf008f0becc P a4bdc41e3a654d5dbc64f5fe3b89735c [CANDIDATE]: Term 1 pre-election: Election decided. Result: candidate won. Election summary: received 2 responses out of 3 voters: 2 yes votes; 0 no votes. yes voters: a4bdc41e3a654d5dbc64f5fe3b89735c, f53325f725af414880ea403345ca76f7; no voters: 
I20260710 11:08:26.868609 18068 raft_consensus.cc:2804] T 74f3687e15d9487c9040faf008f0becc P a4bdc41e3a654d5dbc64f5fe3b89735c [term 0 FOLLOWER]: Leader pre-election won for term 1
I20260710 11:08:26.869112 18068 raft_consensus.cc:493] T 74f3687e15d9487c9040faf008f0becc P a4bdc41e3a654d5dbc64f5fe3b89735c [term 0 FOLLOWER]: Starting leader election (no leader contacted us within the election timeout)
I20260710 11:08:26.869580 18068 raft_consensus.cc:3060] T 74f3687e15d9487c9040faf008f0becc P a4bdc41e3a654d5dbc64f5fe3b89735c [term 0 FOLLOWER]: Advancing to term 1
I20260710 11:08:26.871708 18074 leader_election.cc:290] T 8ca2e4fcd54a4f7f81a0b99b07eeeaf4 P edf6262bcdd4408da08fdcfb5cf6d0ca [CANDIDATE]: Term 1 election: Requested vote from peers f53325f725af414880ea403345ca76f7 (127.16.98.2:34403), a4bdc41e3a654d5dbc64f5fe3b89735c (127.16.98.3:40605)
I20260710 11:08:26.874630 18064 tablet_bootstrap.cc:492] T 1b1d77f4084d41a5bc501e3718acf688 P a4bdc41e3a654d5dbc64f5fe3b89735c: No bootstrap required, opened a new log
I20260710 11:08:26.875100 18064 ts_tablet_manager.cc:1403] T 1b1d77f4084d41a5bc501e3718acf688 P a4bdc41e3a654d5dbc64f5fe3b89735c: Time spent bootstrapping tablet: real 0.069s	user 0.027s	sys 0.017s
I20260710 11:08:26.875308 18021 tablet_service.cc:1917] Received RequestConsensusVote() RPC: tablet_id: "8ca2e4fcd54a4f7f81a0b99b07eeeaf4" candidate_uuid: "edf6262bcdd4408da08fdcfb5cf6d0ca" candidate_term: 1 candidate_status { last_received { term: 0 index: 0 } } ignore_live_leader: false dest_uuid: "a4bdc41e3a654d5dbc64f5fe3b89735c"
I20260710 11:08:26.875859 18021 raft_consensus.cc:3060] T 8ca2e4fcd54a4f7f81a0b99b07eeeaf4 P a4bdc41e3a654d5dbc64f5fe3b89735c [term 0 FOLLOWER]: Advancing to term 1
I20260710 11:08:26.876965 18068 raft_consensus.cc:515] T 74f3687e15d9487c9040faf008f0becc P a4bdc41e3a654d5dbc64f5fe3b89735c [term 1 FOLLOWER]: Starting leader election with config: opid_index: -1 OBSOLETE_local: false peers { permanent_uuid: "edf6262bcdd4408da08fdcfb5cf6d0ca" member_type: VOTER last_known_addr { host: "127.16.98.1" port: 34191 } } peers { permanent_uuid: "f53325f725af414880ea403345ca76f7" member_type: VOTER last_known_addr { host: "127.16.98.2" port: 34403 } } peers { permanent_uuid: "a4bdc41e3a654d5dbc64f5fe3b89735c" member_type: VOTER last_known_addr { host: "127.16.98.3" port: 40605 } }
I20260710 11:08:26.877120 17770 catalog_manager.cc:5697] T 2e3d449bc6d64460a5b3b68ac9e2b763 P f53325f725af414880ea403345ca76f7 reported cstate change: term changed from 0 to 1, leader changed from <none> to f53325f725af414880ea403345ca76f7 (127.16.98.2). New cstate: current_term: 1 leader_uuid: "f53325f725af414880ea403345ca76f7" committed_config { opid_index: -1 OBSOLETE_local: false peers { permanent_uuid: "edf6262bcdd4408da08fdcfb5cf6d0ca" member_type: VOTER last_known_addr { host: "127.16.98.1" port: 34191 } health_report { overall_health: UNKNOWN } } peers { permanent_uuid: "f53325f725af414880ea403345ca76f7" member_type: VOTER last_known_addr { host: "127.16.98.2" port: 34403 } health_report { overall_health: HEALTHY } } peers { permanent_uuid: "a4bdc41e3a654d5dbc64f5fe3b89735c" member_type: VOTER last_known_addr { host: "127.16.98.3" port: 40605 } health_report { overall_health: UNKNOWN } } }
I20260710 11:08:26.877964 18064 raft_consensus.cc:359] T 1b1d77f4084d41a5bc501e3718acf688 P a4bdc41e3a654d5dbc64f5fe3b89735c [term 0 FOLLOWER]: Replica starting. Triggering 0 pending ops. Active config: opid_index: -1 OBSOLETE_local: false peers { permanent_uuid: "edf6262bcdd4408da08fdcfb5cf6d0ca" member_type: VOTER last_known_addr { host: "127.16.98.1" port: 34191 } } peers { permanent_uuid: "f53325f725af414880ea403345ca76f7" member_type: VOTER last_known_addr { host: "127.16.98.2" port: 34403 } } peers { permanent_uuid: "a4bdc41e3a654d5dbc64f5fe3b89735c" member_type: VOTER last_known_addr { host: "127.16.98.3" port: 40605 } }
I20260710 11:08:26.878628 18064 raft_consensus.cc:385] T 1b1d77f4084d41a5bc501e3718acf688 P a4bdc41e3a654d5dbc64f5fe3b89735c [term 0 FOLLOWER]: Consensus starting up: Expiring failure detector timer to make a prompt election more likely
I20260710 11:08:26.878895 18064 raft_consensus.cc:740] T 1b1d77f4084d41a5bc501e3718acf688 P a4bdc41e3a654d5dbc64f5fe3b89735c [term 0 FOLLOWER]: Becoming Follower/Learner. State: Replica: a4bdc41e3a654d5dbc64f5fe3b89735c, State: Initialized, Role: FOLLOWER
I20260710 11:08:26.868784 18065 tablet_bootstrap.cc:492] T d7b10def8dee4c5c995f2230d57e0028 P f53325f725af414880ea403345ca76f7: No bootstrap required, opened a new log
I20260710 11:08:26.879639 18064 consensus_queue.cc:260] T 1b1d77f4084d41a5bc501e3718acf688 P a4bdc41e3a654d5dbc64f5fe3b89735c [NON_LEADER]: Queue going to NON_LEADER mode. State: All replicated index: 0, Majority replicated index: 0, Committed index: 0, Last appended: 0.0, Last appended by leader: 0, Current term: 0, Majority size: -1, State: 0, Mode: NON_LEADER, active raft config: opid_index: -1 OBSOLETE_local: false peers { permanent_uuid: "edf6262bcdd4408da08fdcfb5cf6d0ca" member_type: VOTER last_known_addr { host: "127.16.98.1" port: 34191 } } peers { permanent_uuid: "f53325f725af414880ea403345ca76f7" member_type: VOTER last_known_addr { host: "127.16.98.2" port: 34403 } } peers { permanent_uuid: "a4bdc41e3a654d5dbc64f5fe3b89735c" member_type: VOTER last_known_addr { host: "127.16.98.3" port: 40605 } }
I20260710 11:08:26.879701 17873 tablet_service.cc:1917] Received RequestConsensusVote() RPC: tablet_id: "74f3687e15d9487c9040faf008f0becc" candidate_uuid: "a4bdc41e3a654d5dbc64f5fe3b89735c" candidate_term: 1 candidate_status { last_received { term: 0 index: 0 } } ignore_live_leader: false dest_uuid: "edf6262bcdd4408da08fdcfb5cf6d0ca"
I20260710 11:08:26.880892 17873 raft_consensus.cc:3060] T 74f3687e15d9487c9040faf008f0becc P edf6262bcdd4408da08fdcfb5cf6d0ca [term 0 FOLLOWER]: Advancing to term 1
I20260710 11:08:26.881855 18064 ts_tablet_manager.cc:1434] T 1b1d77f4084d41a5bc501e3718acf688 P a4bdc41e3a654d5dbc64f5fe3b89735c: Time spent starting tablet: real 0.006s	user 0.005s	sys 0.000s
I20260710 11:08:26.881923 17947 tablet_service.cc:1917] Received RequestConsensusVote() RPC: tablet_id: "74f3687e15d9487c9040faf008f0becc" candidate_uuid: "a4bdc41e3a654d5dbc64f5fe3b89735c" candidate_term: 1 candidate_status { last_received { term: 0 index: 0 } } ignore_live_leader: false dest_uuid: "f53325f725af414880ea403345ca76f7"
I20260710 11:08:26.882546 17947 raft_consensus.cc:3060] T 74f3687e15d9487c9040faf008f0becc P f53325f725af414880ea403345ca76f7 [term 0 FOLLOWER]: Advancing to term 1
I20260710 11:08:26.882891 18064 tablet_bootstrap.cc:492] T fc557e5d9bfa4c4486f0e68b7c7a19f4 P a4bdc41e3a654d5dbc64f5fe3b89735c: Bootstrap starting.
I20260710 11:08:26.880894 17948 tablet_service.cc:1917] Received RequestConsensusVote() RPC: tablet_id: "8ca2e4fcd54a4f7f81a0b99b07eeeaf4" candidate_uuid: "edf6262bcdd4408da08fdcfb5cf6d0ca" candidate_term: 1 candidate_status { last_received { term: 0 index: 0 } } ignore_live_leader: false dest_uuid: "f53325f725af414880ea403345ca76f7"
I20260710 11:08:26.887614 17948 raft_consensus.cc:3060] T 8ca2e4fcd54a4f7f81a0b99b07eeeaf4 P f53325f725af414880ea403345ca76f7 [term 0 FOLLOWER]: Advancing to term 1
I20260710 11:08:26.889248 18021 raft_consensus.cc:2468] T 8ca2e4fcd54a4f7f81a0b99b07eeeaf4 P a4bdc41e3a654d5dbc64f5fe3b89735c [term 1 FOLLOWER]: Leader election vote request: Granting yes vote for candidate edf6262bcdd4408da08fdcfb5cf6d0ca in term 1.
I20260710 11:08:26.890592 17947 raft_consensus.cc:2468] T 74f3687e15d9487c9040faf008f0becc P f53325f725af414880ea403345ca76f7 [term 1 FOLLOWER]: Leader election vote request: Granting yes vote for candidate a4bdc41e3a654d5dbc64f5fe3b89735c in term 1.
I20260710 11:08:26.890515 17837 leader_election.cc:304] T 8ca2e4fcd54a4f7f81a0b99b07eeeaf4 P edf6262bcdd4408da08fdcfb5cf6d0ca [CANDIDATE]: Term 1 election: Election decided. Result: candidate won. Election summary: received 2 responses out of 3 voters: 2 yes votes; 0 no votes. yes voters: a4bdc41e3a654d5dbc64f5fe3b89735c, edf6262bcdd4408da08fdcfb5cf6d0ca; no voters: 
I20260710 11:08:26.880519 18065 ts_tablet_manager.cc:1403] T d7b10def8dee4c5c995f2230d57e0028 P f53325f725af414880ea403345ca76f7: Time spent bootstrapping tablet: real 0.037s	user 0.015s	sys 0.003s
I20260710 11:08:26.891481 18074 raft_consensus.cc:2804] T 8ca2e4fcd54a4f7f81a0b99b07eeeaf4 P edf6262bcdd4408da08fdcfb5cf6d0ca [term 1 FOLLOWER]: Leader election won for term 1
I20260710 11:08:26.891973 18074 raft_consensus.cc:697] T 8ca2e4fcd54a4f7f81a0b99b07eeeaf4 P edf6262bcdd4408da08fdcfb5cf6d0ca [term 1 LEADER]: Becoming Leader. State: Replica: edf6262bcdd4408da08fdcfb5cf6d0ca, State: Running, Role: LEADER
I20260710 11:08:26.892745 18074 consensus_queue.cc:237] T 8ca2e4fcd54a4f7f81a0b99b07eeeaf4 P edf6262bcdd4408da08fdcfb5cf6d0ca [LEADER]: Queue going to LEADER mode. State: All replicated index: 0, Majority replicated index: 0, Committed index: 0, Last appended: 0.0, Last appended by leader: 0, Current term: 1, Majority size: 2, State: 0, Mode: LEADER, active raft config: opid_index: -1 OBSOLETE_local: false peers { permanent_uuid: "edf6262bcdd4408da08fdcfb5cf6d0ca" member_type: VOTER last_known_addr { host: "127.16.98.1" port: 34191 } } peers { permanent_uuid: "f53325f725af414880ea403345ca76f7" member_type: VOTER last_known_addr { host: "127.16.98.2" port: 34403 } } peers { permanent_uuid: "a4bdc41e3a654d5dbc64f5fe3b89735c" member_type: VOTER last_known_addr { host: "127.16.98.3" port: 40605 } }
I20260710 11:08:26.894026 18065 raft_consensus.cc:359] T d7b10def8dee4c5c995f2230d57e0028 P f53325f725af414880ea403345ca76f7 [term 0 FOLLOWER]: Replica starting. Triggering 0 pending ops. Active config: opid_index: -1 OBSOLETE_local: false peers { permanent_uuid: "edf6262bcdd4408da08fdcfb5cf6d0ca" member_type: VOTER last_known_addr { host: "127.16.98.1" port: 34191 } } peers { permanent_uuid: "f53325f725af414880ea403345ca76f7" member_type: VOTER last_known_addr { host: "127.16.98.2" port: 34403 } } peers { permanent_uuid: "a4bdc41e3a654d5dbc64f5fe3b89735c" member_type: VOTER last_known_addr { host: "127.16.98.3" port: 40605 } }
I20260710 11:08:26.894723 18065 raft_consensus.cc:385] T d7b10def8dee4c5c995f2230d57e0028 P f53325f725af414880ea403345ca76f7 [term 0 FOLLOWER]: Consensus starting up: Expiring failure detector timer to make a prompt election more likely
I20260710 11:08:26.895072 18065 raft_consensus.cc:740] T d7b10def8dee4c5c995f2230d57e0028 P f53325f725af414880ea403345ca76f7 [term 0 FOLLOWER]: Becoming Follower/Learner. State: Replica: f53325f725af414880ea403345ca76f7, State: Initialized, Role: FOLLOWER
I20260710 11:08:26.895901 18065 consensus_queue.cc:260] T d7b10def8dee4c5c995f2230d57e0028 P f53325f725af414880ea403345ca76f7 [NON_LEADER]: Queue going to NON_LEADER mode. State: All replicated index: 0, Majority replicated index: 0, Committed index: 0, Last appended: 0.0, Last appended by leader: 0, Current term: 0, Majority size: -1, State: 0, Mode: NON_LEADER, active raft config: opid_index: -1 OBSOLETE_local: false peers { permanent_uuid: "edf6262bcdd4408da08fdcfb5cf6d0ca" member_type: VOTER last_known_addr { host: "127.16.98.1" port: 34191 } } peers { permanent_uuid: "f53325f725af414880ea403345ca76f7" member_type: VOTER last_known_addr { host: "127.16.98.2" port: 34403 } } peers { permanent_uuid: "a4bdc41e3a654d5dbc64f5fe3b89735c" member_type: VOTER last_known_addr { host: "127.16.98.3" port: 40605 } }
I20260710 11:08:26.898156 18065 ts_tablet_manager.cc:1434] T d7b10def8dee4c5c995f2230d57e0028 P f53325f725af414880ea403345ca76f7: Time spent starting tablet: real 0.007s	user 0.005s	sys 0.000s
I20260710 11:08:26.899119 18065 tablet_bootstrap.cc:492] T 1b1d77f4084d41a5bc501e3718acf688 P f53325f725af414880ea403345ca76f7: Bootstrap starting.
I20260710 11:08:26.900501 17873 raft_consensus.cc:2468] T 74f3687e15d9487c9040faf008f0becc P edf6262bcdd4408da08fdcfb5cf6d0ca [term 1 FOLLOWER]: Leader election vote request: Granting yes vote for candidate a4bdc41e3a654d5dbc64f5fe3b89735c in term 1.
I20260710 11:08:26.902105 17985 leader_election.cc:304] T 74f3687e15d9487c9040faf008f0becc P a4bdc41e3a654d5dbc64f5fe3b89735c [CANDIDATE]: Term 1 election: Election decided. Result: candidate won. Election summary: received 2 responses out of 3 voters: 2 yes votes; 0 no votes. yes voters: a4bdc41e3a654d5dbc64f5fe3b89735c, edf6262bcdd4408da08fdcfb5cf6d0ca; no voters: 
I20260710 11:08:26.903119 18088 raft_consensus.cc:2804] T 74f3687e15d9487c9040faf008f0becc P a4bdc41e3a654d5dbc64f5fe3b89735c [term 1 FOLLOWER]: Leader election won for term 1
I20260710 11:08:26.903621 18088 raft_consensus.cc:697] T 74f3687e15d9487c9040faf008f0becc P a4bdc41e3a654d5dbc64f5fe3b89735c [term 1 LEADER]: Becoming Leader. State: Replica: a4bdc41e3a654d5dbc64f5fe3b89735c, State: Running, Role: LEADER
I20260710 11:08:26.904453 18088 consensus_queue.cc:237] T 74f3687e15d9487c9040faf008f0becc P a4bdc41e3a654d5dbc64f5fe3b89735c [LEADER]: Queue going to LEADER mode. State: All replicated index: 0, Majority replicated index: 0, Committed index: 0, Last appended: 0.0, Last appended by leader: 0, Current term: 1, Majority size: 2, State: 0, Mode: LEADER, active raft config: opid_index: -1 OBSOLETE_local: false peers { permanent_uuid: "edf6262bcdd4408da08fdcfb5cf6d0ca" member_type: VOTER last_known_addr { host: "127.16.98.1" port: 34191 } } peers { permanent_uuid: "f53325f725af414880ea403345ca76f7" member_type: VOTER last_known_addr { host: "127.16.98.2" port: 34403 } } peers { permanent_uuid: "a4bdc41e3a654d5dbc64f5fe3b89735c" member_type: VOTER last_known_addr { host: "127.16.98.3" port: 40605 } }
I20260710 11:08:26.904946 17948 raft_consensus.cc:2468] T 8ca2e4fcd54a4f7f81a0b99b07eeeaf4 P f53325f725af414880ea403345ca76f7 [term 1 FOLLOWER]: Leader election vote request: Granting yes vote for candidate edf6262bcdd4408da08fdcfb5cf6d0ca in term 1.
I20260710 11:08:26.880879 18068 leader_election.cc:290] T 74f3687e15d9487c9040faf008f0becc P a4bdc41e3a654d5dbc64f5fe3b89735c [CANDIDATE]: Term 1 election: Requested vote from peers edf6262bcdd4408da08fdcfb5cf6d0ca (127.16.98.1:34191), f53325f725af414880ea403345ca76f7 (127.16.98.2:34403)
I20260710 11:08:26.911028 18075 raft_consensus.cc:493] T 0496c719396c45e49286ab19c1721156 P f53325f725af414880ea403345ca76f7 [term 0 FOLLOWER]: Starting pre-election (no leader contacted us within the election timeout)
I20260710 11:08:26.911521 18075 raft_consensus.cc:515] T 0496c719396c45e49286ab19c1721156 P f53325f725af414880ea403345ca76f7 [term 0 FOLLOWER]: Starting pre-election with config: opid_index: -1 OBSOLETE_local: false peers { permanent_uuid: "a4bdc41e3a654d5dbc64f5fe3b89735c" member_type: VOTER last_known_addr { host: "127.16.98.3" port: 40605 } } peers { permanent_uuid: "edf6262bcdd4408da08fdcfb5cf6d0ca" member_type: VOTER last_known_addr { host: "127.16.98.1" port: 34191 } } peers { permanent_uuid: "f53325f725af414880ea403345ca76f7" member_type: VOTER last_known_addr { host: "127.16.98.2" port: 34403 } }
I20260710 11:08:26.913221 18104 raft_consensus.cc:493] T b8c4eaa0aebd44ee89a1d11493bda8cc P a4bdc41e3a654d5dbc64f5fe3b89735c [term 0 FOLLOWER]: Starting pre-election (no leader contacted us within the election timeout)
I20260710 11:08:26.913829 18104 raft_consensus.cc:515] T b8c4eaa0aebd44ee89a1d11493bda8cc P a4bdc41e3a654d5dbc64f5fe3b89735c [term 0 FOLLOWER]: Starting pre-election with config: opid_index: -1 OBSOLETE_local: false peers { permanent_uuid: "edf6262bcdd4408da08fdcfb5cf6d0ca" member_type: VOTER last_known_addr { host: "127.16.98.1" port: 34191 } } peers { permanent_uuid: "f53325f725af414880ea403345ca76f7" member_type: VOTER last_known_addr { host: "127.16.98.2" port: 34403 } } peers { permanent_uuid: "a4bdc41e3a654d5dbc64f5fe3b89735c" member_type: VOTER last_known_addr { host: "127.16.98.3" port: 40605 } }
I20260710 11:08:26.914708 18075 leader_election.cc:290] T 0496c719396c45e49286ab19c1721156 P f53325f725af414880ea403345ca76f7 [CANDIDATE]: Term 1 pre-election: Requested pre-vote from peers a4bdc41e3a654d5dbc64f5fe3b89735c (127.16.98.3:40605), edf6262bcdd4408da08fdcfb5cf6d0ca (127.16.98.1:34191)
I20260710 11:08:26.915395 18021 tablet_service.cc:1917] Received RequestConsensusVote() RPC: tablet_id: "0496c719396c45e49286ab19c1721156" candidate_uuid: "f53325f725af414880ea403345ca76f7" candidate_term: 1 candidate_status { last_received { term: 0 index: 0 } } ignore_live_leader: false dest_uuid: "a4bdc41e3a654d5dbc64f5fe3b89735c" is_pre_election: true
I20260710 11:08:26.916260 18104 leader_election.cc:290] T b8c4eaa0aebd44ee89a1d11493bda8cc P a4bdc41e3a654d5dbc64f5fe3b89735c [CANDIDATE]: Term 1 pre-election: Requested pre-vote from peers edf6262bcdd4408da08fdcfb5cf6d0ca (127.16.98.1:34191), f53325f725af414880ea403345ca76f7 (127.16.98.2:34403)
W20260710 11:08:26.916721 17912 leader_election.cc:343] T 0496c719396c45e49286ab19c1721156 P f53325f725af414880ea403345ca76f7 [CANDIDATE]: Term 1 pre-election: Tablet error from VoteRequest() call to peer a4bdc41e3a654d5dbc64f5fe3b89735c (127.16.98.3:40605): Illegal state: must be running to vote when last-logged opid is not known
I20260710 11:08:26.917109 17873 tablet_service.cc:1917] Received RequestConsensusVote() RPC: tablet_id: "0496c719396c45e49286ab19c1721156" candidate_uuid: "f53325f725af414880ea403345ca76f7" candidate_term: 1 candidate_status { last_received { term: 0 index: 0 } } ignore_live_leader: false dest_uuid: "edf6262bcdd4408da08fdcfb5cf6d0ca" is_pre_election: true
I20260710 11:08:26.917783 17873 raft_consensus.cc:2468] T 0496c719396c45e49286ab19c1721156 P edf6262bcdd4408da08fdcfb5cf6d0ca [term 0 FOLLOWER]: Leader pre-election vote request: Granting yes vote for candidate f53325f725af414880ea403345ca76f7 in term 0.
I20260710 11:08:26.919029 17911 leader_election.cc:304] T 0496c719396c45e49286ab19c1721156 P f53325f725af414880ea403345ca76f7 [CANDIDATE]: Term 1 pre-election: Election decided. Result: candidate won. Election summary: received 3 responses out of 3 voters: 2 yes votes; 1 no votes. yes voters: edf6262bcdd4408da08fdcfb5cf6d0ca, f53325f725af414880ea403345ca76f7; no voters: a4bdc41e3a654d5dbc64f5fe3b89735c
I20260710 11:08:26.919699 17948 tablet_service.cc:1917] Received RequestConsensusVote() RPC: tablet_id: "b8c4eaa0aebd44ee89a1d11493bda8cc" candidate_uuid: "a4bdc41e3a654d5dbc64f5fe3b89735c" candidate_term: 1 candidate_status { last_received { term: 0 index: 0 } } ignore_live_leader: false dest_uuid: "f53325f725af414880ea403345ca76f7" is_pre_election: true
I20260710 11:08:26.920045 18076 raft_consensus.cc:493] T b8c4eaa0aebd44ee89a1d11493bda8cc P f53325f725af414880ea403345ca76f7 [term 0 FOLLOWER]: Starting pre-election (no leader contacted us within the election timeout)
I20260710 11:08:26.920538 18076 raft_consensus.cc:515] T b8c4eaa0aebd44ee89a1d11493bda8cc P f53325f725af414880ea403345ca76f7 [term 0 FOLLOWER]: Starting pre-election with config: opid_index: -1 OBSOLETE_local: false peers { permanent_uuid: "edf6262bcdd4408da08fdcfb5cf6d0ca" member_type: VOTER last_known_addr { host: "127.16.98.1" port: 34191 } } peers { permanent_uuid: "f53325f725af414880ea403345ca76f7" member_type: VOTER last_known_addr { host: "127.16.98.2" port: 34403 } } peers { permanent_uuid: "a4bdc41e3a654d5dbc64f5fe3b89735c" member_type: VOTER last_known_addr { host: "127.16.98.3" port: 40605 } }
I20260710 11:08:26.923100 17948 raft_consensus.cc:2468] T b8c4eaa0aebd44ee89a1d11493bda8cc P f53325f725af414880ea403345ca76f7 [term 0 FOLLOWER]: Leader pre-election vote request: Granting yes vote for candidate a4bdc41e3a654d5dbc64f5fe3b89735c in term 0.
I20260710 11:08:26.924994 17873 tablet_service.cc:1917] Received RequestConsensusVote() RPC: tablet_id: "b8c4eaa0aebd44ee89a1d11493bda8cc" candidate_uuid: "a4bdc41e3a654d5dbc64f5fe3b89735c" candidate_term: 1 candidate_status { last_received { term: 0 index: 0 } } ignore_live_leader: false dest_uuid: "edf6262bcdd4408da08fdcfb5cf6d0ca" is_pre_election: true
I20260710 11:08:26.925732 17873 raft_consensus.cc:2468] T b8c4eaa0aebd44ee89a1d11493bda8cc P edf6262bcdd4408da08fdcfb5cf6d0ca [term 0 FOLLOWER]: Leader pre-election vote request: Granting yes vote for candidate a4bdc41e3a654d5dbc64f5fe3b89735c in term 0.
I20260710 11:08:26.925988 18075 raft_consensus.cc:2804] T 0496c719396c45e49286ab19c1721156 P f53325f725af414880ea403345ca76f7 [term 0 FOLLOWER]: Leader pre-election won for term 1
I20260710 11:08:26.926649 18075 raft_consensus.cc:493] T 0496c719396c45e49286ab19c1721156 P f53325f725af414880ea403345ca76f7 [term 0 FOLLOWER]: Starting leader election (no leader contacted us within the election timeout)
I20260710 11:08:26.927032 18075 raft_consensus.cc:3060] T 0496c719396c45e49286ab19c1721156 P f53325f725af414880ea403345ca76f7 [term 0 FOLLOWER]: Advancing to term 1
I20260710 11:08:26.928038 18076 leader_election.cc:290] T b8c4eaa0aebd44ee89a1d11493bda8cc P f53325f725af414880ea403345ca76f7 [CANDIDATE]: Term 1 pre-election: Requested pre-vote from peers edf6262bcdd4408da08fdcfb5cf6d0ca (127.16.98.1:34191), a4bdc41e3a654d5dbc64f5fe3b89735c (127.16.98.3:40605)
I20260710 11:08:26.928833 17873 tablet_service.cc:1917] Received RequestConsensusVote() RPC: tablet_id: "b8c4eaa0aebd44ee89a1d11493bda8cc" candidate_uuid: "f53325f725af414880ea403345ca76f7" candidate_term: 1 candidate_status { last_received { term: 0 index: 0 } } ignore_live_leader: false dest_uuid: "edf6262bcdd4408da08fdcfb5cf6d0ca" is_pre_election: true
I20260710 11:08:26.929437 17873 raft_consensus.cc:2468] T b8c4eaa0aebd44ee89a1d11493bda8cc P edf6262bcdd4408da08fdcfb5cf6d0ca [term 0 FOLLOWER]: Leader pre-election vote request: Granting yes vote for candidate f53325f725af414880ea403345ca76f7 in term 0.
I20260710 11:08:26.930619 17911 leader_election.cc:304] T b8c4eaa0aebd44ee89a1d11493bda8cc P f53325f725af414880ea403345ca76f7 [CANDIDATE]: Term 1 pre-election: Election decided. Result: candidate won. Election summary: received 2 responses out of 3 voters: 2 yes votes; 0 no votes. yes voters: edf6262bcdd4408da08fdcfb5cf6d0ca, f53325f725af414880ea403345ca76f7; no voters: 
I20260710 11:08:26.931521 18076 raft_consensus.cc:2804] T b8c4eaa0aebd44ee89a1d11493bda8cc P f53325f725af414880ea403345ca76f7 [term 0 FOLLOWER]: Leader pre-election won for term 1
I20260710 11:08:26.931663 18021 tablet_service.cc:1917] Received RequestConsensusVote() RPC: tablet_id: "b8c4eaa0aebd44ee89a1d11493bda8cc" candidate_uuid: "f53325f725af414880ea403345ca76f7" candidate_term: 1 candidate_status { last_received { term: 0 index: 0 } } ignore_live_leader: false dest_uuid: "a4bdc41e3a654d5dbc64f5fe3b89735c" is_pre_election: true
I20260710 11:08:26.931922 18076 raft_consensus.cc:493] T b8c4eaa0aebd44ee89a1d11493bda8cc P f53325f725af414880ea403345ca76f7 [term 0 FOLLOWER]: Starting leader election (no leader contacted us within the election timeout)
I20260710 11:08:26.932299 18021 raft_consensus.cc:2468] T b8c4eaa0aebd44ee89a1d11493bda8cc P a4bdc41e3a654d5dbc64f5fe3b89735c [term 0 FOLLOWER]: Leader pre-election vote request: Granting yes vote for candidate f53325f725af414880ea403345ca76f7 in term 0.
I20260710 11:08:26.932515 18076 raft_consensus.cc:3060] T b8c4eaa0aebd44ee89a1d11493bda8cc P f53325f725af414880ea403345ca76f7 [term 0 FOLLOWER]: Advancing to term 1
I20260710 11:08:26.933504 17985 leader_election.cc:304] T b8c4eaa0aebd44ee89a1d11493bda8cc P a4bdc41e3a654d5dbc64f5fe3b89735c [CANDIDATE]: Term 1 pre-election: Election decided. Result: candidate won. Election summary: received 2 responses out of 3 voters: 2 yes votes; 0 no votes. yes voters: a4bdc41e3a654d5dbc64f5fe3b89735c, f53325f725af414880ea403345ca76f7; no voters: 
I20260710 11:08:26.934314 18104 raft_consensus.cc:2804] T b8c4eaa0aebd44ee89a1d11493bda8cc P a4bdc41e3a654d5dbc64f5fe3b89735c [term 0 FOLLOWER]: Leader pre-election won for term 1
I20260710 11:08:26.934762 18104 raft_consensus.cc:493] T b8c4eaa0aebd44ee89a1d11493bda8cc P a4bdc41e3a654d5dbc64f5fe3b89735c [term 0 FOLLOWER]: Starting leader election (no leader contacted us within the election timeout)
I20260710 11:08:26.935206 18104 raft_consensus.cc:3060] T b8c4eaa0aebd44ee89a1d11493bda8cc P a4bdc41e3a654d5dbc64f5fe3b89735c [term 0 FOLLOWER]: Advancing to term 1
I20260710 11:08:26.957532 18076 raft_consensus.cc:515] T b8c4eaa0aebd44ee89a1d11493bda8cc P f53325f725af414880ea403345ca76f7 [term 1 FOLLOWER]: Starting leader election with config: opid_index: -1 OBSOLETE_local: false peers { permanent_uuid: "edf6262bcdd4408da08fdcfb5cf6d0ca" member_type: VOTER last_known_addr { host: "127.16.98.1" port: 34191 } } peers { permanent_uuid: "f53325f725af414880ea403345ca76f7" member_type: VOTER last_known_addr { host: "127.16.98.2" port: 34403 } } peers { permanent_uuid: "a4bdc41e3a654d5dbc64f5fe3b89735c" member_type: VOTER last_known_addr { host: "127.16.98.3" port: 40605 } }
I20260710 11:08:26.960971 17873 tablet_service.cc:1917] Received RequestConsensusVote() RPC: tablet_id: "b8c4eaa0aebd44ee89a1d11493bda8cc" candidate_uuid: "f53325f725af414880ea403345ca76f7" candidate_term: 1 candidate_status { last_received { term: 0 index: 0 } } ignore_live_leader: false dest_uuid: "edf6262bcdd4408da08fdcfb5cf6d0ca"
I20260710 11:08:26.961576 17873 raft_consensus.cc:3060] T b8c4eaa0aebd44ee89a1d11493bda8cc P edf6262bcdd4408da08fdcfb5cf6d0ca [term 0 FOLLOWER]: Advancing to term 1
I20260710 11:08:26.961907 18062 tablet_bootstrap.cc:492] T b897c97cc9e94b649533b74cdfccea59 P edf6262bcdd4408da08fdcfb5cf6d0ca: No bootstrap required, opened a new log
I20260710 11:08:26.962423 18062 ts_tablet_manager.cc:1403] T b897c97cc9e94b649533b74cdfccea59 P edf6262bcdd4408da08fdcfb5cf6d0ca: Time spent bootstrapping tablet: real 0.107s	user 0.009s	sys 0.002s
I20260710 11:08:26.962390 18075 raft_consensus.cc:515] T 0496c719396c45e49286ab19c1721156 P f53325f725af414880ea403345ca76f7 [term 1 FOLLOWER]: Starting leader election with config: opid_index: -1 OBSOLETE_local: false peers { permanent_uuid: "a4bdc41e3a654d5dbc64f5fe3b89735c" member_type: VOTER last_known_addr { host: "127.16.98.3" port: 40605 } } peers { permanent_uuid: "edf6262bcdd4408da08fdcfb5cf6d0ca" member_type: VOTER last_known_addr { host: "127.16.98.1" port: 34191 } } peers { permanent_uuid: "f53325f725af414880ea403345ca76f7" member_type: VOTER last_known_addr { host: "127.16.98.2" port: 34403 } }
I20260710 11:08:26.965284 18062 raft_consensus.cc:359] T b897c97cc9e94b649533b74cdfccea59 P edf6262bcdd4408da08fdcfb5cf6d0ca [term 0 FOLLOWER]: Replica starting. Triggering 0 pending ops. Active config: opid_index: -1 OBSOLETE_local: false peers { permanent_uuid: "edf6262bcdd4408da08fdcfb5cf6d0ca" member_type: VOTER last_known_addr { host: "127.16.98.1" port: 34191 } } peers { permanent_uuid: "f53325f725af414880ea403345ca76f7" member_type: VOTER last_known_addr { host: "127.16.98.2" port: 34403 } } peers { permanent_uuid: "a4bdc41e3a654d5dbc64f5fe3b89735c" member_type: VOTER last_known_addr { host: "127.16.98.3" port: 40605 } }
I20260710 11:08:26.965510 18021 tablet_service.cc:1917] Received RequestConsensusVote() RPC: tablet_id: "0496c719396c45e49286ab19c1721156" candidate_uuid: "f53325f725af414880ea403345ca76f7" candidate_term: 1 candidate_status { last_received { term: 0 index: 0 } } ignore_live_leader: false dest_uuid: "a4bdc41e3a654d5dbc64f5fe3b89735c"
I20260710 11:08:26.965960 18062 raft_consensus.cc:385] T b897c97cc9e94b649533b74cdfccea59 P edf6262bcdd4408da08fdcfb5cf6d0ca [term 0 FOLLOWER]: Consensus starting up: Expiring failure detector timer to make a prompt election more likely
I20260710 11:08:26.966060 18065 tablet_bootstrap.cc:654] T 1b1d77f4084d41a5bc501e3718acf688 P f53325f725af414880ea403345ca76f7: Neither blocks nor log segments found. Creating new log.
I20260710 11:08:26.966274 18062 raft_consensus.cc:740] T b897c97cc9e94b649533b74cdfccea59 P edf6262bcdd4408da08fdcfb5cf6d0ca [term 0 FOLLOWER]: Becoming Follower/Learner. State: Replica: edf6262bcdd4408da08fdcfb5cf6d0ca, State: Initialized, Role: FOLLOWER
W20260710 11:08:26.966974 17912 leader_election.cc:343] T 0496c719396c45e49286ab19c1721156 P f53325f725af414880ea403345ca76f7 [CANDIDATE]: Term 1 election: Tablet error from VoteRequest() call to peer a4bdc41e3a654d5dbc64f5fe3b89735c (127.16.98.3:40605): Illegal state: must be running to vote when last-logged opid is not known
I20260710 11:08:26.968488 17873 raft_consensus.cc:2468] T b8c4eaa0aebd44ee89a1d11493bda8cc P edf6262bcdd4408da08fdcfb5cf6d0ca [term 1 FOLLOWER]: Leader election vote request: Granting yes vote for candidate f53325f725af414880ea403345ca76f7 in term 1.
I20260710 11:08:26.969782 18064 tablet_bootstrap.cc:654] T fc557e5d9bfa4c4486f0e68b7c7a19f4 P a4bdc41e3a654d5dbc64f5fe3b89735c: Neither blocks nor log segments found. Creating new log.
I20260710 11:08:26.969606 17911 leader_election.cc:304] T b8c4eaa0aebd44ee89a1d11493bda8cc P f53325f725af414880ea403345ca76f7 [CANDIDATE]: Term 1 election: Election decided. Result: candidate won. Election summary: received 2 responses out of 3 voters: 2 yes votes; 0 no votes. yes voters: edf6262bcdd4408da08fdcfb5cf6d0ca, f53325f725af414880ea403345ca76f7; no voters: 
I20260710 11:08:26.966984 18062 consensus_queue.cc:260] T b897c97cc9e94b649533b74cdfccea59 P edf6262bcdd4408da08fdcfb5cf6d0ca [NON_LEADER]: Queue going to NON_LEADER mode. State: All replicated index: 0, Majority replicated index: 0, Committed index: 0, Last appended: 0.0, Last appended by leader: 0, Current term: 0, Majority size: -1, State: 0, Mode: NON_LEADER, active raft config: opid_index: -1 OBSOLETE_local: false peers { permanent_uuid: "edf6262bcdd4408da08fdcfb5cf6d0ca" member_type: VOTER last_known_addr { host: "127.16.98.1" port: 34191 } } peers { permanent_uuid: "f53325f725af414880ea403345ca76f7" member_type: VOTER last_known_addr { host: "127.16.98.2" port: 34403 } } peers { permanent_uuid: "a4bdc41e3a654d5dbc64f5fe3b89735c" member_type: VOTER last_known_addr { host: "127.16.98.3" port: 40605 } }
I20260710 11:08:26.973271 18062 ts_tablet_manager.cc:1434] T b897c97cc9e94b649533b74cdfccea59 P edf6262bcdd4408da08fdcfb5cf6d0ca: Time spent starting tablet: real 0.010s	user 0.005s	sys 0.000s
I20260710 11:08:26.974203 18062 tablet_bootstrap.cc:492] T fc557e5d9bfa4c4486f0e68b7c7a19f4 P edf6262bcdd4408da08fdcfb5cf6d0ca: Bootstrap starting.
I20260710 11:08:26.974086 18117 raft_consensus.cc:2804] T b8c4eaa0aebd44ee89a1d11493bda8cc P f53325f725af414880ea403345ca76f7 [term 1 FOLLOWER]: Leader election won for term 1
I20260710 11:08:26.974570 17771 catalog_manager.cc:5697] T 8ca2e4fcd54a4f7f81a0b99b07eeeaf4 P edf6262bcdd4408da08fdcfb5cf6d0ca reported cstate change: term changed from 0 to 1, leader changed from <none> to edf6262bcdd4408da08fdcfb5cf6d0ca (127.16.98.1). New cstate: current_term: 1 leader_uuid: "edf6262bcdd4408da08fdcfb5cf6d0ca" committed_config { opid_index: -1 OBSOLETE_local: false peers { permanent_uuid: "edf6262bcdd4408da08fdcfb5cf6d0ca" member_type: VOTER last_known_addr { host: "127.16.98.1" port: 34191 } health_report { overall_health: HEALTHY } } peers { permanent_uuid: "f53325f725af414880ea403345ca76f7" member_type: VOTER last_known_addr { host: "127.16.98.2" port: 34403 } health_report { overall_health: UNKNOWN } } peers { permanent_uuid: "a4bdc41e3a654d5dbc64f5fe3b89735c" member_type: VOTER last_known_addr { host: "127.16.98.3" port: 40605 } health_report { overall_health: UNKNOWN } } }
I20260710 11:08:26.977099 18117 raft_consensus.cc:697] T b8c4eaa0aebd44ee89a1d11493bda8cc P f53325f725af414880ea403345ca76f7 [term 1 LEADER]: Becoming Leader. State: Replica: f53325f725af414880ea403345ca76f7, State: Running, Role: LEADER
I20260710 11:08:26.980032 18117 consensus_queue.cc:237] T b8c4eaa0aebd44ee89a1d11493bda8cc P f53325f725af414880ea403345ca76f7 [LEADER]: Queue going to LEADER mode. State: All replicated index: 0, Majority replicated index: 0, Committed index: 0, Last appended: 0.0, Last appended by leader: 0, Current term: 1, Majority size: 2, State: 0, Mode: LEADER, active raft config: opid_index: -1 OBSOLETE_local: false peers { permanent_uuid: "edf6262bcdd4408da08fdcfb5cf6d0ca" member_type: VOTER last_known_addr { host: "127.16.98.1" port: 34191 } } peers { permanent_uuid: "f53325f725af414880ea403345ca76f7" member_type: VOTER last_known_addr { host: "127.16.98.2" port: 34403 } } peers { permanent_uuid: "a4bdc41e3a654d5dbc64f5fe3b89735c" member_type: VOTER last_known_addr { host: "127.16.98.3" port: 40605 } }
I20260710 11:08:26.954490 18104 raft_consensus.cc:515] T b8c4eaa0aebd44ee89a1d11493bda8cc P a4bdc41e3a654d5dbc64f5fe3b89735c [term 1 FOLLOWER]: Starting leader election with config: opid_index: -1 OBSOLETE_local: false peers { permanent_uuid: "edf6262bcdd4408da08fdcfb5cf6d0ca" member_type: VOTER last_known_addr { host: "127.16.98.1" port: 34191 } } peers { permanent_uuid: "f53325f725af414880ea403345ca76f7" member_type: VOTER last_known_addr { host: "127.16.98.2" port: 34403 } } peers { permanent_uuid: "a4bdc41e3a654d5dbc64f5fe3b89735c" member_type: VOTER last_known_addr { host: "127.16.98.3" port: 40605 } }
I20260710 11:08:26.981981 18065 tablet_bootstrap.cc:492] T 1b1d77f4084d41a5bc501e3718acf688 P f53325f725af414880ea403345ca76f7: No bootstrap required, opened a new log
I20260710 11:08:26.983872 18076 leader_election.cc:290] T b8c4eaa0aebd44ee89a1d11493bda8cc P f53325f725af414880ea403345ca76f7 [CANDIDATE]: Term 1 election: Requested vote from peers edf6262bcdd4408da08fdcfb5cf6d0ca (127.16.98.1:34191), a4bdc41e3a654d5dbc64f5fe3b89735c (127.16.98.3:40605)
I20260710 11:08:26.984411 18065 ts_tablet_manager.cc:1403] T 1b1d77f4084d41a5bc501e3718acf688 P f53325f725af414880ea403345ca76f7: Time spent bootstrapping tablet: real 0.085s	user 0.010s	sys 0.015s
I20260710 11:08:26.987020 18065 raft_consensus.cc:359] T 1b1d77f4084d41a5bc501e3718acf688 P f53325f725af414880ea403345ca76f7 [term 0 FOLLOWER]: Replica starting. Triggering 0 pending ops. Active config: opid_index: -1 OBSOLETE_local: false peers { permanent_uuid: "edf6262bcdd4408da08fdcfb5cf6d0ca" member_type: VOTER last_known_addr { host: "127.16.98.1" port: 34191 } } peers { permanent_uuid: "f53325f725af414880ea403345ca76f7" member_type: VOTER last_known_addr { host: "127.16.98.2" port: 34403 } } peers { permanent_uuid: "a4bdc41e3a654d5dbc64f5fe3b89735c" member_type: VOTER last_known_addr { host: "127.16.98.3" port: 40605 } }
I20260710 11:08:26.987874 18065 raft_consensus.cc:385] T 1b1d77f4084d41a5bc501e3718acf688 P f53325f725af414880ea403345ca76f7 [term 0 FOLLOWER]: Consensus starting up: Expiring failure detector timer to make a prompt election more likely
I20260710 11:08:26.989964 18065 raft_consensus.cc:740] T 1b1d77f4084d41a5bc501e3718acf688 P f53325f725af414880ea403345ca76f7 [term 0 FOLLOWER]: Becoming Follower/Learner. State: Replica: f53325f725af414880ea403345ca76f7, State: Initialized, Role: FOLLOWER
I20260710 11:08:26.990175 17872 tablet_service.cc:1917] Received RequestConsensusVote() RPC: tablet_id: "b8c4eaa0aebd44ee89a1d11493bda8cc" candidate_uuid: "a4bdc41e3a654d5dbc64f5fe3b89735c" candidate_term: 1 candidate_status { last_received { term: 0 index: 0 } } ignore_live_leader: false dest_uuid: "edf6262bcdd4408da08fdcfb5cf6d0ca"
I20260710 11:08:26.990391 18021 tablet_service.cc:1917] Received RequestConsensusVote() RPC: tablet_id: "b8c4eaa0aebd44ee89a1d11493bda8cc" candidate_uuid: "f53325f725af414880ea403345ca76f7" candidate_term: 1 candidate_status { last_received { term: 0 index: 0 } } ignore_live_leader: false dest_uuid: "a4bdc41e3a654d5dbc64f5fe3b89735c"
I20260710 11:08:26.991153 18021 raft_consensus.cc:2393] T b8c4eaa0aebd44ee89a1d11493bda8cc P a4bdc41e3a654d5dbc64f5fe3b89735c [term 1 FOLLOWER]: Leader election vote request: Denying vote to candidate f53325f725af414880ea403345ca76f7 in current term 1: Already voted for candidate a4bdc41e3a654d5dbc64f5fe3b89735c in this term.
I20260710 11:08:26.990974 17873 tablet_service.cc:1917] Received RequestConsensusVote() RPC: tablet_id: "0496c719396c45e49286ab19c1721156" candidate_uuid: "f53325f725af414880ea403345ca76f7" candidate_term: 1 candidate_status { last_received { term: 0 index: 0 } } ignore_live_leader: false dest_uuid: "edf6262bcdd4408da08fdcfb5cf6d0ca"
I20260710 11:08:26.991870 17873 raft_consensus.cc:3060] T 0496c719396c45e49286ab19c1721156 P edf6262bcdd4408da08fdcfb5cf6d0ca [term 0 FOLLOWER]: Advancing to term 1
I20260710 11:08:26.990967 18065 consensus_queue.cc:260] T 1b1d77f4084d41a5bc501e3718acf688 P f53325f725af414880ea403345ca76f7 [NON_LEADER]: Queue going to NON_LEADER mode. State: All replicated index: 0, Majority replicated index: 0, Committed index: 0, Last appended: 0.0, Last appended by leader: 0, Current term: 0, Majority size: -1, State: 0, Mode: NON_LEADER, active raft config: opid_index: -1 OBSOLETE_local: false peers { permanent_uuid: "edf6262bcdd4408da08fdcfb5cf6d0ca" member_type: VOTER last_known_addr { host: "127.16.98.1" port: 34191 } } peers { permanent_uuid: "f53325f725af414880ea403345ca76f7" member_type: VOTER last_known_addr { host: "127.16.98.2" port: 34403 } } peers { permanent_uuid: "a4bdc41e3a654d5dbc64f5fe3b89735c" member_type: VOTER last_known_addr { host: "127.16.98.3" port: 40605 } }
I20260710 11:08:26.993458 17947 tablet_service.cc:1917] Received RequestConsensusVote() RPC: tablet_id: "b8c4eaa0aebd44ee89a1d11493bda8cc" candidate_uuid: "a4bdc41e3a654d5dbc64f5fe3b89735c" candidate_term: 1 candidate_status { last_received { term: 0 index: 0 } } ignore_live_leader: false dest_uuid: "f53325f725af414880ea403345ca76f7"
I20260710 11:08:26.990974 17872 raft_consensus.cc:2393] T b8c4eaa0aebd44ee89a1d11493bda8cc P edf6262bcdd4408da08fdcfb5cf6d0ca [term 1 FOLLOWER]: Leader election vote request: Denying vote to candidate a4bdc41e3a654d5dbc64f5fe3b89735c in current term 1: Already voted for candidate f53325f725af414880ea403345ca76f7 in this term.
I20260710 11:08:26.993818 18104 leader_election.cc:290] T b8c4eaa0aebd44ee89a1d11493bda8cc P a4bdc41e3a654d5dbc64f5fe3b89735c [CANDIDATE]: Term 1 election: Requested vote from peers edf6262bcdd4408da08fdcfb5cf6d0ca (127.16.98.1:34191), f53325f725af414880ea403345ca76f7 (127.16.98.2:34403)
I20260710 11:08:26.993983 18075 leader_election.cc:290] T 0496c719396c45e49286ab19c1721156 P f53325f725af414880ea403345ca76f7 [CANDIDATE]: Term 1 election: Requested vote from peers a4bdc41e3a654d5dbc64f5fe3b89735c (127.16.98.3:40605), edf6262bcdd4408da08fdcfb5cf6d0ca (127.16.98.1:34191)
I20260710 11:08:26.996158 17985 leader_election.cc:304] T b8c4eaa0aebd44ee89a1d11493bda8cc P a4bdc41e3a654d5dbc64f5fe3b89735c [CANDIDATE]: Term 1 election: Election decided. Result: candidate lost. Election summary: received 3 responses out of 3 voters: 1 yes votes; 2 no votes. yes voters: a4bdc41e3a654d5dbc64f5fe3b89735c; no voters: edf6262bcdd4408da08fdcfb5cf6d0ca, f53325f725af414880ea403345ca76f7
I20260710 11:08:26.996599 18065 ts_tablet_manager.cc:1434] T 1b1d77f4084d41a5bc501e3718acf688 P f53325f725af414880ea403345ca76f7: Time spent starting tablet: real 0.012s	user 0.006s	sys 0.000s
I20260710 11:08:27.000803 18062 tablet_bootstrap.cc:654] T fc557e5d9bfa4c4486f0e68b7c7a19f4 P edf6262bcdd4408da08fdcfb5cf6d0ca: Neither blocks nor log segments found. Creating new log.
I20260710 11:08:27.002036 18065 tablet_bootstrap.cc:492] T d9485bcb25074e83b1b089b2cc098895 P f53325f725af414880ea403345ca76f7: Bootstrap starting.
I20260710 11:08:26.998507 18064 tablet_bootstrap.cc:492] T fc557e5d9bfa4c4486f0e68b7c7a19f4 P a4bdc41e3a654d5dbc64f5fe3b89735c: No bootstrap required, opened a new log
I20260710 11:08:27.003590 18088 raft_consensus.cc:2749] T b8c4eaa0aebd44ee89a1d11493bda8cc P a4bdc41e3a654d5dbc64f5fe3b89735c [term 1 FOLLOWER]: Leader election lost for term 1. Reason: could not achieve majority
I20260710 11:08:27.003976 18064 ts_tablet_manager.cc:1403] T fc557e5d9bfa4c4486f0e68b7c7a19f4 P a4bdc41e3a654d5dbc64f5fe3b89735c: Time spent bootstrapping tablet: real 0.121s	user 0.032s	sys 0.061s
I20260710 11:08:27.003737 17873 raft_consensus.cc:2468] T 0496c719396c45e49286ab19c1721156 P edf6262bcdd4408da08fdcfb5cf6d0ca [term 1 FOLLOWER]: Leader election vote request: Granting yes vote for candidate f53325f725af414880ea403345ca76f7 in term 1.
I20260710 11:08:27.005015 17911 leader_election.cc:304] T 0496c719396c45e49286ab19c1721156 P f53325f725af414880ea403345ca76f7 [CANDIDATE]: Term 1 election: Election decided. Result: candidate won. Election summary: received 3 responses out of 3 voters: 2 yes votes; 1 no votes. yes voters: edf6262bcdd4408da08fdcfb5cf6d0ca, f53325f725af414880ea403345ca76f7; no voters: a4bdc41e3a654d5dbc64f5fe3b89735c
I20260710 11:08:27.006364 18117 raft_consensus.cc:2804] T 0496c719396c45e49286ab19c1721156 P f53325f725af414880ea403345ca76f7 [term 1 FOLLOWER]: Leader election won for term 1
I20260710 11:08:27.006537 18064 raft_consensus.cc:359] T fc557e5d9bfa4c4486f0e68b7c7a19f4 P a4bdc41e3a654d5dbc64f5fe3b89735c [term 0 FOLLOWER]: Replica starting. Triggering 0 pending ops. Active config: opid_index: -1 OBSOLETE_local: false peers { permanent_uuid: "edf6262bcdd4408da08fdcfb5cf6d0ca" member_type: VOTER last_known_addr { host: "127.16.98.1" port: 34191 } } peers { permanent_uuid: "f53325f725af414880ea403345ca76f7" member_type: VOTER last_known_addr { host: "127.16.98.2" port: 34403 } } peers { permanent_uuid: "a4bdc41e3a654d5dbc64f5fe3b89735c" member_type: VOTER last_known_addr { host: "127.16.98.3" port: 40605 } }
I20260710 11:08:27.006932 18117 raft_consensus.cc:697] T 0496c719396c45e49286ab19c1721156 P f53325f725af414880ea403345ca76f7 [term 1 LEADER]: Becoming Leader. State: Replica: f53325f725af414880ea403345ca76f7, State: Running, Role: LEADER
I20260710 11:08:27.007283 18064 raft_consensus.cc:385] T fc557e5d9bfa4c4486f0e68b7c7a19f4 P a4bdc41e3a654d5dbc64f5fe3b89735c [term 0 FOLLOWER]: Consensus starting up: Expiring failure detector timer to make a prompt election more likely
I20260710 11:08:27.007570 18064 raft_consensus.cc:740] T fc557e5d9bfa4c4486f0e68b7c7a19f4 P a4bdc41e3a654d5dbc64f5fe3b89735c [term 0 FOLLOWER]: Becoming Follower/Learner. State: Replica: a4bdc41e3a654d5dbc64f5fe3b89735c, State: Initialized, Role: FOLLOWER
I20260710 11:08:27.007946 18117 consensus_queue.cc:237] T 0496c719396c45e49286ab19c1721156 P f53325f725af414880ea403345ca76f7 [LEADER]: Queue going to LEADER mode. State: All replicated index: 0, Majority replicated index: 0, Committed index: 0, Last appended: 0.0, Last appended by leader: 0, Current term: 1, Majority size: 2, State: 0, Mode: LEADER, active raft config: opid_index: -1 OBSOLETE_local: false peers { permanent_uuid: "a4bdc41e3a654d5dbc64f5fe3b89735c" member_type: VOTER last_known_addr { host: "127.16.98.3" port: 40605 } } peers { permanent_uuid: "edf6262bcdd4408da08fdcfb5cf6d0ca" member_type: VOTER last_known_addr { host: "127.16.98.1" port: 34191 } } peers { permanent_uuid: "f53325f725af414880ea403345ca76f7" member_type: VOTER last_known_addr { host: "127.16.98.2" port: 34403 } }
I20260710 11:08:27.008203 18064 consensus_queue.cc:260] T fc557e5d9bfa4c4486f0e68b7c7a19f4 P a4bdc41e3a654d5dbc64f5fe3b89735c [NON_LEADER]: Queue going to NON_LEADER mode. State: All replicated index: 0, Majority replicated index: 0, Committed index: 0, Last appended: 0.0, Last appended by leader: 0, Current term: 0, Majority size: -1, State: 0, Mode: NON_LEADER, active raft config: opid_index: -1 OBSOLETE_local: false peers { permanent_uuid: "edf6262bcdd4408da08fdcfb5cf6d0ca" member_type: VOTER last_known_addr { host: "127.16.98.1" port: 34191 } } peers { permanent_uuid: "f53325f725af414880ea403345ca76f7" member_type: VOTER last_known_addr { host: "127.16.98.2" port: 34403 } } peers { permanent_uuid: "a4bdc41e3a654d5dbc64f5fe3b89735c" member_type: VOTER last_known_addr { host: "127.16.98.3" port: 40605 } }
