I20260710 11:08:30.555169  2833 catalog_manager.cc:5697] T ea2f7dc02f994dcf99ec5f0c3baafcd0 P 332ce11916b84b5db1222bf709987926 reported cstate change: config changed from index 3 to 4, VOTER 0bf671349d1d4fdaa8bc048b739aac20 (127.1.190.66) evicted. New cstate: current_term: 1 leader_uuid: "82fc9d4fe02a4d129309cf307fb655e0" committed_config { opid_index: 4 OBSOLETE_local: false peers { permanent_uuid: "bed41f0e1c0b428d9d508d0ea1bbf7f2" member_type: VOTER last_known_addr { host: "127.1.190.65" port: 40105 } } peers { permanent_uuid: "82fc9d4fe02a4d129309cf307fb655e0" member_type: VOTER last_known_addr { host: "127.1.190.67" port: 40859 } } peers { permanent_uuid: "332ce11916b84b5db1222bf709987926" member_type: VOTER last_known_addr { host: "127.1.190.68" port: 45473 } attrs { promote: false } } }
I20260710 11:08:30.556094  2938 raft_consensus.cc:2955] T ea2f7dc02f994dcf99ec5f0c3baafcd0 P bed41f0e1c0b428d9d508d0ea1bbf7f2 [term 1 FOLLOWER]: Committing config change with OpId 1.4: config changed from index 3 to 4, VOTER 0bf671349d1d4fdaa8bc048b739aac20 (127.1.190.66) evicted. New config: { opid_index: 4 OBSOLETE_local: false peers { permanent_uuid: "bed41f0e1c0b428d9d508d0ea1bbf7f2" member_type: VOTER last_known_addr { host: "127.1.190.65" port: 40105 } } peers { permanent_uuid: "82fc9d4fe02a4d129309cf307fb655e0" member_type: VOTER last_known_addr { host: "127.1.190.67" port: 40859 } } peers { permanent_uuid: "332ce11916b84b5db1222bf709987926" member_type: VOTER last_known_addr { host: "127.1.190.68" port: 45473 } attrs { promote: false } } }
I20260710 11:08:30.557044  2823 catalog_manager.cc:5210] ChangeConfig:REMOVE_PEER RPC for tablet ea2f7dc02f994dcf99ec5f0c3baafcd0 with cas_config_opid_index 3: ChangeConfig:REMOVE_PEER succeeded (attempt 1)
I20260710 11:08:30.540144  3371 raft_consensus.cc:2955] T afc343ea3cec40a19db812d587a72add P 332ce11916b84b5db1222bf709987926 [term 1 FOLLOWER]: Committing config change with OpId 1.3: config changed from index 2 to 3, 332ce11916b84b5db1222bf709987926 (127.1.190.68) changed from NON_VOTER to VOTER. New config: { opid_index: 3 OBSOLETE_local: false peers { permanent_uuid: "bed41f0e1c0b428d9d508d0ea1bbf7f2" member_type: VOTER last_known_addr { host: "127.1.190.65" port: 40105 } attrs { replace: true } } peers { permanent_uuid: "0bf671349d1d4fdaa8bc048b739aac20" member_type: VOTER last_known_addr { host: "127.1.190.66" port: 40211 } } peers { permanent_uuid: "82fc9d4fe02a4d129309cf307fb655e0" member_type: VOTER last_known_addr { host: "127.1.190.67" port: 40859 } } peers { permanent_uuid: "332ce11916b84b5db1222bf709987926" member_type: VOTER last_known_addr { host: "127.1.190.68" port: 45473 } attrs { promote: false } } }
I20260710 11:08:30.566057  2835 catalog_manager.cc:5697] T afc343ea3cec40a19db812d587a72add P 0bf671349d1d4fdaa8bc048b739aac20 reported cstate change: config changed from index 2 to 3, 332ce11916b84b5db1222bf709987926 (127.1.190.68) changed from NON_VOTER to VOTER. New cstate: current_term: 1 leader_uuid: "0bf671349d1d4fdaa8bc048b739aac20" committed_config { opid_index: 3 OBSOLETE_local: false peers { permanent_uuid: "bed41f0e1c0b428d9d508d0ea1bbf7f2" member_type: VOTER last_known_addr { host: "127.1.190.65" port: 40105 } attrs { replace: true } health_report { overall_health: HEALTHY } } peers { permanent_uuid: "0bf671349d1d4fdaa8bc048b739aac20" member_type: VOTER last_known_addr { host: "127.1.190.66" port: 40211 } health_report { overall_health: HEALTHY } } peers { permanent_uuid: "82fc9d4fe02a4d129309cf307fb655e0" member_type: VOTER last_known_addr { host: "127.1.190.67" port: 40859 } health_report { overall_health: HEALTHY } } peers { permanent_uuid: "332ce11916b84b5db1222bf709987926" member_type: VOTER last_known_addr { host: "127.1.190.68" port: 45473 } attrs { promote: false } health_report { overall_health: HEALTHY } } }
I20260710 11:08:30.572085  3002 tablet_service.cc:1558] Processing DeleteTablet for tablet ea2f7dc02f994dcf99ec5f0c3baafcd0 with delete_type TABLET_DATA_TOMBSTONED (TS 0bf671349d1d4fdaa8bc048b739aac20 not found in new config with opid_index 4) from {username='slave'} at 127.0.0.1:48434
I20260710 11:08:30.573130  3476 tablet_replica.cc:333] T ea2f7dc02f994dcf99ec5f0c3baafcd0 P 0bf671349d1d4fdaa8bc048b739aac20: stopping tablet replica
I20260710 11:08:30.574236  3476 raft_consensus.cc:2243] T ea2f7dc02f994dcf99ec5f0c3baafcd0 P 0bf671349d1d4fdaa8bc048b739aac20 [term 1 FOLLOWER]: Raft consensus shutting down.
I20260710 11:08:30.574848  3476 pending_rounds.cc:70] T ea2f7dc02f994dcf99ec5f0c3baafcd0 P 0bf671349d1d4fdaa8bc048b739aac20: Trying to abort 1 pending ops.
I20260710 11:08:30.575227  3476 pending_rounds.cc:77] T ea2f7dc02f994dcf99ec5f0c3baafcd0 P 0bf671349d1d4fdaa8bc048b739aac20: Aborting op as it isn't in flight: id { term: 1 index: 3 } timestamp: 7305960285518475264 op_type: CHANGE_CONFIG_OP change_config_record { tablet_id: "ea2f7dc02f994dcf99ec5f0c3baafcd0" old_config { opid_index: 2 OBSOLETE_local: false peers { permanent_uuid: "bed41f0e1c0b428d9d508d0ea1bbf7f2" member_type: VOTER last_known_addr { host: "127.1.190.65" port: 40105 } } peers { permanent_uuid: "0bf671349d1d4fdaa8bc048b739aac20" member_type: VOTER last_known_addr { host: "127.1.190.66" port: 40211 } attrs { replace: true } } peers { permanent_uuid: "82fc9d4fe02a4d129309cf307fb655e0" member_type: VOTER last_known_addr { host: "127.1.190.67" port: 40859 } } peers { permanent_uuid: "332ce11916b84b5db1222bf709987926" member_type: NON_VOTER last_known_addr { host: "127.1.190.68" port: 45473 } attrs { promote: true } } } new_config { opid_index: 3 OBSOLETE_local: false peers { permanent_uuid: "bed41f0e1c0b428d9d508d0ea1bbf7f2" member_type: VOTER last_known_addr { host: "127.1.190.65" port: 40105 } } peers { permanent_uuid: "0bf671349d1d4fdaa8bc048b739aac20" member_type: VOTER last_known_addr { host: "127.1.190.66" port: 40211 } attrs { replace: true } } peers { permanent_uuid: "82fc9d4fe02a4d129309cf307fb655e0" member_type: VOTER last_known_addr { host: "127.1.190.67" port: 40859 } } peers { permanent_uuid: "332ce11916b84b5db1222bf709987926" member_type: VOTER last_known_addr { host: "127.1.190.68" port: 45473 } attrs { promote: false } } } }
I20260710 11:08:30.578117  3476 raft_consensus.cc:2917] T ea2f7dc02f994dcf99ec5f0c3baafcd0 P 0bf671349d1d4fdaa8bc048b739aac20 [term 1 FOLLOWER]: Aborting config change with OpId 1.3: Aborted: Op aborted
I20260710 11:08:30.578562  3476 raft_consensus.cc:2889] T ea2f7dc02f994dcf99ec5f0c3baafcd0 P 0bf671349d1d4fdaa8bc048b739aac20 [term 1 FOLLOWER]: CHANGE_CONFIG_OP replication failed: Aborted: Op aborted
I20260710 11:08:30.579003  3476 raft_consensus.cc:2272] T ea2f7dc02f994dcf99ec5f0c3baafcd0 P 0bf671349d1d4fdaa8bc048b739aac20 [term 1 FOLLOWER]: Raft consensus is shut down!
I20260710 11:08:30.589370  3011 consensus_queue.cc:237] T afc343ea3cec40a19db812d587a72add P 0bf671349d1d4fdaa8bc048b739aac20 [LEADER]: Queue going to LEADER mode. State: All replicated index: 0, Majority replicated index: 3, Committed index: 3, Last appended: 1.3, Last appended by leader: 0, Current term: 1, Majority size: 2, State: 0, Mode: LEADER, active raft config: opid_index: 4 OBSOLETE_local: false peers { permanent_uuid: "0bf671349d1d4fdaa8bc048b739aac20" member_type: VOTER last_known_addr { host: "127.1.190.66" port: 40211 } } peers { permanent_uuid: "82fc9d4fe02a4d129309cf307fb655e0" member_type: VOTER last_known_addr { host: "127.1.190.67" port: 40859 } } peers { permanent_uuid: "332ce11916b84b5db1222bf709987926" member_type: VOTER last_known_addr { host: "127.1.190.68" port: 45473 } attrs { promote: false } }
I20260710 11:08:30.591531  3476 ts_tablet_manager.cc:1916] T ea2f7dc02f994dcf99ec5f0c3baafcd0 P 0bf671349d1d4fdaa8bc048b739aac20: Deleting tablet data with delete state TABLET_DATA_TOMBSTONED
I20260710 11:08:30.596647  3371 raft_consensus.cc:1275] T afc343ea3cec40a19db812d587a72add P 332ce11916b84b5db1222bf709987926 [term 1 FOLLOWER]: Refusing update from remote peer 0bf671349d1d4fdaa8bc048b739aac20: Log matching property violated. Preceding OpId in replica: term: 1 index: 3. Preceding OpId from leader: term: 1 index: 4. (index mismatch)
I20260710 11:08:30.598308  3457 consensus_queue.cc:1048] T afc343ea3cec40a19db812d587a72add P 0bf671349d1d4fdaa8bc048b739aac20 [LEADER]: Connected to new peer: Peer: permanent_uuid: "332ce11916b84b5db1222bf709987926" member_type: VOTER last_known_addr { host: "127.1.190.68" port: 45473 } attrs { promote: false }, Status: LMP_MISMATCH, Last received: 0.0, Next index: 4, Last known committed idx: 3, Time since last communication: 0.000s
I20260710 11:08:30.603791  3086 raft_consensus.cc:1275] T afc343ea3cec40a19db812d587a72add P 82fc9d4fe02a4d129309cf307fb655e0 [term 1 FOLLOWER]: Refusing update from remote peer 0bf671349d1d4fdaa8bc048b739aac20: Log matching property violated. Preceding OpId in replica: term: 1 index: 3. Preceding OpId from leader: term: 1 index: 4. (index mismatch)
I20260710 11:08:30.608525  3476 ts_tablet_manager.cc:1929] T ea2f7dc02f994dcf99ec5f0c3baafcd0 P 0bf671349d1d4fdaa8bc048b739aac20: tablet deleted with delete type TABLET_DATA_TOMBSTONED: last-logged OpId 1.3
I20260710 11:08:30.607770  3200 raft_consensus.cc:2955] T afc343ea3cec40a19db812d587a72add P 0bf671349d1d4fdaa8bc048b739aac20 [term 1 LEADER]: Committing config change with OpId 1.4: config changed from index 3 to 4, VOTER bed41f0e1c0b428d9d508d0ea1bbf7f2 (127.1.190.65) evicted. New config: { opid_index: 4 OBSOLETE_local: false peers { permanent_uuid: "0bf671349d1d4fdaa8bc048b739aac20" member_type: VOTER last_known_addr { host: "127.1.190.66" port: 40211 } } peers { permanent_uuid: "82fc9d4fe02a4d129309cf307fb655e0" member_type: VOTER last_known_addr { host: "127.1.190.67" port: 40859 } } peers { permanent_uuid: "332ce11916b84b5db1222bf709987926" member_type: VOTER last_known_addr { host: "127.1.190.68" port: 45473 } attrs { promote: false } } }
I20260710 11:08:30.608989  3476 log.cc:1199] T ea2f7dc02f994dcf99ec5f0c3baafcd0 P 0bf671349d1d4fdaa8bc048b739aac20: Deleting WAL directory at /tmp/dist-test-taskKxoqgb/test-tmp/auto_leader_rebalancer-test.0.LeaderRebalancerTest.AddTserver.1783681676487394-1785-0/minicluster-data/ts-1-root/wals/ea2f7dc02f994dcf99ec5f0c3baafcd0
I20260710 11:08:30.610746  2823 catalog_manager.cc:5028] TS 0bf671349d1d4fdaa8bc048b739aac20 (127.1.190.66:40211): tablet ea2f7dc02f994dcf99ec5f0c3baafcd0 (table test-workload [id=603497adf4474e9684af63ee14e4992b]) successfully deleted
I20260710 11:08:30.612450  3371 raft_consensus.cc:2955] T afc343ea3cec40a19db812d587a72add P 332ce11916b84b5db1222bf709987926 [term 1 FOLLOWER]: Committing config change with OpId 1.4: config changed from index 3 to 4, VOTER bed41f0e1c0b428d9d508d0ea1bbf7f2 (127.1.190.65) evicted. New config: { opid_index: 4 OBSOLETE_local: false peers { permanent_uuid: "0bf671349d1d4fdaa8bc048b739aac20" member_type: VOTER last_known_addr { host: "127.1.190.66" port: 40211 } } peers { permanent_uuid: "82fc9d4fe02a4d129309cf307fb655e0" member_type: VOTER last_known_addr { host: "127.1.190.67" port: 40859 } } peers { permanent_uuid: "332ce11916b84b5db1222bf709987926" member_type: VOTER last_known_addr { host: "127.1.190.68" port: 45473 } attrs { promote: false } } }
I20260710 11:08:30.613600  3457 consensus_queue.cc:1048] T afc343ea3cec40a19db812d587a72add P 0bf671349d1d4fdaa8bc048b739aac20 [LEADER]: Connected to new peer: Peer: permanent_uuid: "82fc9d4fe02a4d129309cf307fb655e0" member_type: VOTER last_known_addr { host: "127.1.190.67" port: 40859 }, Status: LMP_MISMATCH, Last received: 0.0, Next index: 4, Last known committed idx: 3, Time since last communication: 0.000s
I20260710 11:08:30.617457  2823 catalog_manager.cc:5210] ChangeConfig:REMOVE_PEER RPC for tablet afc343ea3cec40a19db812d587a72add with cas_config_opid_index 3: ChangeConfig:REMOVE_PEER succeeded (attempt 1)
I20260710 11:08:30.620276  3086 raft_consensus.cc:2955] T afc343ea3cec40a19db812d587a72add P 82fc9d4fe02a4d129309cf307fb655e0 [term 1 FOLLOWER]: Committing config change with OpId 1.4: config changed from index 3 to 4, VOTER bed41f0e1c0b428d9d508d0ea1bbf7f2 (127.1.190.65) evicted. New config: { opid_index: 4 OBSOLETE_local: false peers { permanent_uuid: "0bf671349d1d4fdaa8bc048b739aac20" member_type: VOTER last_known_addr { host: "127.1.190.66" port: 40211 } } peers { permanent_uuid: "82fc9d4fe02a4d129309cf307fb655e0" member_type: VOTER last_known_addr { host: "127.1.190.67" port: 40859 } } peers { permanent_uuid: "332ce11916b84b5db1222bf709987926" member_type: VOTER last_known_addr { host: "127.1.190.68" port: 45473 } attrs { promote: false } } }
I20260710 11:08:30.625615  2833 catalog_manager.cc:5697] T afc343ea3cec40a19db812d587a72add P 332ce11916b84b5db1222bf709987926 reported cstate change: config changed from index 3 to 4, VOTER bed41f0e1c0b428d9d508d0ea1bbf7f2 (127.1.190.65) evicted. New cstate: current_term: 1 leader_uuid: "0bf671349d1d4fdaa8bc048b739aac20" committed_config { opid_index: 4 OBSOLETE_local: false peers { permanent_uuid: "0bf671349d1d4fdaa8bc048b739aac20" member_type: VOTER last_known_addr { host: "127.1.190.66" port: 40211 } } peers { permanent_uuid: "82fc9d4fe02a4d129309cf307fb655e0" member_type: VOTER last_known_addr { host: "127.1.190.67" port: 40859 } } peers { permanent_uuid: "332ce11916b84b5db1222bf709987926" member_type: VOTER last_known_addr { host: "127.1.190.68" port: 45473 } attrs { promote: false } } }
I20260710 11:08:30.636904  2925 tablet_service.cc:1558] Processing DeleteTablet for tablet afc343ea3cec40a19db812d587a72add with delete_type TABLET_DATA_TOMBSTONED (TS bed41f0e1c0b428d9d508d0ea1bbf7f2 not found in new config with opid_index 4) from {username='slave'} at 127.0.0.1:40672
I20260710 11:08:30.640585  3478 tablet_replica.cc:333] T afc343ea3cec40a19db812d587a72add P bed41f0e1c0b428d9d508d0ea1bbf7f2: stopping tablet replica
I20260710 11:08:30.641882  3478 raft_consensus.cc:2243] T afc343ea3cec40a19db812d587a72add P bed41f0e1c0b428d9d508d0ea1bbf7f2 [term 1 FOLLOWER]: Raft consensus shutting down.
I20260710 11:08:30.642652  3478 raft_consensus.cc:2272] T afc343ea3cec40a19db812d587a72add P bed41f0e1c0b428d9d508d0ea1bbf7f2 [term 1 FOLLOWER]: Raft consensus is shut down!
I20260710 11:08:30.647007  3478 ts_tablet_manager.cc:1916] T afc343ea3cec40a19db812d587a72add P bed41f0e1c0b428d9d508d0ea1bbf7f2: Deleting tablet data with delete state TABLET_DATA_TOMBSTONED
I20260710 11:08:30.659825  3478 ts_tablet_manager.cc:1929] T afc343ea3cec40a19db812d587a72add P bed41f0e1c0b428d9d508d0ea1bbf7f2: tablet deleted with delete type TABLET_DATA_TOMBSTONED: last-logged OpId 1.3
I20260710 11:08:30.660223  3478 log.cc:1199] T afc343ea3cec40a19db812d587a72add P bed41f0e1c0b428d9d508d0ea1bbf7f2: Deleting WAL directory at /tmp/dist-test-taskKxoqgb/test-tmp/auto_leader_rebalancer-test.0.LeaderRebalancerTest.AddTserver.1783681676487394-1785-0/minicluster-data/ts-0-root/wals/afc343ea3cec40a19db812d587a72add
I20260710 11:08:30.661806  2822 catalog_manager.cc:5028] TS bed41f0e1c0b428d9d508d0ea1bbf7f2 (127.1.190.65:40105): tablet afc343ea3cec40a19db812d587a72add (table test-workload [id=603497adf4474e9684af63ee14e4992b]) successfully deleted
I20260710 11:08:31.665536  3013 consensus_queue.cc:237] T 61459ca6379d43d29c230f9df185e2a3 P 0bf671349d1d4fdaa8bc048b739aac20 [LEADER]: Queue going to LEADER mode. State: All replicated index: 0, Majority replicated index: 1, Committed index: 1, Last appended: 1.1, Last appended by leader: 0, Current term: 1, Majority size: 2, State: 0, Mode: LEADER, active raft config: opid_index: 2 OBSOLETE_local: false peers { permanent_uuid: "bed41f0e1c0b428d9d508d0ea1bbf7f2" member_type: VOTER last_known_addr { host: "127.1.190.65" port: 40105 } attrs { replace: true } } peers { permanent_uuid: "0bf671349d1d4fdaa8bc048b739aac20" member_type: VOTER last_known_addr { host: "127.1.190.66" port: 40211 } } peers { permanent_uuid: "82fc9d4fe02a4d129309cf307fb655e0" member_type: VOTER last_known_addr { host: "127.1.190.67" port: 40859 } } peers { permanent_uuid: "332ce11916b84b5db1222bf709987926" member_type: NON_VOTER last_known_addr { host: "127.1.190.68" port: 45473 } attrs { promote: true } }
W20260710 11:08:31.672323  2979 consensus_peers.cc:597] T 61459ca6379d43d29c230f9df185e2a3 P 0bf671349d1d4fdaa8bc048b739aac20 -> Peer 332ce11916b84b5db1222bf709987926 (127.1.190.68:45473): Couldn't send request to peer 332ce11916b84b5db1222bf709987926. Error code: TABLET_NOT_FOUND (6). Status: Not found: Tablet not found: 61459ca6379d43d29c230f9df185e2a3. This is attempt 1: this message will repeat every 5th retry.
I20260710 11:08:31.673846  2938 raft_consensus.cc:1275] T 61459ca6379d43d29c230f9df185e2a3 P bed41f0e1c0b428d9d508d0ea1bbf7f2 [term 1 FOLLOWER]: Refusing update from remote peer 0bf671349d1d4fdaa8bc048b739aac20: Log matching property violated. Preceding OpId in replica: term: 1 index: 1. Preceding OpId from leader: term: 1 index: 2. (index mismatch)
I20260710 11:08:31.673856  3086 raft_consensus.cc:1275] T 61459ca6379d43d29c230f9df185e2a3 P 82fc9d4fe02a4d129309cf307fb655e0 [term 1 FOLLOWER]: Refusing update from remote peer 0bf671349d1d4fdaa8bc048b739aac20: Log matching property violated. Preceding OpId in replica: term: 1 index: 1. Preceding OpId from leader: term: 1 index: 2. (index mismatch)
I20260710 11:08:31.675537  3457 consensus_queue.cc:1048] T 61459ca6379d43d29c230f9df185e2a3 P 0bf671349d1d4fdaa8bc048b739aac20 [LEADER]: Connected to new peer: Peer: permanent_uuid: "bed41f0e1c0b428d9d508d0ea1bbf7f2" member_type: VOTER last_known_addr { host: "127.1.190.65" port: 40105 } attrs { replace: true }, Status: LMP_MISMATCH, Last received: 0.0, Next index: 2, Last known committed idx: 1, Time since last communication: 0.000s
I20260710 11:08:31.676498  3481 consensus_queue.cc:1048] T 61459ca6379d43d29c230f9df185e2a3 P 0bf671349d1d4fdaa8bc048b739aac20 [LEADER]: Connected to new peer: Peer: permanent_uuid: "82fc9d4fe02a4d129309cf307fb655e0" member_type: VOTER last_known_addr { host: "127.1.190.67" port: 40859 }, Status: LMP_MISMATCH, Last received: 0.0, Next index: 2, Last known committed idx: 1, Time since last communication: 0.000s
I20260710 11:08:31.685284  3481 raft_consensus.cc:2955] T 61459ca6379d43d29c230f9df185e2a3 P 0bf671349d1d4fdaa8bc048b739aac20 [term 1 LEADER]: Committing config change with OpId 1.2: config changed from index -1 to 2, NON_VOTER 332ce11916b84b5db1222bf709987926 (127.1.190.68) added. New config: { opid_index: 2 OBSOLETE_local: false peers { permanent_uuid: "bed41f0e1c0b428d9d508d0ea1bbf7f2" member_type: VOTER last_known_addr { host: "127.1.190.65" port: 40105 } attrs { replace: true } } peers { permanent_uuid: "0bf671349d1d4fdaa8bc048b739aac20" member_type: VOTER last_known_addr { host: "127.1.190.66" port: 40211 } } peers { permanent_uuid: "82fc9d4fe02a4d129309cf307fb655e0" member_type: VOTER last_known_addr { host: "127.1.190.67" port: 40859 } } peers { permanent_uuid: "332ce11916b84b5db1222bf709987926" member_type: NON_VOTER last_known_addr { host: "127.1.190.68" port: 45473 } attrs { promote: true } } }
I20260710 11:08:31.687238  2938 raft_consensus.cc:2955] T 61459ca6379d43d29c230f9df185e2a3 P bed41f0e1c0b428d9d508d0ea1bbf7f2 [term 1 FOLLOWER]: Committing config change with OpId 1.2: config changed from index -1 to 2, NON_VOTER 332ce11916b84b5db1222bf709987926 (127.1.190.68) added. New config: { opid_index: 2 OBSOLETE_local: false peers { permanent_uuid: "bed41f0e1c0b428d9d508d0ea1bbf7f2" member_type: VOTER last_known_addr { host: "127.1.190.65" port: 40105 } attrs { replace: true } } peers { permanent_uuid: "0bf671349d1d4fdaa8bc048b739aac20" member_type: VOTER last_known_addr { host: "127.1.190.66" port: 40211 } } peers { permanent_uuid: "82fc9d4fe02a4d129309cf307fb655e0" member_type: VOTER last_known_addr { host: "127.1.190.67" port: 40859 } } peers { permanent_uuid: "332ce11916b84b5db1222bf709987926" member_type: NON_VOTER last_known_addr { host: "127.1.190.68" port: 45473 } attrs { promote: true } } }
I20260710 11:08:31.688467  3087 raft_consensus.cc:2955] T 61459ca6379d43d29c230f9df185e2a3 P 82fc9d4fe02a4d129309cf307fb655e0 [term 1 FOLLOWER]: Committing config change with OpId 1.2: config changed from index -1 to 2, NON_VOTER 332ce11916b84b5db1222bf709987926 (127.1.190.68) added. New config: { opid_index: 2 OBSOLETE_local: false peers { permanent_uuid: "bed41f0e1c0b428d9d508d0ea1bbf7f2" member_type: VOTER last_known_addr { host: "127.1.190.65" port: 40105 } attrs { replace: true } } peers { permanent_uuid: "0bf671349d1d4fdaa8bc048b739aac20" member_type: VOTER last_known_addr { host: "127.1.190.66" port: 40211 } } peers { permanent_uuid: "82fc9d4fe02a4d129309cf307fb655e0" member_type: VOTER last_known_addr { host: "127.1.190.67" port: 40859 } } peers { permanent_uuid: "332ce11916b84b5db1222bf709987926" member_type: NON_VOTER last_known_addr { host: "127.1.190.68" port: 45473 } attrs { promote: true } } }
I20260710 11:08:31.699555  2936 consensus_queue.cc:237] T b855fe9df04248158aa3caed920b0159 P bed41f0e1c0b428d9d508d0ea1bbf7f2 [LEADER]: Queue going to LEADER mode. State: All replicated index: 0, Majority replicated index: 1, Committed index: 1, Last appended: 1.1, Last appended by leader: 0, Current term: 1, Majority size: 2, State: 0, Mode: LEADER, active raft config: opid_index: 2 OBSOLETE_local: false peers { permanent_uuid: "bed41f0e1c0b428d9d508d0ea1bbf7f2" member_type: VOTER last_known_addr { host: "127.1.190.65" port: 40105 } } peers { permanent_uuid: "0bf671349d1d4fdaa8bc048b739aac20" member_type: VOTER last_known_addr { host: "127.1.190.66" port: 40211 } } peers { permanent_uuid: "82fc9d4fe02a4d129309cf307fb655e0" member_type: VOTER last_known_addr { host: "127.1.190.67" port: 40859 } attrs { replace: true } } peers { permanent_uuid: "332ce11916b84b5db1222bf709987926" member_type: NON_VOTER last_known_addr { host: "127.1.190.68" port: 45473 } attrs { promote: true } }
I20260710 11:08:31.700234  2835 catalog_manager.cc:5697] T 61459ca6379d43d29c230f9df185e2a3 P 82fc9d4fe02a4d129309cf307fb655e0 reported cstate change: config changed from index -1 to 2, NON_VOTER 332ce11916b84b5db1222bf709987926 (127.1.190.68) added. New cstate: current_term: 1 leader_uuid: "0bf671349d1d4fdaa8bc048b739aac20" committed_config { opid_index: 2 OBSOLETE_local: false peers { permanent_uuid: "bed41f0e1c0b428d9d508d0ea1bbf7f2" member_type: VOTER last_known_addr { host: "127.1.190.65" port: 40105 } attrs { replace: true } } peers { permanent_uuid: "0bf671349d1d4fdaa8bc048b739aac20" member_type: VOTER last_known_addr { host: "127.1.190.66" port: 40211 } } peers { permanent_uuid: "82fc9d4fe02a4d129309cf307fb655e0" member_type: VOTER last_known_addr { host: "127.1.190.67" port: 40859 } } peers { permanent_uuid: "332ce11916b84b5db1222bf709987926" member_type: NON_VOTER last_known_addr { host: "127.1.190.68" port: 45473 } attrs { promote: true } } }
W20260710 11:08:31.709219  2904 consensus_peers.cc:597] T b855fe9df04248158aa3caed920b0159 P bed41f0e1c0b428d9d508d0ea1bbf7f2 -> Peer 332ce11916b84b5db1222bf709987926 (127.1.190.68:45473): Couldn't send request to peer 332ce11916b84b5db1222bf709987926. Error code: TABLET_NOT_FOUND (6). Status: Not found: Tablet not found: b855fe9df04248158aa3caed920b0159. This is attempt 1: this message will repeat every 5th retry.
I20260710 11:08:31.709847  3013 raft_consensus.cc:1275] T b855fe9df04248158aa3caed920b0159 P 0bf671349d1d4fdaa8bc048b739aac20 [term 1 FOLLOWER]: Refusing update from remote peer bed41f0e1c0b428d9d508d0ea1bbf7f2: Log matching property violated. Preceding OpId in replica: term: 1 index: 1. Preceding OpId from leader: term: 1 index: 2. (index mismatch)
I20260710 11:08:31.710062  3087 raft_consensus.cc:1275] T b855fe9df04248158aa3caed920b0159 P 82fc9d4fe02a4d129309cf307fb655e0 [term 1 FOLLOWER]: Refusing update from remote peer bed41f0e1c0b428d9d508d0ea1bbf7f2: Log matching property violated. Preceding OpId in replica: term: 1 index: 1. Preceding OpId from leader: term: 1 index: 2. (index mismatch)
I20260710 11:08:31.711957  3479 consensus_queue.cc:1048] T b855fe9df04248158aa3caed920b0159 P bed41f0e1c0b428d9d508d0ea1bbf7f2 [LEADER]: Connected to new peer: Peer: permanent_uuid: "0bf671349d1d4fdaa8bc048b739aac20" member_type: VOTER last_known_addr { host: "127.1.190.66" port: 40211 }, Status: LMP_MISMATCH, Last received: 0.0, Next index: 2, Last known committed idx: 1, Time since last communication: 0.000s
I20260710 11:08:31.714257  3470 consensus_queue.cc:1048] T b855fe9df04248158aa3caed920b0159 P bed41f0e1c0b428d9d508d0ea1bbf7f2 [LEADER]: Connected to new peer: Peer: permanent_uuid: "82fc9d4fe02a4d129309cf307fb655e0" member_type: VOTER last_known_addr { host: "127.1.190.67" port: 40859 } attrs { replace: true }, Status: LMP_MISMATCH, Last received: 0.0, Next index: 2, Last known committed idx: 1, Time since last communication: 0.000s
I20260710 11:08:31.723821  3451 raft_consensus.cc:2955] T b855fe9df04248158aa3caed920b0159 P bed41f0e1c0b428d9d508d0ea1bbf7f2 [term 1 LEADER]: Committing config change with OpId 1.2: config changed from index -1 to 2, NON_VOTER 332ce11916b84b5db1222bf709987926 (127.1.190.68) added. New config: { opid_index: 2 OBSOLETE_local: false peers { permanent_uuid: "bed41f0e1c0b428d9d508d0ea1bbf7f2" member_type: VOTER last_known_addr { host: "127.1.190.65" port: 40105 } } peers { permanent_uuid: "0bf671349d1d4fdaa8bc048b739aac20" member_type: VOTER last_known_addr { host: "127.1.190.66" port: 40211 } } peers { permanent_uuid: "82fc9d4fe02a4d129309cf307fb655e0" member_type: VOTER last_known_addr { host: "127.1.190.67" port: 40859 } attrs { replace: true } } peers { permanent_uuid: "332ce11916b84b5db1222bf709987926" member_type: NON_VOTER last_known_addr { host: "127.1.190.68" port: 45473 } attrs { promote: true } } }
I20260710 11:08:31.726722  3087 raft_consensus.cc:2955] T b855fe9df04248158aa3caed920b0159 P 82fc9d4fe02a4d129309cf307fb655e0 [term 1 FOLLOWER]: Committing config change with OpId 1.2: config changed from index -1 to 2, NON_VOTER 332ce11916b84b5db1222bf709987926 (127.1.190.68) added. New config: { opid_index: 2 OBSOLETE_local: false peers { permanent_uuid: "bed41f0e1c0b428d9d508d0ea1bbf7f2" member_type: VOTER last_known_addr { host: "127.1.190.65" port: 40105 } } peers { permanent_uuid: "0bf671349d1d4fdaa8bc048b739aac20" member_type: VOTER last_known_addr { host: "127.1.190.66" port: 40211 } } peers { permanent_uuid: "82fc9d4fe02a4d129309cf307fb655e0" member_type: VOTER last_known_addr { host: "127.1.190.67" port: 40859 } attrs { replace: true } } peers { permanent_uuid: "332ce11916b84b5db1222bf709987926" member_type: NON_VOTER last_known_addr { host: "127.1.190.68" port: 45473 } attrs { promote: true } } }
I20260710 11:08:31.738607  3087 consensus_queue.cc:237] T dfacfc22122b41d6becf4c1c803fb4e0 P 82fc9d4fe02a4d129309cf307fb655e0 [LEADER]: Queue going to LEADER mode. State: All replicated index: 0, Majority replicated index: 1, Committed index: 1, Last appended: 1.1, Last appended by leader: 0, Current term: 1, Majority size: 2, State: 0, Mode: LEADER, active raft config: opid_index: 2 OBSOLETE_local: false peers { permanent_uuid: "bed41f0e1c0b428d9d508d0ea1bbf7f2" member_type: VOTER last_known_addr { host: "127.1.190.65" port: 40105 } attrs { replace: true } } peers { permanent_uuid: "0bf671349d1d4fdaa8bc048b739aac20" member_type: VOTER last_known_addr { host: "127.1.190.66" port: 40211 } } peers { permanent_uuid: "82fc9d4fe02a4d129309cf307fb655e0" member_type: VOTER last_known_addr { host: "127.1.190.67" port: 40859 } } peers { permanent_uuid: "332ce11916b84b5db1222bf709987926" member_type: NON_VOTER last_known_addr { host: "127.1.190.68" port: 45473 } attrs { promote: true } }
I20260710 11:08:31.748903  2836 catalog_manager.cc:5697] T b855fe9df04248158aa3caed920b0159 P bed41f0e1c0b428d9d508d0ea1bbf7f2 reported cstate change: config changed from index -1 to 2, NON_VOTER 332ce11916b84b5db1222bf709987926 (127.1.190.68) added. New cstate: current_term: 1 leader_uuid: "bed41f0e1c0b428d9d508d0ea1bbf7f2" committed_config { opid_index: 2 OBSOLETE_local: false peers { permanent_uuid: "bed41f0e1c0b428d9d508d0ea1bbf7f2" member_type: VOTER last_known_addr { host: "127.1.190.65" port: 40105 } health_report { overall_health: HEALTHY } } peers { permanent_uuid: "0bf671349d1d4fdaa8bc048b739aac20" member_type: VOTER last_known_addr { host: "127.1.190.66" port: 40211 } health_report { overall_health: UNKNOWN } } peers { permanent_uuid: "82fc9d4fe02a4d129309cf307fb655e0" member_type: VOTER last_known_addr { host: "127.1.190.67" port: 40859 } attrs { replace: true } health_report { overall_health: HEALTHY } } peers { permanent_uuid: "332ce11916b84b5db1222bf709987926" member_type: NON_VOTER last_known_addr { host: "127.1.190.68" port: 45473 } attrs { promote: true } health_report { overall_health: UNKNOWN } } }
W20260710 11:08:31.754808  3053 consensus_peers.cc:597] T dfacfc22122b41d6becf4c1c803fb4e0 P 82fc9d4fe02a4d129309cf307fb655e0 -> Peer 332ce11916b84b5db1222bf709987926 (127.1.190.68:45473): Couldn't send request to peer 332ce11916b84b5db1222bf709987926. Error code: TABLET_NOT_FOUND (6). Status: Not found: Tablet not found: dfacfc22122b41d6becf4c1c803fb4e0. This is attempt 1: this message will repeat every 5th retry.
I20260710 11:08:31.754765  3013 raft_consensus.cc:2955] T b855fe9df04248158aa3caed920b0159 P 0bf671349d1d4fdaa8bc048b739aac20 [term 1 FOLLOWER]: Committing config change with OpId 1.2: config changed from index -1 to 2, NON_VOTER 332ce11916b84b5db1222bf709987926 (127.1.190.68) added. New config: { opid_index: 2 OBSOLETE_local: false peers { permanent_uuid: "bed41f0e1c0b428d9d508d0ea1bbf7f2" member_type: VOTER last_known_addr { host: "127.1.190.65" port: 40105 } } peers { permanent_uuid: "0bf671349d1d4fdaa8bc048b739aac20" member_type: VOTER last_known_addr { host: "127.1.190.66" port: 40211 } } peers { permanent_uuid: "82fc9d4fe02a4d129309cf307fb655e0" member_type: VOTER last_known_addr { host: "127.1.190.67" port: 40859 } attrs { replace: true } } peers { permanent_uuid: "332ce11916b84b5db1222bf709987926" member_type: NON_VOTER last_known_addr { host: "127.1.190.68" port: 45473 } attrs { promote: true } } }
I20260710 11:08:31.755892  3011 raft_consensus.cc:1275] T dfacfc22122b41d6becf4c1c803fb4e0 P 0bf671349d1d4fdaa8bc048b739aac20 [term 1 FOLLOWER]: Refusing update from remote peer 82fc9d4fe02a4d129309cf307fb655e0: Log matching property violated. Preceding OpId in replica: term: 1 index: 1. Preceding OpId from leader: term: 1 index: 2. (index mismatch)
I20260710 11:08:31.759687  2936 raft_consensus.cc:1275] T dfacfc22122b41d6becf4c1c803fb4e0 P bed41f0e1c0b428d9d508d0ea1bbf7f2 [term 1 FOLLOWER]: Refusing update from remote peer 82fc9d4fe02a4d129309cf307fb655e0: Log matching property violated. Preceding OpId in replica: term: 1 index: 1. Preceding OpId from leader: term: 1 index: 2. (index mismatch)
I20260710 11:08:31.760030  3449 consensus_queue.cc:1048] T dfacfc22122b41d6becf4c1c803fb4e0 P 82fc9d4fe02a4d129309cf307fb655e0 [LEADER]: Connected to new peer: Peer: permanent_uuid: "0bf671349d1d4fdaa8bc048b739aac20" member_type: VOTER last_known_addr { host: "127.1.190.66" port: 40211 }, Status: LMP_MISMATCH, Last received: 0.0, Next index: 2, Last known committed idx: 1, Time since last communication: 0.000s
I20260710 11:08:31.762528  3449 consensus_queue.cc:1048] T dfacfc22122b41d6becf4c1c803fb4e0 P 82fc9d4fe02a4d129309cf307fb655e0 [LEADER]: Connected to new peer: Peer: permanent_uuid: "bed41f0e1c0b428d9d508d0ea1bbf7f2" member_type: VOTER last_known_addr { host: "127.1.190.65" port: 40105 } attrs { replace: true }, Status: LMP_MISMATCH, Last received: 0.0, Next index: 2, Last known committed idx: 1, Time since last communication: 0.006s
I20260710 11:08:31.775110  3493 raft_consensus.cc:2955] T dfacfc22122b41d6becf4c1c803fb4e0 P 82fc9d4fe02a4d129309cf307fb655e0 [term 1 LEADER]: Committing config change with OpId 1.2: config changed from index -1 to 2, NON_VOTER 332ce11916b84b5db1222bf709987926 (127.1.190.68) added. New config: { opid_index: 2 OBSOLETE_local: false peers { permanent_uuid: "bed41f0e1c0b428d9d508d0ea1bbf7f2" member_type: VOTER last_known_addr { host: "127.1.190.65" port: 40105 } attrs { replace: true } } peers { permanent_uuid: "0bf671349d1d4fdaa8bc048b739aac20" member_type: VOTER last_known_addr { host: "127.1.190.66" port: 40211 } } peers { permanent_uuid: "82fc9d4fe02a4d129309cf307fb655e0" member_type: VOTER last_known_addr { host: "127.1.190.67" port: 40859 } } peers { permanent_uuid: "332ce11916b84b5db1222bf709987926" member_type: NON_VOTER last_known_addr { host: "127.1.190.68" port: 45473 } attrs { promote: true } } }
I20260710 11:08:31.776840  3011 raft_consensus.cc:2955] T dfacfc22122b41d6becf4c1c803fb4e0 P 0bf671349d1d4fdaa8bc048b739aac20 [term 1 FOLLOWER]: Committing config change with OpId 1.2: config changed from index -1 to 2, NON_VOTER 332ce11916b84b5db1222bf709987926 (127.1.190.68) added. New config: { opid_index: 2 OBSOLETE_local: false peers { permanent_uuid: "bed41f0e1c0b428d9d508d0ea1bbf7f2" member_type: VOTER last_known_addr { host: "127.1.190.65" port: 40105 } attrs { replace: true } } peers { permanent_uuid: "0bf671349d1d4fdaa8bc048b739aac20" member_type: VOTER last_known_addr { host: "127.1.190.66" port: 40211 } } peers { permanent_uuid: "82fc9d4fe02a4d129309cf307fb655e0" member_type: VOTER last_known_addr { host: "127.1.190.67" port: 40859 } } peers { permanent_uuid: "332ce11916b84b5db1222bf709987926" member_type: NON_VOTER last_known_addr { host: "127.1.190.68" port: 45473 } attrs { promote: true } } }
I20260710 11:08:31.783166  2936 raft_consensus.cc:2955] T dfacfc22122b41d6becf4c1c803fb4e0 P bed41f0e1c0b428d9d508d0ea1bbf7f2 [term 1 FOLLOWER]: Committing config change with OpId 1.2: config changed from index -1 to 2, NON_VOTER 332ce11916b84b5db1222bf709987926 (127.1.190.68) added. New config: { opid_index: 2 OBSOLETE_local: false peers { permanent_uuid: "bed41f0e1c0b428d9d508d0ea1bbf7f2" member_type: VOTER last_known_addr { host: "127.1.190.65" port: 40105 } attrs { replace: true } } peers { permanent_uuid: "0bf671349d1d4fdaa8bc048b739aac20" member_type: VOTER last_known_addr { host: "127.1.190.66" port: 40211 } } peers { permanent_uuid: "82fc9d4fe02a4d129309cf307fb655e0" member_type: VOTER last_known_addr { host: "127.1.190.67" port: 40859 } } peers { permanent_uuid: "332ce11916b84b5db1222bf709987926" member_type: NON_VOTER last_known_addr { host: "127.1.190.68" port: 45473 } attrs { promote: true } } }
I20260710 11:08:31.799330  2833 catalog_manager.cc:5697] T dfacfc22122b41d6becf4c1c803fb4e0 P bed41f0e1c0b428d9d508d0ea1bbf7f2 reported cstate change: config changed from index -1 to 2, NON_VOTER 332ce11916b84b5db1222bf709987926 (127.1.190.68) added. New cstate: current_term: 1 leader_uuid: "82fc9d4fe02a4d129309cf307fb655e0" committed_config { opid_index: 2 OBSOLETE_local: false peers { permanent_uuid: "bed41f0e1c0b428d9d508d0ea1bbf7f2" member_type: VOTER last_known_addr { host: "127.1.190.65" port: 40105 } attrs { replace: true } } peers { permanent_uuid: "0bf671349d1d4fdaa8bc048b739aac20" member_type: VOTER last_known_addr { host: "127.1.190.66" port: 40211 } } peers { permanent_uuid: "82fc9d4fe02a4d129309cf307fb655e0" member_type: VOTER last_known_addr { host: "127.1.190.67" port: 40859 } } peers { permanent_uuid: "332ce11916b84b5db1222bf709987926" member_type: NON_VOTER last_known_addr { host: "127.1.190.68" port: 45473 } attrs { promote: true } } }
I20260710 11:08:31.809878  2936 consensus_queue.cc:237] T 2788cc26df304d759325d6da392eca12 P bed41f0e1c0b428d9d508d0ea1bbf7f2 [LEADER]: Queue going to LEADER mode. State: All replicated index: 0, Majority replicated index: 1, Committed index: 1, Last appended: 1.1, Last appended by leader: 0, Current term: 1, Majority size: 2, State: 0, Mode: LEADER, active raft config: opid_index: 2 OBSOLETE_local: false peers { permanent_uuid: "bed41f0e1c0b428d9d508d0ea1bbf7f2" member_type: VOTER last_known_addr { host: "127.1.190.65" port: 40105 } } peers { permanent_uuid: "0bf671349d1d4fdaa8bc048b739aac20" member_type: VOTER last_known_addr { host: "127.1.190.66" port: 40211 } } peers { permanent_uuid: "82fc9d4fe02a4d129309cf307fb655e0" member_type: VOTER last_known_addr { host: "127.1.190.67" port: 40859 } attrs { replace: true } } peers { permanent_uuid: "332ce11916b84b5db1222bf709987926" member_type: NON_VOTER last_known_addr { host: "127.1.190.68" port: 45473 } attrs { promote: true } }
I20260710 11:08:31.818575  3087 raft_consensus.cc:1275] T 2788cc26df304d759325d6da392eca12 P 82fc9d4fe02a4d129309cf307fb655e0 [term 1 FOLLOWER]: Refusing update from remote peer bed41f0e1c0b428d9d508d0ea1bbf7f2: Log matching property violated. Preceding OpId in replica: term: 1 index: 1. Preceding OpId from leader: term: 1 index: 2. (index mismatch)
I20260710 11:08:31.819270  3011 raft_consensus.cc:1275] T 2788cc26df304d759325d6da392eca12 P 0bf671349d1d4fdaa8bc048b739aac20 [term 1 FOLLOWER]: Refusing update from remote peer bed41f0e1c0b428d9d508d0ea1bbf7f2: Log matching property violated. Preceding OpId in replica: term: 1 index: 1. Preceding OpId from leader: term: 1 index: 2. (index mismatch)
W20260710 11:08:31.818567  2904 consensus_peers.cc:597] T 2788cc26df304d759325d6da392eca12 P bed41f0e1c0b428d9d508d0ea1bbf7f2 -> Peer 332ce11916b84b5db1222bf709987926 (127.1.190.68:45473): Couldn't send request to peer 332ce11916b84b5db1222bf709987926. Error code: TABLET_NOT_FOUND (6). Status: Not found: Tablet not found: 2788cc26df304d759325d6da392eca12. This is attempt 1: this message will repeat every 5th retry.
I20260710 11:08:31.820322  3470 consensus_queue.cc:1048] T 2788cc26df304d759325d6da392eca12 P bed41f0e1c0b428d9d508d0ea1bbf7f2 [LEADER]: Connected to new peer: Peer: permanent_uuid: "82fc9d4fe02a4d129309cf307fb655e0" member_type: VOTER last_known_addr { host: "127.1.190.67" port: 40859 } attrs { replace: true }, Status: LMP_MISMATCH, Last received: 0.0, Next index: 2, Last known committed idx: 1, Time since last communication: 0.000s
I20260710 11:08:31.821184  3451 consensus_queue.cc:1048] T 2788cc26df304d759325d6da392eca12 P bed41f0e1c0b428d9d508d0ea1bbf7f2 [LEADER]: Connected to new peer: Peer: permanent_uuid: "0bf671349d1d4fdaa8bc048b739aac20" member_type: VOTER last_known_addr { host: "127.1.190.66" port: 40211 }, Status: LMP_MISMATCH, Last received: 0.0, Next index: 2, Last known committed idx: 1, Time since last communication: 0.000s
I20260710 11:08:31.829468  3470 raft_consensus.cc:2955] T 2788cc26df304d759325d6da392eca12 P bed41f0e1c0b428d9d508d0ea1bbf7f2 [term 1 LEADER]: Committing config change with OpId 1.2: config changed from index -1 to 2, NON_VOTER 332ce11916b84b5db1222bf709987926 (127.1.190.68) added. New config: { opid_index: 2 OBSOLETE_local: false peers { permanent_uuid: "bed41f0e1c0b428d9d508d0ea1bbf7f2" member_type: VOTER last_known_addr { host: "127.1.190.65" port: 40105 } } peers { permanent_uuid: "0bf671349d1d4fdaa8bc048b739aac20" member_type: VOTER last_known_addr { host: "127.1.190.66" port: 40211 } } peers { permanent_uuid: "82fc9d4fe02a4d129309cf307fb655e0" member_type: VOTER last_known_addr { host: "127.1.190.67" port: 40859 } attrs { replace: true } } peers { permanent_uuid: "332ce11916b84b5db1222bf709987926" member_type: NON_VOTER last_known_addr { host: "127.1.190.68" port: 45473 } attrs { promote: true } } }
I20260710 11:08:31.831897  3011 raft_consensus.cc:2955] T 2788cc26df304d759325d6da392eca12 P 0bf671349d1d4fdaa8bc048b739aac20 [term 1 FOLLOWER]: Committing config change with OpId 1.2: config changed from index -1 to 2, NON_VOTER 332ce11916b84b5db1222bf709987926 (127.1.190.68) added. New config: { opid_index: 2 OBSOLETE_local: false peers { permanent_uuid: "bed41f0e1c0b428d9d508d0ea1bbf7f2" member_type: VOTER last_known_addr { host: "127.1.190.65" port: 40105 } } peers { permanent_uuid: "0bf671349d1d4fdaa8bc048b739aac20" member_type: VOTER last_known_addr { host: "127.1.190.66" port: 40211 } } peers { permanent_uuid: "82fc9d4fe02a4d129309cf307fb655e0" member_type: VOTER last_known_addr { host: "127.1.190.67" port: 40859 } attrs { replace: true } } peers { permanent_uuid: "332ce11916b84b5db1222bf709987926" member_type: NON_VOTER last_known_addr { host: "127.1.190.68" port: 45473 } attrs { promote: true } } }
I20260710 11:08:31.834012  3087 raft_consensus.cc:2955] T 2788cc26df304d759325d6da392eca12 P 82fc9d4fe02a4d129309cf307fb655e0 [term 1 FOLLOWER]: Committing config change with OpId 1.2: config changed from index -1 to 2, NON_VOTER 332ce11916b84b5db1222bf709987926 (127.1.190.68) added. New config: { opid_index: 2 OBSOLETE_local: false peers { permanent_uuid: "bed41f0e1c0b428d9d508d0ea1bbf7f2" member_type: VOTER last_known_addr { host: "127.1.190.65" port: 40105 } } peers { permanent_uuid: "0bf671349d1d4fdaa8bc048b739aac20" member_type: VOTER last_known_addr { host: "127.1.190.66" port: 40211 } } peers { permanent_uuid: "82fc9d4fe02a4d129309cf307fb655e0" member_type: VOTER last_known_addr { host: "127.1.190.67" port: 40859 } attrs { replace: true } } peers { permanent_uuid: "332ce11916b84b5db1222bf709987926" member_type: NON_VOTER last_known_addr { host: "127.1.190.68" port: 45473 } attrs { promote: true } } }
I20260710 11:08:31.842881  2835 catalog_manager.cc:5697] T 2788cc26df304d759325d6da392eca12 P bed41f0e1c0b428d9d508d0ea1bbf7f2 reported cstate change: config changed from index -1 to 2, NON_VOTER 332ce11916b84b5db1222bf709987926 (127.1.190.68) added. New cstate: current_term: 1 leader_uuid: "bed41f0e1c0b428d9d508d0ea1bbf7f2" committed_config { opid_index: 2 OBSOLETE_local: false peers { permanent_uuid: "bed41f0e1c0b428d9d508d0ea1bbf7f2" member_type: VOTER last_known_addr { host: "127.1.190.65" port: 40105 } health_report { overall_health: HEALTHY } } peers { permanent_uuid: "0bf671349d1d4fdaa8bc048b739aac20" member_type: VOTER last_known_addr { host: "127.1.190.66" port: 40211 } health_report { overall_health: HEALTHY } } peers { permanent_uuid: "82fc9d4fe02a4d129309cf307fb655e0" member_type: VOTER last_known_addr { host: "127.1.190.67" port: 40859 } attrs { replace: true } health_report { overall_health: HEALTHY } } peers { permanent_uuid: "332ce11916b84b5db1222bf709987926" member_type: NON_VOTER last_known_addr { host: "127.1.190.68" port: 45473 } attrs { promote: true } health_report { overall_health: UNKNOWN } } }
I20260710 11:08:32.111897  3502 ts_tablet_manager.cc:933] T 61459ca6379d43d29c230f9df185e2a3 P 332ce11916b84b5db1222bf709987926: Initiating tablet copy from peer 0bf671349d1d4fdaa8bc048b739aac20 (127.1.190.66:40211)
I20260710 11:08:32.113531  3502 tablet_copy_client.cc:323] T 61459ca6379d43d29c230f9df185e2a3 P 332ce11916b84b5db1222bf709987926: tablet copy: Beginning tablet copy session from remote peer at address 127.1.190.66:40211
I20260710 11:08:32.115097  3023 tablet_copy_service.cc:140] P 0bf671349d1d4fdaa8bc048b739aac20: Received BeginTabletCopySession request for tablet 61459ca6379d43d29c230f9df185e2a3 from peer 332ce11916b84b5db1222bf709987926 ({username='slave'} at 127.0.0.1:48474)
I20260710 11:08:32.115608  3023 tablet_copy_service.cc:161] P 0bf671349d1d4fdaa8bc048b739aac20: Beginning new tablet copy session on tablet 61459ca6379d43d29c230f9df185e2a3 from peer 332ce11916b84b5db1222bf709987926 at {username='slave'} at 127.0.0.1:48474: session id = 332ce11916b84b5db1222bf709987926-61459ca6379d43d29c230f9df185e2a3
I20260710 11:08:32.122260  3023 tablet_copy_source_session.cc:215] T 61459ca6379d43d29c230f9df185e2a3 P 0bf671349d1d4fdaa8bc048b739aac20: Tablet Copy: opened 0 blocks and 1 log segments
I20260710 11:08:32.124841  3502 data_dirs.cc:400] Could only allocate 1 dirs of requested 3 for tablet 61459ca6379d43d29c230f9df185e2a3. 1 dirs total, 0 dirs full, 0 dirs failed
I20260710 11:08:32.136193  3502 tablet_copy_client.cc:806] T 61459ca6379d43d29c230f9df185e2a3 P 332ce11916b84b5db1222bf709987926: tablet copy: Starting download of 0 data blocks...
I20260710 11:08:32.136807  3502 tablet_copy_client.cc:670] T 61459ca6379d43d29c230f9df185e2a3 P 332ce11916b84b5db1222bf709987926: tablet copy: Starting download of 1 WAL segments...
I20260710 11:08:32.140686  3502 tablet_copy_client.cc:538] T 61459ca6379d43d29c230f9df185e2a3 P 332ce11916b84b5db1222bf709987926: tablet copy: Tablet Copy complete. Replacing tablet superblock.
I20260710 11:08:32.147927  3502 tablet_bootstrap.cc:492] T 61459ca6379d43d29c230f9df185e2a3 P 332ce11916b84b5db1222bf709987926: Bootstrap starting.
I20260710 11:08:32.163350  3502 tablet_bootstrap.cc:492] T 61459ca6379d43d29c230f9df185e2a3 P 332ce11916b84b5db1222bf709987926: Bootstrap replayed 1/1 log segments. Stats: ops{read=2 overwritten=0 applied=2 ignored=0} inserts{seen=0 ignored=0} mutations{seen=0 ignored=0} orphaned_commits=0. Pending: 0 replicates
I20260710 11:08:32.164249  3502 tablet_bootstrap.cc:492] T 61459ca6379d43d29c230f9df185e2a3 P 332ce11916b84b5db1222bf709987926: Bootstrap complete.
I20260710 11:08:32.164952  3502 ts_tablet_manager.cc:1403] T 61459ca6379d43d29c230f9df185e2a3 P 332ce11916b84b5db1222bf709987926: Time spent bootstrapping tablet: real 0.017s	user 0.015s	sys 0.000s
I20260710 11:08:32.165014  3505 ts_tablet_manager.cc:933] T dfacfc22122b41d6becf4c1c803fb4e0 P 332ce11916b84b5db1222bf709987926: Initiating tablet copy from peer 82fc9d4fe02a4d129309cf307fb655e0 (127.1.190.67:40859)
I20260710 11:08:32.167982  3502 raft_consensus.cc:359] T 61459ca6379d43d29c230f9df185e2a3 P 332ce11916b84b5db1222bf709987926 [term 1 LEARNER]: Replica starting. Triggering 0 pending ops. Active config: opid_index: 2 OBSOLETE_local: false peers { permanent_uuid: "bed41f0e1c0b428d9d508d0ea1bbf7f2" member_type: VOTER last_known_addr { host: "127.1.190.65" port: 40105 } attrs { replace: true } } peers { permanent_uuid: "0bf671349d1d4fdaa8bc048b739aac20" member_type: VOTER last_known_addr { host: "127.1.190.66" port: 40211 } } peers { permanent_uuid: "82fc9d4fe02a4d129309cf307fb655e0" member_type: VOTER last_known_addr { host: "127.1.190.67" port: 40859 } } peers { permanent_uuid: "332ce11916b84b5db1222bf709987926" member_type: NON_VOTER last_known_addr { host: "127.1.190.68" port: 45473 } attrs { promote: true } }
I20260710 11:08:32.168879  3502 raft_consensus.cc:740] T 61459ca6379d43d29c230f9df185e2a3 P 332ce11916b84b5db1222bf709987926 [term 1 LEARNER]: Becoming Follower/Learner. State: Replica: 332ce11916b84b5db1222bf709987926, State: Initialized, Role: LEARNER
I20260710 11:08:32.169615  3502 consensus_queue.cc:260] T 61459ca6379d43d29c230f9df185e2a3 P 332ce11916b84b5db1222bf709987926 [NON_LEADER]: Queue going to NON_LEADER mode. State: All replicated index: 0, Majority replicated index: 0, Committed index: 2, Last appended: 1.2, Last appended by leader: 2, Current term: 0, Majority size: -1, State: 0, Mode: NON_LEADER, active raft config: opid_index: 2 OBSOLETE_local: false peers { permanent_uuid: "bed41f0e1c0b428d9d508d0ea1bbf7f2" member_type: VOTER last_known_addr { host: "127.1.190.65" port: 40105 } attrs { replace: true } } peers { permanent_uuid: "0bf671349d1d4fdaa8bc048b739aac20" member_type: VOTER last_known_addr { host: "127.1.190.66" port: 40211 } } peers { permanent_uuid: "82fc9d4fe02a4d129309cf307fb655e0" member_type: VOTER last_known_addr { host: "127.1.190.67" port: 40859 } } peers { permanent_uuid: "332ce11916b84b5db1222bf709987926" member_type: NON_VOTER last_known_addr { host: "127.1.190.68" port: 45473 } attrs { promote: true } }
I20260710 11:08:32.170878  3505 tablet_copy_client.cc:323] T dfacfc22122b41d6becf4c1c803fb4e0 P 332ce11916b84b5db1222bf709987926: tablet copy: Beginning tablet copy session from remote peer at address 127.1.190.67:40859
I20260710 11:08:32.172812  3097 tablet_copy_service.cc:140] P 82fc9d4fe02a4d129309cf307fb655e0: Received BeginTabletCopySession request for tablet dfacfc22122b41d6becf4c1c803fb4e0 from peer 332ce11916b84b5db1222bf709987926 ({username='slave'} at 127.0.0.1:59896)
I20260710 11:08:32.173305  3097 tablet_copy_service.cc:161] P 82fc9d4fe02a4d129309cf307fb655e0: Beginning new tablet copy session on tablet dfacfc22122b41d6becf4c1c803fb4e0 from peer 332ce11916b84b5db1222bf709987926 at {username='slave'} at 127.0.0.1:59896: session id = 332ce11916b84b5db1222bf709987926-dfacfc22122b41d6becf4c1c803fb4e0
I20260710 11:08:32.173820  3502 ts_tablet_manager.cc:1434] T 61459ca6379d43d29c230f9df185e2a3 P 332ce11916b84b5db1222bf709987926: Time spent starting tablet: real 0.008s	user 0.008s	sys 0.000s
I20260710 11:08:32.175731  3023 tablet_copy_service.cc:342] P 0bf671349d1d4fdaa8bc048b739aac20: Request end of tablet copy session 332ce11916b84b5db1222bf709987926-61459ca6379d43d29c230f9df185e2a3 received from {username='slave'} at 127.0.0.1:48474
I20260710 11:08:32.176134  3023 tablet_copy_service.cc:434] P 0bf671349d1d4fdaa8bc048b739aac20: ending tablet copy session 332ce11916b84b5db1222bf709987926-61459ca6379d43d29c230f9df185e2a3 on tablet 61459ca6379d43d29c230f9df185e2a3 with peer 332ce11916b84b5db1222bf709987926
I20260710 11:08:32.186996  3097 tablet_copy_source_session.cc:215] T dfacfc22122b41d6becf4c1c803fb4e0 P 82fc9d4fe02a4d129309cf307fb655e0: Tablet Copy: opened 0 blocks and 1 log segments
I20260710 11:08:32.189667  3505 data_dirs.cc:400] Could only allocate 1 dirs of requested 3 for tablet dfacfc22122b41d6becf4c1c803fb4e0. 1 dirs total, 0 dirs full, 0 dirs failed
I20260710 11:08:32.200516  3505 tablet_copy_client.cc:806] T dfacfc22122b41d6becf4c1c803fb4e0 P 332ce11916b84b5db1222bf709987926: tablet copy: Starting download of 0 data blocks...
I20260710 11:08:32.201072  3505 tablet_copy_client.cc:670] T dfacfc22122b41d6becf4c1c803fb4e0 P 332ce11916b84b5db1222bf709987926: tablet copy: Starting download of 1 WAL segments...
I20260710 11:08:32.204609  3505 tablet_copy_client.cc:538] T dfacfc22122b41d6becf4c1c803fb4e0 P 332ce11916b84b5db1222bf709987926: tablet copy: Tablet Copy complete. Replacing tablet superblock.
I20260710 11:08:32.210820  3505 tablet_bootstrap.cc:492] T dfacfc22122b41d6becf4c1c803fb4e0 P 332ce11916b84b5db1222bf709987926: Bootstrap starting.
