I20260710 11:08:09.606824   980 raft_consensus.cc:3060] T 6ad3de16af6b489ebf885d8e4031f320 P 7316c0ed00bd489b88c3b8d900fa9654 [term 0 FOLLOWER]: Advancing to term 1
I20260710 11:08:09.606946  1036 raft_consensus.cc:515] T 52d690ae48ae44d9ade91005a2f360bc P 0ad731ad0c59447fae0dd377a9a9f603 [term 0 FOLLOWER]: Starting pre-election with config: opid_index: -1 OBSOLETE_local: false peers { permanent_uuid: "8763e54de0d841f083780a9e9b8e3521" member_type: VOTER last_known_addr { host: "127.31.231.193" port: 37523 } } peers { permanent_uuid: "0ad731ad0c59447fae0dd377a9a9f603" member_type: VOTER last_known_addr { host: "127.31.231.194" port: 34575 } } peers { permanent_uuid: "7316c0ed00bd489b88c3b8d900fa9654" member_type: VOTER last_known_addr { host: "127.31.231.195" port: 35865 } }
I20260710 11:08:09.609491   829 tablet_service.cc:1917] Received RequestConsensusVote() RPC: tablet_id: "52d690ae48ae44d9ade91005a2f360bc" candidate_uuid: "0ad731ad0c59447fae0dd377a9a9f603" candidate_term: 1 candidate_status { last_received { term: 0 index: 0 } } ignore_live_leader: false dest_uuid: "8763e54de0d841f083780a9e9b8e3521" is_pre_election: true
I20260710 11:08:09.610128   829 raft_consensus.cc:2468] T 52d690ae48ae44d9ade91005a2f360bc P 8763e54de0d841f083780a9e9b8e3521 [term 0 FOLLOWER]: Leader pre-election vote request: Granting yes vote for candidate 0ad731ad0c59447fae0dd377a9a9f603 in term 0.
I20260710 11:08:09.610297   979 tablet_service.cc:1917] Received RequestConsensusVote() RPC: tablet_id: "52d690ae48ae44d9ade91005a2f360bc" candidate_uuid: "0ad731ad0c59447fae0dd377a9a9f603" candidate_term: 1 candidate_status { last_received { term: 0 index: 0 } } ignore_live_leader: false dest_uuid: "7316c0ed00bd489b88c3b8d900fa9654" is_pre_election: true
I20260710 11:08:09.610854   979 raft_consensus.cc:2468] T 52d690ae48ae44d9ade91005a2f360bc P 7316c0ed00bd489b88c3b8d900fa9654 [term 0 FOLLOWER]: Leader pre-election vote request: Granting yes vote for candidate 0ad731ad0c59447fae0dd377a9a9f603 in term 0.
I20260710 11:08:09.611356   872 leader_election.cc:304] T 52d690ae48ae44d9ade91005a2f360bc P 0ad731ad0c59447fae0dd377a9a9f603 [CANDIDATE]: Term 1 pre-election: Election decided. Result: candidate won. Election summary: received 2 responses out of 3 voters: 2 yes votes; 0 no votes. yes voters: 0ad731ad0c59447fae0dd377a9a9f603, 8763e54de0d841f083780a9e9b8e3521; no voters: 
I20260710 11:08:09.612170  1036 leader_election.cc:290] T 52d690ae48ae44d9ade91005a2f360bc P 0ad731ad0c59447fae0dd377a9a9f603 [CANDIDATE]: Term 1 pre-election: Requested pre-vote from peers 8763e54de0d841f083780a9e9b8e3521 (127.31.231.193:37523), 7316c0ed00bd489b88c3b8d900fa9654 (127.31.231.195:35865)
I20260710 11:08:09.612141  1027 raft_consensus.cc:2804] T 52d690ae48ae44d9ade91005a2f360bc P 0ad731ad0c59447fae0dd377a9a9f603 [term 0 FOLLOWER]: Leader pre-election won for term 1
I20260710 11:08:09.612643  1027 raft_consensus.cc:493] T 52d690ae48ae44d9ade91005a2f360bc P 0ad731ad0c59447fae0dd377a9a9f603 [term 0 FOLLOWER]: Starting leader election (no leader contacted us within the election timeout)
I20260710 11:08:09.612987  1027 raft_consensus.cc:3060] T 52d690ae48ae44d9ade91005a2f360bc P 0ad731ad0c59447fae0dd377a9a9f603 [term 0 FOLLOWER]: Advancing to term 1
I20260710 11:08:09.613452   980 raft_consensus.cc:2468] T 6ad3de16af6b489ebf885d8e4031f320 P 7316c0ed00bd489b88c3b8d900fa9654 [term 1 FOLLOWER]: Leader election vote request: Granting yes vote for candidate 8763e54de0d841f083780a9e9b8e3521 in term 1.
I20260710 11:08:09.612186  1029 leader_election.cc:290] T 6ad3de16af6b489ebf885d8e4031f320 P 8763e54de0d841f083780a9e9b8e3521 [CANDIDATE]: Term 1 election: Requested vote from peers 0ad731ad0c59447fae0dd377a9a9f603 (127.31.231.194:34575), 7316c0ed00bd489b88c3b8d900fa9654 (127.31.231.195:35865)
I20260710 11:08:09.613444   906 raft_consensus.cc:2468] T 6ad3de16af6b489ebf885d8e4031f320 P 0ad731ad0c59447fae0dd377a9a9f603 [term 1 FOLLOWER]: Leader election vote request: Granting yes vote for candidate 8763e54de0d841f083780a9e9b8e3521 in term 1.
I20260710 11:08:09.614691   796 leader_election.cc:304] T 6ad3de16af6b489ebf885d8e4031f320 P 8763e54de0d841f083780a9e9b8e3521 [CANDIDATE]: Term 1 election: Election decided. Result: candidate won. Election summary: received 2 responses out of 3 voters: 2 yes votes; 0 no votes. yes voters: 7316c0ed00bd489b88c3b8d900fa9654, 8763e54de0d841f083780a9e9b8e3521; no voters: 
I20260710 11:08:09.615546  1029 raft_consensus.cc:2804] T 6ad3de16af6b489ebf885d8e4031f320 P 8763e54de0d841f083780a9e9b8e3521 [term 1 FOLLOWER]: Leader election won for term 1
I20260710 11:08:09.616128  1029 raft_consensus.cc:697] T 6ad3de16af6b489ebf885d8e4031f320 P 8763e54de0d841f083780a9e9b8e3521 [term 1 LEADER]: Becoming Leader. State: Replica: 8763e54de0d841f083780a9e9b8e3521, State: Running, Role: LEADER
I20260710 11:08:09.615489   728 catalog_manager.cc:5697] T 9f4c219a228642609f8fe4151f659f4d P 7316c0ed00bd489b88c3b8d900fa9654 reported cstate change: term changed from 0 to 1, leader changed from <none> to 7316c0ed00bd489b88c3b8d900fa9654 (127.31.231.195). New cstate: current_term: 1 leader_uuid: "7316c0ed00bd489b88c3b8d900fa9654" committed_config { opid_index: -1 OBSOLETE_local: false peers { permanent_uuid: "8763e54de0d841f083780a9e9b8e3521" member_type: VOTER last_known_addr { host: "127.31.231.193" port: 37523 } health_report { overall_health: UNKNOWN } } peers { permanent_uuid: "0ad731ad0c59447fae0dd377a9a9f603" member_type: VOTER last_known_addr { host: "127.31.231.194" port: 34575 } health_report { overall_health: UNKNOWN } } peers { permanent_uuid: "7316c0ed00bd489b88c3b8d900fa9654" member_type: VOTER last_known_addr { host: "127.31.231.195" port: 35865 } health_report { overall_health: HEALTHY } } }
I20260710 11:08:09.616892  1029 consensus_queue.cc:237] T 6ad3de16af6b489ebf885d8e4031f320 P 8763e54de0d841f083780a9e9b8e3521 [LEADER]: Queue going to LEADER mode. State: All replicated index: 0, Majority replicated index: 0, Committed index: 0, Last appended: 0.0, Last appended by leader: 0, Current term: 1, Majority size: 2, State: 0, Mode: LEADER, active raft config: opid_index: -1 OBSOLETE_local: false peers { permanent_uuid: "8763e54de0d841f083780a9e9b8e3521" member_type: VOTER last_known_addr { host: "127.31.231.193" port: 37523 } } peers { permanent_uuid: "0ad731ad0c59447fae0dd377a9a9f603" member_type: VOTER last_known_addr { host: "127.31.231.194" port: 34575 } } peers { permanent_uuid: "7316c0ed00bd489b88c3b8d900fa9654" member_type: VOTER last_known_addr { host: "127.31.231.195" port: 35865 } }
I20260710 11:08:09.619383  1027 raft_consensus.cc:515] T 52d690ae48ae44d9ade91005a2f360bc P 0ad731ad0c59447fae0dd377a9a9f603 [term 1 FOLLOWER]: Starting leader election with config: opid_index: -1 OBSOLETE_local: false peers { permanent_uuid: "8763e54de0d841f083780a9e9b8e3521" member_type: VOTER last_known_addr { host: "127.31.231.193" port: 37523 } } peers { permanent_uuid: "0ad731ad0c59447fae0dd377a9a9f603" member_type: VOTER last_known_addr { host: "127.31.231.194" port: 34575 } } peers { permanent_uuid: "7316c0ed00bd489b88c3b8d900fa9654" member_type: VOTER last_known_addr { host: "127.31.231.195" port: 35865 } }
I20260710 11:08:09.621796   829 tablet_service.cc:1917] Received RequestConsensusVote() RPC: tablet_id: "52d690ae48ae44d9ade91005a2f360bc" candidate_uuid: "0ad731ad0c59447fae0dd377a9a9f603" candidate_term: 1 candidate_status { last_received { term: 0 index: 0 } } ignore_live_leader: false dest_uuid: "8763e54de0d841f083780a9e9b8e3521"
I20260710 11:08:09.622336  1027 leader_election.cc:290] T 52d690ae48ae44d9ade91005a2f360bc P 0ad731ad0c59447fae0dd377a9a9f603 [CANDIDATE]: Term 1 election: Requested vote from peers 8763e54de0d841f083780a9e9b8e3521 (127.31.231.193:37523), 7316c0ed00bd489b88c3b8d900fa9654 (127.31.231.195:35865)
I20260710 11:08:09.622380   829 raft_consensus.cc:3060] T 52d690ae48ae44d9ade91005a2f360bc P 8763e54de0d841f083780a9e9b8e3521 [term 0 FOLLOWER]: Advancing to term 1
I20260710 11:08:09.622644   980 tablet_service.cc:1917] Received RequestConsensusVote() RPC: tablet_id: "52d690ae48ae44d9ade91005a2f360bc" candidate_uuid: "0ad731ad0c59447fae0dd377a9a9f603" candidate_term: 1 candidate_status { last_received { term: 0 index: 0 } } ignore_live_leader: false dest_uuid: "7316c0ed00bd489b88c3b8d900fa9654"
I20260710 11:08:09.623366   980 raft_consensus.cc:3060] T 52d690ae48ae44d9ade91005a2f360bc P 7316c0ed00bd489b88c3b8d900fa9654 [term 0 FOLLOWER]: Advancing to term 1
I20260710 11:08:09.629432   829 raft_consensus.cc:2468] T 52d690ae48ae44d9ade91005a2f360bc P 8763e54de0d841f083780a9e9b8e3521 [term 1 FOLLOWER]: Leader election vote request: Granting yes vote for candidate 0ad731ad0c59447fae0dd377a9a9f603 in term 1.
I20260710 11:08:09.629827  1041 raft_consensus.cc:493] T 2b654e76475445978c7e9530c0441f21 P 7316c0ed00bd489b88c3b8d900fa9654 [term 0 FOLLOWER]: Starting pre-election (no leader contacted us within the election timeout)
I20260710 11:08:09.630080   980 raft_consensus.cc:2468] T 52d690ae48ae44d9ade91005a2f360bc P 7316c0ed00bd489b88c3b8d900fa9654 [term 1 FOLLOWER]: Leader election vote request: Granting yes vote for candidate 0ad731ad0c59447fae0dd377a9a9f603 in term 1.
I20260710 11:08:09.630420   872 leader_election.cc:304] T 52d690ae48ae44d9ade91005a2f360bc P 0ad731ad0c59447fae0dd377a9a9f603 [CANDIDATE]: Term 1 election: Election decided. Result: candidate won. Election summary: received 2 responses out of 3 voters: 2 yes votes; 0 no votes. yes voters: 0ad731ad0c59447fae0dd377a9a9f603, 8763e54de0d841f083780a9e9b8e3521; no voters: 
I20260710 11:08:09.631094  1027 raft_consensus.cc:2804] T 52d690ae48ae44d9ade91005a2f360bc P 0ad731ad0c59447fae0dd377a9a9f603 [term 1 FOLLOWER]: Leader election won for term 1
I20260710 11:08:09.631462  1027 raft_consensus.cc:697] T 52d690ae48ae44d9ade91005a2f360bc P 0ad731ad0c59447fae0dd377a9a9f603 [term 1 LEADER]: Becoming Leader. State: Replica: 0ad731ad0c59447fae0dd377a9a9f603, State: Running, Role: LEADER
I20260710 11:08:09.630316  1041 raft_consensus.cc:515] T 2b654e76475445978c7e9530c0441f21 P 7316c0ed00bd489b88c3b8d900fa9654 [term 0 FOLLOWER]: Starting pre-election with config: opid_index: -1 OBSOLETE_local: false peers { permanent_uuid: "8763e54de0d841f083780a9e9b8e3521" member_type: VOTER last_known_addr { host: "127.31.231.193" port: 37523 } } peers { permanent_uuid: "0ad731ad0c59447fae0dd377a9a9f603" member_type: VOTER last_known_addr { host: "127.31.231.194" port: 34575 } } peers { permanent_uuid: "7316c0ed00bd489b88c3b8d900fa9654" member_type: VOTER last_known_addr { host: "127.31.231.195" port: 35865 } }
I20260710 11:08:09.632077  1027 consensus_queue.cc:237] T 52d690ae48ae44d9ade91005a2f360bc P 0ad731ad0c59447fae0dd377a9a9f603 [LEADER]: Queue going to LEADER mode. State: All replicated index: 0, Majority replicated index: 0, Committed index: 0, Last appended: 0.0, Last appended by leader: 0, Current term: 1, Majority size: 2, State: 0, Mode: LEADER, active raft config: opid_index: -1 OBSOLETE_local: false peers { permanent_uuid: "8763e54de0d841f083780a9e9b8e3521" member_type: VOTER last_known_addr { host: "127.31.231.193" port: 37523 } } peers { permanent_uuid: "0ad731ad0c59447fae0dd377a9a9f603" member_type: VOTER last_known_addr { host: "127.31.231.194" port: 34575 } } peers { permanent_uuid: "7316c0ed00bd489b88c3b8d900fa9654" member_type: VOTER last_known_addr { host: "127.31.231.195" port: 35865 } }
I20260710 11:08:09.633481  1041 leader_election.cc:290] T 2b654e76475445978c7e9530c0441f21 P 7316c0ed00bd489b88c3b8d900fa9654 [CANDIDATE]: Term 1 pre-election: Requested pre-vote from peers 8763e54de0d841f083780a9e9b8e3521 (127.31.231.193:37523), 0ad731ad0c59447fae0dd377a9a9f603 (127.31.231.194:34575)
I20260710 11:08:09.634050   906 tablet_service.cc:1917] Received RequestConsensusVote() RPC: tablet_id: "2b654e76475445978c7e9530c0441f21" candidate_uuid: "7316c0ed00bd489b88c3b8d900fa9654" candidate_term: 1 candidate_status { last_received { term: 0 index: 0 } } ignore_live_leader: false dest_uuid: "0ad731ad0c59447fae0dd377a9a9f603" is_pre_election: true
I20260710 11:08:09.633903   829 tablet_service.cc:1917] Received RequestConsensusVote() RPC: tablet_id: "2b654e76475445978c7e9530c0441f21" candidate_uuid: "7316c0ed00bd489b88c3b8d900fa9654" candidate_term: 1 candidate_status { last_received { term: 0 index: 0 } } ignore_live_leader: false dest_uuid: "8763e54de0d841f083780a9e9b8e3521" is_pre_election: true
I20260710 11:08:09.634725   906 raft_consensus.cc:2468] T 2b654e76475445978c7e9530c0441f21 P 0ad731ad0c59447fae0dd377a9a9f603 [term 0 FOLLOWER]: Leader pre-election vote request: Granting yes vote for candidate 7316c0ed00bd489b88c3b8d900fa9654 in term 0.
I20260710 11:08:09.634845   829 raft_consensus.cc:2468] T 2b654e76475445978c7e9530c0441f21 P 8763e54de0d841f083780a9e9b8e3521 [term 0 FOLLOWER]: Leader pre-election vote request: Granting yes vote for candidate 7316c0ed00bd489b88c3b8d900fa9654 in term 0.
I20260710 11:08:09.636166   944 leader_election.cc:304] T 2b654e76475445978c7e9530c0441f21 P 7316c0ed00bd489b88c3b8d900fa9654 [CANDIDATE]: Term 1 pre-election: Election decided. Result: candidate won. Election summary: received 2 responses out of 3 voters: 2 yes votes; 0 no votes. yes voters: 0ad731ad0c59447fae0dd377a9a9f603, 7316c0ed00bd489b88c3b8d900fa9654; no voters: 
I20260710 11:08:09.636907  1041 raft_consensus.cc:2804] T 2b654e76475445978c7e9530c0441f21 P 7316c0ed00bd489b88c3b8d900fa9654 [term 0 FOLLOWER]: Leader pre-election won for term 1
I20260710 11:08:09.637302  1041 raft_consensus.cc:493] T 2b654e76475445978c7e9530c0441f21 P 7316c0ed00bd489b88c3b8d900fa9654 [term 0 FOLLOWER]: Starting leader election (no leader contacted us within the election timeout)
I20260710 11:08:09.637588  1041 raft_consensus.cc:3060] T 2b654e76475445978c7e9530c0441f21 P 7316c0ed00bd489b88c3b8d900fa9654 [term 0 FOLLOWER]: Advancing to term 1
I20260710 11:08:09.636294   728 catalog_manager.cc:5697] T 6ad3de16af6b489ebf885d8e4031f320 P 8763e54de0d841f083780a9e9b8e3521 reported cstate change: term changed from 0 to 1, leader changed from <none> to 8763e54de0d841f083780a9e9b8e3521 (127.31.231.193). New cstate: current_term: 1 leader_uuid: "8763e54de0d841f083780a9e9b8e3521" committed_config { opid_index: -1 OBSOLETE_local: false peers { permanent_uuid: "8763e54de0d841f083780a9e9b8e3521" member_type: VOTER last_known_addr { host: "127.31.231.193" port: 37523 } health_report { overall_health: HEALTHY } } peers { permanent_uuid: "0ad731ad0c59447fae0dd377a9a9f603" member_type: VOTER last_known_addr { host: "127.31.231.194" port: 34575 } health_report { overall_health: UNKNOWN } } peers { permanent_uuid: "7316c0ed00bd489b88c3b8d900fa9654" member_type: VOTER last_known_addr { host: "127.31.231.195" port: 35865 } health_report { overall_health: UNKNOWN } } }
I20260710 11:08:09.642261   729 catalog_manager.cc:5697] T 52d690ae48ae44d9ade91005a2f360bc P 0ad731ad0c59447fae0dd377a9a9f603 reported cstate change: term changed from 0 to 1, leader changed from <none> to 0ad731ad0c59447fae0dd377a9a9f603 (127.31.231.194). New cstate: current_term: 1 leader_uuid: "0ad731ad0c59447fae0dd377a9a9f603" committed_config { opid_index: -1 OBSOLETE_local: false peers { permanent_uuid: "8763e54de0d841f083780a9e9b8e3521" member_type: VOTER last_known_addr { host: "127.31.231.193" port: 37523 } health_report { overall_health: UNKNOWN } } peers { permanent_uuid: "0ad731ad0c59447fae0dd377a9a9f603" member_type: VOTER last_known_addr { host: "127.31.231.194" port: 34575 } health_report { overall_health: HEALTHY } } peers { permanent_uuid: "7316c0ed00bd489b88c3b8d900fa9654" member_type: VOTER last_known_addr { host: "127.31.231.195" port: 35865 } health_report { overall_health: UNKNOWN } } }
I20260710 11:08:09.643889  1041 raft_consensus.cc:515] T 2b654e76475445978c7e9530c0441f21 P 7316c0ed00bd489b88c3b8d900fa9654 [term 1 FOLLOWER]: Starting leader election with config: opid_index: -1 OBSOLETE_local: false peers { permanent_uuid: "8763e54de0d841f083780a9e9b8e3521" member_type: VOTER last_known_addr { host: "127.31.231.193" port: 37523 } } peers { permanent_uuid: "0ad731ad0c59447fae0dd377a9a9f603" member_type: VOTER last_known_addr { host: "127.31.231.194" port: 34575 } } peers { permanent_uuid: "7316c0ed00bd489b88c3b8d900fa9654" member_type: VOTER last_known_addr { host: "127.31.231.195" port: 35865 } }
I20260710 11:08:09.646709   829 tablet_service.cc:1917] Received RequestConsensusVote() RPC: tablet_id: "2b654e76475445978c7e9530c0441f21" candidate_uuid: "7316c0ed00bd489b88c3b8d900fa9654" candidate_term: 1 candidate_status { last_received { term: 0 index: 0 } } ignore_live_leader: false dest_uuid: "8763e54de0d841f083780a9e9b8e3521"
I20260710 11:08:09.646965   906 tablet_service.cc:1917] Received RequestConsensusVote() RPC: tablet_id: "2b654e76475445978c7e9530c0441f21" candidate_uuid: "7316c0ed00bd489b88c3b8d900fa9654" candidate_term: 1 candidate_status { last_received { term: 0 index: 0 } } ignore_live_leader: false dest_uuid: "0ad731ad0c59447fae0dd377a9a9f603"
I20260710 11:08:09.647264   829 raft_consensus.cc:3060] T 2b654e76475445978c7e9530c0441f21 P 8763e54de0d841f083780a9e9b8e3521 [term 0 FOLLOWER]: Advancing to term 1
I20260710 11:08:09.647531   906 raft_consensus.cc:3060] T 2b654e76475445978c7e9530c0441f21 P 0ad731ad0c59447fae0dd377a9a9f603 [term 0 FOLLOWER]: Advancing to term 1
I20260710 11:08:09.649189  1041 leader_election.cc:290] T 2b654e76475445978c7e9530c0441f21 P 7316c0ed00bd489b88c3b8d900fa9654 [CANDIDATE]: Term 1 election: Requested vote from peers 8763e54de0d841f083780a9e9b8e3521 (127.31.231.193:37523), 0ad731ad0c59447fae0dd377a9a9f603 (127.31.231.194:34575)
I20260710 11:08:09.654047   829 raft_consensus.cc:2468] T 2b654e76475445978c7e9530c0441f21 P 8763e54de0d841f083780a9e9b8e3521 [term 1 FOLLOWER]: Leader election vote request: Granting yes vote for candidate 7316c0ed00bd489b88c3b8d900fa9654 in term 1.
I20260710 11:08:09.654124   906 raft_consensus.cc:2468] T 2b654e76475445978c7e9530c0441f21 P 0ad731ad0c59447fae0dd377a9a9f603 [term 1 FOLLOWER]: Leader election vote request: Granting yes vote for candidate 7316c0ed00bd489b88c3b8d900fa9654 in term 1.
I20260710 11:08:09.655277   946 leader_election.cc:304] T 2b654e76475445978c7e9530c0441f21 P 7316c0ed00bd489b88c3b8d900fa9654 [CANDIDATE]: Term 1 election: Election decided. Result: candidate won. Election summary: received 2 responses out of 3 voters: 2 yes votes; 0 no votes. yes voters: 7316c0ed00bd489b88c3b8d900fa9654, 8763e54de0d841f083780a9e9b8e3521; no voters: 
I20260710 11:08:09.655923  1041 raft_consensus.cc:2804] T 2b654e76475445978c7e9530c0441f21 P 7316c0ed00bd489b88c3b8d900fa9654 [term 1 FOLLOWER]: Leader election won for term 1
I20260710 11:08:09.656311  1041 raft_consensus.cc:697] T 2b654e76475445978c7e9530c0441f21 P 7316c0ed00bd489b88c3b8d900fa9654 [term 1 LEADER]: Becoming Leader. State: Replica: 7316c0ed00bd489b88c3b8d900fa9654, State: Running, Role: LEADER
I20260710 11:08:09.657030  1041 consensus_queue.cc:237] T 2b654e76475445978c7e9530c0441f21 P 7316c0ed00bd489b88c3b8d900fa9654 [LEADER]: Queue going to LEADER mode. State: All replicated index: 0, Majority replicated index: 0, Committed index: 0, Last appended: 0.0, Last appended by leader: 0, Current term: 1, Majority size: 2, State: 0, Mode: LEADER, active raft config: opid_index: -1 OBSOLETE_local: false peers { permanent_uuid: "8763e54de0d841f083780a9e9b8e3521" member_type: VOTER last_known_addr { host: "127.31.231.193" port: 37523 } } peers { permanent_uuid: "0ad731ad0c59447fae0dd377a9a9f603" member_type: VOTER last_known_addr { host: "127.31.231.194" port: 34575 } } peers { permanent_uuid: "7316c0ed00bd489b88c3b8d900fa9654" member_type: VOTER last_known_addr { host: "127.31.231.195" port: 35865 } }
I20260710 11:08:09.663378   729 catalog_manager.cc:5697] T 2b654e76475445978c7e9530c0441f21 P 7316c0ed00bd489b88c3b8d900fa9654 reported cstate change: term changed from 0 to 1, leader changed from <none> to 7316c0ed00bd489b88c3b8d900fa9654 (127.31.231.195). New cstate: current_term: 1 leader_uuid: "7316c0ed00bd489b88c3b8d900fa9654" committed_config { opid_index: -1 OBSOLETE_local: false peers { permanent_uuid: "8763e54de0d841f083780a9e9b8e3521" member_type: VOTER last_known_addr { host: "127.31.231.193" port: 37523 } health_report { overall_health: UNKNOWN } } peers { permanent_uuid: "0ad731ad0c59447fae0dd377a9a9f603" member_type: VOTER last_known_addr { host: "127.31.231.194" port: 34575 } health_report { overall_health: UNKNOWN } } peers { permanent_uuid: "7316c0ed00bd489b88c3b8d900fa9654" member_type: VOTER last_known_addr { host: "127.31.231.195" port: 35865 } health_report { overall_health: HEALTHY } } }
I20260710 11:08:09.730724   980 tablet_service.cc:2072] Received LeaderStepDown RPC: tablet_id: "0e1984a6ca4f454eb568be5268464de4"
dest_uuid: "7316c0ed00bd489b88c3b8d900fa9654"
mode: GRACEFUL
new_leader_uuid: "8763e54de0d841f083780a9e9b8e3521"
 from {username='slave'} at 127.0.0.1:34648
I20260710 11:08:09.731181   980 raft_consensus.cc:606] T 0e1984a6ca4f454eb568be5268464de4 P 7316c0ed00bd489b88c3b8d900fa9654 [term 1 LEADER]: Received request to transfer leadership to TS 8763e54de0d841f083780a9e9b8e3521
I20260710 11:08:09.736287   980 tablet_service.cc:2072] Received LeaderStepDown RPC: tablet_id: "84f492d35cdf4035a3153ac9c7004045"
dest_uuid: "7316c0ed00bd489b88c3b8d900fa9654"
mode: GRACEFUL
new_leader_uuid: "8763e54de0d841f083780a9e9b8e3521"
 from {username='slave'} at 127.0.0.1:34648
I20260710 11:08:09.736685   980 raft_consensus.cc:606] T 84f492d35cdf4035a3153ac9c7004045 P 7316c0ed00bd489b88c3b8d900fa9654 [term 1 LEADER]: Received request to transfer leadership to TS 8763e54de0d841f083780a9e9b8e3521
I20260710 11:08:09.750875   906 tablet_service.cc:2072] Received LeaderStepDown RPC: tablet_id: "297964fbdc744036b7acdbd0d39dd5d6"
dest_uuid: "0ad731ad0c59447fae0dd377a9a9f603"
mode: GRACEFUL
new_leader_uuid: "8763e54de0d841f083780a9e9b8e3521"
 from {username='slave'} at 127.0.0.1:49164
I20260710 11:08:09.751307   906 raft_consensus.cc:606] T 297964fbdc744036b7acdbd0d39dd5d6 P 0ad731ad0c59447fae0dd377a9a9f603 [term 1 LEADER]: Received request to transfer leadership to TS 8763e54de0d841f083780a9e9b8e3521
I20260710 11:08:09.755641   980 tablet_service.cc:2072] Received LeaderStepDown RPC: tablet_id: "4dcd913769e44f798195da251544fb78"
dest_uuid: "7316c0ed00bd489b88c3b8d900fa9654"
mode: GRACEFUL
new_leader_uuid: "8763e54de0d841f083780a9e9b8e3521"
 from {username='slave'} at 127.0.0.1:34648
I20260710 11:08:09.756067   980 raft_consensus.cc:606] T 4dcd913769e44f798195da251544fb78 P 7316c0ed00bd489b88c3b8d900fa9654 [term 1 LEADER]: Received request to transfer leadership to TS 8763e54de0d841f083780a9e9b8e3521
I20260710 11:08:09.762382   980 tablet_service.cc:2072] Received LeaderStepDown RPC: tablet_id: "9f4c219a228642609f8fe4151f659f4d"
dest_uuid: "7316c0ed00bd489b88c3b8d900fa9654"
mode: GRACEFUL
new_leader_uuid: "0ad731ad0c59447fae0dd377a9a9f603"
 from {username='slave'} at 127.0.0.1:34648
I20260710 11:08:09.762779   980 raft_consensus.cc:606] T 9f4c219a228642609f8fe4151f659f4d P 7316c0ed00bd489b88c3b8d900fa9654 [term 1 LEADER]: Received request to transfer leadership to TS 0ad731ad0c59447fae0dd377a9a9f603
I20260710 11:08:09.774528   829 tablet_service.cc:2072] Received LeaderStepDown RPC: tablet_id: "6ad3de16af6b489ebf885d8e4031f320"
dest_uuid: "8763e54de0d841f083780a9e9b8e3521"
mode: GRACEFUL
new_leader_uuid: "0ad731ad0c59447fae0dd377a9a9f603"
 from {username='slave'} at 127.0.0.1:34928
I20260710 11:08:09.774956   829 raft_consensus.cc:606] T 6ad3de16af6b489ebf885d8e4031f320 P 8763e54de0d841f083780a9e9b8e3521 [term 1 LEADER]: Received request to transfer leadership to TS 0ad731ad0c59447fae0dd377a9a9f603
I20260710 11:08:09.781750  1041 consensus_queue.cc:1048] T 84f492d35cdf4035a3153ac9c7004045 P 7316c0ed00bd489b88c3b8d900fa9654 [LEADER]: Connected to new peer: Peer: permanent_uuid: "8763e54de0d841f083780a9e9b8e3521" member_type: VOTER last_known_addr { host: "127.31.231.193" port: 37523 }, Status: LMP_MISMATCH, Last received: 0.0, Next index: 1, Last known committed idx: 0, Time since last communication: 0.000s
I20260710 11:08:09.788141  1056 raft_consensus.cc:993] T 84f492d35cdf4035a3153ac9c7004045 P 7316c0ed00bd489b88c3b8d900fa9654: : Instructing follower 8763e54de0d841f083780a9e9b8e3521 to start an election
I20260710 11:08:09.788671  1028 raft_consensus.cc:1081] T 84f492d35cdf4035a3153ac9c7004045 P 7316c0ed00bd489b88c3b8d900fa9654 [term 1 LEADER]: Signalling peer 8763e54de0d841f083780a9e9b8e3521 to start an election
I20260710 11:08:09.790989   831 tablet_service.cc:2044] Received Run Leader Election RPC: tablet_id: "84f492d35cdf4035a3153ac9c7004045"
dest_uuid: "8763e54de0d841f083780a9e9b8e3521"
 from {username='slave'} at 127.0.0.1:45874
I20260710 11:08:09.792876   831 raft_consensus.cc:493] T 84f492d35cdf4035a3153ac9c7004045 P 8763e54de0d841f083780a9e9b8e3521 [term 1 FOLLOWER]: Starting forced leader election (received explicit request)
I20260710 11:08:09.793448   831 raft_consensus.cc:3060] T 84f492d35cdf4035a3153ac9c7004045 P 8763e54de0d841f083780a9e9b8e3521 [term 1 FOLLOWER]: Advancing to term 2
I20260710 11:08:09.801051   831 raft_consensus.cc:515] T 84f492d35cdf4035a3153ac9c7004045 P 8763e54de0d841f083780a9e9b8e3521 [term 2 FOLLOWER]: Starting forced leader election with config: opid_index: -1 OBSOLETE_local: false peers { permanent_uuid: "8763e54de0d841f083780a9e9b8e3521" member_type: VOTER last_known_addr { host: "127.31.231.193" port: 37523 } } peers { permanent_uuid: "0ad731ad0c59447fae0dd377a9a9f603" member_type: VOTER last_known_addr { host: "127.31.231.194" port: 34575 } } peers { permanent_uuid: "7316c0ed00bd489b88c3b8d900fa9654" member_type: VOTER last_known_addr { host: "127.31.231.195" port: 35865 } }
I20260710 11:08:09.801553  1028 consensus_queue.cc:1048] T 84f492d35cdf4035a3153ac9c7004045 P 7316c0ed00bd489b88c3b8d900fa9654 [LEADER]: Connected to new peer: Peer: permanent_uuid: "0ad731ad0c59447fae0dd377a9a9f603" member_type: VOTER last_known_addr { host: "127.31.231.194" port: 34575 }, Status: LMP_MISMATCH, Last received: 0.0, Next index: 1, Last known committed idx: 0, Time since last communication: 0.000s
I20260710 11:08:09.807431   831 leader_election.cc:290] T 84f492d35cdf4035a3153ac9c7004045 P 8763e54de0d841f083780a9e9b8e3521 [CANDIDATE]: Term 2 election: Requested vote from peers 0ad731ad0c59447fae0dd377a9a9f603 (127.31.231.194:34575), 7316c0ed00bd489b88c3b8d900fa9654 (127.31.231.195:35865)
I20260710 11:08:09.808684   980 tablet_service.cc:1917] Received RequestConsensusVote() RPC: tablet_id: "84f492d35cdf4035a3153ac9c7004045" candidate_uuid: "8763e54de0d841f083780a9e9b8e3521" candidate_term: 2 candidate_status { last_received { term: 1 index: 1 } } ignore_live_leader: true dest_uuid: "7316c0ed00bd489b88c3b8d900fa9654"
I20260710 11:08:09.809360   980 raft_consensus.cc:3055] T 84f492d35cdf4035a3153ac9c7004045 P 7316c0ed00bd489b88c3b8d900fa9654 [term 1 LEADER]: Stepping down as leader of term 1
I20260710 11:08:09.809674   980 raft_consensus.cc:740] T 84f492d35cdf4035a3153ac9c7004045 P 7316c0ed00bd489b88c3b8d900fa9654 [term 1 LEADER]: Becoming Follower/Learner. State: Replica: 7316c0ed00bd489b88c3b8d900fa9654, State: Running, Role: LEADER
I20260710 11:08:09.810475   980 consensus_queue.cc:260] T 84f492d35cdf4035a3153ac9c7004045 P 7316c0ed00bd489b88c3b8d900fa9654 [NON_LEADER]: Queue going to NON_LEADER mode. State: All replicated index: 0, Majority replicated index: 1, Committed index: 1, Last appended: 1.1, Last appended by leader: 1, Current term: 1, Majority size: -1, State: 0, Mode: NON_LEADER, active raft config: opid_index: -1 OBSOLETE_local: false peers { permanent_uuid: "8763e54de0d841f083780a9e9b8e3521" member_type: VOTER last_known_addr { host: "127.31.231.193" port: 37523 } } peers { permanent_uuid: "0ad731ad0c59447fae0dd377a9a9f603" member_type: VOTER last_known_addr { host: "127.31.231.194" port: 34575 } } peers { permanent_uuid: "7316c0ed00bd489b88c3b8d900fa9654" member_type: VOTER last_known_addr { host: "127.31.231.195" port: 35865 } }
I20260710 11:08:09.811609   980 raft_consensus.cc:3060] T 84f492d35cdf4035a3153ac9c7004045 P 7316c0ed00bd489b88c3b8d900fa9654 [term 1 FOLLOWER]: Advancing to term 2
I20260710 11:08:09.812348   905 tablet_service.cc:1917] Received RequestConsensusVote() RPC: tablet_id: "84f492d35cdf4035a3153ac9c7004045" candidate_uuid: "8763e54de0d841f083780a9e9b8e3521" candidate_term: 2 candidate_status { last_received { term: 1 index: 1 } } ignore_live_leader: true dest_uuid: "0ad731ad0c59447fae0dd377a9a9f603"
I20260710 11:08:09.812887   905 raft_consensus.cc:3060] T 84f492d35cdf4035a3153ac9c7004045 P 0ad731ad0c59447fae0dd377a9a9f603 [term 1 FOLLOWER]: Advancing to term 2
I20260710 11:08:09.817373  1029 consensus_queue.cc:1048] T 0a8fe7b71fc74094a3f62a64a2903ee8 P 8763e54de0d841f083780a9e9b8e3521 [LEADER]: Connected to new peer: Peer: permanent_uuid: "7316c0ed00bd489b88c3b8d900fa9654" member_type: VOTER last_known_addr { host: "127.31.231.195" port: 35865 }, Status: LMP_MISMATCH, Last received: 0.0, Next index: 1, Last known committed idx: 0, Time since last communication: 0.000s
I20260710 11:08:09.818250   980 raft_consensus.cc:2468] T 84f492d35cdf4035a3153ac9c7004045 P 7316c0ed00bd489b88c3b8d900fa9654 [term 2 FOLLOWER]: Leader election vote request: Granting yes vote for candidate 8763e54de0d841f083780a9e9b8e3521 in term 2.
I20260710 11:08:09.819396   796 leader_election.cc:304] T 84f492d35cdf4035a3153ac9c7004045 P 8763e54de0d841f083780a9e9b8e3521 [CANDIDATE]: Term 2 election: Election decided. Result: candidate won. Election summary: received 2 responses out of 3 voters: 2 yes votes; 0 no votes. yes voters: 7316c0ed00bd489b88c3b8d900fa9654, 8763e54de0d841f083780a9e9b8e3521; no voters: 
I20260710 11:08:09.820132  1029 raft_consensus.cc:2804] T 84f492d35cdf4035a3153ac9c7004045 P 8763e54de0d841f083780a9e9b8e3521 [term 2 FOLLOWER]: Leader election won for term 2
I20260710 11:08:09.820564  1029 raft_consensus.cc:697] T 84f492d35cdf4035a3153ac9c7004045 P 8763e54de0d841f083780a9e9b8e3521 [term 2 LEADER]: Becoming Leader. State: Replica: 8763e54de0d841f083780a9e9b8e3521, State: Running, Role: LEADER
I20260710 11:08:09.821365  1029 consensus_queue.cc:237] T 84f492d35cdf4035a3153ac9c7004045 P 8763e54de0d841f083780a9e9b8e3521 [LEADER]: Queue going to LEADER mode. State: All replicated index: 0, Majority replicated index: 1, Committed index: 1, Last appended: 1.1, Last appended by leader: 1, Current term: 2, Majority size: 2, State: 0, Mode: LEADER, active raft config: opid_index: -1 OBSOLETE_local: false peers { permanent_uuid: "8763e54de0d841f083780a9e9b8e3521" member_type: VOTER last_known_addr { host: "127.31.231.193" port: 37523 } } peers { permanent_uuid: "0ad731ad0c59447fae0dd377a9a9f603" member_type: VOTER last_known_addr { host: "127.31.231.194" port: 34575 } } peers { permanent_uuid: "7316c0ed00bd489b88c3b8d900fa9654" member_type: VOTER last_known_addr { host: "127.31.231.195" port: 35865 } }
I20260710 11:08:09.824030  1027 consensus_queue.cc:1048] T 58334c3e736e43c1beba1c7e58cb1f8b P 0ad731ad0c59447fae0dd377a9a9f603 [LEADER]: Connected to new peer: Peer: permanent_uuid: "7316c0ed00bd489b88c3b8d900fa9654" member_type: VOTER last_known_addr { host: "127.31.231.195" port: 35865 }, Status: LMP_MISMATCH, Last received: 0.0, Next index: 1, Last known committed idx: 0, Time since last communication: 0.000s
I20260710 11:08:09.830700   905 raft_consensus.cc:2468] T 84f492d35cdf4035a3153ac9c7004045 P 0ad731ad0c59447fae0dd377a9a9f603 [term 2 FOLLOWER]: Leader election vote request: Granting yes vote for candidate 8763e54de0d841f083780a9e9b8e3521 in term 2.
I20260710 11:08:09.834860   728 catalog_manager.cc:5697] T 84f492d35cdf4035a3153ac9c7004045 P 8763e54de0d841f083780a9e9b8e3521 reported cstate change: term changed from 1 to 2, leader changed from 7316c0ed00bd489b88c3b8d900fa9654 (127.31.231.195) to 8763e54de0d841f083780a9e9b8e3521 (127.31.231.193). New cstate: current_term: 2 leader_uuid: "8763e54de0d841f083780a9e9b8e3521" committed_config { opid_index: -1 OBSOLETE_local: false peers { permanent_uuid: "8763e54de0d841f083780a9e9b8e3521" member_type: VOTER last_known_addr { host: "127.31.231.193" port: 37523 } health_report { overall_health: HEALTHY } } peers { permanent_uuid: "0ad731ad0c59447fae0dd377a9a9f603" member_type: VOTER last_known_addr { host: "127.31.231.194" port: 34575 } health_report { overall_health: UNKNOWN } } peers { permanent_uuid: "7316c0ed00bd489b88c3b8d900fa9654" member_type: VOTER last_known_addr { host: "127.31.231.195" port: 35865 } health_report { overall_health: UNKNOWN } } }
I20260710 11:08:09.838503  1026 consensus_queue.cc:1048] T 0a8fe7b71fc74094a3f62a64a2903ee8 P 8763e54de0d841f083780a9e9b8e3521 [LEADER]: Connected to new peer: Peer: permanent_uuid: "0ad731ad0c59447fae0dd377a9a9f603" member_type: VOTER last_known_addr { host: "127.31.231.194" port: 34575 }, Status: LMP_MISMATCH, Last received: 0.0, Next index: 1, Last known committed idx: 0, Time since last communication: 0.000s
I20260710 11:08:09.844112  1036 consensus_queue.cc:1048] T 58334c3e736e43c1beba1c7e58cb1f8b P 0ad731ad0c59447fae0dd377a9a9f603 [LEADER]: Connected to new peer: Peer: permanent_uuid: "8763e54de0d841f083780a9e9b8e3521" member_type: VOTER last_known_addr { host: "127.31.231.193" port: 37523 }, Status: LMP_MISMATCH, Last received: 0.0, Next index: 1, Last known committed idx: 0, Time since last communication: 0.000s
I20260710 11:08:09.859778  1056 consensus_queue.cc:1048] T 4dcd913769e44f798195da251544fb78 P 7316c0ed00bd489b88c3b8d900fa9654 [LEADER]: Connected to new peer: Peer: permanent_uuid: "0ad731ad0c59447fae0dd377a9a9f603" member_type: VOTER last_known_addr { host: "127.31.231.194" port: 34575 }, Status: LMP_MISMATCH, Last received: 0.0, Next index: 1, Last known committed idx: 0, Time since last communication: 0.000s
I20260710 11:08:09.870739  1028 consensus_queue.cc:1048] T 4dcd913769e44f798195da251544fb78 P 7316c0ed00bd489b88c3b8d900fa9654 [LEADER]: Connected to new peer: Peer: permanent_uuid: "8763e54de0d841f083780a9e9b8e3521" member_type: VOTER last_known_addr { host: "127.31.231.193" port: 37523 }, Status: LMP_MISMATCH, Last received: 0.0, Next index: 1, Last known committed idx: 0, Time since last communication: 0.000s
I20260710 11:08:09.878337  1028 raft_consensus.cc:993] T 4dcd913769e44f798195da251544fb78 P 7316c0ed00bd489b88c3b8d900fa9654: : Instructing follower 8763e54de0d841f083780a9e9b8e3521 to start an election
I20260710 11:08:09.878885  1057 raft_consensus.cc:1081] T 4dcd913769e44f798195da251544fb78 P 7316c0ed00bd489b88c3b8d900fa9654 [term 1 LEADER]: Signalling peer 8763e54de0d841f083780a9e9b8e3521 to start an election
I20260710 11:08:09.880245   831 tablet_service.cc:2044] Received Run Leader Election RPC: tablet_id: "4dcd913769e44f798195da251544fb78"
dest_uuid: "8763e54de0d841f083780a9e9b8e3521"
 from {username='slave'} at 127.0.0.1:45874
I20260710 11:08:09.880712   831 raft_consensus.cc:493] T 4dcd913769e44f798195da251544fb78 P 8763e54de0d841f083780a9e9b8e3521 [term 1 FOLLOWER]: Starting forced leader election (received explicit request)
I20260710 11:08:09.881105   831 raft_consensus.cc:3060] T 4dcd913769e44f798195da251544fb78 P 8763e54de0d841f083780a9e9b8e3521 [term 1 FOLLOWER]: Advancing to term 2
I20260710 11:08:09.885583   831 raft_consensus.cc:515] T 4dcd913769e44f798195da251544fb78 P 8763e54de0d841f083780a9e9b8e3521 [term 2 FOLLOWER]: Starting forced leader election with config: opid_index: -1 OBSOLETE_local: false peers { permanent_uuid: "8763e54de0d841f083780a9e9b8e3521" member_type: VOTER last_known_addr { host: "127.31.231.193" port: 37523 } } peers { permanent_uuid: "0ad731ad0c59447fae0dd377a9a9f603" member_type: VOTER last_known_addr { host: "127.31.231.194" port: 34575 } } peers { permanent_uuid: "7316c0ed00bd489b88c3b8d900fa9654" member_type: VOTER last_known_addr { host: "127.31.231.195" port: 35865 } }
I20260710 11:08:09.887610   831 leader_election.cc:290] T 4dcd913769e44f798195da251544fb78 P 8763e54de0d841f083780a9e9b8e3521 [CANDIDATE]: Term 2 election: Requested vote from peers 0ad731ad0c59447fae0dd377a9a9f603 (127.31.231.194:34575), 7316c0ed00bd489b88c3b8d900fa9654 (127.31.231.195:35865)
I20260710 11:08:09.888407   905 tablet_service.cc:1917] Received RequestConsensusVote() RPC: tablet_id: "4dcd913769e44f798195da251544fb78" candidate_uuid: "8763e54de0d841f083780a9e9b8e3521" candidate_term: 2 candidate_status { last_received { term: 1 index: 1 } } ignore_live_leader: true dest_uuid: "0ad731ad0c59447fae0dd377a9a9f603"
I20260710 11:08:09.888687   980 tablet_service.cc:1917] Received RequestConsensusVote() RPC: tablet_id: "4dcd913769e44f798195da251544fb78" candidate_uuid: "8763e54de0d841f083780a9e9b8e3521" candidate_term: 2 candidate_status { last_received { term: 1 index: 1 } } ignore_live_leader: true dest_uuid: "7316c0ed00bd489b88c3b8d900fa9654"
I20260710 11:08:09.888964   905 raft_consensus.cc:3060] T 4dcd913769e44f798195da251544fb78 P 0ad731ad0c59447fae0dd377a9a9f603 [term 1 FOLLOWER]: Advancing to term 2
I20260710 11:08:09.889279   980 raft_consensus.cc:3055] T 4dcd913769e44f798195da251544fb78 P 7316c0ed00bd489b88c3b8d900fa9654 [term 1 LEADER]: Stepping down as leader of term 1
I20260710 11:08:09.889608   980 raft_consensus.cc:740] T 4dcd913769e44f798195da251544fb78 P 7316c0ed00bd489b88c3b8d900fa9654 [term 1 LEADER]: Becoming Follower/Learner. State: Replica: 7316c0ed00bd489b88c3b8d900fa9654, State: Running, Role: LEADER
I20260710 11:08:09.890394   980 consensus_queue.cc:260] T 4dcd913769e44f798195da251544fb78 P 7316c0ed00bd489b88c3b8d900fa9654 [NON_LEADER]: Queue going to NON_LEADER mode. State: All replicated index: 0, Majority replicated index: 1, Committed index: 1, Last appended: 1.1, Last appended by leader: 1, Current term: 1, Majority size: -1, State: 0, Mode: NON_LEADER, active raft config: opid_index: -1 OBSOLETE_local: false peers { permanent_uuid: "8763e54de0d841f083780a9e9b8e3521" member_type: VOTER last_known_addr { host: "127.31.231.193" port: 37523 } } peers { permanent_uuid: "0ad731ad0c59447fae0dd377a9a9f603" member_type: VOTER last_known_addr { host: "127.31.231.194" port: 34575 } } peers { permanent_uuid: "7316c0ed00bd489b88c3b8d900fa9654" member_type: VOTER last_known_addr { host: "127.31.231.195" port: 35865 } }
I20260710 11:08:09.891577   980 raft_consensus.cc:3060] T 4dcd913769e44f798195da251544fb78 P 7316c0ed00bd489b88c3b8d900fa9654 [term 1 FOLLOWER]: Advancing to term 2
I20260710 11:08:09.893739   905 raft_consensus.cc:2468] T 4dcd913769e44f798195da251544fb78 P 0ad731ad0c59447fae0dd377a9a9f603 [term 2 FOLLOWER]: Leader election vote request: Granting yes vote for candidate 8763e54de0d841f083780a9e9b8e3521 in term 2.
I20260710 11:08:09.894632   795 leader_election.cc:304] T 4dcd913769e44f798195da251544fb78 P 8763e54de0d841f083780a9e9b8e3521 [CANDIDATE]: Term 2 election: Election decided. Result: candidate won. Election summary: received 2 responses out of 3 voters: 2 yes votes; 0 no votes. yes voters: 0ad731ad0c59447fae0dd377a9a9f603, 8763e54de0d841f083780a9e9b8e3521; no voters: 
I20260710 11:08:09.895244  1026 raft_consensus.cc:2804] T 4dcd913769e44f798195da251544fb78 P 8763e54de0d841f083780a9e9b8e3521 [term 2 FOLLOWER]: Leader election won for term 2
I20260710 11:08:09.895718  1026 raft_consensus.cc:697] T 4dcd913769e44f798195da251544fb78 P 8763e54de0d841f083780a9e9b8e3521 [term 2 LEADER]: Becoming Leader. State: Replica: 8763e54de0d841f083780a9e9b8e3521, State: Running, Role: LEADER
I20260710 11:08:09.896489  1026 consensus_queue.cc:237] T 4dcd913769e44f798195da251544fb78 P 8763e54de0d841f083780a9e9b8e3521 [LEADER]: Queue going to LEADER mode. State: All replicated index: 0, Majority replicated index: 1, Committed index: 1, Last appended: 1.1, Last appended by leader: 1, Current term: 2, Majority size: 2, State: 0, Mode: LEADER, active raft config: opid_index: -1 OBSOLETE_local: false peers { permanent_uuid: "8763e54de0d841f083780a9e9b8e3521" member_type: VOTER last_known_addr { host: "127.31.231.193" port: 37523 } } peers { permanent_uuid: "0ad731ad0c59447fae0dd377a9a9f603" member_type: VOTER last_known_addr { host: "127.31.231.194" port: 34575 } } peers { permanent_uuid: "7316c0ed00bd489b88c3b8d900fa9654" member_type: VOTER last_known_addr { host: "127.31.231.195" port: 35865 } }
I20260710 11:08:09.896961   980 raft_consensus.cc:2468] T 4dcd913769e44f798195da251544fb78 P 7316c0ed00bd489b88c3b8d900fa9654 [term 2 FOLLOWER]: Leader election vote request: Granting yes vote for candidate 8763e54de0d841f083780a9e9b8e3521 in term 2.
I20260710 11:08:09.902251   729 catalog_manager.cc:5697] T 4dcd913769e44f798195da251544fb78 P 8763e54de0d841f083780a9e9b8e3521 reported cstate change: term changed from 1 to 2, leader changed from 7316c0ed00bd489b88c3b8d900fa9654 (127.31.231.195) to 8763e54de0d841f083780a9e9b8e3521 (127.31.231.193). New cstate: current_term: 2 leader_uuid: "8763e54de0d841f083780a9e9b8e3521" committed_config { opid_index: -1 OBSOLETE_local: false peers { permanent_uuid: "8763e54de0d841f083780a9e9b8e3521" member_type: VOTER last_known_addr { host: "127.31.231.193" port: 37523 } health_report { overall_health: HEALTHY } } peers { permanent_uuid: "0ad731ad0c59447fae0dd377a9a9f603" member_type: VOTER last_known_addr { host: "127.31.231.194" port: 34575 } health_report { overall_health: UNKNOWN } } peers { permanent_uuid: "7316c0ed00bd489b88c3b8d900fa9654" member_type: VOTER last_known_addr { host: "127.31.231.195" port: 35865 } health_report { overall_health: UNKNOWN } } }
I20260710 11:08:09.939260  1057 consensus_queue.cc:1048] T 0e1984a6ca4f454eb568be5268464de4 P 7316c0ed00bd489b88c3b8d900fa9654 [LEADER]: Connected to new peer: Peer: permanent_uuid: "0ad731ad0c59447fae0dd377a9a9f603" member_type: VOTER last_known_addr { host: "127.31.231.194" port: 34575 }, Status: LMP_MISMATCH, Last received: 0.0, Next index: 1, Last known committed idx: 0, Time since last communication: 0.000s
I20260710 11:08:09.949750  1041 consensus_queue.cc:1048] T 0e1984a6ca4f454eb568be5268464de4 P 7316c0ed00bd489b88c3b8d900fa9654 [LEADER]: Connected to new peer: Peer: permanent_uuid: "8763e54de0d841f083780a9e9b8e3521" member_type: VOTER last_known_addr { host: "127.31.231.193" port: 37523 }, Status: LMP_MISMATCH, Last received: 0.0, Next index: 1, Last known committed idx: 0, Time since last communication: 0.000s
I20260710 11:08:09.957271  1056 raft_consensus.cc:993] T 0e1984a6ca4f454eb568be5268464de4 P 7316c0ed00bd489b88c3b8d900fa9654: : Instructing follower 8763e54de0d841f083780a9e9b8e3521 to start an election
I20260710 11:08:09.957748  1056 raft_consensus.cc:1081] T 0e1984a6ca4f454eb568be5268464de4 P 7316c0ed00bd489b88c3b8d900fa9654 [term 1 LEADER]: Signalling peer 8763e54de0d841f083780a9e9b8e3521 to start an election
I20260710 11:08:09.959421   829 tablet_service.cc:2044] Received Run Leader Election RPC: tablet_id: "0e1984a6ca4f454eb568be5268464de4"
dest_uuid: "8763e54de0d841f083780a9e9b8e3521"
 from {username='slave'} at 127.0.0.1:45874
I20260710 11:08:09.959980   829 raft_consensus.cc:493] T 0e1984a6ca4f454eb568be5268464de4 P 8763e54de0d841f083780a9e9b8e3521 [term 1 FOLLOWER]: Starting forced leader election (received explicit request)
I20260710 11:08:09.960369   829 raft_consensus.cc:3060] T 0e1984a6ca4f454eb568be5268464de4 P 8763e54de0d841f083780a9e9b8e3521 [term 1 FOLLOWER]: Advancing to term 2
I20260710 11:08:09.960142  1027 consensus_queue.cc:1048] T 297964fbdc744036b7acdbd0d39dd5d6 P 0ad731ad0c59447fae0dd377a9a9f603 [LEADER]: Connected to new peer: Peer: permanent_uuid: "8763e54de0d841f083780a9e9b8e3521" member_type: VOTER last_known_addr { host: "127.31.231.193" port: 37523 }, Status: LMP_MISMATCH, Last received: 0.0, Next index: 1, Last known committed idx: 0, Time since last communication: 0.000s
I20260710 11:08:09.965847   829 raft_consensus.cc:515] T 0e1984a6ca4f454eb568be5268464de4 P 8763e54de0d841f083780a9e9b8e3521 [term 2 FOLLOWER]: Starting forced leader election with config: opid_index: -1 OBSOLETE_local: false peers { permanent_uuid: "0ad731ad0c59447fae0dd377a9a9f603" member_type: VOTER last_known_addr { host: "127.31.231.194" port: 34575 } } peers { permanent_uuid: "8763e54de0d841f083780a9e9b8e3521" member_type: VOTER last_known_addr { host: "127.31.231.193" port: 37523 } } peers { permanent_uuid: "7316c0ed00bd489b88c3b8d900fa9654" member_type: VOTER last_known_addr { host: "127.31.231.195" port: 35865 } }
I20260710 11:08:09.968091   829 leader_election.cc:290] T 0e1984a6ca4f454eb568be5268464de4 P 8763e54de0d841f083780a9e9b8e3521 [CANDIDATE]: Term 2 election: Requested vote from peers 0ad731ad0c59447fae0dd377a9a9f603 (127.31.231.194:34575), 7316c0ed00bd489b88c3b8d900fa9654 (127.31.231.195:35865)
I20260710 11:08:09.968325  1027 raft_consensus.cc:993] T 297964fbdc744036b7acdbd0d39dd5d6 P 0ad731ad0c59447fae0dd377a9a9f603: : Instructing follower 8763e54de0d841f083780a9e9b8e3521 to start an election
I20260710 11:08:09.968386   905 tablet_service.cc:1917] Received RequestConsensusVote() RPC: tablet_id: "0e1984a6ca4f454eb568be5268464de4" candidate_uuid: "8763e54de0d841f083780a9e9b8e3521" candidate_term: 2 candidate_status { last_received { term: 1 index: 1 } } ignore_live_leader: true dest_uuid: "0ad731ad0c59447fae0dd377a9a9f603"
I20260710 11:08:09.968959  1027 raft_consensus.cc:1081] T 297964fbdc744036b7acdbd0d39dd5d6 P 0ad731ad0c59447fae0dd377a9a9f603 [term 1 LEADER]: Signalling peer 8763e54de0d841f083780a9e9b8e3521 to start an election
I20260710 11:08:09.969095   905 raft_consensus.cc:3060] T 0e1984a6ca4f454eb568be5268464de4 P 0ad731ad0c59447fae0dd377a9a9f603 [term 1 FOLLOWER]: Advancing to term 2
I20260710 11:08:09.970126   980 tablet_service.cc:1917] Received RequestConsensusVote() RPC: tablet_id: "0e1984a6ca4f454eb568be5268464de4" candidate_uuid: "8763e54de0d841f083780a9e9b8e3521" candidate_term: 2 candidate_status { last_received { term: 1 index: 1 } } ignore_live_leader: true dest_uuid: "7316c0ed00bd489b88c3b8d900fa9654"
I20260710 11:08:09.970752   980 raft_consensus.cc:3055] T 0e1984a6ca4f454eb568be5268464de4 P 7316c0ed00bd489b88c3b8d900fa9654 [term 1 LEADER]: Stepping down as leader of term 1
I20260710 11:08:09.971114   980 raft_consensus.cc:740] T 0e1984a6ca4f454eb568be5268464de4 P 7316c0ed00bd489b88c3b8d900fa9654 [term 1 LEADER]: Becoming Follower/Learner. State: Replica: 7316c0ed00bd489b88c3b8d900fa9654, State: Running, Role: LEADER
I20260710 11:08:09.972069   980 consensus_queue.cc:260] T 0e1984a6ca4f454eb568be5268464de4 P 7316c0ed00bd489b88c3b8d900fa9654 [NON_LEADER]: Queue going to NON_LEADER mode. State: All replicated index: 0, Majority replicated index: 1, Committed index: 1, Last appended: 1.1, Last appended by leader: 1, Current term: 1, Majority size: -1, State: 0, Mode: NON_LEADER, active raft config: opid_index: -1 OBSOLETE_local: false peers { permanent_uuid: "0ad731ad0c59447fae0dd377a9a9f603" member_type: VOTER last_known_addr { host: "127.31.231.194" port: 34575 } } peers { permanent_uuid: "8763e54de0d841f083780a9e9b8e3521" member_type: VOTER last_known_addr { host: "127.31.231.193" port: 37523 } } peers { permanent_uuid: "7316c0ed00bd489b88c3b8d900fa9654" member_type: VOTER last_known_addr { host: "127.31.231.195" port: 35865 } }
I20260710 11:08:09.973457   980 raft_consensus.cc:3060] T 0e1984a6ca4f454eb568be5268464de4 P 7316c0ed00bd489b88c3b8d900fa9654 [term 1 FOLLOWER]: Advancing to term 2
I20260710 11:08:09.974200   831 tablet_service.cc:2044] Received Run Leader Election RPC: tablet_id: "297964fbdc744036b7acdbd0d39dd5d6"
dest_uuid: "8763e54de0d841f083780a9e9b8e3521"
 from {username='slave'} at 127.0.0.1:45870
I20260710 11:08:09.974776   831 raft_consensus.cc:493] T 297964fbdc744036b7acdbd0d39dd5d6 P 8763e54de0d841f083780a9e9b8e3521 [term 1 FOLLOWER]: Starting forced leader election (received explicit request)
I20260710 11:08:09.975167   831 raft_consensus.cc:3060] T 297964fbdc744036b7acdbd0d39dd5d6 P 8763e54de0d841f083780a9e9b8e3521 [term 1 FOLLOWER]: Advancing to term 2
I20260710 11:08:09.975317  1036 consensus_queue.cc:1048] T 297964fbdc744036b7acdbd0d39dd5d6 P 0ad731ad0c59447fae0dd377a9a9f603 [LEADER]: Connected to new peer: Peer: permanent_uuid: "7316c0ed00bd489b88c3b8d900fa9654" member_type: VOTER last_known_addr { host: "127.31.231.195" port: 35865 }, Status: LMP_MISMATCH, Last received: 0.0, Next index: 1, Last known committed idx: 0, Time since last communication: 0.000s
I20260710 11:08:09.982142  1041 consensus_queue.cc:1048] T 9f4c219a228642609f8fe4151f659f4d P 7316c0ed00bd489b88c3b8d900fa9654 [LEADER]: Connected to new peer: Peer: permanent_uuid: "0ad731ad0c59447fae0dd377a9a9f603" member_type: VOTER last_known_addr { host: "127.31.231.194" port: 34575 }, Status: LMP_MISMATCH, Last received: 0.0, Next index: 1, Last known committed idx: 0, Time since last communication: 0.001s
I20260710 11:08:09.982427   831 raft_consensus.cc:515] T 297964fbdc744036b7acdbd0d39dd5d6 P 8763e54de0d841f083780a9e9b8e3521 [term 2 FOLLOWER]: Starting forced leader election with config: opid_index: -1 OBSOLETE_local: false peers { permanent_uuid: "8763e54de0d841f083780a9e9b8e3521" member_type: VOTER last_known_addr { host: "127.31.231.193" port: 37523 } } peers { permanent_uuid: "0ad731ad0c59447fae0dd377a9a9f603" member_type: VOTER last_known_addr { host: "127.31.231.194" port: 34575 } } peers { permanent_uuid: "7316c0ed00bd489b88c3b8d900fa9654" member_type: VOTER last_known_addr { host: "127.31.231.195" port: 35865 } }
I20260710 11:08:09.985363   831 leader_election.cc:290] T 297964fbdc744036b7acdbd0d39dd5d6 P 8763e54de0d841f083780a9e9b8e3521 [CANDIDATE]: Term 2 election: Requested vote from peers 0ad731ad0c59447fae0dd377a9a9f603 (127.31.231.194:34575), 7316c0ed00bd489b88c3b8d900fa9654 (127.31.231.195:35865)
