I20260710 11:08:18.063890 32671 raft_consensus.cc:2272] T 297964fbdc744036b7acdbd0d39dd5d6 P 0ad731ad0c59447fae0dd377a9a9f603 [term 2 FOLLOWER]: Raft consensus is shut down!
I20260710 11:08:18.065485 32671 tablet_replica.cc:333] T 0e1984a6ca4f454eb568be5268464de4 P 0ad731ad0c59447fae0dd377a9a9f603: stopping tablet replica
I20260710 11:08:18.065958 32671 raft_consensus.cc:2243] T 0e1984a6ca4f454eb568be5268464de4 P 0ad731ad0c59447fae0dd377a9a9f603 [term 5 FOLLOWER]: Raft consensus shutting down.
I20260710 11:08:18.066553 32671 raft_consensus.cc:2272] T 0e1984a6ca4f454eb568be5268464de4 P 0ad731ad0c59447fae0dd377a9a9f603 [term 5 FOLLOWER]: Raft consensus is shut down!
I20260710 11:08:18.068753 32671 tablet_replica.cc:333] T 84f492d35cdf4035a3153ac9c7004045 P 0ad731ad0c59447fae0dd377a9a9f603: stopping tablet replica
I20260710 11:08:18.069375 32671 raft_consensus.cc:2243] T 84f492d35cdf4035a3153ac9c7004045 P 0ad731ad0c59447fae0dd377a9a9f603 [term 2 FOLLOWER]: Raft consensus shutting down.
I20260710 11:08:18.069852 32671 raft_consensus.cc:2272] T 84f492d35cdf4035a3153ac9c7004045 P 0ad731ad0c59447fae0dd377a9a9f603 [term 2 FOLLOWER]: Raft consensus is shut down!
I20260710 11:08:18.071779 32671 tablet_replica.cc:333] T 58334c3e736e43c1beba1c7e58cb1f8b P 0ad731ad0c59447fae0dd377a9a9f603: stopping tablet replica
I20260710 11:08:18.072263 32671 raft_consensus.cc:2243] T 58334c3e736e43c1beba1c7e58cb1f8b P 0ad731ad0c59447fae0dd377a9a9f603 [term 2 FOLLOWER]: Raft consensus shutting down.
I20260710 11:08:18.072707 32671 raft_consensus.cc:2272] T 58334c3e736e43c1beba1c7e58cb1f8b P 0ad731ad0c59447fae0dd377a9a9f603 [term 2 FOLLOWER]: Raft consensus is shut down!
I20260710 11:08:18.103404 32671 tablet_server.cc:196] TabletServer@127.31.231.194:0 shutdown complete.
I20260710 11:08:18.123700 32671 tablet_server.cc:179] TabletServer@127.31.231.195:0 shutting down...
I20260710 11:08:18.149112 32671 ts_tablet_manager.cc:1507] Shutting down tablet manager...
I20260710 11:08:18.149959 32671 tablet_replica.cc:333] T 9f4c219a228642609f8fe4151f659f4d P 7316c0ed00bd489b88c3b8d900fa9654: stopping tablet replica
I20260710 11:08:18.150575 32671 raft_consensus.cc:2243] T 9f4c219a228642609f8fe4151f659f4d P 7316c0ed00bd489b88c3b8d900fa9654 [term 4 LEADER]: Raft consensus shutting down.
I20260710 11:08:18.151353 32671 raft_consensus.cc:2272] T 9f4c219a228642609f8fe4151f659f4d P 7316c0ed00bd489b88c3b8d900fa9654 [term 4 FOLLOWER]: Raft consensus is shut down!
I20260710 11:08:18.153952 32671 tablet_replica.cc:333] T 52d690ae48ae44d9ade91005a2f360bc P 7316c0ed00bd489b88c3b8d900fa9654: stopping tablet replica
I20260710 11:08:18.154488 32671 raft_consensus.cc:2243] T 52d690ae48ae44d9ade91005a2f360bc P 7316c0ed00bd489b88c3b8d900fa9654 [term 1 FOLLOWER]: Raft consensus shutting down.
I20260710 11:08:18.154888 32671 raft_consensus.cc:2272] T 52d690ae48ae44d9ade91005a2f360bc P 7316c0ed00bd489b88c3b8d900fa9654 [term 1 FOLLOWER]: Raft consensus is shut down!
I20260710 11:08:18.156459 32671 tablet_replica.cc:333] T 6ad3de16af6b489ebf885d8e4031f320 P 7316c0ed00bd489b88c3b8d900fa9654: stopping tablet replica
I20260710 11:08:18.156936 32671 raft_consensus.cc:2243] T 6ad3de16af6b489ebf885d8e4031f320 P 7316c0ed00bd489b88c3b8d900fa9654 [term 4 FOLLOWER]: Raft consensus shutting down.
I20260710 11:08:18.157424 32671 raft_consensus.cc:2272] T 6ad3de16af6b489ebf885d8e4031f320 P 7316c0ed00bd489b88c3b8d900fa9654 [term 4 FOLLOWER]: Raft consensus is shut down!
I20260710 11:08:18.159282 32671 tablet_replica.cc:333] T 4dcd913769e44f798195da251544fb78 P 7316c0ed00bd489b88c3b8d900fa9654: stopping tablet replica
I20260710 11:08:18.159796 32671 raft_consensus.cc:2243] T 4dcd913769e44f798195da251544fb78 P 7316c0ed00bd489b88c3b8d900fa9654 [term 5 FOLLOWER]: Raft consensus shutting down.
I20260710 11:08:18.160211 32671 raft_consensus.cc:2272] T 4dcd913769e44f798195da251544fb78 P 7316c0ed00bd489b88c3b8d900fa9654 [term 5 FOLLOWER]: Raft consensus is shut down!
I20260710 11:08:18.162231 32671 tablet_replica.cc:333] T 0a8fe7b71fc74094a3f62a64a2903ee8 P 7316c0ed00bd489b88c3b8d900fa9654: stopping tablet replica
I20260710 11:08:18.162710 32671 raft_consensus.cc:2243] T 0a8fe7b71fc74094a3f62a64a2903ee8 P 7316c0ed00bd489b88c3b8d900fa9654 [term 1 FOLLOWER]: Raft consensus shutting down.
I20260710 11:08:18.163106 32671 raft_consensus.cc:2272] T 0a8fe7b71fc74094a3f62a64a2903ee8 P 7316c0ed00bd489b88c3b8d900fa9654 [term 1 FOLLOWER]: Raft consensus is shut down!
I20260710 11:08:18.164616 32671 tablet_replica.cc:333] T 58334c3e736e43c1beba1c7e58cb1f8b P 7316c0ed00bd489b88c3b8d900fa9654: stopping tablet replica
I20260710 11:08:18.165170 32671 raft_consensus.cc:2243] T 58334c3e736e43c1beba1c7e58cb1f8b P 7316c0ed00bd489b88c3b8d900fa9654 [term 2 FOLLOWER]: Raft consensus shutting down.
I20260710 11:08:18.165544 32671 raft_consensus.cc:2272] T 58334c3e736e43c1beba1c7e58cb1f8b P 7316c0ed00bd489b88c3b8d900fa9654 [term 2 FOLLOWER]: Raft consensus is shut down!
I20260710 11:08:18.167044 32671 tablet_replica.cc:333] T 2b654e76475445978c7e9530c0441f21 P 7316c0ed00bd489b88c3b8d900fa9654: stopping tablet replica
I20260710 11:08:18.167503 32671 raft_consensus.cc:2243] T 2b654e76475445978c7e9530c0441f21 P 7316c0ed00bd489b88c3b8d900fa9654 [term 1 LEADER]: Raft consensus shutting down.
I20260710 11:08:18.168222 32671 raft_consensus.cc:2272] T 2b654e76475445978c7e9530c0441f21 P 7316c0ed00bd489b88c3b8d900fa9654 [term 1 FOLLOWER]: Raft consensus is shut down!
I20260710 11:08:18.169761 32671 tablet_replica.cc:333] T 0e1984a6ca4f454eb568be5268464de4 P 7316c0ed00bd489b88c3b8d900fa9654: stopping tablet replica
I20260710 11:08:18.170225 32671 raft_consensus.cc:2243] T 0e1984a6ca4f454eb568be5268464de4 P 7316c0ed00bd489b88c3b8d900fa9654 [term 5 LEADER]: Raft consensus shutting down.
I20260710 11:08:18.170899 32671 raft_consensus.cc:2272] T 0e1984a6ca4f454eb568be5268464de4 P 7316c0ed00bd489b88c3b8d900fa9654 [term 5 FOLLOWER]: Raft consensus is shut down!
I20260710 11:08:18.172847 32671 tablet_replica.cc:333] T 297964fbdc744036b7acdbd0d39dd5d6 P 7316c0ed00bd489b88c3b8d900fa9654: stopping tablet replica
I20260710 11:08:18.173399 32671 raft_consensus.cc:2243] T 297964fbdc744036b7acdbd0d39dd5d6 P 7316c0ed00bd489b88c3b8d900fa9654 [term 2 FOLLOWER]: Raft consensus shutting down.
I20260710 11:08:18.173810 32671 raft_consensus.cc:2272] T 297964fbdc744036b7acdbd0d39dd5d6 P 7316c0ed00bd489b88c3b8d900fa9654 [term 2 FOLLOWER]: Raft consensus is shut down!
I20260710 11:08:18.175343 32671 tablet_replica.cc:333] T 84f492d35cdf4035a3153ac9c7004045 P 7316c0ed00bd489b88c3b8d900fa9654: stopping tablet replica
I20260710 11:08:18.175757 32671 raft_consensus.cc:2243] T 84f492d35cdf4035a3153ac9c7004045 P 7316c0ed00bd489b88c3b8d900fa9654 [term 2 FOLLOWER]: Raft consensus shutting down.
I20260710 11:08:18.176172 32671 raft_consensus.cc:2272] T 84f492d35cdf4035a3153ac9c7004045 P 7316c0ed00bd489b88c3b8d900fa9654 [term 2 FOLLOWER]: Raft consensus is shut down!
I20260710 11:08:18.203111 32671 tablet_server.cc:196] TabletServer@127.31.231.195:0 shutdown complete.
I20260710 11:08:18.221660 32671 master.cc:562] Master@127.31.231.254:34041 shutting down...
I20260710 11:08:18.241720 32671 raft_consensus.cc:2243] T 00000000000000000000000000000000 P 4845c0ffe33144f7863eafca1e81c2f1 [term 1 LEADER]: Raft consensus shutting down.
I20260710 11:08:18.242255 32671 raft_consensus.cc:2272] T 00000000000000000000000000000000 P 4845c0ffe33144f7863eafca1e81c2f1 [term 1 FOLLOWER]: Raft consensus is shut down!
I20260710 11:08:18.242576 32671 tablet_replica.cc:333] T 00000000000000000000000000000000 P 4845c0ffe33144f7863eafca1e81c2f1: stopping tablet replica
I20260710 11:08:18.262408 32671 master.cc:584] Master@127.31.231.254:34041 shutdown complete.
0ad731ad0c59447fae0dd377a9a9f603  4
7316c0ed00bd489b88c3b8d900fa9654  1
8763e54de0d841f083780a9e9b8e3521  5
[       OK ] LeaderRebalancerTest.FunctionalTestForNotDivided (10091 ms)
[ RUN      ] LeaderRebalancerTest.AddTserver
I20260710 11:08:18.304626 32671 internal_mini_cluster.cc:156] Creating distributed mini masters. Addrs: 127.31.231.254:41647
I20260710 11:08:18.305881 32671 file_cache.cc:504] Constructed file cache file cache with capacity 419430
W20260710 11:08:18.311733  1180 instance_detector.cc:116] could not retrieve AWS instance metadata: Network error: curl error: HTTP response code said error: The requested URL returned error: 404
W20260710 11:08:18.312583  1181 instance_detector.cc:116] could not retrieve Azure instance metadata: Network error: curl error: HTTP response code said error: The requested URL returned error: 404
I20260710 11:08:18.314793 32671 server_base.cc:1061] running on GCE node
W20260710 11:08:18.314968  1183 instance_detector.cc:116] could not retrieve OpenStack instance metadata: Network error: curl error: HTTP response code said error: The requested URL returned error: 404
I20260710 11:08:18.315914 32671 hybrid_clock.cc:584] initializing the hybrid clock with 'system_unsync' time source
W20260710 11:08:18.316215 32671 system_unsync_time.cc:38] NTP support is disabled. Clock error bounds will not be accurate. This configuration is not suitable for distributed clusters.
I20260710 11:08:18.316390 32671 hybrid_clock.cc:648] HybridClock initialized: now 1783681698316374 us; error 0 us; skew 500 ppm
I20260710 11:08:18.316891 32671 server_base.cc:861] Flag tcmalloc_max_total_thread_cache_bytes is not working since tcmalloc is not enabled.
I20260710 11:08:18.319295 32671 webserver.cc:533] Webserver started at http://127.31.231.254:35825/ using document root <none> and password file <none>
I20260710 11:08:18.319875 32671 fs_manager.cc:362] Metadata directory not provided
I20260710 11:08:18.320071 32671 fs_manager.cc:368] Using write-ahead log directory (fs_wal_dir) as metadata directory
I20260710 11:08:18.320338 32671 server_base.cc:909] This appears to be a new deployment of Kudu; creating new FS layout
I20260710 11:08:18.321492 32671 fs_manager.cc:1068] Generated new instance metadata in path /tmp/dist-test-taskBYmgYq/test-tmp/auto_leader_rebalancer-test.0.LeaderRebalancerTest.AddTserver.1783681675551146-32671-0/minicluster-data/master-0-root/instance:
uuid: "100192f7f9194605b0397ef29d99e2ee"
format_stamp: "Formatted at 2026-07-10 11:08:18 on dist-test-slave-k7kd"
I20260710 11:08:18.326349 32671 fs_manager.cc:696] Time spent creating directory manager: real 0.004s	user 0.001s	sys 0.004s
I20260710 11:08:18.330739  1188 log_block_manager.cc:4127] Time spent loading block containers with low live blocks: real 0.000s	user 0.000s	sys 0.000s
I20260710 11:08:18.331910 32671 fs_manager.cc:730] Time spent opening block manager: real 0.003s	user 0.002s	sys 0.001s
I20260710 11:08:18.332244 32671 fs_manager.cc:647] Opened local filesystem: /tmp/dist-test-taskBYmgYq/test-tmp/auto_leader_rebalancer-test.0.LeaderRebalancerTest.AddTserver.1783681675551146-32671-0/minicluster-data/master-0-root
uuid: "100192f7f9194605b0397ef29d99e2ee"
format_stamp: "Formatted at 2026-07-10 11:08:18 on dist-test-slave-k7kd"
I20260710 11:08:18.332549 32671 fs_report.cc:389] FS layout report
--------------------
wal directory: /tmp/dist-test-taskBYmgYq/test-tmp/auto_leader_rebalancer-test.0.LeaderRebalancerTest.AddTserver.1783681675551146-32671-0/minicluster-data/master-0-root
metadata directory: /tmp/dist-test-taskBYmgYq/test-tmp/auto_leader_rebalancer-test.0.LeaderRebalancerTest.AddTserver.1783681675551146-32671-0/minicluster-data/master-0-root
1 data directories: /tmp/dist-test-taskBYmgYq/test-tmp/auto_leader_rebalancer-test.0.LeaderRebalancerTest.AddTserver.1783681675551146-32671-0/minicluster-data/master-0-root/data
Total live blocks: 0
Total live bytes: 0
Total live bytes (after alignment): 0
Total number of LBM containers: 0 (0 full)
Did not check for missing blocks
Did not check for orphaned blocks
Total full LBM containers with extra space: 0 (0 repaired)
Total full LBM container extra space in bytes: 0 (0 repaired)
Total incomplete LBM containers: 0 (0 repaired)
Total LBM partial records: 0 (0 repaired)
Total corrupted LBM metadata records in RocksDB: 0 (0 repaired)
I20260710 11:08:18.342906 32671 rpc_server.cc:225] running with OpenSSL 1.1.1  11 Sep 2018
I20260710 11:08:18.344125 32671 kserver.cc:163] Server-wide thread pool size limit: 3276
I20260710 11:08:18.384322 32671 rpc_server.cc:307] RPC server started. Bound to: 127.31.231.254:41647
I20260710 11:08:18.384466  1239 acceptor_pool.cc:272] collecting diagnostics on the listening RPC socket 127.31.231.254:41647 every 8 connection(s)
I20260710 11:08:18.388278  1240 data_dirs.cc:400] Could only allocate 1 dirs of requested 3 for tablet 00000000000000000000000000000000. 1 dirs total, 0 dirs full, 0 dirs failed
I20260710 11:08:18.398507  1240 tablet_bootstrap.cc:492] T 00000000000000000000000000000000 P 100192f7f9194605b0397ef29d99e2ee: Bootstrap starting.
I20260710 11:08:18.403090  1240 tablet_bootstrap.cc:654] T 00000000000000000000000000000000 P 100192f7f9194605b0397ef29d99e2ee: Neither blocks nor log segments found. Creating new log.
I20260710 11:08:18.407341  1240 tablet_bootstrap.cc:492] T 00000000000000000000000000000000 P 100192f7f9194605b0397ef29d99e2ee: No bootstrap required, opened a new log
I20260710 11:08:18.409437  1240 raft_consensus.cc:359] T 00000000000000000000000000000000 P 100192f7f9194605b0397ef29d99e2ee [term 0 FOLLOWER]: Replica starting. Triggering 0 pending ops. Active config: opid_index: -1 OBSOLETE_local: true peers { permanent_uuid: "100192f7f9194605b0397ef29d99e2ee" member_type: VOTER }
I20260710 11:08:18.409786  1240 raft_consensus.cc:385] T 00000000000000000000000000000000 P 100192f7f9194605b0397ef29d99e2ee [term 0 FOLLOWER]: Consensus starting up: Expiring failure detector timer to make a prompt election more likely
I20260710 11:08:18.410029  1240 raft_consensus.cc:740] T 00000000000000000000000000000000 P 100192f7f9194605b0397ef29d99e2ee [term 0 FOLLOWER]: Becoming Follower/Learner. State: Replica: 100192f7f9194605b0397ef29d99e2ee, State: Initialized, Role: FOLLOWER
I20260710 11:08:18.410683  1240 consensus_queue.cc:260] T 00000000000000000000000000000000 P 100192f7f9194605b0397ef29d99e2ee [NON_LEADER]: Queue going to NON_LEADER mode. State: All replicated index: 0, Majority replicated index: 0, Committed index: 0, Last appended: 0.0, Last appended by leader: 0, Current term: 0, Majority size: -1, State: 0, Mode: NON_LEADER, active raft config: opid_index: -1 OBSOLETE_local: true peers { permanent_uuid: "100192f7f9194605b0397ef29d99e2ee" member_type: VOTER }
I20260710 11:08:18.411111  1240 raft_consensus.cc:399] T 00000000000000000000000000000000 P 100192f7f9194605b0397ef29d99e2ee [term 0 FOLLOWER]: Only one voter in the Raft config. Triggering election immediately
I20260710 11:08:18.411337  1240 raft_consensus.cc:493] T 00000000000000000000000000000000 P 100192f7f9194605b0397ef29d99e2ee [term 0 FOLLOWER]: Starting leader election (initial election of a single-replica configuration)
I20260710 11:08:18.411597  1240 raft_consensus.cc:3060] T 00000000000000000000000000000000 P 100192f7f9194605b0397ef29d99e2ee [term 0 FOLLOWER]: Advancing to term 1
I20260710 11:08:18.416246  1240 raft_consensus.cc:515] T 00000000000000000000000000000000 P 100192f7f9194605b0397ef29d99e2ee [term 1 FOLLOWER]: Starting leader election with config: opid_index: -1 OBSOLETE_local: true peers { permanent_uuid: "100192f7f9194605b0397ef29d99e2ee" member_type: VOTER }
I20260710 11:08:18.416779  1240 leader_election.cc:304] T 00000000000000000000000000000000 P 100192f7f9194605b0397ef29d99e2ee [CANDIDATE]: Term 1 election: Election decided. Result: candidate won. Election summary: received 1 responses out of 1 voters: 1 yes votes; 0 no votes. yes voters: 100192f7f9194605b0397ef29d99e2ee; no voters: 
I20260710 11:08:18.417989  1240 leader_election.cc:290] T 00000000000000000000000000000000 P 100192f7f9194605b0397ef29d99e2ee [CANDIDATE]: Term 1 election: Requested vote from peers 
I20260710 11:08:18.418284  1243 raft_consensus.cc:2804] T 00000000000000000000000000000000 P 100192f7f9194605b0397ef29d99e2ee [term 1 FOLLOWER]: Leader election won for term 1
I20260710 11:08:18.419924  1243 raft_consensus.cc:697] T 00000000000000000000000000000000 P 100192f7f9194605b0397ef29d99e2ee [term 1 LEADER]: Becoming Leader. State: Replica: 100192f7f9194605b0397ef29d99e2ee, State: Running, Role: LEADER
I20260710 11:08:18.420581  1243 consensus_queue.cc:237] T 00000000000000000000000000000000 P 100192f7f9194605b0397ef29d99e2ee [LEADER]: Queue going to LEADER mode. State: All replicated index: 0, Majority replicated index: 0, Committed index: 0, Last appended: 0.0, Last appended by leader: 0, Current term: 1, Majority size: 1, State: 0, Mode: LEADER, active raft config: opid_index: -1 OBSOLETE_local: true peers { permanent_uuid: "100192f7f9194605b0397ef29d99e2ee" member_type: VOTER }
I20260710 11:08:18.421649  1240 sys_catalog.cc:565] T 00000000000000000000000000000000 P 100192f7f9194605b0397ef29d99e2ee [sys.catalog]: configured and running, proceeding with master startup.
I20260710 11:08:18.425422  1245 sys_catalog.cc:455] T 00000000000000000000000000000000 P 100192f7f9194605b0397ef29d99e2ee [sys.catalog]: SysCatalogTable state changed. Reason: New leader 100192f7f9194605b0397ef29d99e2ee. Latest consensus state: current_term: 1 leader_uuid: "100192f7f9194605b0397ef29d99e2ee" committed_config { opid_index: -1 OBSOLETE_local: true peers { permanent_uuid: "100192f7f9194605b0397ef29d99e2ee" member_type: VOTER } }
I20260710 11:08:18.426159  1245 sys_catalog.cc:458] T 00000000000000000000000000000000 P 100192f7f9194605b0397ef29d99e2ee [sys.catalog]: This master's current role is: LEADER
I20260710 11:08:18.426954  1244 sys_catalog.cc:455] T 00000000000000000000000000000000 P 100192f7f9194605b0397ef29d99e2ee [sys.catalog]: SysCatalogTable state changed. Reason: RaftConsensus started. Latest consensus state: current_term: 1 leader_uuid: "100192f7f9194605b0397ef29d99e2ee" committed_config { opid_index: -1 OBSOLETE_local: true peers { permanent_uuid: "100192f7f9194605b0397ef29d99e2ee" member_type: VOTER } }
I20260710 11:08:18.427457  1244 sys_catalog.cc:458] T 00000000000000000000000000000000 P 100192f7f9194605b0397ef29d99e2ee [sys.catalog]: This master's current role is: LEADER
I20260710 11:08:18.428767  1250 catalog_manager.cc:1511] Loading table and tablet metadata into memory...
I20260710 11:08:18.433542  1250 catalog_manager.cc:1520] Initializing Kudu cluster ID...
I20260710 11:08:18.436923 32671 internal_mini_cluster.cc:184] Waiting to initialize catalog manager on master 0
I20260710 11:08:18.441517  1250 catalog_manager.cc:1383] Generated new cluster ID: e7db4d143a6a4989bc7bb656a5c5a508
I20260710 11:08:18.441779  1250 catalog_manager.cc:1531] Initializing Kudu internal certificate authority...
I20260710 11:08:18.463445  1250 catalog_manager.cc:1406] Generated new certificate authority record
I20260710 11:08:18.464654  1250 catalog_manager.cc:1540] Loading token signing keys...
I20260710 11:08:18.476655  1250 catalog_manager.cc:6070] T 00000000000000000000000000000000 P 100192f7f9194605b0397ef29d99e2ee: Generated new TSK 0
I20260710 11:08:18.477257  1250 catalog_manager.cc:1550] Initializing in-progress tserver states...
I20260710 11:08:18.503239 32671 file_cache.cc:504] Constructed file cache file cache with capacity 419430
W20260710 11:08:18.509666  1261 instance_detector.cc:116] could not retrieve AWS instance metadata: Network error: curl error: HTTP response code said error: The requested URL returned error: 404
W20260710 11:08:18.510892  1262 instance_detector.cc:116] could not retrieve Azure instance metadata: Network error: curl error: HTTP response code said error: The requested URL returned error: 404
W20260710 11:08:18.512835  1264 instance_detector.cc:116] could not retrieve OpenStack instance metadata: Network error: curl error: HTTP response code said error: The requested URL returned error: 404
I20260710 11:08:18.513296 32671 server_base.cc:1061] running on GCE node
I20260710 11:08:18.514163 32671 hybrid_clock.cc:584] initializing the hybrid clock with 'system_unsync' time source
W20260710 11:08:18.514329 32671 system_unsync_time.cc:38] NTP support is disabled. Clock error bounds will not be accurate. This configuration is not suitable for distributed clusters.
I20260710 11:08:18.514542 32671 hybrid_clock.cc:648] HybridClock initialized: now 1783681698514500 us; error 0 us; skew 500 ppm
I20260710 11:08:18.515100 32671 server_base.cc:861] Flag tcmalloc_max_total_thread_cache_bytes is not working since tcmalloc is not enabled.
I20260710 11:08:18.517640 32671 webserver.cc:533] Webserver started at http://127.31.231.193:37859/ using document root <none> and password file <none>
I20260710 11:08:18.518115 32671 fs_manager.cc:362] Metadata directory not provided
I20260710 11:08:18.518299 32671 fs_manager.cc:368] Using write-ahead log directory (fs_wal_dir) as metadata directory
I20260710 11:08:18.518570 32671 server_base.cc:909] This appears to be a new deployment of Kudu; creating new FS layout
I20260710 11:08:18.519631 32671 fs_manager.cc:1068] Generated new instance metadata in path /tmp/dist-test-taskBYmgYq/test-tmp/auto_leader_rebalancer-test.0.LeaderRebalancerTest.AddTserver.1783681675551146-32671-0/minicluster-data/ts-0-root/instance:
uuid: "f570a8b4cd1d4a6d9eebd48ba6e755da"
format_stamp: "Formatted at 2026-07-10 11:08:18 on dist-test-slave-k7kd"
I20260710 11:08:18.524161 32671 fs_manager.cc:696] Time spent creating directory manager: real 0.004s	user 0.006s	sys 0.000s
I20260710 11:08:18.527367  1269 log_block_manager.cc:4127] Time spent loading block containers with low live blocks: real 0.000s	user 0.000s	sys 0.000s
I20260710 11:08:18.528148 32671 fs_manager.cc:730] Time spent opening block manager: real 0.002s	user 0.002s	sys 0.000s
I20260710 11:08:18.528426 32671 fs_manager.cc:647] Opened local filesystem: /tmp/dist-test-taskBYmgYq/test-tmp/auto_leader_rebalancer-test.0.LeaderRebalancerTest.AddTserver.1783681675551146-32671-0/minicluster-data/ts-0-root
uuid: "f570a8b4cd1d4a6d9eebd48ba6e755da"
format_stamp: "Formatted at 2026-07-10 11:08:18 on dist-test-slave-k7kd"
I20260710 11:08:18.528694 32671 fs_report.cc:389] FS layout report
--------------------
wal directory: /tmp/dist-test-taskBYmgYq/test-tmp/auto_leader_rebalancer-test.0.LeaderRebalancerTest.AddTserver.1783681675551146-32671-0/minicluster-data/ts-0-root
metadata directory: /tmp/dist-test-taskBYmgYq/test-tmp/auto_leader_rebalancer-test.0.LeaderRebalancerTest.AddTserver.1783681675551146-32671-0/minicluster-data/ts-0-root
1 data directories: /tmp/dist-test-taskBYmgYq/test-tmp/auto_leader_rebalancer-test.0.LeaderRebalancerTest.AddTserver.1783681675551146-32671-0/minicluster-data/ts-0-root/data
Total live blocks: 0
Total live bytes: 0
Total live bytes (after alignment): 0
Total number of LBM containers: 0 (0 full)
Did not check for missing blocks
Did not check for orphaned blocks
Total full LBM containers with extra space: 0 (0 repaired)
Total full LBM container extra space in bytes: 0 (0 repaired)
Total incomplete LBM containers: 0 (0 repaired)
Total LBM partial records: 0 (0 repaired)
Total corrupted LBM metadata records in RocksDB: 0 (0 repaired)
I20260710 11:08:18.540300 32671 rpc_server.cc:225] running with OpenSSL 1.1.1  11 Sep 2018
I20260710 11:08:18.541512 32671 kserver.cc:163] Server-wide thread pool size limit: 3276
I20260710 11:08:18.542968 32671 txn_system_client.cc:432] TxnSystemClient initialization is disabled...
I20260710 11:08:18.545271 32671 ts_tablet_manager.cc:585] Loaded tablet metadata (0 total tablets, 0 live tablets)
I20260710 11:08:18.545475 32671 ts_tablet_manager.cc:531] Time spent load tablet metadata: real 0.000s	user 0.000s	sys 0.000s
I20260710 11:08:18.545717 32671 ts_tablet_manager.cc:616] Registered 0 tablets
I20260710 11:08:18.545902 32671 ts_tablet_manager.cc:595] Time spent register tablets: real 0.000s	user 0.000s	sys 0.000s
I20260710 11:08:18.584722 32671 rpc_server.cc:307] RPC server started. Bound to: 127.31.231.193:35021
I20260710 11:08:18.584851  1331 acceptor_pool.cc:272] collecting diagnostics on the listening RPC socket 127.31.231.193:35021 every 8 connection(s)
I20260710 11:08:18.589571 32671 file_cache.cc:504] Constructed file cache file cache with capacity 419430
W20260710 11:08:18.596125  1336 instance_detector.cc:116] could not retrieve AWS instance metadata: Network error: curl error: HTTP response code said error: The requested URL returned error: 404
W20260710 11:08:18.596453  1337 instance_detector.cc:116] could not retrieve Azure instance metadata: Network error: curl error: HTTP response code said error: The requested URL returned error: 404
I20260710 11:08:18.598912 32671 server_base.cc:1061] running on GCE node
W20260710 11:08:18.600030  1340 instance_detector.cc:116] could not retrieve OpenStack instance metadata: Network error: curl error: HTTP response code said error: The requested URL returned error: 404
I20260710 11:08:18.600852 32671 hybrid_clock.cc:584] initializing the hybrid clock with 'system_unsync' time source
W20260710 11:08:18.601073 32671 system_unsync_time.cc:38] NTP support is disabled. Clock error bounds will not be accurate. This configuration is not suitable for distributed clusters.
I20260710 11:08:18.601281 32671 hybrid_clock.cc:648] HybridClock initialized: now 1783681698601263 us; error 0 us; skew 500 ppm
I20260710 11:08:18.601795 32671 server_base.cc:861] Flag tcmalloc_max_total_thread_cache_bytes is not working since tcmalloc is not enabled.
I20260710 11:08:18.603910 32671 webserver.cc:533] Webserver started at http://127.31.231.194:36805/ using document root <none> and password file <none>
I20260710 11:08:18.604377 32671 fs_manager.cc:362] Metadata directory not provided
I20260710 11:08:18.604620 32671 fs_manager.cc:368] Using write-ahead log directory (fs_wal_dir) as metadata directory
I20260710 11:08:18.604970 32671 server_base.cc:909] This appears to be a new deployment of Kudu; creating new FS layout
I20260710 11:08:18.606101 32671 fs_manager.cc:1068] Generated new instance metadata in path /tmp/dist-test-taskBYmgYq/test-tmp/auto_leader_rebalancer-test.0.LeaderRebalancerTest.AddTserver.1783681675551146-32671-0/minicluster-data/ts-1-root/instance:
uuid: "115fd99cde1a4170b05b6273845c9743"
format_stamp: "Formatted at 2026-07-10 11:08:18 on dist-test-slave-k7kd"
I20260710 11:08:18.607861  1332 heartbeater.cc:344] Connected to a master server at 127.31.231.254:41647
I20260710 11:08:18.608235  1332 heartbeater.cc:461] Registering TS with master...
I20260710 11:08:18.608903  1332 heartbeater.cc:507] Master 127.31.231.254:41647 requested a full tablet report, sending...
I20260710 11:08:18.610931 32671 fs_manager.cc:696] Time spent creating directory manager: real 0.004s	user 0.005s	sys 0.000s
I20260710 11:08:18.611025  1205 ts_manager.cc:194] Registered new tserver with Master: f570a8b4cd1d4a6d9eebd48ba6e755da (127.31.231.193:35021)
I20260710 11:08:18.612689  1205 master_service.cc:502] Signed X509 certificate for tserver {username='slave'} at 127.0.0.1:42852
I20260710 11:08:18.614612  1344 log_block_manager.cc:4127] Time spent loading block containers with low live blocks: real 0.000s	user 0.000s	sys 0.000s
I20260710 11:08:18.615430 32671 fs_manager.cc:730] Time spent opening block manager: real 0.003s	user 0.002s	sys 0.001s
I20260710 11:08:18.615665 32671 fs_manager.cc:647] Opened local filesystem: /tmp/dist-test-taskBYmgYq/test-tmp/auto_leader_rebalancer-test.0.LeaderRebalancerTest.AddTserver.1783681675551146-32671-0/minicluster-data/ts-1-root
uuid: "115fd99cde1a4170b05b6273845c9743"
format_stamp: "Formatted at 2026-07-10 11:08:18 on dist-test-slave-k7kd"
I20260710 11:08:18.615886 32671 fs_report.cc:389] FS layout report
--------------------
wal directory: /tmp/dist-test-taskBYmgYq/test-tmp/auto_leader_rebalancer-test.0.LeaderRebalancerTest.AddTserver.1783681675551146-32671-0/minicluster-data/ts-1-root
metadata directory: /tmp/dist-test-taskBYmgYq/test-tmp/auto_leader_rebalancer-test.0.LeaderRebalancerTest.AddTserver.1783681675551146-32671-0/minicluster-data/ts-1-root
1 data directories: /tmp/dist-test-taskBYmgYq/test-tmp/auto_leader_rebalancer-test.0.LeaderRebalancerTest.AddTserver.1783681675551146-32671-0/minicluster-data/ts-1-root/data
Total live blocks: 0
Total live bytes: 0
Total live bytes (after alignment): 0
Total number of LBM containers: 0 (0 full)
Did not check for missing blocks
Did not check for orphaned blocks
Total full LBM containers with extra space: 0 (0 repaired)
Total full LBM container extra space in bytes: 0 (0 repaired)
Total incomplete LBM containers: 0 (0 repaired)
Total LBM partial records: 0 (0 repaired)
Total corrupted LBM metadata records in RocksDB: 0 (0 repaired)
I20260710 11:08:18.634333 32671 rpc_server.cc:225] running with OpenSSL 1.1.1  11 Sep 2018
I20260710 11:08:18.635609 32671 kserver.cc:163] Server-wide thread pool size limit: 3276
I20260710 11:08:18.637043 32671 txn_system_client.cc:432] TxnSystemClient initialization is disabled...
I20260710 11:08:18.639189 32671 ts_tablet_manager.cc:585] Loaded tablet metadata (0 total tablets, 0 live tablets)
I20260710 11:08:18.639357 32671 ts_tablet_manager.cc:531] Time spent load tablet metadata: real 0.000s	user 0.000s	sys 0.000s
I20260710 11:08:18.639627 32671 ts_tablet_manager.cc:616] Registered 0 tablets
I20260710 11:08:18.639786 32671 ts_tablet_manager.cc:595] Time spent register tablets: real 0.000s	user 0.000s	sys 0.000s
I20260710 11:08:18.679962 32671 rpc_server.cc:307] RPC server started. Bound to: 127.31.231.194:41739
I20260710 11:08:18.680052  1406 acceptor_pool.cc:272] collecting diagnostics on the listening RPC socket 127.31.231.194:41739 every 8 connection(s)
I20260710 11:08:18.684549 32671 file_cache.cc:504] Constructed file cache file cache with capacity 419430
W20260710 11:08:18.691000  1410 instance_detector.cc:116] could not retrieve AWS instance metadata: Network error: curl error: HTTP response code said error: The requested URL returned error: 404
W20260710 11:08:18.691633  1411 instance_detector.cc:116] could not retrieve Azure instance metadata: Network error: curl error: HTTP response code said error: The requested URL returned error: 404
W20260710 11:08:18.695204  1413 instance_detector.cc:116] could not retrieve OpenStack instance metadata: Network error: curl error: HTTP response code said error: The requested URL returned error: 404
I20260710 11:08:18.695575 32671 server_base.cc:1061] running on GCE node
I20260710 11:08:18.695590  1407 heartbeater.cc:344] Connected to a master server at 127.31.231.254:41647
I20260710 11:08:18.696183  1407 heartbeater.cc:461] Registering TS with master...
I20260710 11:08:18.696585 32671 hybrid_clock.cc:584] initializing the hybrid clock with 'system_unsync' time source
W20260710 11:08:18.696823 32671 system_unsync_time.cc:38] NTP support is disabled. Clock error bounds will not be accurate. This configuration is not suitable for distributed clusters.
I20260710 11:08:18.696934  1407 heartbeater.cc:507] Master 127.31.231.254:41647 requested a full tablet report, sending...
I20260710 11:08:18.697010 32671 hybrid_clock.cc:648] HybridClock initialized: now 1783681698696993 us; error 0 us; skew 500 ppm
I20260710 11:08:18.697728 32671 server_base.cc:861] Flag tcmalloc_max_total_thread_cache_bytes is not working since tcmalloc is not enabled.
I20260710 11:08:18.699029  1205 ts_manager.cc:194] Registered new tserver with Master: 115fd99cde1a4170b05b6273845c9743 (127.31.231.194:41739)
I20260710 11:08:18.700275  1205 master_service.cc:502] Signed X509 certificate for tserver {username='slave'} at 127.0.0.1:42864
I20260710 11:08:18.702277 32671 webserver.cc:533] Webserver started at http://127.31.231.195:38581/ using document root <none> and password file <none>
I20260710 11:08:18.702773 32671 fs_manager.cc:362] Metadata directory not provided
I20260710 11:08:18.702960 32671 fs_manager.cc:368] Using write-ahead log directory (fs_wal_dir) as metadata directory
I20260710 11:08:18.703233 32671 server_base.cc:909] This appears to be a new deployment of Kudu; creating new FS layout
I20260710 11:08:18.704282 32671 fs_manager.cc:1068] Generated new instance metadata in path /tmp/dist-test-taskBYmgYq/test-tmp/auto_leader_rebalancer-test.0.LeaderRebalancerTest.AddTserver.1783681675551146-32671-0/minicluster-data/ts-2-root/instance:
uuid: "02df680a442644ee88b7db797f8b17f2"
format_stamp: "Formatted at 2026-07-10 11:08:18 on dist-test-slave-k7kd"
I20260710 11:08:18.708508 32671 fs_manager.cc:696] Time spent creating directory manager: real 0.004s	user 0.006s	sys 0.000s
I20260710 11:08:18.711686  1418 log_block_manager.cc:4127] Time spent loading block containers with low live blocks: real 0.000s	user 0.000s	sys 0.000s
I20260710 11:08:18.712494 32671 fs_manager.cc:730] Time spent opening block manager: real 0.002s	user 0.002s	sys 0.000s
I20260710 11:08:18.712809 32671 fs_manager.cc:647] Opened local filesystem: /tmp/dist-test-taskBYmgYq/test-tmp/auto_leader_rebalancer-test.0.LeaderRebalancerTest.AddTserver.1783681675551146-32671-0/minicluster-data/ts-2-root
uuid: "02df680a442644ee88b7db797f8b17f2"
format_stamp: "Formatted at 2026-07-10 11:08:18 on dist-test-slave-k7kd"
I20260710 11:08:18.713174 32671 fs_report.cc:389] FS layout report
--------------------
wal directory: /tmp/dist-test-taskBYmgYq/test-tmp/auto_leader_rebalancer-test.0.LeaderRebalancerTest.AddTserver.1783681675551146-32671-0/minicluster-data/ts-2-root
metadata directory: /tmp/dist-test-taskBYmgYq/test-tmp/auto_leader_rebalancer-test.0.LeaderRebalancerTest.AddTserver.1783681675551146-32671-0/minicluster-data/ts-2-root
1 data directories: /tmp/dist-test-taskBYmgYq/test-tmp/auto_leader_rebalancer-test.0.LeaderRebalancerTest.AddTserver.1783681675551146-32671-0/minicluster-data/ts-2-root/data
Total live blocks: 0
Total live bytes: 0
Total live bytes (after alignment): 0
Total number of LBM containers: 0 (0 full)
Did not check for missing blocks
Did not check for orphaned blocks
Total full LBM containers with extra space: 0 (0 repaired)
Total full LBM container extra space in bytes: 0 (0 repaired)
Total incomplete LBM containers: 0 (0 repaired)
Total LBM partial records: 0 (0 repaired)
Total corrupted LBM metadata records in RocksDB: 0 (0 repaired)
I20260710 11:08:18.761349 32671 rpc_server.cc:225] running with OpenSSL 1.1.1  11 Sep 2018
I20260710 11:08:18.762562 32671 kserver.cc:163] Server-wide thread pool size limit: 3276
I20260710 11:08:18.764024 32671 txn_system_client.cc:432] TxnSystemClient initialization is disabled...
I20260710 11:08:18.766173 32671 ts_tablet_manager.cc:585] Loaded tablet metadata (0 total tablets, 0 live tablets)
I20260710 11:08:18.766340 32671 ts_tablet_manager.cc:531] Time spent load tablet metadata: real 0.000s	user 0.000s	sys 0.000s
I20260710 11:08:18.766644 32671 ts_tablet_manager.cc:616] Registered 0 tablets
I20260710 11:08:18.766781 32671 ts_tablet_manager.cc:595] Time spent register tablets: real 0.000s	user 0.000s	sys 0.000s
I20260710 11:08:18.807879 32671 rpc_server.cc:307] RPC server started. Bound to: 127.31.231.195:34419
I20260710 11:08:18.807968  1480 acceptor_pool.cc:272] collecting diagnostics on the listening RPC socket 127.31.231.195:34419 every 8 connection(s)
I20260710 11:08:18.822639  1481 heartbeater.cc:344] Connected to a master server at 127.31.231.254:41647
I20260710 11:08:18.823011  1481 heartbeater.cc:461] Registering TS with master...
I20260710 11:08:18.823746  1481 heartbeater.cc:507] Master 127.31.231.254:41647 requested a full tablet report, sending...
I20260710 11:08:18.825623  1205 ts_manager.cc:194] Registered new tserver with Master: 02df680a442644ee88b7db797f8b17f2 (127.31.231.195:34419)
I20260710 11:08:18.825798 32671 internal_mini_cluster.cc:371] 3 TS(s) registered with all masters after 0.014648178s
I20260710 11:08:18.826920  1205 master_service.cc:502] Signed X509 certificate for tserver {username='slave'} at 127.0.0.1:42868
I20260710 11:08:18.851428  1205 catalog_manager.cc:2283] Servicing CreateTable request from {username='slave'} at 127.0.0.1:42884:
name: "test-workload"
schema {
  columns {
    name: "key"
    type: INT32
    is_key: true
    is_nullable: false
    encoding: AUTO_ENCODING
    compression: DEFAULT_COMPRESSION
    cfile_block_size: 0
    immutable: false
  }
  columns {
    name: "int_val"
    type: INT32
    is_key: false
    is_nullable: false
    encoding: AUTO_ENCODING
    compression: DEFAULT_COMPRESSION
    cfile_block_size: 0
    immutable: false
  }
  columns {
    name: "string_val"
    type: STRING
    is_key: false
    is_nullable: true
    encoding: AUTO_ENCODING
    compression: DEFAULT_COMPRESSION
    cfile_block_size: 0
    immutable: false
  }
}
num_replicas: 3
split_rows_range_bounds {
  rows: "\004\001\000UUU\005\004\001\000\252\252\252\n\004\001\000\377\377\377\017\004\001\000TUU\025\004\001\000\251\252\252\032\004\001\000\376\377\377\037\004\001\000SUU%\004\001\000\250\252\252*\004\001\000\375\377\377/\004\001\000RUU5\004\001\000\247\252\252:\004\001\000\374\377\377?\004\001\000QUUE\004\001\000\246\252\252J\004\001\000\373\377\377O\004\001\000PUUU\004\001\000\245\252\252Z\004\001\000\372\377\377_\004\001\000OUUe\004\001\000\244\252\252j\004\001\000\371\377\377o\004\001\000NUUu\004\001\000\243\252\252z""\004\001\000UUU\005\004\001\000\252\252\252\n\004\001\000\377\377\377\017\004\001\000TUU\025\004\001\000\251\252\252\032\004\001\000\376\377\377\037\004\001\000SUU%\004\001\000\250\252\252*\004\001\000\375\377\377/\004\001\000RUU5\004\001\000\247\252\252:\004\001\000\374\377\377?\004\001\000QUUE\004\001\000\246\252\252J\004\001\000\373\377\377O\004\001\000PUUU\004\001\000\245\252\252Z\004\001\000\372\377\377_\004\001\000OUUe\004\001\000\244\252\252j\004\001\000\371\377\377o\004\001\000NUUu\004\001\000\243\252\252z"
  indirect_data: """"
}
partition_schema {
  range_schema {
    columns {
      name: "key"
    }
  }
}
W20260710 11:08:18.855590  1205 catalog_manager.cc:7077] The number of live tablet servers is not enough to re-replicate a tablet replica of the newly created table test-workload in case of a server failure: 4 tablet servers would be needed, 3 are available. Consider bringing up more tablet servers.
I20260710 11:08:18.973562  1372 tablet_service.cc:1511] Processing CreateTablet for tablet d9fa9f46ad11464aabd7151747388e1f (DEFAULT_TABLE table=test-workload [id=56654e1bb6414a5197f586b0c5834bc6]), partition=RANGE (key) PARTITION VALUES < 89478485
I20260710 11:08:18.975317  1372 data_dirs.cc:400] Could only allocate 1 dirs of requested 3 for tablet d9fa9f46ad11464aabd7151747388e1f. 1 dirs total, 0 dirs full, 0 dirs failed
I20260710 11:08:18.979794  1371 tablet_service.cc:1511] Processing CreateTablet for tablet 4ed4689ab3de4a00af8e14e1224780f9 (DEFAULT_TABLE table=test-workload [id=56654e1bb6414a5197f586b0c5834bc6]), partition=RANGE (key) PARTITION 89478485 <= VALUES < 178956970
I20260710 11:08:18.981740  1371 data_dirs.cc:400] Could only allocate 1 dirs of requested 3 for tablet 4ed4689ab3de4a00af8e14e1224780f9. 1 dirs total, 0 dirs full, 0 dirs failed
I20260710 11:08:18.984143  1297 tablet_service.cc:1511] Processing CreateTablet for tablet d9fa9f46ad11464aabd7151747388e1f (DEFAULT_TABLE table=test-workload [id=56654e1bb6414a5197f586b0c5834bc6]), partition=RANGE (key) PARTITION VALUES < 89478485
I20260710 11:08:18.985450  1297 data_dirs.cc:400] Could only allocate 1 dirs of requested 3 for tablet d9fa9f46ad11464aabd7151747388e1f. 1 dirs total, 0 dirs full, 0 dirs failed
I20260710 11:08:18.988813  1370 tablet_service.cc:1511] Processing CreateTablet for tablet cd25d4e94ade43a291e0bf77f2d40381 (DEFAULT_TABLE table=test-workload [id=56654e1bb6414a5197f586b0c5834bc6]), partition=RANGE (key) PARTITION 178956970 <= VALUES < 268435455
I20260710 11:08:18.990330  1296 tablet_service.cc:1511] Processing CreateTablet for tablet 4ed4689ab3de4a00af8e14e1224780f9 (DEFAULT_TABLE table=test-workload [id=56654e1bb6414a5197f586b0c5834bc6]), partition=RANGE (key) PARTITION 89478485 <= VALUES < 178956970
I20260710 11:08:18.990859  1370 data_dirs.cc:400] Could only allocate 1 dirs of requested 3 for tablet cd25d4e94ade43a291e0bf77f2d40381. 1 dirs total, 0 dirs full, 0 dirs failed
I20260710 11:08:18.990603  1369 tablet_service.cc:1511] Processing CreateTablet for tablet 5322eccd295a4923b3932c449df86700 (DEFAULT_TABLE table=test-workload [id=56654e1bb6414a5197f586b0c5834bc6]), partition=RANGE (key) PARTITION 268435455 <= VALUES < 357913940
I20260710 11:08:18.991783  1296 data_dirs.cc:400] Could only allocate 1 dirs of requested 3 for tablet 4ed4689ab3de4a00af8e14e1224780f9. 1 dirs total, 0 dirs full, 0 dirs failed
I20260710 11:08:18.994288  1295 tablet_service.cc:1511] Processing CreateTablet for tablet cd25d4e94ade43a291e0bf77f2d40381 (DEFAULT_TABLE table=test-workload [id=56654e1bb6414a5197f586b0c5834bc6]), partition=RANGE (key) PARTITION 178956970 <= VALUES < 268435455
I20260710 11:08:18.995934  1295 data_dirs.cc:400] Could only allocate 1 dirs of requested 3 for tablet cd25d4e94ade43a291e0bf77f2d40381. 1 dirs total, 0 dirs full, 0 dirs failed
I20260710 11:08:18.997453  1369 data_dirs.cc:400] Could only allocate 1 dirs of requested 3 for tablet 5322eccd295a4923b3932c449df86700. 1 dirs total, 0 dirs full, 0 dirs failed
I20260710 11:08:19.002815  1446 tablet_service.cc:1511] Processing CreateTablet for tablet d9fa9f46ad11464aabd7151747388e1f (DEFAULT_TABLE table=test-workload [id=56654e1bb6414a5197f586b0c5834bc6]), partition=RANGE (key) PARTITION VALUES < 89478485
I20260710 11:08:19.004324  1446 data_dirs.cc:400] Could only allocate 1 dirs of requested 3 for tablet d9fa9f46ad11464aabd7151747388e1f. 1 dirs total, 0 dirs full, 0 dirs failed
I20260710 11:08:19.005949  1445 tablet_service.cc:1511] Processing CreateTablet for tablet 4ed4689ab3de4a00af8e14e1224780f9 (DEFAULT_TABLE table=test-workload [id=56654e1bb6414a5197f586b0c5834bc6]), partition=RANGE (key) PARTITION 89478485 <= VALUES < 178956970
I20260710 11:08:19.007287  1445 data_dirs.cc:400] Could only allocate 1 dirs of requested 3 for tablet 4ed4689ab3de4a00af8e14e1224780f9. 1 dirs total, 0 dirs full, 0 dirs failed
I20260710 11:08:19.007100  1294 tablet_service.cc:1511] Processing CreateTablet for tablet 5322eccd295a4923b3932c449df86700 (DEFAULT_TABLE table=test-workload [id=56654e1bb6414a5197f586b0c5834bc6]), partition=RANGE (key) PARTITION 268435455 <= VALUES < 357913940
I20260710 11:08:19.008710  1294 data_dirs.cc:400] Could only allocate 1 dirs of requested 3 for tablet 5322eccd295a4923b3932c449df86700. 1 dirs total, 0 dirs full, 0 dirs failed
I20260710 11:08:19.010300  1444 tablet_service.cc:1511] Processing CreateTablet for tablet cd25d4e94ade43a291e0bf77f2d40381 (DEFAULT_TABLE table=test-workload [id=56654e1bb6414a5197f586b0c5834bc6]), partition=RANGE (key) PARTITION 178956970 <= VALUES < 268435455
I20260710 11:08:19.011574  1444 data_dirs.cc:400] Could only allocate 1 dirs of requested 3 for tablet cd25d4e94ade43a291e0bf77f2d40381. 1 dirs total, 0 dirs full, 0 dirs failed
I20260710 11:08:19.014683  1443 tablet_service.cc:1511] Processing CreateTablet for tablet 5322eccd295a4923b3932c449df86700 (DEFAULT_TABLE table=test-workload [id=56654e1bb6414a5197f586b0c5834bc6]), partition=RANGE (key) PARTITION 268435455 <= VALUES < 357913940
I20260710 11:08:19.015348  1293 tablet_service.cc:1511] Processing CreateTablet for tablet 9bec6dd30ced4accb2c406491ab1564a (DEFAULT_TABLE table=test-workload [id=56654e1bb6414a5197f586b0c5834bc6]), partition=RANGE (key) PARTITION 357913940 <= VALUES < 447392425
I20260710 11:08:19.016582  1443 data_dirs.cc:400] Could only allocate 1 dirs of requested 3 for tablet 5322eccd295a4923b3932c449df86700. 1 dirs total, 0 dirs full, 0 dirs failed
I20260710 11:08:19.019593  1441 tablet_service.cc:1511] Processing CreateTablet for tablet 6fd319e30c9f43c9bd66e84ffb71680c (DEFAULT_TABLE table=test-workload [id=56654e1bb6414a5197f586b0c5834bc6]), partition=RANGE (key) PARTITION 447392425 <= VALUES < 536870910
I20260710 11:08:19.019667  1439 tablet_service.cc:1511] Processing CreateTablet for tablet e7ec179fb9504434bb22aab4497851a7 (DEFAULT_TABLE table=test-workload [id=56654e1bb6414a5197f586b0c5834bc6]), partition=RANGE (key) PARTITION 626349395 <= VALUES < 715827880
I20260710 11:08:19.020373  1292 tablet_service.cc:1511] Processing CreateTablet for tablet 6fd319e30c9f43c9bd66e84ffb71680c (DEFAULT_TABLE table=test-workload [id=56654e1bb6414a5197f586b0c5834bc6]), partition=RANGE (key) PARTITION 447392425 <= VALUES < 536870910
I20260710 11:08:19.021473  1293 data_dirs.cc:400] Could only allocate 1 dirs of requested 3 for tablet 9bec6dd30ced4accb2c406491ab1564a. 1 dirs total, 0 dirs full, 0 dirs failed
I20260710 11:08:19.022178  1440 tablet_service.cc:1511] Processing CreateTablet for tablet 68bcdfbd2c6942d09b15e66306144edb (DEFAULT_TABLE table=test-workload [id=56654e1bb6414a5197f586b0c5834bc6]), partition=RANGE (key) PARTITION 536870910 <= VALUES < 626349395
I20260710 11:08:19.023612  1438 tablet_service.cc:1511] Processing CreateTablet for tablet d9f6d4903bb347b3aad4bce7521e218f (DEFAULT_TABLE table=test-workload [id=56654e1bb6414a5197f586b0c5834bc6]), partition=RANGE (key) PARTITION 715827880 <= VALUES < 805306365
I20260710 11:08:19.025395  1292 data_dirs.cc:400] Could only allocate 1 dirs of requested 3 for tablet 6fd319e30c9f43c9bd66e84ffb71680c. 1 dirs total, 0 dirs full, 0 dirs failed
I20260710 11:08:19.026023  1368 tablet_service.cc:1511] Processing CreateTablet for tablet 9bec6dd30ced4accb2c406491ab1564a (DEFAULT_TABLE table=test-workload [id=56654e1bb6414a5197f586b0c5834bc6]), partition=RANGE (key) PARTITION 357913940 <= VALUES < 447392425
I20260710 11:08:19.027557  1441 data_dirs.cc:400] Could only allocate 1 dirs of requested 3 for tablet 6fd319e30c9f43c9bd66e84ffb71680c. 1 dirs total, 0 dirs full, 0 dirs failed
I20260710 11:08:19.028409  1442 tablet_service.cc:1511] Processing CreateTablet for tablet 9bec6dd30ced4accb2c406491ab1564a (DEFAULT_TABLE table=test-workload [id=56654e1bb6414a5197f586b0c5834bc6]), partition=RANGE (key) PARTITION 357913940 <= VALUES < 447392425
I20260710 11:08:19.028919  1438 data_dirs.cc:400] Could only allocate 1 dirs of requested 3 for tablet d9f6d4903bb347b3aad4bce7521e218f. 1 dirs total, 0 dirs full, 0 dirs failed
I20260710 11:08:19.029681  1442 data_dirs.cc:400] Could only allocate 1 dirs of requested 3 for tablet 9bec6dd30ced4accb2c406491ab1564a. 1 dirs total, 0 dirs full, 0 dirs failed
I20260710 11:08:19.030331  1439 data_dirs.cc:400] Could only allocate 1 dirs of requested 3 for tablet e7ec179fb9504434bb22aab4497851a7. 1 dirs total, 0 dirs full, 0 dirs failed
I20260710 11:08:19.031724  1367 tablet_service.cc:1511] Processing CreateTablet for tablet 6fd319e30c9f43c9bd66e84ffb71680c (DEFAULT_TABLE table=test-workload [id=56654e1bb6414a5197f586b0c5834bc6]), partition=RANGE (key) PARTITION 447392425 <= VALUES < 536870910
I20260710 11:08:19.033016  1367 data_dirs.cc:400] Could only allocate 1 dirs of requested 3 for tablet 6fd319e30c9f43c9bd66e84ffb71680c. 1 dirs total, 0 dirs full, 0 dirs failed
I20260710 11:08:19.034188  1365 tablet_service.cc:1511] Processing CreateTablet for tablet e7ec179fb9504434bb22aab4497851a7 (DEFAULT_TABLE table=test-workload [id=56654e1bb6414a5197f586b0c5834bc6]), partition=RANGE (key) PARTITION 626349395 <= VALUES < 715827880
I20260710 11:08:19.035583  1365 data_dirs.cc:400] Could only allocate 1 dirs of requested 3 for tablet e7ec179fb9504434bb22aab4497851a7. 1 dirs total, 0 dirs full, 0 dirs failed
I20260710 11:08:19.036253  1368 data_dirs.cc:400] Could only allocate 1 dirs of requested 3 for tablet 9bec6dd30ced4accb2c406491ab1564a. 1 dirs total, 0 dirs full, 0 dirs failed
I20260710 11:08:19.037551  1366 tablet_service.cc:1511] Processing CreateTablet for tablet 68bcdfbd2c6942d09b15e66306144edb (DEFAULT_TABLE table=test-workload [id=56654e1bb6414a5197f586b0c5834bc6]), partition=RANGE (key) PARTITION 536870910 <= VALUES < 626349395
I20260710 11:08:19.038847  1366 data_dirs.cc:400] Could only allocate 1 dirs of requested 3 for tablet 68bcdfbd2c6942d09b15e66306144edb. 1 dirs total, 0 dirs full, 0 dirs failed
I20260710 11:08:19.042164  1437 tablet_service.cc:1511] Processing CreateTablet for tablet 8f491e4db3294ca68ec44366aebdb158 (DEFAULT_TABLE table=test-workload [id=56654e1bb6414a5197f586b0c5834bc6]), partition=RANGE (key) PARTITION 805306365 <= VALUES < 894784850
I20260710 11:08:19.043488  1437 data_dirs.cc:400] Could only allocate 1 dirs of requested 3 for tablet 8f491e4db3294ca68ec44366aebdb158. 1 dirs total, 0 dirs full, 0 dirs failed
I20260710 11:08:19.047281  1364 tablet_service.cc:1511] Processing CreateTablet for tablet d9f6d4903bb347b3aad4bce7521e218f (DEFAULT_TABLE table=test-workload [id=56654e1bb6414a5197f586b0c5834bc6]), partition=RANGE (key) PARTITION 715827880 <= VALUES < 805306365
I20260710 11:08:19.050223  1363 tablet_service.cc:1511] Processing CreateTablet for tablet 8f491e4db3294ca68ec44366aebdb158 (DEFAULT_TABLE table=test-workload [id=56654e1bb6414a5197f586b0c5834bc6]), partition=RANGE (key) PARTITION 805306365 <= VALUES < 894784850
I20260710 11:08:19.057368  1440 data_dirs.cc:400] Could only allocate 1 dirs of requested 3 for tablet 68bcdfbd2c6942d09b15e66306144edb. 1 dirs total, 0 dirs full, 0 dirs failed
I20260710 11:08:19.073534  1364 data_dirs.cc:400] Could only allocate 1 dirs of requested 3 for tablet d9f6d4903bb347b3aad4bce7521e218f. 1 dirs total, 0 dirs full, 0 dirs failed
I20260710 11:08:19.077526  1363 data_dirs.cc:400] Could only allocate 1 dirs of requested 3 for tablet 8f491e4db3294ca68ec44366aebdb158. 1 dirs total, 0 dirs full, 0 dirs failed
I20260710 11:08:19.091140  1496 tablet_bootstrap.cc:492] T 4ed4689ab3de4a00af8e14e1224780f9 P 02df680a442644ee88b7db797f8b17f2: Bootstrap starting.
