I20260710 11:08:37.020712 20642 catalog_manager.cc:5697] T 6910d5fbb0a14ff2b7c0c9beb40aefe8 P e543b8e70cf44a76bcd6171a48e3ecf7 reported cstate change: config changed from index 2 to 3, 114b7de6c95945258e941588e0bf8ef6 (127.19.31.132) changed from NON_VOTER to VOTER. New cstate: current_term: 1 leader_uuid: "36dd1f398cd247e99ecc6fc3c0ac5ca7" committed_config { opid_index: 3 OBSOLETE_local: false peers { permanent_uuid: "36dd1f398cd247e99ecc6fc3c0ac5ca7" member_type: VOTER last_known_addr { host: "127.19.31.129" port: 35717 } } peers { permanent_uuid: "e543b8e70cf44a76bcd6171a48e3ecf7" member_type: VOTER last_known_addr { host: "127.19.31.130" port: 34599 } } peers { permanent_uuid: "8af1fdc7d9934c4e954faaf053d77608" member_type: VOTER last_known_addr { host: "127.19.31.131" port: 39471 } attrs { replace: true } } peers { permanent_uuid: "114b7de6c95945258e941588e0bf8ef6" member_type: VOTER last_known_addr { host: "127.19.31.132" port: 42473 } attrs { promote: false } } }
I20260710 11:08:37.066540 20627 catalog_manager.cc:5210] ChangeConfig:REMOVE_PEER RPC for tablet 8c9841650a63446eae742d1dd748168f with cas_config_opid_index 3: ChangeConfig:REMOVE_PEER succeeded (attempt 1)
I20260710 11:08:37.069818 20643 catalog_manager.cc:5697] T 8c9841650a63446eae742d1dd748168f P 8af1fdc7d9934c4e954faaf053d77608 reported cstate change: config changed from index 3 to 4, VOTER 36dd1f398cd247e99ecc6fc3c0ac5ca7 (127.19.31.129) evicted. New cstate: current_term: 1 leader_uuid: "e543b8e70cf44a76bcd6171a48e3ecf7" committed_config { opid_index: 4 OBSOLETE_local: false peers { permanent_uuid: "e543b8e70cf44a76bcd6171a48e3ecf7" member_type: VOTER last_known_addr { host: "127.19.31.130" port: 34599 } } peers { permanent_uuid: "8af1fdc7d9934c4e954faaf053d77608" member_type: VOTER last_known_addr { host: "127.19.31.131" port: 39471 } } peers { permanent_uuid: "114b7de6c95945258e941588e0bf8ef6" member_type: VOTER last_known_addr { host: "127.19.31.132" port: 42473 } attrs { promote: false } } }
I20260710 11:08:37.072206 20743 consensus_queue.cc:237] T 6910d5fbb0a14ff2b7c0c9beb40aefe8 P 36dd1f398cd247e99ecc6fc3c0ac5ca7 [LEADER]: Queue going to LEADER mode. State: All replicated index: 0, Majority replicated index: 3, Committed index: 3, Last appended: 1.3, Last appended by leader: 0, Current term: 1, Majority size: 2, State: 0, Mode: LEADER, active raft config: opid_index: 4 OBSOLETE_local: false peers { permanent_uuid: "36dd1f398cd247e99ecc6fc3c0ac5ca7" member_type: VOTER last_known_addr { host: "127.19.31.129" port: 35717 } } peers { permanent_uuid: "e543b8e70cf44a76bcd6171a48e3ecf7" member_type: VOTER last_known_addr { host: "127.19.31.130" port: 34599 } } peers { permanent_uuid: "114b7de6c95945258e941588e0bf8ef6" member_type: VOTER last_known_addr { host: "127.19.31.132" port: 42473 } attrs { promote: false } }
I20260710 11:08:37.075734 21464 ts_tablet_manager.cc:1929] T 49882496289a44939fb2982bc9ae7879 P e543b8e70cf44a76bcd6171a48e3ecf7: tablet deleted with delete type TABLET_DATA_TOMBSTONED: last-logged OpId 1.3
I20260710 11:08:37.076222 21464 log.cc:1199] T 49882496289a44939fb2982bc9ae7879 P e543b8e70cf44a76bcd6171a48e3ecf7: Deleting WAL directory at /tmp/dist-test-taskdvC8wf/test-tmp/auto_leader_rebalancer-test.0.LeaderRebalancerTest.AddTserver.1783681674633494-19582-0/minicluster-data/ts-1-root/wals/49882496289a44939fb2982bc9ae7879
I20260710 11:08:37.078766 20627 catalog_manager.cc:5028] TS e543b8e70cf44a76bcd6171a48e3ecf7 (127.19.31.130:34599): tablet 49882496289a44939fb2982bc9ae7879 (table test-workload [id=f8f7f640f3c24f21ba2a98fd430eea10]) successfully deleted
I20260710 11:08:37.082383 21172 raft_consensus.cc:1275] T 6910d5fbb0a14ff2b7c0c9beb40aefe8 P 114b7de6c95945258e941588e0bf8ef6 [term 1 FOLLOWER]: Refusing update from remote peer 36dd1f398cd247e99ecc6fc3c0ac5ca7: Log matching property violated. Preceding OpId in replica: term: 1 index: 3. Preceding OpId from leader: term: 1 index: 4. (index mismatch)
I20260710 11:08:37.083086 20819 raft_consensus.cc:1275] T 6910d5fbb0a14ff2b7c0c9beb40aefe8 P e543b8e70cf44a76bcd6171a48e3ecf7 [term 1 FOLLOWER]: Refusing update from remote peer 36dd1f398cd247e99ecc6fc3c0ac5ca7: Log matching property violated. Preceding OpId in replica: term: 1 index: 3. Preceding OpId from leader: term: 1 index: 4. (index mismatch)
I20260710 11:08:37.084545 21476 consensus_queue.cc:1048] T 6910d5fbb0a14ff2b7c0c9beb40aefe8 P 36dd1f398cd247e99ecc6fc3c0ac5ca7 [LEADER]: Connected to new peer: Peer: permanent_uuid: "114b7de6c95945258e941588e0bf8ef6" member_type: VOTER last_known_addr { host: "127.19.31.132" port: 42473 } attrs { promote: false }, Status: LMP_MISMATCH, Last received: 0.0, Next index: 4, Last known committed idx: 3, Time since last communication: 0.001s
I20260710 11:08:37.085664 21444 consensus_queue.cc:1048] T 6910d5fbb0a14ff2b7c0c9beb40aefe8 P 36dd1f398cd247e99ecc6fc3c0ac5ca7 [LEADER]: Connected to new peer: Peer: permanent_uuid: "e543b8e70cf44a76bcd6171a48e3ecf7" member_type: VOTER last_known_addr { host: "127.19.31.130" port: 34599 }, Status: LMP_MISMATCH, Last received: 0.0, Next index: 4, Last known committed idx: 3, Time since last communication: 0.000s
I20260710 11:08:37.088382 20728 tablet_service.cc:1558] Processing DeleteTablet for tablet 8c9841650a63446eae742d1dd748168f with delete_type TABLET_DATA_TOMBSTONED (TS 36dd1f398cd247e99ecc6fc3c0ac5ca7 not found in new config with opid_index 4) from {username='slave'} at 127.0.0.1:54392
I20260710 11:08:37.094897 21420 raft_consensus.cc:2955] T 6910d5fbb0a14ff2b7c0c9beb40aefe8 P 36dd1f398cd247e99ecc6fc3c0ac5ca7 [term 1 LEADER]: Committing config change with OpId 1.4: config changed from index 3 to 4, VOTER 8af1fdc7d9934c4e954faaf053d77608 (127.19.31.131) evicted. New config: { opid_index: 4 OBSOLETE_local: false peers { permanent_uuid: "36dd1f398cd247e99ecc6fc3c0ac5ca7" member_type: VOTER last_known_addr { host: "127.19.31.129" port: 35717 } } peers { permanent_uuid: "e543b8e70cf44a76bcd6171a48e3ecf7" member_type: VOTER last_known_addr { host: "127.19.31.130" port: 34599 } } peers { permanent_uuid: "114b7de6c95945258e941588e0bf8ef6" member_type: VOTER last_known_addr { host: "127.19.31.132" port: 42473 } attrs { promote: false } } }
I20260710 11:08:37.108989 20819 raft_consensus.cc:2955] T 6910d5fbb0a14ff2b7c0c9beb40aefe8 P e543b8e70cf44a76bcd6171a48e3ecf7 [term 1 FOLLOWER]: Committing config change with OpId 1.4: config changed from index 3 to 4, VOTER 8af1fdc7d9934c4e954faaf053d77608 (127.19.31.131) evicted. New config: { opid_index: 4 OBSOLETE_local: false peers { permanent_uuid: "36dd1f398cd247e99ecc6fc3c0ac5ca7" member_type: VOTER last_known_addr { host: "127.19.31.129" port: 35717 } } peers { permanent_uuid: "e543b8e70cf44a76bcd6171a48e3ecf7" member_type: VOTER last_known_addr { host: "127.19.31.130" port: 34599 } } peers { permanent_uuid: "114b7de6c95945258e941588e0bf8ef6" member_type: VOTER last_known_addr { host: "127.19.31.132" port: 42473 } attrs { promote: false } } }
I20260710 11:08:37.119866 21477 tablet_replica.cc:333] T 8c9841650a63446eae742d1dd748168f P 36dd1f398cd247e99ecc6fc3c0ac5ca7: stopping tablet replica
I20260710 11:08:37.121279 21477 raft_consensus.cc:2243] T 8c9841650a63446eae742d1dd748168f P 36dd1f398cd247e99ecc6fc3c0ac5ca7 [term 1 FOLLOWER]: Raft consensus shutting down.
I20260710 11:08:37.122292 21477 raft_consensus.cc:2272] T 8c9841650a63446eae742d1dd748168f P 36dd1f398cd247e99ecc6fc3c0ac5ca7 [term 1 FOLLOWER]: Raft consensus is shut down!
I20260710 11:08:37.127315 21477 ts_tablet_manager.cc:1916] T 8c9841650a63446eae742d1dd748168f P 36dd1f398cd247e99ecc6fc3c0ac5ca7: Deleting tablet data with delete state TABLET_DATA_TOMBSTONED
I20260710 11:08:37.126858 21172 raft_consensus.cc:2955] T 6910d5fbb0a14ff2b7c0c9beb40aefe8 P 114b7de6c95945258e941588e0bf8ef6 [term 1 FOLLOWER]: Committing config change with OpId 1.4: config changed from index 3 to 4, VOTER 8af1fdc7d9934c4e954faaf053d77608 (127.19.31.131) evicted. New config: { opid_index: 4 OBSOLETE_local: false peers { permanent_uuid: "36dd1f398cd247e99ecc6fc3c0ac5ca7" member_type: VOTER last_known_addr { host: "127.19.31.129" port: 35717 } } peers { permanent_uuid: "e543b8e70cf44a76bcd6171a48e3ecf7" member_type: VOTER last_known_addr { host: "127.19.31.130" port: 34599 } } peers { permanent_uuid: "114b7de6c95945258e941588e0bf8ef6" member_type: VOTER last_known_addr { host: "127.19.31.132" port: 42473 } attrs { promote: false } } }
I20260710 11:08:37.130074 20628 catalog_manager.cc:5210] ChangeConfig:REMOVE_PEER RPC for tablet 6910d5fbb0a14ff2b7c0c9beb40aefe8 with cas_config_opid_index 3: ChangeConfig:REMOVE_PEER succeeded (attempt 1)
I20260710 11:08:37.137670 20641 catalog_manager.cc:5697] T 6910d5fbb0a14ff2b7c0c9beb40aefe8 P e543b8e70cf44a76bcd6171a48e3ecf7 reported cstate change: config changed from index 3 to 4, VOTER 8af1fdc7d9934c4e954faaf053d77608 (127.19.31.131) evicted. New cstate: current_term: 1 leader_uuid: "36dd1f398cd247e99ecc6fc3c0ac5ca7" committed_config { opid_index: 4 OBSOLETE_local: false peers { permanent_uuid: "36dd1f398cd247e99ecc6fc3c0ac5ca7" member_type: VOTER last_known_addr { host: "127.19.31.129" port: 35717 } } peers { permanent_uuid: "e543b8e70cf44a76bcd6171a48e3ecf7" member_type: VOTER last_known_addr { host: "127.19.31.130" port: 34599 } } peers { permanent_uuid: "114b7de6c95945258e941588e0bf8ef6" member_type: VOTER last_known_addr { host: "127.19.31.132" port: 42473 } attrs { promote: false } } }
I20260710 11:08:37.151108 20882 tablet_service.cc:1558] Processing DeleteTablet for tablet 6910d5fbb0a14ff2b7c0c9beb40aefe8 with delete_type TABLET_DATA_TOMBSTONED (TS 8af1fdc7d9934c4e954faaf053d77608 not found in new config with opid_index 4) from {username='slave'} at 127.0.0.1:35614
I20260710 11:08:37.156153 21478 tablet_replica.cc:333] T 6910d5fbb0a14ff2b7c0c9beb40aefe8 P 8af1fdc7d9934c4e954faaf053d77608: stopping tablet replica
I20260710 11:08:37.157358 21478 raft_consensus.cc:2243] T 6910d5fbb0a14ff2b7c0c9beb40aefe8 P 8af1fdc7d9934c4e954faaf053d77608 [term 1 FOLLOWER]: Raft consensus shutting down.
I20260710 11:08:37.158026 21478 raft_consensus.cc:2272] T 6910d5fbb0a14ff2b7c0c9beb40aefe8 P 8af1fdc7d9934c4e954faaf053d77608 [term 1 FOLLOWER]: Raft consensus is shut down!
I20260710 11:08:37.158141 21477 ts_tablet_manager.cc:1929] T 8c9841650a63446eae742d1dd748168f P 36dd1f398cd247e99ecc6fc3c0ac5ca7: tablet deleted with delete type TABLET_DATA_TOMBSTONED: last-logged OpId 1.3
I20260710 11:08:37.158617 21477 log.cc:1199] T 8c9841650a63446eae742d1dd748168f P 36dd1f398cd247e99ecc6fc3c0ac5ca7: Deleting WAL directory at /tmp/dist-test-taskdvC8wf/test-tmp/auto_leader_rebalancer-test.0.LeaderRebalancerTest.AddTserver.1783681674633494-19582-0/minicluster-data/ts-0-root/wals/8c9841650a63446eae742d1dd748168f
I20260710 11:08:37.160337 20628 catalog_manager.cc:5028] TS 36dd1f398cd247e99ecc6fc3c0ac5ca7 (127.19.31.129:35717): tablet 8c9841650a63446eae742d1dd748168f (table test-workload [id=f8f7f640f3c24f21ba2a98fd430eea10]) successfully deleted
I20260710 11:08:37.161013 21478 ts_tablet_manager.cc:1916] T 6910d5fbb0a14ff2b7c0c9beb40aefe8 P 8af1fdc7d9934c4e954faaf053d77608: Deleting tablet data with delete state TABLET_DATA_TOMBSTONED
I20260710 11:08:37.174214 21478 ts_tablet_manager.cc:1929] T 6910d5fbb0a14ff2b7c0c9beb40aefe8 P 8af1fdc7d9934c4e954faaf053d77608: tablet deleted with delete type TABLET_DATA_TOMBSTONED: last-logged OpId 1.3
I20260710 11:08:37.174592 21478 log.cc:1199] T 6910d5fbb0a14ff2b7c0c9beb40aefe8 P 8af1fdc7d9934c4e954faaf053d77608: Deleting WAL directory at /tmp/dist-test-taskdvC8wf/test-tmp/auto_leader_rebalancer-test.0.LeaderRebalancerTest.AddTserver.1783681674633494-19582-0/minicluster-data/ts-2-root/wals/6910d5fbb0a14ff2b7c0c9beb40aefe8
I20260710 11:08:37.176196 20627 catalog_manager.cc:5028] TS 8af1fdc7d9934c4e954faaf053d77608 (127.19.31.131:39471): tablet 6910d5fbb0a14ff2b7c0c9beb40aefe8 (table test-workload [id=f8f7f640f3c24f21ba2a98fd430eea10]) successfully deleted
I20260710 11:08:38.184684 20819 consensus_queue.cc:237] T 38cbf808188d4cba9b2bfe32223e7ae0 P e543b8e70cf44a76bcd6171a48e3ecf7 [LEADER]: Queue going to LEADER mode. State: All replicated index: 0, Majority replicated index: 1, Committed index: 1, Last appended: 1.1, Last appended by leader: 0, Current term: 1, Majority size: 2, State: 0, Mode: LEADER, active raft config: opid_index: 2 OBSOLETE_local: false peers { permanent_uuid: "36dd1f398cd247e99ecc6fc3c0ac5ca7" member_type: VOTER last_known_addr { host: "127.19.31.129" port: 35717 } } peers { permanent_uuid: "e543b8e70cf44a76bcd6171a48e3ecf7" member_type: VOTER last_known_addr { host: "127.19.31.130" port: 34599 } } peers { permanent_uuid: "8af1fdc7d9934c4e954faaf053d77608" member_type: VOTER last_known_addr { host: "127.19.31.131" port: 39471 } attrs { replace: true } } peers { permanent_uuid: "114b7de6c95945258e941588e0bf8ef6" member_type: NON_VOTER last_known_addr { host: "127.19.31.132" port: 42473 } attrs { promote: true } }
W20260710 11:08:38.192531 20786 consensus_peers.cc:597] T 38cbf808188d4cba9b2bfe32223e7ae0 P e543b8e70cf44a76bcd6171a48e3ecf7 -> Peer 114b7de6c95945258e941588e0bf8ef6 (127.19.31.132:42473): Couldn't send request to peer 114b7de6c95945258e941588e0bf8ef6. Error code: TABLET_NOT_FOUND (6). Status: Not found: Tablet not found: 38cbf808188d4cba9b2bfe32223e7ae0. This is attempt 1: this message will repeat every 5th retry.
I20260710 11:08:38.192929 20743 raft_consensus.cc:1275] T 38cbf808188d4cba9b2bfe32223e7ae0 P 36dd1f398cd247e99ecc6fc3c0ac5ca7 [term 1 FOLLOWER]: Refusing update from remote peer e543b8e70cf44a76bcd6171a48e3ecf7: Log matching property violated. Preceding OpId in replica: term: 1 index: 1. Preceding OpId from leader: term: 1 index: 2. (index mismatch)
I20260710 11:08:38.193019 20894 raft_consensus.cc:1275] T 38cbf808188d4cba9b2bfe32223e7ae0 P 8af1fdc7d9934c4e954faaf053d77608 [term 1 FOLLOWER]: Refusing update from remote peer e543b8e70cf44a76bcd6171a48e3ecf7: Log matching property violated. Preceding OpId in replica: term: 1 index: 1. Preceding OpId from leader: term: 1 index: 2. (index mismatch)
I20260710 11:08:38.194545 21457 consensus_queue.cc:1048] T 38cbf808188d4cba9b2bfe32223e7ae0 P e543b8e70cf44a76bcd6171a48e3ecf7 [LEADER]: Connected to new peer: Peer: permanent_uuid: "36dd1f398cd247e99ecc6fc3c0ac5ca7" member_type: VOTER last_known_addr { host: "127.19.31.129" port: 35717 }, Status: LMP_MISMATCH, Last received: 0.0, Next index: 2, Last known committed idx: 1, Time since last communication: 0.000s
I20260710 11:08:38.195470 21312 consensus_queue.cc:1048] T 38cbf808188d4cba9b2bfe32223e7ae0 P e543b8e70cf44a76bcd6171a48e3ecf7 [LEADER]: Connected to new peer: Peer: permanent_uuid: "8af1fdc7d9934c4e954faaf053d77608" member_type: VOTER last_known_addr { host: "127.19.31.131" port: 39471 } attrs { replace: true }, Status: LMP_MISMATCH, Last received: 0.0, Next index: 2, Last known committed idx: 1, Time since last communication: 0.000s
I20260710 11:08:38.205323 21312 raft_consensus.cc:2955] T 38cbf808188d4cba9b2bfe32223e7ae0 P e543b8e70cf44a76bcd6171a48e3ecf7 [term 1 LEADER]: Committing config change with OpId 1.2: config changed from index -1 to 2, NON_VOTER 114b7de6c95945258e941588e0bf8ef6 (127.19.31.132) added. New config: { opid_index: 2 OBSOLETE_local: false peers { permanent_uuid: "36dd1f398cd247e99ecc6fc3c0ac5ca7" member_type: VOTER last_known_addr { host: "127.19.31.129" port: 35717 } } peers { permanent_uuid: "e543b8e70cf44a76bcd6171a48e3ecf7" member_type: VOTER last_known_addr { host: "127.19.31.130" port: 34599 } } peers { permanent_uuid: "8af1fdc7d9934c4e954faaf053d77608" member_type: VOTER last_known_addr { host: "127.19.31.131" port: 39471 } attrs { replace: true } } peers { permanent_uuid: "114b7de6c95945258e941588e0bf8ef6" member_type: NON_VOTER last_known_addr { host: "127.19.31.132" port: 42473 } attrs { promote: true } } }
I20260710 11:08:38.207062 20894 raft_consensus.cc:2955] T 38cbf808188d4cba9b2bfe32223e7ae0 P 8af1fdc7d9934c4e954faaf053d77608 [term 1 FOLLOWER]: Committing config change with OpId 1.2: config changed from index -1 to 2, NON_VOTER 114b7de6c95945258e941588e0bf8ef6 (127.19.31.132) added. New config: { opid_index: 2 OBSOLETE_local: false peers { permanent_uuid: "36dd1f398cd247e99ecc6fc3c0ac5ca7" member_type: VOTER last_known_addr { host: "127.19.31.129" port: 35717 } } peers { permanent_uuid: "e543b8e70cf44a76bcd6171a48e3ecf7" member_type: VOTER last_known_addr { host: "127.19.31.130" port: 34599 } } peers { permanent_uuid: "8af1fdc7d9934c4e954faaf053d77608" member_type: VOTER last_known_addr { host: "127.19.31.131" port: 39471 } attrs { replace: true } } peers { permanent_uuid: "114b7de6c95945258e941588e0bf8ef6" member_type: NON_VOTER last_known_addr { host: "127.19.31.132" port: 42473 } attrs { promote: true } } }
I20260710 11:08:38.211684 20743 raft_consensus.cc:2955] T 38cbf808188d4cba9b2bfe32223e7ae0 P 36dd1f398cd247e99ecc6fc3c0ac5ca7 [term 1 FOLLOWER]: Committing config change with OpId 1.2: config changed from index -1 to 2, NON_VOTER 114b7de6c95945258e941588e0bf8ef6 (127.19.31.132) added. New config: { opid_index: 2 OBSOLETE_local: false peers { permanent_uuid: "36dd1f398cd247e99ecc6fc3c0ac5ca7" member_type: VOTER last_known_addr { host: "127.19.31.129" port: 35717 } } peers { permanent_uuid: "e543b8e70cf44a76bcd6171a48e3ecf7" member_type: VOTER last_known_addr { host: "127.19.31.130" port: 34599 } } peers { permanent_uuid: "8af1fdc7d9934c4e954faaf053d77608" member_type: VOTER last_known_addr { host: "127.19.31.131" port: 39471 } attrs { replace: true } } peers { permanent_uuid: "114b7de6c95945258e941588e0bf8ef6" member_type: NON_VOTER last_known_addr { host: "127.19.31.132" port: 42473 } attrs { promote: true } } }
I20260710 11:08:38.220724 20641 catalog_manager.cc:5697] T 38cbf808188d4cba9b2bfe32223e7ae0 P e543b8e70cf44a76bcd6171a48e3ecf7 reported cstate change: config changed from index -1 to 2, NON_VOTER 114b7de6c95945258e941588e0bf8ef6 (127.19.31.132) added. New cstate: current_term: 1 leader_uuid: "e543b8e70cf44a76bcd6171a48e3ecf7" committed_config { opid_index: 2 OBSOLETE_local: false peers { permanent_uuid: "36dd1f398cd247e99ecc6fc3c0ac5ca7" member_type: VOTER last_known_addr { host: "127.19.31.129" port: 35717 } health_report { overall_health: HEALTHY } } peers { permanent_uuid: "e543b8e70cf44a76bcd6171a48e3ecf7" member_type: VOTER last_known_addr { host: "127.19.31.130" port: 34599 } health_report { overall_health: HEALTHY } } peers { permanent_uuid: "8af1fdc7d9934c4e954faaf053d77608" member_type: VOTER last_known_addr { host: "127.19.31.131" port: 39471 } attrs { replace: true } health_report { overall_health: HEALTHY } } peers { permanent_uuid: "114b7de6c95945258e941588e0bf8ef6" member_type: NON_VOTER last_known_addr { host: "127.19.31.132" port: 42473 } attrs { promote: true } health_report { overall_health: UNKNOWN } } }
I20260710 11:08:38.226022 20819 consensus_queue.cc:237] T bf0483b430ec43e5aa159e50065ae4fb P e543b8e70cf44a76bcd6171a48e3ecf7 [LEADER]: Queue going to LEADER mode. State: All replicated index: 0, Majority replicated index: 1, Committed index: 1, Last appended: 1.1, Last appended by leader: 0, Current term: 1, Majority size: 2, State: 0, Mode: LEADER, active raft config: opid_index: 2 OBSOLETE_local: false peers { permanent_uuid: "36dd1f398cd247e99ecc6fc3c0ac5ca7" member_type: VOTER last_known_addr { host: "127.19.31.129" port: 35717 } attrs { replace: true } } peers { permanent_uuid: "e543b8e70cf44a76bcd6171a48e3ecf7" member_type: VOTER last_known_addr { host: "127.19.31.130" port: 34599 } } peers { permanent_uuid: "8af1fdc7d9934c4e954faaf053d77608" member_type: VOTER last_known_addr { host: "127.19.31.131" port: 39471 } } peers { permanent_uuid: "114b7de6c95945258e941588e0bf8ef6" member_type: NON_VOTER last_known_addr { host: "127.19.31.132" port: 42473 } attrs { promote: true } }
W20260710 11:08:38.234139 20786 consensus_peers.cc:597] T bf0483b430ec43e5aa159e50065ae4fb P e543b8e70cf44a76bcd6171a48e3ecf7 -> Peer 114b7de6c95945258e941588e0bf8ef6 (127.19.31.132:42473): Couldn't send request to peer 114b7de6c95945258e941588e0bf8ef6. Error code: TABLET_NOT_FOUND (6). Status: Not found: Tablet not found: bf0483b430ec43e5aa159e50065ae4fb. This is attempt 1: this message will repeat every 5th retry.
I20260710 11:08:38.234992 20894 raft_consensus.cc:1275] T bf0483b430ec43e5aa159e50065ae4fb P 8af1fdc7d9934c4e954faaf053d77608 [term 1 FOLLOWER]: Refusing update from remote peer e543b8e70cf44a76bcd6171a48e3ecf7: Log matching property violated. Preceding OpId in replica: term: 1 index: 1. Preceding OpId from leader: term: 1 index: 2. (index mismatch)
I20260710 11:08:38.235515 20743 raft_consensus.cc:1275] T bf0483b430ec43e5aa159e50065ae4fb P 36dd1f398cd247e99ecc6fc3c0ac5ca7 [term 1 FOLLOWER]: Refusing update from remote peer e543b8e70cf44a76bcd6171a48e3ecf7: Log matching property violated. Preceding OpId in replica: term: 1 index: 1. Preceding OpId from leader: term: 1 index: 2. (index mismatch)
I20260710 11:08:38.236584 21457 consensus_queue.cc:1048] T bf0483b430ec43e5aa159e50065ae4fb P e543b8e70cf44a76bcd6171a48e3ecf7 [LEADER]: Connected to new peer: Peer: permanent_uuid: "8af1fdc7d9934c4e954faaf053d77608" member_type: VOTER last_known_addr { host: "127.19.31.131" port: 39471 }, Status: LMP_MISMATCH, Last received: 0.0, Next index: 2, Last known committed idx: 1, Time since last communication: 0.000s
I20260710 11:08:38.237641 21312 consensus_queue.cc:1048] T bf0483b430ec43e5aa159e50065ae4fb P e543b8e70cf44a76bcd6171a48e3ecf7 [LEADER]: Connected to new peer: Peer: permanent_uuid: "36dd1f398cd247e99ecc6fc3c0ac5ca7" member_type: VOTER last_known_addr { host: "127.19.31.129" port: 35717 } attrs { replace: true }, Status: LMP_MISMATCH, Last received: 0.0, Next index: 2, Last known committed idx: 1, Time since last communication: 0.000s
I20260710 11:08:38.246646 21457 raft_consensus.cc:2955] T bf0483b430ec43e5aa159e50065ae4fb P e543b8e70cf44a76bcd6171a48e3ecf7 [term 1 LEADER]: Committing config change with OpId 1.2: config changed from index -1 to 2, NON_VOTER 114b7de6c95945258e941588e0bf8ef6 (127.19.31.132) added. New config: { opid_index: 2 OBSOLETE_local: false peers { permanent_uuid: "36dd1f398cd247e99ecc6fc3c0ac5ca7" member_type: VOTER last_known_addr { host: "127.19.31.129" port: 35717 } attrs { replace: true } } peers { permanent_uuid: "e543b8e70cf44a76bcd6171a48e3ecf7" member_type: VOTER last_known_addr { host: "127.19.31.130" port: 34599 } } peers { permanent_uuid: "8af1fdc7d9934c4e954faaf053d77608" member_type: VOTER last_known_addr { host: "127.19.31.131" port: 39471 } } peers { permanent_uuid: "114b7de6c95945258e941588e0bf8ef6" member_type: NON_VOTER last_known_addr { host: "127.19.31.132" port: 42473 } attrs { promote: true } } }
I20260710 11:08:38.247787 20894 raft_consensus.cc:2955] T bf0483b430ec43e5aa159e50065ae4fb P 8af1fdc7d9934c4e954faaf053d77608 [term 1 FOLLOWER]: Committing config change with OpId 1.2: config changed from index -1 to 2, NON_VOTER 114b7de6c95945258e941588e0bf8ef6 (127.19.31.132) added. New config: { opid_index: 2 OBSOLETE_local: false peers { permanent_uuid: "36dd1f398cd247e99ecc6fc3c0ac5ca7" member_type: VOTER last_known_addr { host: "127.19.31.129" port: 35717 } attrs { replace: true } } peers { permanent_uuid: "e543b8e70cf44a76bcd6171a48e3ecf7" member_type: VOTER last_known_addr { host: "127.19.31.130" port: 34599 } } peers { permanent_uuid: "8af1fdc7d9934c4e954faaf053d77608" member_type: VOTER last_known_addr { host: "127.19.31.131" port: 39471 } } peers { permanent_uuid: "114b7de6c95945258e941588e0bf8ef6" member_type: NON_VOTER last_known_addr { host: "127.19.31.132" port: 42473 } attrs { promote: true } } }
I20260710 11:08:38.248947 20743 raft_consensus.cc:2955] T bf0483b430ec43e5aa159e50065ae4fb P 36dd1f398cd247e99ecc6fc3c0ac5ca7 [term 1 FOLLOWER]: Committing config change with OpId 1.2: config changed from index -1 to 2, NON_VOTER 114b7de6c95945258e941588e0bf8ef6 (127.19.31.132) added. New config: { opid_index: 2 OBSOLETE_local: false peers { permanent_uuid: "36dd1f398cd247e99ecc6fc3c0ac5ca7" member_type: VOTER last_known_addr { host: "127.19.31.129" port: 35717 } attrs { replace: true } } peers { permanent_uuid: "e543b8e70cf44a76bcd6171a48e3ecf7" member_type: VOTER last_known_addr { host: "127.19.31.130" port: 34599 } } peers { permanent_uuid: "8af1fdc7d9934c4e954faaf053d77608" member_type: VOTER last_known_addr { host: "127.19.31.131" port: 39471 } } peers { permanent_uuid: "114b7de6c95945258e941588e0bf8ef6" member_type: NON_VOTER last_known_addr { host: "127.19.31.132" port: 42473 } attrs { promote: true } } }
I20260710 11:08:38.261070 20642 catalog_manager.cc:5697] T bf0483b430ec43e5aa159e50065ae4fb P 8af1fdc7d9934c4e954faaf053d77608 reported cstate change: config changed from index -1 to 2, NON_VOTER 114b7de6c95945258e941588e0bf8ef6 (127.19.31.132) added. New cstate: current_term: 1 leader_uuid: "e543b8e70cf44a76bcd6171a48e3ecf7" committed_config { opid_index: 2 OBSOLETE_local: false peers { permanent_uuid: "36dd1f398cd247e99ecc6fc3c0ac5ca7" member_type: VOTER last_known_addr { host: "127.19.31.129" port: 35717 } attrs { replace: true } } peers { permanent_uuid: "e543b8e70cf44a76bcd6171a48e3ecf7" member_type: VOTER last_known_addr { host: "127.19.31.130" port: 34599 } } peers { permanent_uuid: "8af1fdc7d9934c4e954faaf053d77608" member_type: VOTER last_known_addr { host: "127.19.31.131" port: 39471 } } peers { permanent_uuid: "114b7de6c95945258e941588e0bf8ef6" member_type: NON_VOTER last_known_addr { host: "127.19.31.132" port: 42473 } attrs { promote: true } } }
I20260710 11:08:38.766593 21493 ts_tablet_manager.cc:933] T 38cbf808188d4cba9b2bfe32223e7ae0 P 114b7de6c95945258e941588e0bf8ef6: Initiating tablet copy from peer e543b8e70cf44a76bcd6171a48e3ecf7 (127.19.31.130:34599)
I20260710 11:08:38.768292 21493 tablet_copy_client.cc:323] T 38cbf808188d4cba9b2bfe32223e7ae0 P 114b7de6c95945258e941588e0bf8ef6: tablet copy: Beginning tablet copy session from remote peer at address 127.19.31.130:34599
I20260710 11:08:38.770272 20830 tablet_copy_service.cc:140] P e543b8e70cf44a76bcd6171a48e3ecf7: Received BeginTabletCopySession request for tablet 38cbf808188d4cba9b2bfe32223e7ae0 from peer 114b7de6c95945258e941588e0bf8ef6 ({username='slave'} at 127.0.0.1:39230)
I20260710 11:08:38.770859 20830 tablet_copy_service.cc:161] P e543b8e70cf44a76bcd6171a48e3ecf7: Beginning new tablet copy session on tablet 38cbf808188d4cba9b2bfe32223e7ae0 from peer 114b7de6c95945258e941588e0bf8ef6 at {username='slave'} at 127.0.0.1:39230: session id = 114b7de6c95945258e941588e0bf8ef6-38cbf808188d4cba9b2bfe32223e7ae0
I20260710 11:08:38.774878 21495 ts_tablet_manager.cc:933] T bf0483b430ec43e5aa159e50065ae4fb P 114b7de6c95945258e941588e0bf8ef6: Initiating tablet copy from peer e543b8e70cf44a76bcd6171a48e3ecf7 (127.19.31.130:34599)
I20260710 11:08:38.776685 21495 tablet_copy_client.cc:323] T bf0483b430ec43e5aa159e50065ae4fb P 114b7de6c95945258e941588e0bf8ef6: tablet copy: Beginning tablet copy session from remote peer at address 127.19.31.130:34599
I20260710 11:08:38.778386 20829 tablet_copy_service.cc:140] P e543b8e70cf44a76bcd6171a48e3ecf7: Received BeginTabletCopySession request for tablet bf0483b430ec43e5aa159e50065ae4fb from peer 114b7de6c95945258e941588e0bf8ef6 ({username='slave'} at 127.0.0.1:39230)
I20260710 11:08:38.778753 20830 tablet_copy_source_session.cc:215] T 38cbf808188d4cba9b2bfe32223e7ae0 P e543b8e70cf44a76bcd6171a48e3ecf7: Tablet Copy: opened 0 blocks and 1 log segments
I20260710 11:08:38.778904 20829 tablet_copy_service.cc:161] P e543b8e70cf44a76bcd6171a48e3ecf7: Beginning new tablet copy session on tablet bf0483b430ec43e5aa159e50065ae4fb from peer 114b7de6c95945258e941588e0bf8ef6 at {username='slave'} at 127.0.0.1:39230: session id = 114b7de6c95945258e941588e0bf8ef6-bf0483b430ec43e5aa159e50065ae4fb
I20260710 11:08:38.782433 21493 data_dirs.cc:400] Could only allocate 1 dirs of requested 3 for tablet 38cbf808188d4cba9b2bfe32223e7ae0. 1 dirs total, 0 dirs full, 0 dirs failed
I20260710 11:08:38.787211 20829 tablet_copy_source_session.cc:215] T bf0483b430ec43e5aa159e50065ae4fb P e543b8e70cf44a76bcd6171a48e3ecf7: Tablet Copy: opened 0 blocks and 1 log segments
I20260710 11:08:38.792235 21495 data_dirs.cc:400] Could only allocate 1 dirs of requested 3 for tablet bf0483b430ec43e5aa159e50065ae4fb. 1 dirs total, 0 dirs full, 0 dirs failed
I20260710 11:08:38.800976 21493 tablet_copy_client.cc:806] T 38cbf808188d4cba9b2bfe32223e7ae0 P 114b7de6c95945258e941588e0bf8ef6: tablet copy: Starting download of 0 data blocks...
I20260710 11:08:38.801644 21493 tablet_copy_client.cc:670] T 38cbf808188d4cba9b2bfe32223e7ae0 P 114b7de6c95945258e941588e0bf8ef6: tablet copy: Starting download of 1 WAL segments...
I20260710 11:08:38.805712 21493 tablet_copy_client.cc:538] T 38cbf808188d4cba9b2bfe32223e7ae0 P 114b7de6c95945258e941588e0bf8ef6: tablet copy: Tablet Copy complete. Replacing tablet superblock.
I20260710 11:08:38.809305 21495 tablet_copy_client.cc:806] T bf0483b430ec43e5aa159e50065ae4fb P 114b7de6c95945258e941588e0bf8ef6: tablet copy: Starting download of 0 data blocks...
I20260710 11:08:38.810011 21495 tablet_copy_client.cc:670] T bf0483b430ec43e5aa159e50065ae4fb P 114b7de6c95945258e941588e0bf8ef6: tablet copy: Starting download of 1 WAL segments...
I20260710 11:08:38.815311 21493 tablet_bootstrap.cc:492] T 38cbf808188d4cba9b2bfe32223e7ae0 P 114b7de6c95945258e941588e0bf8ef6: Bootstrap starting.
I20260710 11:08:38.815740 21495 tablet_copy_client.cc:538] T bf0483b430ec43e5aa159e50065ae4fb P 114b7de6c95945258e941588e0bf8ef6: tablet copy: Tablet Copy complete. Replacing tablet superblock.
I20260710 11:08:38.830195 21495 tablet_bootstrap.cc:492] T bf0483b430ec43e5aa159e50065ae4fb P 114b7de6c95945258e941588e0bf8ef6: Bootstrap starting.
I20260710 11:08:38.839105 21493 tablet_bootstrap.cc:492] T 38cbf808188d4cba9b2bfe32223e7ae0 P 114b7de6c95945258e941588e0bf8ef6: Bootstrap replayed 1/1 log segments. Stats: ops{read=2 overwritten=0 applied=2 ignored=0} inserts{seen=0 ignored=0} mutations{seen=0 ignored=0} orphaned_commits=0. Pending: 0 replicates
I20260710 11:08:38.840046 21493 tablet_bootstrap.cc:492] T 38cbf808188d4cba9b2bfe32223e7ae0 P 114b7de6c95945258e941588e0bf8ef6: Bootstrap complete.
I20260710 11:08:38.840747 21493 ts_tablet_manager.cc:1403] T 38cbf808188d4cba9b2bfe32223e7ae0 P 114b7de6c95945258e941588e0bf8ef6: Time spent bootstrapping tablet: real 0.026s	user 0.013s	sys 0.009s
I20260710 11:08:38.844198 21493 raft_consensus.cc:359] T 38cbf808188d4cba9b2bfe32223e7ae0 P 114b7de6c95945258e941588e0bf8ef6 [term 1 LEARNER]: Replica starting. Triggering 0 pending ops. Active config: opid_index: 2 OBSOLETE_local: false peers { permanent_uuid: "36dd1f398cd247e99ecc6fc3c0ac5ca7" member_type: VOTER last_known_addr { host: "127.19.31.129" port: 35717 } } peers { permanent_uuid: "e543b8e70cf44a76bcd6171a48e3ecf7" member_type: VOTER last_known_addr { host: "127.19.31.130" port: 34599 } } peers { permanent_uuid: "8af1fdc7d9934c4e954faaf053d77608" member_type: VOTER last_known_addr { host: "127.19.31.131" port: 39471 } attrs { replace: true } } peers { permanent_uuid: "114b7de6c95945258e941588e0bf8ef6" member_type: NON_VOTER last_known_addr { host: "127.19.31.132" port: 42473 } attrs { promote: true } }
I20260710 11:08:38.845110 21493 raft_consensus.cc:740] T 38cbf808188d4cba9b2bfe32223e7ae0 P 114b7de6c95945258e941588e0bf8ef6 [term 1 LEARNER]: Becoming Follower/Learner. State: Replica: 114b7de6c95945258e941588e0bf8ef6, State: Initialized, Role: LEARNER
I20260710 11:08:38.845810 21493 consensus_queue.cc:260] T 38cbf808188d4cba9b2bfe32223e7ae0 P 114b7de6c95945258e941588e0bf8ef6 [NON_LEADER]: Queue going to NON_LEADER mode. State: All replicated index: 0, Majority replicated index: 0, Committed index: 2, Last appended: 1.2, Last appended by leader: 2, Current term: 0, Majority size: -1, State: 0, Mode: NON_LEADER, active raft config: opid_index: 2 OBSOLETE_local: false peers { permanent_uuid: "36dd1f398cd247e99ecc6fc3c0ac5ca7" member_type: VOTER last_known_addr { host: "127.19.31.129" port: 35717 } } peers { permanent_uuid: "e543b8e70cf44a76bcd6171a48e3ecf7" member_type: VOTER last_known_addr { host: "127.19.31.130" port: 34599 } } peers { permanent_uuid: "8af1fdc7d9934c4e954faaf053d77608" member_type: VOTER last_known_addr { host: "127.19.31.131" port: 39471 } attrs { replace: true } } peers { permanent_uuid: "114b7de6c95945258e941588e0bf8ef6" member_type: NON_VOTER last_known_addr { host: "127.19.31.132" port: 42473 } attrs { promote: true } }
I20260710 11:08:38.849870 21495 tablet_bootstrap.cc:492] T bf0483b430ec43e5aa159e50065ae4fb P 114b7de6c95945258e941588e0bf8ef6: Bootstrap replayed 1/1 log segments. Stats: ops{read=2 overwritten=0 applied=2 ignored=0} inserts{seen=0 ignored=0} mutations{seen=0 ignored=0} orphaned_commits=0. Pending: 0 replicates
I20260710 11:08:38.850826 21495 tablet_bootstrap.cc:492] T bf0483b430ec43e5aa159e50065ae4fb P 114b7de6c95945258e941588e0bf8ef6: Bootstrap complete.
I20260710 11:08:38.851605 21495 ts_tablet_manager.cc:1403] T bf0483b430ec43e5aa159e50065ae4fb P 114b7de6c95945258e941588e0bf8ef6: Time spent bootstrapping tablet: real 0.022s	user 0.015s	sys 0.008s
I20260710 11:08:38.854624 21495 raft_consensus.cc:359] T bf0483b430ec43e5aa159e50065ae4fb P 114b7de6c95945258e941588e0bf8ef6 [term 1 LEARNER]: Replica starting. Triggering 0 pending ops. Active config: opid_index: 2 OBSOLETE_local: false peers { permanent_uuid: "36dd1f398cd247e99ecc6fc3c0ac5ca7" member_type: VOTER last_known_addr { host: "127.19.31.129" port: 35717 } attrs { replace: true } } peers { permanent_uuid: "e543b8e70cf44a76bcd6171a48e3ecf7" member_type: VOTER last_known_addr { host: "127.19.31.130" port: 34599 } } peers { permanent_uuid: "8af1fdc7d9934c4e954faaf053d77608" member_type: VOTER last_known_addr { host: "127.19.31.131" port: 39471 } } peers { permanent_uuid: "114b7de6c95945258e941588e0bf8ef6" member_type: NON_VOTER last_known_addr { host: "127.19.31.132" port: 42473 } attrs { promote: true } }
I20260710 11:08:38.855567 21495 raft_consensus.cc:740] T bf0483b430ec43e5aa159e50065ae4fb P 114b7de6c95945258e941588e0bf8ef6 [term 1 LEARNER]: Becoming Follower/Learner. State: Replica: 114b7de6c95945258e941588e0bf8ef6, State: Initialized, Role: LEARNER
I20260710 11:08:38.856297 21495 consensus_queue.cc:260] T bf0483b430ec43e5aa159e50065ae4fb P 114b7de6c95945258e941588e0bf8ef6 [NON_LEADER]: Queue going to NON_LEADER mode. State: All replicated index: 0, Majority replicated index: 0, Committed index: 2, Last appended: 1.2, Last appended by leader: 2, Current term: 0, Majority size: -1, State: 0, Mode: NON_LEADER, active raft config: opid_index: 2 OBSOLETE_local: false peers { permanent_uuid: "36dd1f398cd247e99ecc6fc3c0ac5ca7" member_type: VOTER last_known_addr { host: "127.19.31.129" port: 35717 } attrs { replace: true } } peers { permanent_uuid: "e543b8e70cf44a76bcd6171a48e3ecf7" member_type: VOTER last_known_addr { host: "127.19.31.130" port: 34599 } } peers { permanent_uuid: "8af1fdc7d9934c4e954faaf053d77608" member_type: VOTER last_known_addr { host: "127.19.31.131" port: 39471 } } peers { permanent_uuid: "114b7de6c95945258e941588e0bf8ef6" member_type: NON_VOTER last_known_addr { host: "127.19.31.132" port: 42473 } attrs { promote: true } }
I20260710 11:08:38.858139 21493 ts_tablet_manager.cc:1434] T 38cbf808188d4cba9b2bfe32223e7ae0 P 114b7de6c95945258e941588e0bf8ef6: Time spent starting tablet: real 0.017s	user 0.010s	sys 0.000s
I20260710 11:08:38.859157 21495 ts_tablet_manager.cc:1434] T bf0483b430ec43e5aa159e50065ae4fb P 114b7de6c95945258e941588e0bf8ef6: Time spent starting tablet: real 0.007s	user 0.006s	sys 0.000s
I20260710 11:08:38.860824 20829 tablet_copy_service.cc:342] P e543b8e70cf44a76bcd6171a48e3ecf7: Request end of tablet copy session 114b7de6c95945258e941588e0bf8ef6-38cbf808188d4cba9b2bfe32223e7ae0 received from {username='slave'} at 127.0.0.1:39230
I20260710 11:08:38.861289 20829 tablet_copy_service.cc:434] P e543b8e70cf44a76bcd6171a48e3ecf7: ending tablet copy session 114b7de6c95945258e941588e0bf8ef6-38cbf808188d4cba9b2bfe32223e7ae0 on tablet 38cbf808188d4cba9b2bfe32223e7ae0 with peer 114b7de6c95945258e941588e0bf8ef6
I20260710 11:08:38.861945 20830 tablet_copy_service.cc:342] P e543b8e70cf44a76bcd6171a48e3ecf7: Request end of tablet copy session 114b7de6c95945258e941588e0bf8ef6-bf0483b430ec43e5aa159e50065ae4fb received from {username='slave'} at 127.0.0.1:39230
I20260710 11:08:38.862350 20830 tablet_copy_service.cc:434] P e543b8e70cf44a76bcd6171a48e3ecf7: ending tablet copy session 114b7de6c95945258e941588e0bf8ef6-bf0483b430ec43e5aa159e50065ae4fb on tablet bf0483b430ec43e5aa159e50065ae4fb with peer 114b7de6c95945258e941588e0bf8ef6
I20260710 11:08:39.166868 21173 raft_consensus.cc:1217] T bf0483b430ec43e5aa159e50065ae4fb P 114b7de6c95945258e941588e0bf8ef6 [term 1 LEARNER]: Deduplicated request from leader. Original: 1.1->[1.2-1.2]   Dedup: 1.2->[]
I20260710 11:08:39.270408 21172 raft_consensus.cc:1217] T 38cbf808188d4cba9b2bfe32223e7ae0 P 114b7de6c95945258e941588e0bf8ef6 [term 1 LEARNER]: Deduplicated request from leader. Original: 1.1->[1.2-1.2]   Dedup: 1.2->[]
I20260710 11:08:39.605863 21502 raft_consensus.cc:1064] T bf0483b430ec43e5aa159e50065ae4fb P e543b8e70cf44a76bcd6171a48e3ecf7: attempting to promote NON_VOTER 114b7de6c95945258e941588e0bf8ef6 to VOTER
I20260710 11:08:39.608880 21502 consensus_queue.cc:237] T bf0483b430ec43e5aa159e50065ae4fb P e543b8e70cf44a76bcd6171a48e3ecf7 [LEADER]: Queue going to LEADER mode. State: All replicated index: 0, Majority replicated index: 2, Committed index: 2, Last appended: 1.2, Last appended by leader: 0, Current term: 1, Majority size: 3, State: 0, Mode: LEADER, active raft config: opid_index: 3 OBSOLETE_local: false peers { permanent_uuid: "36dd1f398cd247e99ecc6fc3c0ac5ca7" member_type: VOTER last_known_addr { host: "127.19.31.129" port: 35717 } attrs { replace: true } } peers { permanent_uuid: "e543b8e70cf44a76bcd6171a48e3ecf7" member_type: VOTER last_known_addr { host: "127.19.31.130" port: 34599 } } peers { permanent_uuid: "8af1fdc7d9934c4e954faaf053d77608" member_type: VOTER last_known_addr { host: "127.19.31.131" port: 39471 } } peers { permanent_uuid: "114b7de6c95945258e941588e0bf8ef6" member_type: VOTER last_known_addr { host: "127.19.31.132" port: 42473 } attrs { promote: false } }
I20260710 11:08:39.616003 21172 raft_consensus.cc:1275] T bf0483b430ec43e5aa159e50065ae4fb P 114b7de6c95945258e941588e0bf8ef6 [term 1 LEARNER]: Refusing update from remote peer e543b8e70cf44a76bcd6171a48e3ecf7: Log matching property violated. Preceding OpId in replica: term: 1 index: 2. Preceding OpId from leader: term: 1 index: 3. (index mismatch)
I20260710 11:08:39.616273 20893 raft_consensus.cc:1275] T bf0483b430ec43e5aa159e50065ae4fb P 8af1fdc7d9934c4e954faaf053d77608 [term 1 FOLLOWER]: Refusing update from remote peer e543b8e70cf44a76bcd6171a48e3ecf7: Log matching property violated. Preceding OpId in replica: term: 1 index: 2. Preceding OpId from leader: term: 1 index: 3. (index mismatch)
I20260710 11:08:39.616273 20743 raft_consensus.cc:1275] T bf0483b430ec43e5aa159e50065ae4fb P 36dd1f398cd247e99ecc6fc3c0ac5ca7 [term 1 FOLLOWER]: Refusing update from remote peer e543b8e70cf44a76bcd6171a48e3ecf7: Log matching property violated. Preceding OpId in replica: term: 1 index: 2. Preceding OpId from leader: term: 1 index: 3. (index mismatch)
I20260710 11:08:39.617734 21500 consensus_queue.cc:1048] T bf0483b430ec43e5aa159e50065ae4fb P e543b8e70cf44a76bcd6171a48e3ecf7 [LEADER]: Connected to new peer: Peer: permanent_uuid: "114b7de6c95945258e941588e0bf8ef6" member_type: VOTER last_known_addr { host: "127.19.31.132" port: 42473 } attrs { promote: false }, Status: LMP_MISMATCH, Last received: 0.0, Next index: 3, Last known committed idx: 2, Time since last communication: 0.000s
I20260710 11:08:39.618710 21312 consensus_queue.cc:1048] T bf0483b430ec43e5aa159e50065ae4fb P e543b8e70cf44a76bcd6171a48e3ecf7 [LEADER]: Connected to new peer: Peer: permanent_uuid: "8af1fdc7d9934c4e954faaf053d77608" member_type: VOTER last_known_addr { host: "127.19.31.131" port: 39471 }, Status: LMP_MISMATCH, Last received: 0.0, Next index: 3, Last known committed idx: 2, Time since last communication: 0.000s
I20260710 11:08:39.619511 21502 consensus_queue.cc:1048] T bf0483b430ec43e5aa159e50065ae4fb P e543b8e70cf44a76bcd6171a48e3ecf7 [LEADER]: Connected to new peer: Peer: permanent_uuid: "36dd1f398cd247e99ecc6fc3c0ac5ca7" member_type: VOTER last_known_addr { host: "127.19.31.129" port: 35717 } attrs { replace: true }, Status: LMP_MISMATCH, Last received: 0.0, Next index: 3, Last known committed idx: 2, Time since last communication: 0.000s
I20260710 11:08:39.633885 21312 raft_consensus.cc:2955] T bf0483b430ec43e5aa159e50065ae4fb P e543b8e70cf44a76bcd6171a48e3ecf7 [term 1 LEADER]: Committing config change with OpId 1.3: config changed from index 2 to 3, 114b7de6c95945258e941588e0bf8ef6 (127.19.31.132) changed from NON_VOTER to VOTER. New config: { opid_index: 3 OBSOLETE_local: false peers { permanent_uuid: "36dd1f398cd247e99ecc6fc3c0ac5ca7" member_type: VOTER last_known_addr { host: "127.19.31.129" port: 35717 } attrs { replace: true } } peers { permanent_uuid: "e543b8e70cf44a76bcd6171a48e3ecf7" member_type: VOTER last_known_addr { host: "127.19.31.130" port: 34599 } } peers { permanent_uuid: "8af1fdc7d9934c4e954faaf053d77608" member_type: VOTER last_known_addr { host: "127.19.31.131" port: 39471 } } peers { permanent_uuid: "114b7de6c95945258e941588e0bf8ef6" member_type: VOTER last_known_addr { host: "127.19.31.132" port: 42473 } attrs { promote: false } } }
I20260710 11:08:39.635636 20743 raft_consensus.cc:2955] T bf0483b430ec43e5aa159e50065ae4fb P 36dd1f398cd247e99ecc6fc3c0ac5ca7 [term 1 FOLLOWER]: Committing config change with OpId 1.3: config changed from index 2 to 3, 114b7de6c95945258e941588e0bf8ef6 (127.19.31.132) changed from NON_VOTER to VOTER. New config: { opid_index: 3 OBSOLETE_local: false peers { permanent_uuid: "36dd1f398cd247e99ecc6fc3c0ac5ca7" member_type: VOTER last_known_addr { host: "127.19.31.129" port: 35717 } attrs { replace: true } } peers { permanent_uuid: "e543b8e70cf44a76bcd6171a48e3ecf7" member_type: VOTER last_known_addr { host: "127.19.31.130" port: 34599 } } peers { permanent_uuid: "8af1fdc7d9934c4e954faaf053d77608" member_type: VOTER last_known_addr { host: "127.19.31.131" port: 39471 } } peers { permanent_uuid: "114b7de6c95945258e941588e0bf8ef6" member_type: VOTER last_known_addr { host: "127.19.31.132" port: 42473 } attrs { promote: false } } }
I20260710 11:08:39.637261 20893 raft_consensus.cc:2955] T bf0483b430ec43e5aa159e50065ae4fb P 8af1fdc7d9934c4e954faaf053d77608 [term 1 FOLLOWER]: Committing config change with OpId 1.3: config changed from index 2 to 3, 114b7de6c95945258e941588e0bf8ef6 (127.19.31.132) changed from NON_VOTER to VOTER. New config: { opid_index: 3 OBSOLETE_local: false peers { permanent_uuid: "36dd1f398cd247e99ecc6fc3c0ac5ca7" member_type: VOTER last_known_addr { host: "127.19.31.129" port: 35717 } attrs { replace: true } } peers { permanent_uuid: "e543b8e70cf44a76bcd6171a48e3ecf7" member_type: VOTER last_known_addr { host: "127.19.31.130" port: 34599 } } peers { permanent_uuid: "8af1fdc7d9934c4e954faaf053d77608" member_type: VOTER last_known_addr { host: "127.19.31.131" port: 39471 } } peers { permanent_uuid: "114b7de6c95945258e941588e0bf8ef6" member_type: VOTER last_known_addr { host: "127.19.31.132" port: 42473 } attrs { promote: false } } }
I20260710 11:08:39.649696 21173 raft_consensus.cc:2955] T bf0483b430ec43e5aa159e50065ae4fb P 114b7de6c95945258e941588e0bf8ef6 [term 1 FOLLOWER]: Committing config change with OpId 1.3: config changed from index 2 to 3, 114b7de6c95945258e941588e0bf8ef6 (127.19.31.132) changed from NON_VOTER to VOTER. New config: { opid_index: 3 OBSOLETE_local: false peers { permanent_uuid: "36dd1f398cd247e99ecc6fc3c0ac5ca7" member_type: VOTER last_known_addr { host: "127.19.31.129" port: 35717 } attrs { replace: true } } peers { permanent_uuid: "e543b8e70cf44a76bcd6171a48e3ecf7" member_type: VOTER last_known_addr { host: "127.19.31.130" port: 34599 } } peers { permanent_uuid: "8af1fdc7d9934c4e954faaf053d77608" member_type: VOTER last_known_addr { host: "127.19.31.131" port: 39471 } } peers { permanent_uuid: "114b7de6c95945258e941588e0bf8ef6" member_type: VOTER last_known_addr { host: "127.19.31.132" port: 42473 } attrs { promote: false } } }
I20260710 11:08:39.653151 20642 catalog_manager.cc:5697] T bf0483b430ec43e5aa159e50065ae4fb P e543b8e70cf44a76bcd6171a48e3ecf7 reported cstate change: config changed from index 2 to 3, 114b7de6c95945258e941588e0bf8ef6 (127.19.31.132) changed from NON_VOTER to VOTER. New cstate: current_term: 1 leader_uuid: "e543b8e70cf44a76bcd6171a48e3ecf7" committed_config { opid_index: 3 OBSOLETE_local: false peers { permanent_uuid: "36dd1f398cd247e99ecc6fc3c0ac5ca7" member_type: VOTER last_known_addr { host: "127.19.31.129" port: 35717 } attrs { replace: true } health_report { overall_health: HEALTHY } } peers { permanent_uuid: "e543b8e70cf44a76bcd6171a48e3ecf7" member_type: VOTER last_known_addr { host: "127.19.31.130" port: 34599 } health_report { overall_health: HEALTHY } } peers { permanent_uuid: "8af1fdc7d9934c4e954faaf053d77608" member_type: VOTER last_known_addr { host: "127.19.31.131" port: 39471 } health_report { overall_health: HEALTHY } } peers { permanent_uuid: "114b7de6c95945258e941588e0bf8ef6" member_type: VOTER last_known_addr { host: "127.19.31.132" port: 42473 } attrs { promote: false } health_report { overall_health: HEALTHY } } }
I20260710 11:08:39.674209 20816 consensus_queue.cc:237] T bf0483b430ec43e5aa159e50065ae4fb P e543b8e70cf44a76bcd6171a48e3ecf7 [LEADER]: Queue going to LEADER mode. State: All replicated index: 0, Majority replicated index: 3, Committed index: 3, Last appended: 1.3, Last appended by leader: 0, Current term: 1, Majority size: 2, State: 0, Mode: LEADER, active raft config: opid_index: 4 OBSOLETE_local: false peers { permanent_uuid: "e543b8e70cf44a76bcd6171a48e3ecf7" member_type: VOTER last_known_addr { host: "127.19.31.130" port: 34599 } } peers { permanent_uuid: "8af1fdc7d9934c4e954faaf053d77608" member_type: VOTER last_known_addr { host: "127.19.31.131" port: 39471 } } peers { permanent_uuid: "114b7de6c95945258e941588e0bf8ef6" member_type: VOTER last_known_addr { host: "127.19.31.132" port: 42473 } attrs { promote: false } }
I20260710 11:08:39.678540 21173 raft_consensus.cc:1275] T bf0483b430ec43e5aa159e50065ae4fb P 114b7de6c95945258e941588e0bf8ef6 [term 1 FOLLOWER]: Refusing update from remote peer e543b8e70cf44a76bcd6171a48e3ecf7: Log matching property violated. Preceding OpId in replica: term: 1 index: 3. Preceding OpId from leader: term: 1 index: 4. (index mismatch)
I20260710 11:08:39.679965 21502 consensus_queue.cc:1048] T bf0483b430ec43e5aa159e50065ae4fb P e543b8e70cf44a76bcd6171a48e3ecf7 [LEADER]: Connected to new peer: Peer: permanent_uuid: "114b7de6c95945258e941588e0bf8ef6" member_type: VOTER last_known_addr { host: "127.19.31.132" port: 42473 } attrs { promote: false }, Status: LMP_MISMATCH, Last received: 0.0, Next index: 4, Last known committed idx: 3, Time since last communication: 0.000s
I20260710 11:08:39.681442 20893 raft_consensus.cc:1275] T bf0483b430ec43e5aa159e50065ae4fb P 8af1fdc7d9934c4e954faaf053d77608 [term 1 FOLLOWER]: Refusing update from remote peer e543b8e70cf44a76bcd6171a48e3ecf7: Log matching property violated. Preceding OpId in replica: term: 1 index: 3. Preceding OpId from leader: term: 1 index: 4. (index mismatch)
I20260710 11:08:39.682952 21502 consensus_queue.cc:1048] T bf0483b430ec43e5aa159e50065ae4fb P e543b8e70cf44a76bcd6171a48e3ecf7 [LEADER]: Connected to new peer: Peer: permanent_uuid: "8af1fdc7d9934c4e954faaf053d77608" member_type: VOTER last_known_addr { host: "127.19.31.131" port: 39471 }, Status: LMP_MISMATCH, Last received: 0.0, Next index: 4, Last known committed idx: 3, Time since last communication: 0.000s
I20260710 11:08:39.687407 21501 raft_consensus.cc:2955] T bf0483b430ec43e5aa159e50065ae4fb P e543b8e70cf44a76bcd6171a48e3ecf7 [term 1 LEADER]: Committing config change with OpId 1.4: config changed from index 3 to 4, VOTER 36dd1f398cd247e99ecc6fc3c0ac5ca7 (127.19.31.129) evicted. New config: { opid_index: 4 OBSOLETE_local: false peers { permanent_uuid: "e543b8e70cf44a76bcd6171a48e3ecf7" member_type: VOTER last_known_addr { host: "127.19.31.130" port: 34599 } } peers { permanent_uuid: "8af1fdc7d9934c4e954faaf053d77608" member_type: VOTER last_known_addr { host: "127.19.31.131" port: 39471 } } peers { permanent_uuid: "114b7de6c95945258e941588e0bf8ef6" member_type: VOTER last_known_addr { host: "127.19.31.132" port: 42473 } attrs { promote: false } } }
I20260710 11:08:39.691332 21172 raft_consensus.cc:2955] T bf0483b430ec43e5aa159e50065ae4fb P 114b7de6c95945258e941588e0bf8ef6 [term 1 FOLLOWER]: Committing config change with OpId 1.4: config changed from index 3 to 4, VOTER 36dd1f398cd247e99ecc6fc3c0ac5ca7 (127.19.31.129) evicted. New config: { opid_index: 4 OBSOLETE_local: false peers { permanent_uuid: "e543b8e70cf44a76bcd6171a48e3ecf7" member_type: VOTER last_known_addr { host: "127.19.31.130" port: 34599 } } peers { permanent_uuid: "8af1fdc7d9934c4e954faaf053d77608" member_type: VOTER last_known_addr { host: "127.19.31.131" port: 39471 } } peers { permanent_uuid: "114b7de6c95945258e941588e0bf8ef6" member_type: VOTER last_known_addr { host: "127.19.31.132" port: 42473 } attrs { promote: false } } }
