I20260710 11:08:20.555323  1507 leader_election.cc:304] T 3984a4841f4449e38aca40024edaaabe P f0db8e4fb18a4f70a4677f9a4895524c [CANDIDATE]: Term 1 election: Election decided. Result: candidate lost. Election summary: received 3 responses out of 3 voters: 1 yes votes; 2 no votes. yes voters: f0db8e4fb18a4f70a4677f9a4895524c; no voters: 95c6c7685e7241498447a376a92cc8ea, c41fcf30244349188f2a37a262a01ef6
I20260710 11:08:20.562685  1468 raft_consensus.cc:2468] T 0a254954b84249fcaf81efafaf919da7 P 95c6c7685e7241498447a376a92cc8ea [term 1 FOLLOWER]: Leader election vote request: Granting yes vote for candidate c41fcf30244349188f2a37a262a01ef6 in term 1.
I20260710 11:08:20.562927  1628 raft_consensus.cc:493] T b675815b285b4ebea0e0245b6f119a24 P f0db8e4fb18a4f70a4677f9a4895524c [term 0 FOLLOWER]: Starting pre-election (no leader contacted us within the election timeout)
I20260710 11:08:20.565780  1620 raft_consensus.cc:515] T 1dd93bc587b149e4823fda89ce6887dd P c41fcf30244349188f2a37a262a01ef6 [term 1 FOLLOWER]: Starting leader election with config: opid_index: -1 OBSOLETE_local: false peers { permanent_uuid: "c41fcf30244349188f2a37a262a01ef6" member_type: VOTER last_known_addr { host: "127.31.252.1" port: 37347 } } peers { permanent_uuid: "95c6c7685e7241498447a376a92cc8ea" member_type: VOTER last_known_addr { host: "127.31.252.2" port: 38521 } } peers { permanent_uuid: "f0db8e4fb18a4f70a4677f9a4895524c" member_type: VOTER last_known_addr { host: "127.31.252.3" port: 38667 } }
I20260710 11:08:20.562476  1631 raft_consensus.cc:515] T 1dd93bc587b149e4823fda89ce6887dd P f0db8e4fb18a4f70a4677f9a4895524c [term 1 FOLLOWER]: Starting leader election with config: opid_index: -1 OBSOLETE_local: false peers { permanent_uuid: "c41fcf30244349188f2a37a262a01ef6" member_type: VOTER last_known_addr { host: "127.31.252.1" port: 37347 } } peers { permanent_uuid: "95c6c7685e7241498447a376a92cc8ea" member_type: VOTER last_known_addr { host: "127.31.252.2" port: 38521 } } peers { permanent_uuid: "f0db8e4fb18a4f70a4677f9a4895524c" member_type: VOTER last_known_addr { host: "127.31.252.3" port: 38667 } }
I20260710 11:08:20.620052  1628 raft_consensus.cc:515] T b675815b285b4ebea0e0245b6f119a24 P f0db8e4fb18a4f70a4677f9a4895524c [term 0 FOLLOWER]: Starting pre-election with config: opid_index: -1 OBSOLETE_local: false peers { permanent_uuid: "c41fcf30244349188f2a37a262a01ef6" member_type: VOTER last_known_addr { host: "127.31.252.1" port: 37347 } } peers { permanent_uuid: "95c6c7685e7241498447a376a92cc8ea" member_type: VOTER last_known_addr { host: "127.31.252.2" port: 38521 } } peers { permanent_uuid: "f0db8e4fb18a4f70a4677f9a4895524c" member_type: VOTER last_known_addr { host: "127.31.252.3" port: 38667 } }
I20260710 11:08:20.571166  1390 raft_consensus.cc:2468] T c173222c22e845f4a10b83788716e7f5 P c41fcf30244349188f2a37a262a01ef6 [term 1 FOLLOWER]: Leader election vote request: Granting yes vote for candidate f0db8e4fb18a4f70a4677f9a4895524c in term 1.
I20260710 11:08:20.594677  1586 raft_consensus.cc:2749] T 3984a4841f4449e38aca40024edaaabe P f0db8e4fb18a4f70a4677f9a4895524c [term 1 FOLLOWER]: Leader election lost for term 1. Reason: could not achieve majority
I20260710 11:08:20.627926  1467 tablet_service.cc:1917] Received RequestConsensusVote() RPC: tablet_id: "1dd93bc587b149e4823fda89ce6887dd" candidate_uuid: "c41fcf30244349188f2a37a262a01ef6" candidate_term: 1 candidate_status { last_received { term: 0 index: 0 } } ignore_live_leader: false dest_uuid: "95c6c7685e7241498447a376a92cc8ea"
I20260710 11:08:20.629071  1359 leader_election.cc:304] T 0a254954b84249fcaf81efafaf919da7 P c41fcf30244349188f2a37a262a01ef6 [CANDIDATE]: Term 1 election: Election decided. Result: candidate won. Election summary: received 2 responses out of 3 voters: 2 yes votes; 0 no votes. yes voters: 95c6c7685e7241498447a376a92cc8ea, c41fcf30244349188f2a37a262a01ef6; no voters: 
I20260710 11:08:20.629405  1464 tablet_service.cc:1917] Received RequestConsensusVote() RPC: tablet_id: "1dd93bc587b149e4823fda89ce6887dd" candidate_uuid: "f0db8e4fb18a4f70a4677f9a4895524c" candidate_term: 1 candidate_status { last_received { term: 0 index: 0 } } ignore_live_leader: false dest_uuid: "95c6c7685e7241498447a376a92cc8ea"
W20260710 11:08:20.621665  1507 outbound_call.cc:321] RPC callback for RPC call kudu.consensus.ConsensusService.RequestConsensusVote -> {remote=127.31.252.1:37347, user_credentials={real_user=slave}} blocked reactor thread for 69451us
I20260710 11:08:20.630044  1631 leader_election.cc:290] T 1dd93bc587b149e4823fda89ce6887dd P f0db8e4fb18a4f70a4677f9a4895524c [CANDIDATE]: Term 1 election: Requested vote from peers c41fcf30244349188f2a37a262a01ef6 (127.31.252.1:37347), 95c6c7685e7241498447a376a92cc8ea (127.31.252.2:38521)
I20260710 11:08:20.631393  1583 tablet_bootstrap.cc:654] T 1df67284a9404c14ba85d56e6f97a549 P 95c6c7685e7241498447a376a92cc8ea: Neither blocks nor log segments found. Creating new log.
I20260710 11:08:20.635329  1591 raft_consensus.cc:2804] T 0a254954b84249fcaf81efafaf919da7 P c41fcf30244349188f2a37a262a01ef6 [term 1 FOLLOWER]: Leader election won for term 1
I20260710 11:08:20.636161  1591 raft_consensus.cc:697] T 0a254954b84249fcaf81efafaf919da7 P c41fcf30244349188f2a37a262a01ef6 [term 1 LEADER]: Becoming Leader. State: Replica: c41fcf30244349188f2a37a262a01ef6, State: Running, Role: LEADER
I20260710 11:08:20.636868  1628 leader_election.cc:290] T b675815b285b4ebea0e0245b6f119a24 P f0db8e4fb18a4f70a4677f9a4895524c [CANDIDATE]: Term 1 pre-election: Requested pre-vote from peers c41fcf30244349188f2a37a262a01ef6 (127.31.252.1:37347), 95c6c7685e7241498447a376a92cc8ea (127.31.252.2:38521)
I20260710 11:08:20.637320  1464 tablet_service.cc:1917] Received RequestConsensusVote() RPC: tablet_id: "b675815b285b4ebea0e0245b6f119a24" candidate_uuid: "f0db8e4fb18a4f70a4677f9a4895524c" candidate_term: 1 candidate_status { last_received { term: 0 index: 0 } } ignore_live_leader: false dest_uuid: "95c6c7685e7241498447a376a92cc8ea" is_pre_election: true
I20260710 11:08:20.636973  1591 consensus_queue.cc:237] T 0a254954b84249fcaf81efafaf919da7 P c41fcf30244349188f2a37a262a01ef6 [LEADER]: Queue going to LEADER mode. State: All replicated index: 0, Majority replicated index: 0, Committed index: 0, Last appended: 0.0, Last appended by leader: 0, Current term: 1, Majority size: 2, State: 0, Mode: LEADER, active raft config: opid_index: -1 OBSOLETE_local: false peers { permanent_uuid: "c41fcf30244349188f2a37a262a01ef6" member_type: VOTER last_known_addr { host: "127.31.252.1" port: 37347 } } peers { permanent_uuid: "95c6c7685e7241498447a376a92cc8ea" member_type: VOTER last_known_addr { host: "127.31.252.2" port: 38521 } } peers { permanent_uuid: "f0db8e4fb18a4f70a4677f9a4895524c" member_type: VOTER last_known_addr { host: "127.31.252.3" port: 38667 } }
I20260710 11:08:20.637804  1620 leader_election.cc:290] T 1dd93bc587b149e4823fda89ce6887dd P c41fcf30244349188f2a37a262a01ef6 [CANDIDATE]: Term 1 election: Requested vote from peers 95c6c7685e7241498447a376a92cc8ea (127.31.252.2:38521), f0db8e4fb18a4f70a4677f9a4895524c (127.31.252.3:38667)
I20260710 11:08:20.637890  1464 raft_consensus.cc:2468] T b675815b285b4ebea0e0245b6f119a24 P 95c6c7685e7241498447a376a92cc8ea [term 0 FOLLOWER]: Leader pre-election vote request: Granting yes vote for candidate f0db8e4fb18a4f70a4677f9a4895524c in term 0.
W20260710 11:08:20.636994  1359 leader_election.cc:343] T 1dd93bc587b149e4823fda89ce6887dd P c41fcf30244349188f2a37a262a01ef6 [CANDIDATE]: Term 1 election: Tablet error from VoteRequest() call to peer 95c6c7685e7241498447a376a92cc8ea (127.31.252.2:38521): Illegal state: must be running to vote when last-logged opid is not known
I20260710 11:08:20.640162  1508 leader_election.cc:304] T b675815b285b4ebea0e0245b6f119a24 P f0db8e4fb18a4f70a4677f9a4895524c [CANDIDATE]: Term 1 pre-election: Election decided. Result: candidate won. Election summary: received 2 responses out of 3 voters: 2 yes votes; 0 no votes. yes voters: 95c6c7685e7241498447a376a92cc8ea, f0db8e4fb18a4f70a4677f9a4895524c; no voters: 
I20260710 11:08:20.641119  1628 raft_consensus.cc:2804] T b675815b285b4ebea0e0245b6f119a24 P f0db8e4fb18a4f70a4677f9a4895524c [term 0 FOLLOWER]: Leader pre-election won for term 1
I20260710 11:08:20.641526  1628 raft_consensus.cc:493] T b675815b285b4ebea0e0245b6f119a24 P f0db8e4fb18a4f70a4677f9a4895524c [term 0 FOLLOWER]: Starting leader election (no leader contacted us within the election timeout)
I20260710 11:08:20.642088  1628 raft_consensus.cc:3060] T b675815b285b4ebea0e0245b6f119a24 P f0db8e4fb18a4f70a4677f9a4895524c [term 0 FOLLOWER]: Advancing to term 1
I20260710 11:08:20.642108  1540 tablet_service.cc:1917] Received RequestConsensusVote() RPC: tablet_id: "0a254954b84249fcaf81efafaf919da7" candidate_uuid: "c41fcf30244349188f2a37a262a01ef6" candidate_term: 1 candidate_status { last_received { term: 0 index: 0 } } ignore_live_leader: false dest_uuid: "f0db8e4fb18a4f70a4677f9a4895524c" is_pre_election: true
I20260710 11:08:20.644910  1540 raft_consensus.cc:2468] T 0a254954b84249fcaf81efafaf919da7 P f0db8e4fb18a4f70a4677f9a4895524c [term 0 FOLLOWER]: Leader pre-election vote request: Granting yes vote for candidate c41fcf30244349188f2a37a262a01ef6 in term 0.
I20260710 11:08:20.643114  1541 tablet_service.cc:1917] Received RequestConsensusVote() RPC: tablet_id: "0a254954b84249fcaf81efafaf919da7" candidate_uuid: "c41fcf30244349188f2a37a262a01ef6" candidate_term: 1 candidate_status { last_received { term: 0 index: 0 } } ignore_live_leader: false dest_uuid: "f0db8e4fb18a4f70a4677f9a4895524c"
I20260710 11:08:20.647812  1541 raft_consensus.cc:3060] T 0a254954b84249fcaf81efafaf919da7 P f0db8e4fb18a4f70a4677f9a4895524c [term 0 FOLLOWER]: Advancing to term 1
W20260710 11:08:20.642356  1694 log.cc:927] Time spent T 68be02416a37476394b8f3924c43dbfc P f0db8e4fb18a4f70a4677f9a4895524c: Append to log took a long time: real 0.057s	user 0.000s	sys 0.016s
I20260710 11:08:20.651029  1584 tablet_bootstrap.cc:654] T b675815b285b4ebea0e0245b6f119a24 P c41fcf30244349188f2a37a262a01ef6: Neither blocks nor log segments found. Creating new log.
I20260710 11:08:20.652515  1540 tablet_service.cc:1917] Received RequestConsensusVote() RPC: tablet_id: "1dd93bc587b149e4823fda89ce6887dd" candidate_uuid: "c41fcf30244349188f2a37a262a01ef6" candidate_term: 1 candidate_status { last_received { term: 0 index: 0 } } ignore_live_leader: false dest_uuid: "f0db8e4fb18a4f70a4677f9a4895524c"
I20260710 11:08:20.653324  1540 raft_consensus.cc:2393] T 1dd93bc587b149e4823fda89ce6887dd P f0db8e4fb18a4f70a4677f9a4895524c [term 1 FOLLOWER]: Leader election vote request: Denying vote to candidate c41fcf30244349188f2a37a262a01ef6 in current term 1: Already voted for candidate f0db8e4fb18a4f70a4677f9a4895524c in this term.
I20260710 11:08:20.653694  1582 tablet_bootstrap.cc:654] T b800286c81e440e2a4d535cfc314fc8f P f0db8e4fb18a4f70a4677f9a4895524c: Neither blocks nor log segments found. Creating new log.
I20260710 11:08:20.657788  1541 raft_consensus.cc:2468] T 0a254954b84249fcaf81efafaf919da7 P f0db8e4fb18a4f70a4677f9a4895524c [term 1 FOLLOWER]: Leader election vote request: Granting yes vote for candidate c41fcf30244349188f2a37a262a01ef6 in term 1.
I20260710 11:08:20.658062  1393 tablet_service.cc:1917] Received RequestConsensusVote() RPC: tablet_id: "1dd93bc587b149e4823fda89ce6887dd" candidate_uuid: "f0db8e4fb18a4f70a4677f9a4895524c" candidate_term: 1 candidate_status { last_received { term: 0 index: 0 } } ignore_live_leader: false dest_uuid: "c41fcf30244349188f2a37a262a01ef6"
I20260710 11:08:20.658785  1393 raft_consensus.cc:2393] T 1dd93bc587b149e4823fda89ce6887dd P c41fcf30244349188f2a37a262a01ef6 [term 1 FOLLOWER]: Leader election vote request: Denying vote to candidate f0db8e4fb18a4f70a4677f9a4895524c in current term 1: Already voted for candidate c41fcf30244349188f2a37a262a01ef6 in this term.
I20260710 11:08:20.661334  1289 catalog_manager.cc:5697] T 0a254954b84249fcaf81efafaf919da7 P c41fcf30244349188f2a37a262a01ef6 reported cstate change: term changed from 0 to 1, leader changed from <none> to c41fcf30244349188f2a37a262a01ef6 (127.31.252.1). New cstate: current_term: 1 leader_uuid: "c41fcf30244349188f2a37a262a01ef6" committed_config { opid_index: -1 OBSOLETE_local: false peers { permanent_uuid: "c41fcf30244349188f2a37a262a01ef6" member_type: VOTER last_known_addr { host: "127.31.252.1" port: 37347 } health_report { overall_health: HEALTHY } } peers { permanent_uuid: "95c6c7685e7241498447a376a92cc8ea" member_type: VOTER last_known_addr { host: "127.31.252.2" port: 38521 } health_report { overall_health: UNKNOWN } } peers { permanent_uuid: "f0db8e4fb18a4f70a4677f9a4895524c" member_type: VOTER last_known_addr { host: "127.31.252.3" port: 38667 } health_report { overall_health: UNKNOWN } } }
I20260710 11:08:20.665083  1390 tablet_service.cc:1917] Received RequestConsensusVote() RPC: tablet_id: "b675815b285b4ebea0e0245b6f119a24" candidate_uuid: "f0db8e4fb18a4f70a4677f9a4895524c" candidate_term: 1 candidate_status { last_received { term: 0 index: 0 } } ignore_live_leader: false dest_uuid: "c41fcf30244349188f2a37a262a01ef6" is_pre_election: true
I20260710 11:08:20.667707  1685 consensus_queue.cc:1048] T ec7076b7752844cc94269ec728a73ca0 P c41fcf30244349188f2a37a262a01ef6 [LEADER]: Connected to new peer: Peer: permanent_uuid: "f0db8e4fb18a4f70a4677f9a4895524c" member_type: VOTER last_known_addr { host: "127.31.252.3" port: 38667 }, Status: LMP_MISMATCH, Last received: 0.0, Next index: 1, Last known committed idx: 0, Time since last communication: 0.001s
I20260710 11:08:20.671684  1628 raft_consensus.cc:515] T b675815b285b4ebea0e0245b6f119a24 P f0db8e4fb18a4f70a4677f9a4895524c [term 1 FOLLOWER]: Starting leader election with config: opid_index: -1 OBSOLETE_local: false peers { permanent_uuid: "c41fcf30244349188f2a37a262a01ef6" member_type: VOTER last_known_addr { host: "127.31.252.1" port: 37347 } } peers { permanent_uuid: "95c6c7685e7241498447a376a92cc8ea" member_type: VOTER last_known_addr { host: "127.31.252.2" port: 38521 } } peers { permanent_uuid: "f0db8e4fb18a4f70a4677f9a4895524c" member_type: VOTER last_known_addr { host: "127.31.252.3" port: 38667 } }
I20260710 11:08:20.677945  1465 tablet_service.cc:1917] Received RequestConsensusVote() RPC: tablet_id: "b675815b285b4ebea0e0245b6f119a24" candidate_uuid: "f0db8e4fb18a4f70a4677f9a4895524c" candidate_term: 1 candidate_status { last_received { term: 0 index: 0 } } ignore_live_leader: false dest_uuid: "95c6c7685e7241498447a376a92cc8ea"
I20260710 11:08:20.678601  1465 raft_consensus.cc:3060] T b675815b285b4ebea0e0245b6f119a24 P 95c6c7685e7241498447a376a92cc8ea [term 0 FOLLOWER]: Advancing to term 1
I20260710 11:08:20.681435  1507 leader_election.cc:304] T c173222c22e845f4a10b83788716e7f5 P f0db8e4fb18a4f70a4677f9a4895524c [CANDIDATE]: Term 1 election: Election decided. Result: candidate won. Election summary: received 3 responses out of 3 voters: 2 yes votes; 1 no votes. yes voters: c41fcf30244349188f2a37a262a01ef6, f0db8e4fb18a4f70a4677f9a4895524c; no voters: 95c6c7685e7241498447a376a92cc8ea
I20260710 11:08:20.682591  1631 raft_consensus.cc:2804] T c173222c22e845f4a10b83788716e7f5 P f0db8e4fb18a4f70a4677f9a4895524c [term 1 FOLLOWER]: Leader election won for term 1
I20260710 11:08:20.683248  1631 raft_consensus.cc:697] T c173222c22e845f4a10b83788716e7f5 P f0db8e4fb18a4f70a4677f9a4895524c [term 1 LEADER]: Becoming Leader. State: Replica: f0db8e4fb18a4f70a4677f9a4895524c, State: Running, Role: LEADER
I20260710 11:08:20.684333  1631 consensus_queue.cc:237] T c173222c22e845f4a10b83788716e7f5 P f0db8e4fb18a4f70a4677f9a4895524c [LEADER]: Queue going to LEADER mode. State: All replicated index: 0, Majority replicated index: 0, Committed index: 0, Last appended: 0.0, Last appended by leader: 0, Current term: 1, Majority size: 2, State: 0, Mode: LEADER, active raft config: opid_index: -1 OBSOLETE_local: false peers { permanent_uuid: "c41fcf30244349188f2a37a262a01ef6" member_type: VOTER last_known_addr { host: "127.31.252.1" port: 37347 } } peers { permanent_uuid: "95c6c7685e7241498447a376a92cc8ea" member_type: VOTER last_known_addr { host: "127.31.252.2" port: 38521 } } peers { permanent_uuid: "f0db8e4fb18a4f70a4677f9a4895524c" member_type: VOTER last_known_addr { host: "127.31.252.3" port: 38667 } }
I20260710 11:08:20.686637  1465 raft_consensus.cc:2468] T b675815b285b4ebea0e0245b6f119a24 P 95c6c7685e7241498447a376a92cc8ea [term 1 FOLLOWER]: Leader election vote request: Granting yes vote for candidate f0db8e4fb18a4f70a4677f9a4895524c in term 1.
I20260710 11:08:20.688446  1508 leader_election.cc:304] T b675815b285b4ebea0e0245b6f119a24 P f0db8e4fb18a4f70a4677f9a4895524c [CANDIDATE]: Term 1 election: Election decided. Result: candidate won. Election summary: received 2 responses out of 3 voters: 2 yes votes; 0 no votes. yes voters: 95c6c7685e7241498447a376a92cc8ea, f0db8e4fb18a4f70a4677f9a4895524c; no voters: 
I20260710 11:08:20.690765  1586 raft_consensus.cc:2804] T b675815b285b4ebea0e0245b6f119a24 P f0db8e4fb18a4f70a4677f9a4895524c [term 1 FOLLOWER]: Leader election won for term 1
I20260710 11:08:20.691125  1507 leader_election.cc:304] T 1dd93bc587b149e4823fda89ce6887dd P f0db8e4fb18a4f70a4677f9a4895524c [CANDIDATE]: Term 1 election: Election decided. Result: candidate lost. Election summary: received 3 responses out of 3 voters: 1 yes votes; 2 no votes. yes voters: f0db8e4fb18a4f70a4677f9a4895524c; no voters: 95c6c7685e7241498447a376a92cc8ea, c41fcf30244349188f2a37a262a01ef6
I20260710 11:08:20.691699  1586 raft_consensus.cc:697] T b675815b285b4ebea0e0245b6f119a24 P f0db8e4fb18a4f70a4677f9a4895524c [term 1 LEADER]: Becoming Leader. State: Replica: f0db8e4fb18a4f70a4677f9a4895524c, State: Running, Role: LEADER
I20260710 11:08:20.692447  1678 raft_consensus.cc:2749] T 1dd93bc587b149e4823fda89ce6887dd P f0db8e4fb18a4f70a4677f9a4895524c [term 1 FOLLOWER]: Leader election lost for term 1. Reason: could not achieve majority
I20260710 11:08:20.693004  1586 consensus_queue.cc:237] T b675815b285b4ebea0e0245b6f119a24 P f0db8e4fb18a4f70a4677f9a4895524c [LEADER]: Queue going to LEADER mode. State: All replicated index: 0, Majority replicated index: 0, Committed index: 0, Last appended: 0.0, Last appended by leader: 0, Current term: 1, Majority size: 2, State: 0, Mode: LEADER, active raft config: opid_index: -1 OBSOLETE_local: false peers { permanent_uuid: "c41fcf30244349188f2a37a262a01ef6" member_type: VOTER last_known_addr { host: "127.31.252.1" port: 37347 } } peers { permanent_uuid: "95c6c7685e7241498447a376a92cc8ea" member_type: VOTER last_known_addr { host: "127.31.252.2" port: 38521 } } peers { permanent_uuid: "f0db8e4fb18a4f70a4677f9a4895524c" member_type: VOTER last_known_addr { host: "127.31.252.3" port: 38667 } }
W20260710 11:08:20.696933  1507 leader_election.cc:343] T b675815b285b4ebea0e0245b6f119a24 P f0db8e4fb18a4f70a4677f9a4895524c [CANDIDATE]: Term 1 pre-election: Tablet error from VoteRequest() call to peer c41fcf30244349188f2a37a262a01ef6 (127.31.252.1:37347): Illegal state: must be running to vote when last-logged opid is not known
I20260710 11:08:20.698545  1359 leader_election.cc:304] T 1dd93bc587b149e4823fda89ce6887dd P c41fcf30244349188f2a37a262a01ef6 [CANDIDATE]: Term 1 election: Election decided. Result: candidate lost. Election summary: received 3 responses out of 3 voters: 1 yes votes; 2 no votes. yes voters: c41fcf30244349188f2a37a262a01ef6; no voters: 95c6c7685e7241498447a376a92cc8ea, f0db8e4fb18a4f70a4677f9a4895524c
I20260710 11:08:20.700259  1685 raft_consensus.cc:2749] T 1dd93bc587b149e4823fda89ce6887dd P c41fcf30244349188f2a37a262a01ef6 [term 1 FOLLOWER]: Leader election lost for term 1. Reason: could not achieve majority
I20260710 11:08:20.702847  1584 tablet_bootstrap.cc:492] T b675815b285b4ebea0e0245b6f119a24 P c41fcf30244349188f2a37a262a01ef6: No bootstrap required, opened a new log
I20260710 11:08:20.703495  1584 ts_tablet_manager.cc:1403] T b675815b285b4ebea0e0245b6f119a24 P c41fcf30244349188f2a37a262a01ef6: Time spent bootstrapping tablet: real 0.167s	user 0.009s	sys 0.006s
I20260710 11:08:20.705662  1583 tablet_bootstrap.cc:492] T 1df67284a9404c14ba85d56e6f97a549 P 95c6c7685e7241498447a376a92cc8ea: No bootstrap required, opened a new log
I20260710 11:08:20.706195  1583 ts_tablet_manager.cc:1403] T 1df67284a9404c14ba85d56e6f97a549 P 95c6c7685e7241498447a376a92cc8ea: Time spent bootstrapping tablet: real 0.162s	user 0.022s	sys 0.037s
I20260710 11:08:20.708808  1583 raft_consensus.cc:359] T 1df67284a9404c14ba85d56e6f97a549 P 95c6c7685e7241498447a376a92cc8ea [term 0 FOLLOWER]: Replica starting. Triggering 0 pending ops. Active config: opid_index: -1 OBSOLETE_local: false peers { permanent_uuid: "c41fcf30244349188f2a37a262a01ef6" member_type: VOTER last_known_addr { host: "127.31.252.1" port: 37347 } } peers { permanent_uuid: "95c6c7685e7241498447a376a92cc8ea" member_type: VOTER last_known_addr { host: "127.31.252.2" port: 38521 } } peers { permanent_uuid: "f0db8e4fb18a4f70a4677f9a4895524c" member_type: VOTER last_known_addr { host: "127.31.252.3" port: 38667 } }
I20260710 11:08:20.709810  1583 raft_consensus.cc:385] T 1df67284a9404c14ba85d56e6f97a549 P 95c6c7685e7241498447a376a92cc8ea [term 0 FOLLOWER]: Consensus starting up: Expiring failure detector timer to make a prompt election more likely
I20260710 11:08:20.707360  1628 leader_election.cc:290] T b675815b285b4ebea0e0245b6f119a24 P f0db8e4fb18a4f70a4677f9a4895524c [CANDIDATE]: Term 1 election: Requested vote from peers c41fcf30244349188f2a37a262a01ef6 (127.31.252.1:37347), 95c6c7685e7241498447a376a92cc8ea (127.31.252.2:38521)
I20260710 11:08:20.708808  1582 tablet_bootstrap.cc:492] T b800286c81e440e2a4d535cfc314fc8f P f0db8e4fb18a4f70a4677f9a4895524c: No bootstrap required, opened a new log
I20260710 11:08:20.710361  1393 tablet_service.cc:1917] Received RequestConsensusVote() RPC: tablet_id: "b675815b285b4ebea0e0245b6f119a24" candidate_uuid: "f0db8e4fb18a4f70a4677f9a4895524c" candidate_term: 1 candidate_status { last_received { term: 0 index: 0 } } ignore_live_leader: false dest_uuid: "c41fcf30244349188f2a37a262a01ef6"
I20260710 11:08:20.710669  1582 ts_tablet_manager.cc:1403] T b800286c81e440e2a4d535cfc314fc8f P f0db8e4fb18a4f70a4677f9a4895524c: Time spent bootstrapping tablet: real 0.186s	user 0.018s	sys 0.000s
I20260710 11:08:20.710722  1584 raft_consensus.cc:359] T b675815b285b4ebea0e0245b6f119a24 P c41fcf30244349188f2a37a262a01ef6 [term 0 FOLLOWER]: Replica starting. Triggering 0 pending ops. Active config: opid_index: -1 OBSOLETE_local: false peers { permanent_uuid: "c41fcf30244349188f2a37a262a01ef6" member_type: VOTER last_known_addr { host: "127.31.252.1" port: 37347 } } peers { permanent_uuid: "95c6c7685e7241498447a376a92cc8ea" member_type: VOTER last_known_addr { host: "127.31.252.2" port: 38521 } } peers { permanent_uuid: "f0db8e4fb18a4f70a4677f9a4895524c" member_type: VOTER last_known_addr { host: "127.31.252.3" port: 38667 } }
I20260710 11:08:20.711524  1584 raft_consensus.cc:385] T b675815b285b4ebea0e0245b6f119a24 P c41fcf30244349188f2a37a262a01ef6 [term 0 FOLLOWER]: Consensus starting up: Expiring failure detector timer to make a prompt election more likely
I20260710 11:08:20.711808  1584 raft_consensus.cc:740] T b675815b285b4ebea0e0245b6f119a24 P c41fcf30244349188f2a37a262a01ef6 [term 0 FOLLOWER]: Becoming Follower/Learner. State: Replica: c41fcf30244349188f2a37a262a01ef6, State: Initialized, Role: FOLLOWER
I20260710 11:08:20.712438  1584 consensus_queue.cc:260] T b675815b285b4ebea0e0245b6f119a24 P c41fcf30244349188f2a37a262a01ef6 [NON_LEADER]: Queue going to NON_LEADER mode. State: All replicated index: 0, Majority replicated index: 0, Committed index: 0, Last appended: 0.0, Last appended by leader: 0, Current term: 0, Majority size: -1, State: 0, Mode: NON_LEADER, active raft config: opid_index: -1 OBSOLETE_local: false peers { permanent_uuid: "c41fcf30244349188f2a37a262a01ef6" member_type: VOTER last_known_addr { host: "127.31.252.1" port: 37347 } } peers { permanent_uuid: "95c6c7685e7241498447a376a92cc8ea" member_type: VOTER last_known_addr { host: "127.31.252.2" port: 38521 } } peers { permanent_uuid: "f0db8e4fb18a4f70a4677f9a4895524c" member_type: VOTER last_known_addr { host: "127.31.252.3" port: 38667 } }
I20260710 11:08:20.713238  1393 raft_consensus.cc:3060] T b675815b285b4ebea0e0245b6f119a24 P c41fcf30244349188f2a37a262a01ef6 [term 0 FOLLOWER]: Advancing to term 1
I20260710 11:08:20.714301  1582 raft_consensus.cc:359] T b800286c81e440e2a4d535cfc314fc8f P f0db8e4fb18a4f70a4677f9a4895524c [term 0 FOLLOWER]: Replica starting. Triggering 0 pending ops. Active config: opid_index: -1 OBSOLETE_local: false peers { permanent_uuid: "c41fcf30244349188f2a37a262a01ef6" member_type: VOTER last_known_addr { host: "127.31.252.1" port: 37347 } } peers { permanent_uuid: "95c6c7685e7241498447a376a92cc8ea" member_type: VOTER last_known_addr { host: "127.31.252.2" port: 38521 } } peers { permanent_uuid: "f0db8e4fb18a4f70a4677f9a4895524c" member_type: VOTER last_known_addr { host: "127.31.252.3" port: 38667 } }
I20260710 11:08:20.715204  1582 raft_consensus.cc:385] T b800286c81e440e2a4d535cfc314fc8f P f0db8e4fb18a4f70a4677f9a4895524c [term 0 FOLLOWER]: Consensus starting up: Expiring failure detector timer to make a prompt election more likely
I20260710 11:08:20.715586  1582 raft_consensus.cc:740] T b800286c81e440e2a4d535cfc314fc8f P f0db8e4fb18a4f70a4677f9a4895524c [term 0 FOLLOWER]: Becoming Follower/Learner. State: Replica: f0db8e4fb18a4f70a4677f9a4895524c, State: Initialized, Role: FOLLOWER
I20260710 11:08:20.715219  1584 ts_tablet_manager.cc:1434] T b675815b285b4ebea0e0245b6f119a24 P c41fcf30244349188f2a37a262a01ef6: Time spent starting tablet: real 0.011s	user 0.007s	sys 0.001s
I20260710 11:08:20.710170  1583 raft_consensus.cc:740] T 1df67284a9404c14ba85d56e6f97a549 P 95c6c7685e7241498447a376a92cc8ea [term 0 FOLLOWER]: Becoming Follower/Learner. State: Replica: 95c6c7685e7241498447a376a92cc8ea, State: Initialized, Role: FOLLOWER
I20260710 11:08:20.716872  1584 tablet_bootstrap.cc:492] T 3984a4841f4449e38aca40024edaaabe P c41fcf30244349188f2a37a262a01ef6: Bootstrap starting.
I20260710 11:08:20.716720  1583 consensus_queue.cc:260] T 1df67284a9404c14ba85d56e6f97a549 P 95c6c7685e7241498447a376a92cc8ea [NON_LEADER]: Queue going to NON_LEADER mode. State: All replicated index: 0, Majority replicated index: 0, Committed index: 0, Last appended: 0.0, Last appended by leader: 0, Current term: 0, Majority size: -1, State: 0, Mode: NON_LEADER, active raft config: opid_index: -1 OBSOLETE_local: false peers { permanent_uuid: "c41fcf30244349188f2a37a262a01ef6" member_type: VOTER last_known_addr { host: "127.31.252.1" port: 37347 } } peers { permanent_uuid: "95c6c7685e7241498447a376a92cc8ea" member_type: VOTER last_known_addr { host: "127.31.252.2" port: 38521 } } peers { permanent_uuid: "f0db8e4fb18a4f70a4677f9a4895524c" member_type: VOTER last_known_addr { host: "127.31.252.3" port: 38667 } }
I20260710 11:08:20.718520  1582 consensus_queue.cc:260] T b800286c81e440e2a4d535cfc314fc8f P f0db8e4fb18a4f70a4677f9a4895524c [NON_LEADER]: Queue going to NON_LEADER mode. State: All replicated index: 0, Majority replicated index: 0, Committed index: 0, Last appended: 0.0, Last appended by leader: 0, Current term: 0, Majority size: -1, State: 0, Mode: NON_LEADER, active raft config: opid_index: -1 OBSOLETE_local: false peers { permanent_uuid: "c41fcf30244349188f2a37a262a01ef6" member_type: VOTER last_known_addr { host: "127.31.252.1" port: 37347 } } peers { permanent_uuid: "95c6c7685e7241498447a376a92cc8ea" member_type: VOTER last_known_addr { host: "127.31.252.2" port: 38521 } } peers { permanent_uuid: "f0db8e4fb18a4f70a4677f9a4895524c" member_type: VOTER last_known_addr { host: "127.31.252.3" port: 38667 } }
I20260710 11:08:20.720890  1393 raft_consensus.cc:2468] T b675815b285b4ebea0e0245b6f119a24 P c41fcf30244349188f2a37a262a01ef6 [term 1 FOLLOWER]: Leader election vote request: Granting yes vote for candidate f0db8e4fb18a4f70a4677f9a4895524c in term 1.
I20260710 11:08:20.726610  1582 ts_tablet_manager.cc:1434] T b800286c81e440e2a4d535cfc314fc8f P f0db8e4fb18a4f70a4677f9a4895524c: Time spent starting tablet: real 0.015s	user 0.005s	sys 0.001s
I20260710 11:08:20.727622  1584 tablet_bootstrap.cc:654] T 3984a4841f4449e38aca40024edaaabe P c41fcf30244349188f2a37a262a01ef6: Neither blocks nor log segments found. Creating new log.
I20260710 11:08:20.724326  1583 ts_tablet_manager.cc:1434] T 1df67284a9404c14ba85d56e6f97a549 P 95c6c7685e7241498447a376a92cc8ea: Time spent starting tablet: real 0.018s	user 0.005s	sys 0.001s
I20260710 11:08:20.728916  1583 tablet_bootstrap.cc:492] T cd591933e68f4d5c8b62232cea64d97a P 95c6c7685e7241498447a376a92cc8ea: Bootstrap starting.
I20260710 11:08:20.727654  1582 tablet_bootstrap.cc:492] T d3738b50b7e44a6fbcf483e3886f5700 P f0db8e4fb18a4f70a4677f9a4895524c: Bootstrap starting.
I20260710 11:08:20.736395  1582 tablet_bootstrap.cc:654] T d3738b50b7e44a6fbcf483e3886f5700 P f0db8e4fb18a4f70a4677f9a4895524c: Neither blocks nor log segments found. Creating new log.
I20260710 11:08:20.740589  1583 tablet_bootstrap.cc:654] T cd591933e68f4d5c8b62232cea64d97a P 95c6c7685e7241498447a376a92cc8ea: Neither blocks nor log segments found. Creating new log.
I20260710 11:08:20.747171  1582 tablet_bootstrap.cc:492] T d3738b50b7e44a6fbcf483e3886f5700 P f0db8e4fb18a4f70a4677f9a4895524c: No bootstrap required, opened a new log
I20260710 11:08:20.747225  1685 raft_consensus.cc:493] T 27a81b129a434d9389abc658c03b3ecb P c41fcf30244349188f2a37a262a01ef6 [term 0 FOLLOWER]: Starting pre-election (no leader contacted us within the election timeout)
I20260710 11:08:20.747620  1582 ts_tablet_manager.cc:1403] T d3738b50b7e44a6fbcf483e3886f5700 P f0db8e4fb18a4f70a4677f9a4895524c: Time spent bootstrapping tablet: real 0.020s	user 0.012s	sys 0.000s
I20260710 11:08:20.747756  1685 raft_consensus.cc:515] T 27a81b129a434d9389abc658c03b3ecb P c41fcf30244349188f2a37a262a01ef6 [term 0 FOLLOWER]: Starting pre-election with config: opid_index: -1 OBSOLETE_local: false peers { permanent_uuid: "c41fcf30244349188f2a37a262a01ef6" member_type: VOTER last_known_addr { host: "127.31.252.1" port: 37347 } } peers { permanent_uuid: "95c6c7685e7241498447a376a92cc8ea" member_type: VOTER last_known_addr { host: "127.31.252.2" port: 38521 } } peers { permanent_uuid: "f0db8e4fb18a4f70a4677f9a4895524c" member_type: VOTER last_known_addr { host: "127.31.252.3" port: 38667 } }
I20260710 11:08:20.749888  1685 leader_election.cc:290] T 27a81b129a434d9389abc658c03b3ecb P c41fcf30244349188f2a37a262a01ef6 [CANDIDATE]: Term 1 pre-election: Requested pre-vote from peers 95c6c7685e7241498447a376a92cc8ea (127.31.252.2:38521), f0db8e4fb18a4f70a4677f9a4895524c (127.31.252.3:38667)
I20260710 11:08:20.749905  1582 raft_consensus.cc:359] T d3738b50b7e44a6fbcf483e3886f5700 P f0db8e4fb18a4f70a4677f9a4895524c [term 0 FOLLOWER]: Replica starting. Triggering 0 pending ops. Active config: opid_index: -1 OBSOLETE_local: false peers { permanent_uuid: "c41fcf30244349188f2a37a262a01ef6" member_type: VOTER last_known_addr { host: "127.31.252.1" port: 37347 } } peers { permanent_uuid: "95c6c7685e7241498447a376a92cc8ea" member_type: VOTER last_known_addr { host: "127.31.252.2" port: 38521 } } peers { permanent_uuid: "f0db8e4fb18a4f70a4677f9a4895524c" member_type: VOTER last_known_addr { host: "127.31.252.3" port: 38667 } }
I20260710 11:08:20.750710  1582 raft_consensus.cc:385] T d3738b50b7e44a6fbcf483e3886f5700 P f0db8e4fb18a4f70a4677f9a4895524c [term 0 FOLLOWER]: Consensus starting up: Expiring failure detector timer to make a prompt election more likely
I20260710 11:08:20.751003  1582 raft_consensus.cc:740] T d3738b50b7e44a6fbcf483e3886f5700 P f0db8e4fb18a4f70a4677f9a4895524c [term 0 FOLLOWER]: Becoming Follower/Learner. State: Replica: f0db8e4fb18a4f70a4677f9a4895524c, State: Initialized, Role: FOLLOWER
I20260710 11:08:20.751011  1465 tablet_service.cc:1917] Received RequestConsensusVote() RPC: tablet_id: "27a81b129a434d9389abc658c03b3ecb" candidate_uuid: "c41fcf30244349188f2a37a262a01ef6" candidate_term: 1 candidate_status { last_received { term: 0 index: 0 } } ignore_live_leader: false dest_uuid: "95c6c7685e7241498447a376a92cc8ea" is_pre_election: true
I20260710 11:08:20.751951  1541 tablet_service.cc:1917] Received RequestConsensusVote() RPC: tablet_id: "27a81b129a434d9389abc658c03b3ecb" candidate_uuid: "c41fcf30244349188f2a37a262a01ef6" candidate_term: 1 candidate_status { last_received { term: 0 index: 0 } } ignore_live_leader: false dest_uuid: "f0db8e4fb18a4f70a4677f9a4895524c" is_pre_election: true
W20260710 11:08:20.752533  1359 leader_election.cc:343] T 27a81b129a434d9389abc658c03b3ecb P c41fcf30244349188f2a37a262a01ef6 [CANDIDATE]: Term 1 pre-election: Tablet error from VoteRequest() call to peer 95c6c7685e7241498447a376a92cc8ea (127.31.252.2:38521): Illegal state: must be running to vote when last-logged opid is not known
I20260710 11:08:20.755849  1584 tablet_bootstrap.cc:492] T 3984a4841f4449e38aca40024edaaabe P c41fcf30244349188f2a37a262a01ef6: No bootstrap required, opened a new log
I20260710 11:08:20.756304  1584 ts_tablet_manager.cc:1403] T 3984a4841f4449e38aca40024edaaabe P c41fcf30244349188f2a37a262a01ef6: Time spent bootstrapping tablet: real 0.040s	user 0.008s	sys 0.002s
I20260710 11:08:20.756706  1583 tablet_bootstrap.cc:492] T cd591933e68f4d5c8b62232cea64d97a P 95c6c7685e7241498447a376a92cc8ea: No bootstrap required, opened a new log
I20260710 11:08:20.757155  1583 ts_tablet_manager.cc:1403] T cd591933e68f4d5c8b62232cea64d97a P 95c6c7685e7241498447a376a92cc8ea: Time spent bootstrapping tablet: real 0.029s	user 0.011s	sys 0.001s
W20260710 11:08:20.757972  1359 leader_election.cc:343] T 27a81b129a434d9389abc658c03b3ecb P c41fcf30244349188f2a37a262a01ef6 [CANDIDATE]: Term 1 pre-election: Tablet error from VoteRequest() call to peer f0db8e4fb18a4f70a4677f9a4895524c (127.31.252.3:38667): Illegal state: must be running to vote when last-logged opid is not known
I20260710 11:08:20.758383  1359 leader_election.cc:304] T 27a81b129a434d9389abc658c03b3ecb P c41fcf30244349188f2a37a262a01ef6 [CANDIDATE]: Term 1 pre-election: Election decided. Result: candidate lost. Election summary: received 3 responses out of 3 voters: 1 yes votes; 2 no votes. yes voters: c41fcf30244349188f2a37a262a01ef6; no voters: 95c6c7685e7241498447a376a92cc8ea, f0db8e4fb18a4f70a4677f9a4895524c
I20260710 11:08:20.751863  1582 consensus_queue.cc:260] T d3738b50b7e44a6fbcf483e3886f5700 P f0db8e4fb18a4f70a4677f9a4895524c [NON_LEADER]: Queue going to NON_LEADER mode. State: All replicated index: 0, Majority replicated index: 0, Committed index: 0, Last appended: 0.0, Last appended by leader: 0, Current term: 0, Majority size: -1, State: 0, Mode: NON_LEADER, active raft config: opid_index: -1 OBSOLETE_local: false peers { permanent_uuid: "c41fcf30244349188f2a37a262a01ef6" member_type: VOTER last_known_addr { host: "127.31.252.1" port: 37347 } } peers { permanent_uuid: "95c6c7685e7241498447a376a92cc8ea" member_type: VOTER last_known_addr { host: "127.31.252.2" port: 38521 } } peers { permanent_uuid: "f0db8e4fb18a4f70a4677f9a4895524c" member_type: VOTER last_known_addr { host: "127.31.252.3" port: 38667 } }
I20260710 11:08:20.758621  1584 raft_consensus.cc:359] T 3984a4841f4449e38aca40024edaaabe P c41fcf30244349188f2a37a262a01ef6 [term 0 FOLLOWER]: Replica starting. Triggering 0 pending ops. Active config: opid_index: -1 OBSOLETE_local: false peers { permanent_uuid: "c41fcf30244349188f2a37a262a01ef6" member_type: VOTER last_known_addr { host: "127.31.252.1" port: 37347 } } peers { permanent_uuid: "95c6c7685e7241498447a376a92cc8ea" member_type: VOTER last_known_addr { host: "127.31.252.2" port: 38521 } } peers { permanent_uuid: "f0db8e4fb18a4f70a4677f9a4895524c" member_type: VOTER last_known_addr { host: "127.31.252.3" port: 38667 } }
I20260710 11:08:20.759677  1583 raft_consensus.cc:359] T cd591933e68f4d5c8b62232cea64d97a P 95c6c7685e7241498447a376a92cc8ea [term 0 FOLLOWER]: Replica starting. Triggering 0 pending ops. Active config: opid_index: -1 OBSOLETE_local: false peers { permanent_uuid: "c41fcf30244349188f2a37a262a01ef6" member_type: VOTER last_known_addr { host: "127.31.252.1" port: 37347 } } peers { permanent_uuid: "95c6c7685e7241498447a376a92cc8ea" member_type: VOTER last_known_addr { host: "127.31.252.2" port: 38521 } } peers { permanent_uuid: "f0db8e4fb18a4f70a4677f9a4895524c" member_type: VOTER last_known_addr { host: "127.31.252.3" port: 38667 } }
I20260710 11:08:20.760004  1685 raft_consensus.cc:2749] T 27a81b129a434d9389abc658c03b3ecb P c41fcf30244349188f2a37a262a01ef6 [term 0 FOLLOWER]: Leader pre-election lost for term 1. Reason: could not achieve majority
I20260710 11:08:20.760208  1584 raft_consensus.cc:385] T 3984a4841f4449e38aca40024edaaabe P c41fcf30244349188f2a37a262a01ef6 [term 0 FOLLOWER]: Consensus starting up: Expiring failure detector timer to make a prompt election more likely
I20260710 11:08:20.760314  1583 raft_consensus.cc:385] T cd591933e68f4d5c8b62232cea64d97a P 95c6c7685e7241498447a376a92cc8ea [term 0 FOLLOWER]: Consensus starting up: Expiring failure detector timer to make a prompt election more likely
I20260710 11:08:20.760624  1584 raft_consensus.cc:740] T 3984a4841f4449e38aca40024edaaabe P c41fcf30244349188f2a37a262a01ef6 [term 0 FOLLOWER]: Becoming Follower/Learner. State: Replica: c41fcf30244349188f2a37a262a01ef6, State: Initialized, Role: FOLLOWER
I20260710 11:08:20.761463  1582 ts_tablet_manager.cc:1434] T d3738b50b7e44a6fbcf483e3886f5700 P f0db8e4fb18a4f70a4677f9a4895524c: Time spent starting tablet: real 0.014s	user 0.006s	sys 0.000s
I20260710 11:08:20.761412  1584 consensus_queue.cc:260] T 3984a4841f4449e38aca40024edaaabe P c41fcf30244349188f2a37a262a01ef6 [NON_LEADER]: Queue going to NON_LEADER mode. State: All replicated index: 0, Majority replicated index: 0, Committed index: 0, Last appended: 0.0, Last appended by leader: 0, Current term: 0, Majority size: -1, State: 0, Mode: NON_LEADER, active raft config: opid_index: -1 OBSOLETE_local: false peers { permanent_uuid: "c41fcf30244349188f2a37a262a01ef6" member_type: VOTER last_known_addr { host: "127.31.252.1" port: 37347 } } peers { permanent_uuid: "95c6c7685e7241498447a376a92cc8ea" member_type: VOTER last_known_addr { host: "127.31.252.2" port: 38521 } } peers { permanent_uuid: "f0db8e4fb18a4f70a4677f9a4895524c" member_type: VOTER last_known_addr { host: "127.31.252.3" port: 38667 } }
I20260710 11:08:20.762504  1582 tablet_bootstrap.cc:492] T 1df67284a9404c14ba85d56e6f97a549 P f0db8e4fb18a4f70a4677f9a4895524c: Bootstrap starting.
I20260710 11:08:20.763629  1584 ts_tablet_manager.cc:1434] T 3984a4841f4449e38aca40024edaaabe P c41fcf30244349188f2a37a262a01ef6: Time spent starting tablet: real 0.007s	user 0.007s	sys 0.000s
I20260710 11:08:20.760655  1583 raft_consensus.cc:740] T cd591933e68f4d5c8b62232cea64d97a P 95c6c7685e7241498447a376a92cc8ea [term 0 FOLLOWER]: Becoming Follower/Learner. State: Replica: 95c6c7685e7241498447a376a92cc8ea, State: Initialized, Role: FOLLOWER
I20260710 11:08:20.764360  1583 consensus_queue.cc:260] T cd591933e68f4d5c8b62232cea64d97a P 95c6c7685e7241498447a376a92cc8ea [NON_LEADER]: Queue going to NON_LEADER mode. State: All replicated index: 0, Majority replicated index: 0, Committed index: 0, Last appended: 0.0, Last appended by leader: 0, Current term: 0, Majority size: -1, State: 0, Mode: NON_LEADER, active raft config: opid_index: -1 OBSOLETE_local: false peers { permanent_uuid: "c41fcf30244349188f2a37a262a01ef6" member_type: VOTER last_known_addr { host: "127.31.252.1" port: 37347 } } peers { permanent_uuid: "95c6c7685e7241498447a376a92cc8ea" member_type: VOTER last_known_addr { host: "127.31.252.2" port: 38521 } } peers { permanent_uuid: "f0db8e4fb18a4f70a4677f9a4895524c" member_type: VOTER last_known_addr { host: "127.31.252.3" port: 38667 } }
I20260710 11:08:20.768450  1583 ts_tablet_manager.cc:1434] T cd591933e68f4d5c8b62232cea64d97a P 95c6c7685e7241498447a376a92cc8ea: Time spent starting tablet: real 0.011s	user 0.006s	sys 0.001s
I20260710 11:08:20.769402  1582 tablet_bootstrap.cc:654] T 1df67284a9404c14ba85d56e6f97a549 P f0db8e4fb18a4f70a4677f9a4895524c: Neither blocks nor log segments found. Creating new log.
I20260710 11:08:20.770354  1583 tablet_bootstrap.cc:492] T c173222c22e845f4a10b83788716e7f5 P 95c6c7685e7241498447a376a92cc8ea: Bootstrap starting.
I20260710 11:08:20.769331  1584 tablet_bootstrap.cc:492] T d3738b50b7e44a6fbcf483e3886f5700 P c41fcf30244349188f2a37a262a01ef6: Bootstrap starting.
I20260710 11:08:20.775331  1628 raft_consensus.cc:493] T b800286c81e440e2a4d535cfc314fc8f P f0db8e4fb18a4f70a4677f9a4895524c [term 0 FOLLOWER]: Starting pre-election (no leader contacted us within the election timeout)
I20260710 11:08:20.776022  1628 raft_consensus.cc:515] T b800286c81e440e2a4d535cfc314fc8f P f0db8e4fb18a4f70a4677f9a4895524c [term 0 FOLLOWER]: Starting pre-election with config: opid_index: -1 OBSOLETE_local: false peers { permanent_uuid: "c41fcf30244349188f2a37a262a01ef6" member_type: VOTER last_known_addr { host: "127.31.252.1" port: 37347 } } peers { permanent_uuid: "95c6c7685e7241498447a376a92cc8ea" member_type: VOTER last_known_addr { host: "127.31.252.2" port: 38521 } } peers { permanent_uuid: "f0db8e4fb18a4f70a4677f9a4895524c" member_type: VOTER last_known_addr { host: "127.31.252.3" port: 38667 } }
I20260710 11:08:20.779194  1628 leader_election.cc:290] T b800286c81e440e2a4d535cfc314fc8f P f0db8e4fb18a4f70a4677f9a4895524c [CANDIDATE]: Term 1 pre-election: Requested pre-vote from peers c41fcf30244349188f2a37a262a01ef6 (127.31.252.1:37347), 95c6c7685e7241498447a376a92cc8ea (127.31.252.2:38521)
I20260710 11:08:20.780099  1393 tablet_service.cc:1917] Received RequestConsensusVote() RPC: tablet_id: "b800286c81e440e2a4d535cfc314fc8f" candidate_uuid: "f0db8e4fb18a4f70a4677f9a4895524c" candidate_term: 1 candidate_status { last_received { term: 0 index: 0 } } ignore_live_leader: false dest_uuid: "c41fcf30244349188f2a37a262a01ef6" is_pre_election: true
I20260710 11:08:20.765825  1287 catalog_manager.cc:5697] T b675815b285b4ebea0e0245b6f119a24 P f0db8e4fb18a4f70a4677f9a4895524c reported cstate change: term changed from 0 to 1, leader changed from <none> to f0db8e4fb18a4f70a4677f9a4895524c (127.31.252.3). New cstate: current_term: 1 leader_uuid: "f0db8e4fb18a4f70a4677f9a4895524c" committed_config { opid_index: -1 OBSOLETE_local: false peers { permanent_uuid: "c41fcf30244349188f2a37a262a01ef6" member_type: VOTER last_known_addr { host: "127.31.252.1" port: 37347 } health_report { overall_health: UNKNOWN } } peers { permanent_uuid: "95c6c7685e7241498447a376a92cc8ea" member_type: VOTER last_known_addr { host: "127.31.252.2" port: 38521 } health_report { overall_health: UNKNOWN } } peers { permanent_uuid: "f0db8e4fb18a4f70a4677f9a4895524c" member_type: VOTER last_known_addr { host: "127.31.252.3" port: 38667 } health_report { overall_health: HEALTHY } } }
W20260710 11:08:20.781607  1507 leader_election.cc:343] T b800286c81e440e2a4d535cfc314fc8f P f0db8e4fb18a4f70a4677f9a4895524c [CANDIDATE]: Term 1 pre-election: Tablet error from VoteRequest() call to peer c41fcf30244349188f2a37a262a01ef6 (127.31.252.1:37347): Illegal state: must be running to vote when last-logged opid is not known
I20260710 11:08:20.782459  1583 tablet_bootstrap.cc:654] T c173222c22e845f4a10b83788716e7f5 P 95c6c7685e7241498447a376a92cc8ea: Neither blocks nor log segments found. Creating new log.
I20260710 11:08:20.783471  1465 tablet_service.cc:1917] Received RequestConsensusVote() RPC: tablet_id: "b800286c81e440e2a4d535cfc314fc8f" candidate_uuid: "f0db8e4fb18a4f70a4677f9a4895524c" candidate_term: 1 candidate_status { last_received { term: 0 index: 0 } } ignore_live_leader: false dest_uuid: "95c6c7685e7241498447a376a92cc8ea" is_pre_election: true
I20260710 11:08:20.782853  1584 tablet_bootstrap.cc:654] T d3738b50b7e44a6fbcf483e3886f5700 P c41fcf30244349188f2a37a262a01ef6: Neither blocks nor log segments found. Creating new log.
I20260710 11:08:20.784169  1465 raft_consensus.cc:2468] T b800286c81e440e2a4d535cfc314fc8f P 95c6c7685e7241498447a376a92cc8ea [term 0 FOLLOWER]: Leader pre-election vote request: Granting yes vote for candidate f0db8e4fb18a4f70a4677f9a4895524c in term 0.
I20260710 11:08:20.783176  1287 catalog_manager.cc:5697] T c173222c22e845f4a10b83788716e7f5 P f0db8e4fb18a4f70a4677f9a4895524c reported cstate change: term changed from 0 to 1, leader changed from <none> to f0db8e4fb18a4f70a4677f9a4895524c (127.31.252.3). New cstate: current_term: 1 leader_uuid: "f0db8e4fb18a4f70a4677f9a4895524c" committed_config { opid_index: -1 OBSOLETE_local: false peers { permanent_uuid: "c41fcf30244349188f2a37a262a01ef6" member_type: VOTER last_known_addr { host: "127.31.252.1" port: 37347 } health_report { overall_health: UNKNOWN } } peers { permanent_uuid: "95c6c7685e7241498447a376a92cc8ea" member_type: VOTER last_known_addr { host: "127.31.252.2" port: 38521 } health_report { overall_health: UNKNOWN } } peers { permanent_uuid: "f0db8e4fb18a4f70a4677f9a4895524c" member_type: VOTER last_known_addr { host: "127.31.252.3" port: 38667 } health_report { overall_health: HEALTHY } } }
I20260710 11:08:20.786119  1508 leader_election.cc:304] T b800286c81e440e2a4d535cfc314fc8f P f0db8e4fb18a4f70a4677f9a4895524c [CANDIDATE]: Term 1 pre-election: Election decided. Result: candidate won. Election summary: received 3 responses out of 3 voters: 2 yes votes; 1 no votes. yes voters: 95c6c7685e7241498447a376a92cc8ea, f0db8e4fb18a4f70a4677f9a4895524c; no voters: c41fcf30244349188f2a37a262a01ef6
I20260710 11:08:20.786998  1628 raft_consensus.cc:2804] T b800286c81e440e2a4d535cfc314fc8f P f0db8e4fb18a4f70a4677f9a4895524c [term 0 FOLLOWER]: Leader pre-election won for term 1
I20260710 11:08:20.787496  1628 raft_consensus.cc:493] T b800286c81e440e2a4d535cfc314fc8f P f0db8e4fb18a4f70a4677f9a4895524c [term 0 FOLLOWER]: Starting leader election (no leader contacted us within the election timeout)
I20260710 11:08:20.787945  1628 raft_consensus.cc:3060] T b800286c81e440e2a4d535cfc314fc8f P f0db8e4fb18a4f70a4677f9a4895524c [term 0 FOLLOWER]: Advancing to term 1
I20260710 11:08:20.801891  1627 raft_consensus.cc:493] T d3738b50b7e44a6fbcf483e3886f5700 P 95c6c7685e7241498447a376a92cc8ea [term 0 FOLLOWER]: Starting pre-election (no leader contacted us within the election timeout)
I20260710 11:08:20.802456  1627 raft_consensus.cc:515] T d3738b50b7e44a6fbcf483e3886f5700 P 95c6c7685e7241498447a376a92cc8ea [term 0 FOLLOWER]: Starting pre-election with config: opid_index: -1 OBSOLETE_local: false peers { permanent_uuid: "c41fcf30244349188f2a37a262a01ef6" member_type: VOTER last_known_addr { host: "127.31.252.1" port: 37347 } } peers { permanent_uuid: "95c6c7685e7241498447a376a92cc8ea" member_type: VOTER last_known_addr { host: "127.31.252.2" port: 38521 } } peers { permanent_uuid: "f0db8e4fb18a4f70a4677f9a4895524c" member_type: VOTER last_known_addr { host: "127.31.252.3" port: 38667 } }
I20260710 11:08:20.803982  1583 tablet_bootstrap.cc:492] T c173222c22e845f4a10b83788716e7f5 P 95c6c7685e7241498447a376a92cc8ea: No bootstrap required, opened a new log
I20260710 11:08:20.804436  1583 ts_tablet_manager.cc:1403] T c173222c22e845f4a10b83788716e7f5 P 95c6c7685e7241498447a376a92cc8ea: Time spent bootstrapping tablet: real 0.034s	user 0.010s	sys 0.006s
I20260710 11:08:20.806669  1393 tablet_service.cc:1917] Received RequestConsensusVote() RPC: tablet_id: "d3738b50b7e44a6fbcf483e3886f5700" candidate_uuid: "95c6c7685e7241498447a376a92cc8ea" candidate_term: 1 candidate_status { last_received { term: 0 index: 0 } } ignore_live_leader: false dest_uuid: "c41fcf30244349188f2a37a262a01ef6" is_pre_election: true
I20260710 11:08:20.807204  1583 raft_consensus.cc:359] T c173222c22e845f4a10b83788716e7f5 P 95c6c7685e7241498447a376a92cc8ea [term 0 FOLLOWER]: Replica starting. Triggering 0 pending ops. Active config: opid_index: -1 OBSOLETE_local: false peers { permanent_uuid: "c41fcf30244349188f2a37a262a01ef6" member_type: VOTER last_known_addr { host: "127.31.252.1" port: 37347 } } peers { permanent_uuid: "95c6c7685e7241498447a376a92cc8ea" member_type: VOTER last_known_addr { host: "127.31.252.2" port: 38521 } } peers { permanent_uuid: "f0db8e4fb18a4f70a4677f9a4895524c" member_type: VOTER last_known_addr { host: "127.31.252.3" port: 38667 } }
I20260710 11:08:20.807423  1541 tablet_service.cc:1917] Received RequestConsensusVote() RPC: tablet_id: "d3738b50b7e44a6fbcf483e3886f5700" candidate_uuid: "95c6c7685e7241498447a376a92cc8ea" candidate_term: 1 candidate_status { last_received { term: 0 index: 0 } } ignore_live_leader: false dest_uuid: "f0db8e4fb18a4f70a4677f9a4895524c" is_pre_election: true
I20260710 11:08:20.815405  1583 raft_consensus.cc:385] T c173222c22e845f4a10b83788716e7f5 P 95c6c7685e7241498447a376a92cc8ea [term 0 FOLLOWER]: Consensus starting up: Expiring failure detector timer to make a prompt election more likely
I20260710 11:08:20.815637  1541 raft_consensus.cc:2468] T d3738b50b7e44a6fbcf483e3886f5700 P f0db8e4fb18a4f70a4677f9a4895524c [term 0 FOLLOWER]: Leader pre-election vote request: Granting yes vote for candidate 95c6c7685e7241498447a376a92cc8ea in term 0.
I20260710 11:08:20.804589  1627 leader_election.cc:290] T d3738b50b7e44a6fbcf483e3886f5700 P 95c6c7685e7241498447a376a92cc8ea [CANDIDATE]: Term 1 pre-election: Requested pre-vote from peers c41fcf30244349188f2a37a262a01ef6 (127.31.252.1:37347), f0db8e4fb18a4f70a4677f9a4895524c (127.31.252.3:38667)
I20260710 11:08:20.815778  1583 raft_consensus.cc:740] T c173222c22e845f4a10b83788716e7f5 P 95c6c7685e7241498447a376a92cc8ea [term 0 FOLLOWER]: Becoming Follower/Learner. State: Replica: 95c6c7685e7241498447a376a92cc8ea, State: Initialized, Role: FOLLOWER
