I20260710 11:08:08.218333  2709 ts_tablet_manager.cc:616] Registered 0 tablets
I20260710 11:08:08.218532  2709 ts_tablet_manager.cc:595] Time spent register tablets: real 0.000s	user 0.000s	sys 0.000s
I20260710 11:08:08.273109  2709 rpc_server.cc:307] RPC server started. Bound to: 127.2.165.65:37541
I20260710 11:08:08.273248  3368 acceptor_pool.cc:272] collecting diagnostics on the listening RPC socket 127.2.165.65:37541 every 8 connection(s)
I20260710 11:08:08.278066  2709 file_cache.cc:504] Constructed file cache file cache with capacity 419430
W20260710 11:08:08.285429  3373 instance_detector.cc:116] could not retrieve AWS instance metadata: Network error: curl error: HTTP response code said error: The requested URL returned error: 404
W20260710 11:08:08.286353  3374 instance_detector.cc:116] could not retrieve Azure instance metadata: Network error: curl error: HTTP response code said error: The requested URL returned error: 404
W20260710 11:08:08.291101  3376 instance_detector.cc:116] could not retrieve OpenStack instance metadata: Network error: curl error: HTTP response code said error: The requested URL returned error: 404
I20260710 11:08:08.291373  2709 server_base.cc:1061] running on GCE node
I20260710 11:08:08.293020  2709 hybrid_clock.cc:584] initializing the hybrid clock with 'system_unsync' time source
W20260710 11:08:08.293289  2709 system_unsync_time.cc:38] NTP support is disabled. Clock error bounds will not be accurate. This configuration is not suitable for distributed clusters.
I20260710 11:08:08.293501  2709 hybrid_clock.cc:648] HybridClock initialized: now 1783681688293481 us; error 0 us; skew 500 ppm
I20260710 11:08:08.294094  2709 server_base.cc:861] Flag tcmalloc_max_total_thread_cache_bytes is not working since tcmalloc is not enabled.
I20260710 11:08:08.298043  2709 webserver.cc:533] Webserver started at http://127.2.165.66:42019/ using document root <none> and password file <none>
I20260710 11:08:08.298861  2709 fs_manager.cc:362] Metadata directory not provided
I20260710 11:08:08.299153  2709 fs_manager.cc:368] Using write-ahead log directory (fs_wal_dir) as metadata directory
I20260710 11:08:08.299552  2709 server_base.cc:909] This appears to be a new deployment of Kudu; creating new FS layout
I20260710 11:08:08.300361  3369 heartbeater.cc:344] Connected to a master server at 127.2.165.126:33975
I20260710 11:08:08.300809  3369 heartbeater.cc:461] Registering TS with master...
I20260710 11:08:08.301311  2709 fs_manager.cc:1068] Generated new instance metadata in path /tmp/dist-test-taskGWoIvF/test-tmp/auto_leader_rebalancer-test.0.LeaderRebalancerTest.FunctionalTestForNotDivided.1783681674115123-2709-0/minicluster-data/ts-1-root/instance:
uuid: "9d3a5b117b4449bc97e4465364104e87"
format_stamp: "Formatted at 2026-07-10 11:08:08 on dist-test-slave-f0nt"
I20260710 11:08:08.301635  3369 heartbeater.cc:507] Master 127.2.165.126:33975 requested a full tablet report, sending...
I20260710 11:08:08.304312  3242 ts_manager.cc:194] Registered new tserver with Master: 2158094e4d22405e9ec4409c1f8196f0 (127.2.165.65:37541)
I20260710 11:08:08.306296  3242 master_service.cc:502] Signed X509 certificate for tserver {username='slave'} at 127.0.0.1:45582
I20260710 11:08:08.307588  2709 fs_manager.cc:696] Time spent creating directory manager: real 0.006s	user 0.006s	sys 0.001s
I20260710 11:08:08.311718  3381 log_block_manager.cc:4127] Time spent loading block containers with low live blocks: real 0.000s	user 0.000s	sys 0.000s
I20260710 11:08:08.312795  2709 fs_manager.cc:730] Time spent opening block manager: real 0.003s	user 0.003s	sys 0.000s
I20260710 11:08:08.313156  2709 fs_manager.cc:647] Opened local filesystem: /tmp/dist-test-taskGWoIvF/test-tmp/auto_leader_rebalancer-test.0.LeaderRebalancerTest.FunctionalTestForNotDivided.1783681674115123-2709-0/minicluster-data/ts-1-root
uuid: "9d3a5b117b4449bc97e4465364104e87"
format_stamp: "Formatted at 2026-07-10 11:08:08 on dist-test-slave-f0nt"
I20260710 11:08:08.313694  2709 fs_report.cc:389] FS layout report
--------------------
wal directory: /tmp/dist-test-taskGWoIvF/test-tmp/auto_leader_rebalancer-test.0.LeaderRebalancerTest.FunctionalTestForNotDivided.1783681674115123-2709-0/minicluster-data/ts-1-root
metadata directory: /tmp/dist-test-taskGWoIvF/test-tmp/auto_leader_rebalancer-test.0.LeaderRebalancerTest.FunctionalTestForNotDivided.1783681674115123-2709-0/minicluster-data/ts-1-root
1 data directories: /tmp/dist-test-taskGWoIvF/test-tmp/auto_leader_rebalancer-test.0.LeaderRebalancerTest.FunctionalTestForNotDivided.1783681674115123-2709-0/minicluster-data/ts-1-root/data
Total live blocks: 0
Total live bytes: 0
Total live bytes (after alignment): 0
Total number of LBM containers: 0 (0 full)
Did not check for missing blocks
Did not check for orphaned blocks
Total full LBM containers with extra space: 0 (0 repaired)
Total full LBM container extra space in bytes: 0 (0 repaired)
Total incomplete LBM containers: 0 (0 repaired)
Total LBM partial records: 0 (0 repaired)
Total corrupted LBM metadata records in RocksDB: 0 (0 repaired)
I20260710 11:08:08.353195  2709 rpc_server.cc:225] running with OpenSSL 1.1.1  11 Sep 2018
I20260710 11:08:08.354632  2709 kserver.cc:163] Server-wide thread pool size limit: 3276
I20260710 11:08:08.356349  2709 txn_system_client.cc:432] TxnSystemClient initialization is disabled...
I20260710 11:08:08.358886  2709 ts_tablet_manager.cc:585] Loaded tablet metadata (0 total tablets, 0 live tablets)
I20260710 11:08:08.359127  2709 ts_tablet_manager.cc:531] Time spent load tablet metadata: real 0.000s	user 0.000s	sys 0.000s
I20260710 11:08:08.359397  2709 ts_tablet_manager.cc:616] Registered 0 tablets
I20260710 11:08:08.359735  2709 ts_tablet_manager.cc:595] Time spent register tablets: real 0.000s	user 0.000s	sys 0.000s
I20260710 11:08:08.410331  2709 rpc_server.cc:307] RPC server started. Bound to: 127.2.165.66:35743
I20260710 11:08:08.410533  3443 acceptor_pool.cc:272] collecting diagnostics on the listening RPC socket 127.2.165.66:35743 every 8 connection(s)
I20260710 11:08:08.415742  2709 file_cache.cc:504] Constructed file cache file cache with capacity 419430
W20260710 11:08:08.423871  3447 instance_detector.cc:116] could not retrieve AWS instance metadata: Network error: curl error: HTTP response code said error: The requested URL returned error: 404
W20260710 11:08:08.425233  3448 instance_detector.cc:116] could not retrieve Azure instance metadata: Network error: curl error: HTTP response code said error: The requested URL returned error: 404
I20260710 11:08:08.428942  2709 server_base.cc:1061] running on GCE node
W20260710 11:08:08.429075  3450 instance_detector.cc:116] could not retrieve OpenStack instance metadata: Network error: curl error: HTTP response code said error: The requested URL returned error: 404
I20260710 11:08:08.430397  2709 hybrid_clock.cc:584] initializing the hybrid clock with 'system_unsync' time source
I20260710 11:08:08.430594  3444 heartbeater.cc:344] Connected to a master server at 127.2.165.126:33975
W20260710 11:08:08.430680  2709 system_unsync_time.cc:38] NTP support is disabled. Clock error bounds will not be accurate. This configuration is not suitable for distributed clusters.
I20260710 11:08:08.431213  3444 heartbeater.cc:461] Registering TS with master...
I20260710 11:08:08.431187  2709 hybrid_clock.cc:648] HybridClock initialized: now 1783681688431163 us; error 0 us; skew 500 ppm
I20260710 11:08:08.432049  2709 server_base.cc:861] Flag tcmalloc_max_total_thread_cache_bytes is not working since tcmalloc is not enabled.
I20260710 11:08:08.432219  3444 heartbeater.cc:507] Master 127.2.165.126:33975 requested a full tablet report, sending...
I20260710 11:08:08.434620  3242 ts_manager.cc:194] Registered new tserver with Master: 9d3a5b117b4449bc97e4465364104e87 (127.2.165.66:35743)
I20260710 11:08:08.435257  2709 webserver.cc:533] Webserver started at http://127.2.165.67:44297/ using document root <none> and password file <none>
I20260710 11:08:08.435806  2709 fs_manager.cc:362] Metadata directory not provided
I20260710 11:08:08.436028  2709 fs_manager.cc:368] Using write-ahead log directory (fs_wal_dir) as metadata directory
I20260710 11:08:08.436385  2709 server_base.cc:909] This appears to be a new deployment of Kudu; creating new FS layout
I20260710 11:08:08.437135  3242 master_service.cc:502] Signed X509 certificate for tserver {username='slave'} at 127.0.0.1:45586
I20260710 11:08:08.437847  2709 fs_manager.cc:1068] Generated new instance metadata in path /tmp/dist-test-taskGWoIvF/test-tmp/auto_leader_rebalancer-test.0.LeaderRebalancerTest.FunctionalTestForNotDivided.1783681674115123-2709-0/minicluster-data/ts-2-root/instance:
uuid: "1d5b0415a7724f478fabddeba2b36aa7"
format_stamp: "Formatted at 2026-07-10 11:08:08 on dist-test-slave-f0nt"
I20260710 11:08:08.442791  2709 fs_manager.cc:696] Time spent creating directory manager: real 0.004s	user 0.006s	sys 0.000s
I20260710 11:08:08.446655  3455 log_block_manager.cc:4127] Time spent loading block containers with low live blocks: real 0.000s	user 0.000s	sys 0.000s
I20260710 11:08:08.447584  2709 fs_manager.cc:730] Time spent opening block manager: real 0.003s	user 0.002s	sys 0.000s
I20260710 11:08:08.447950  2709 fs_manager.cc:647] Opened local filesystem: /tmp/dist-test-taskGWoIvF/test-tmp/auto_leader_rebalancer-test.0.LeaderRebalancerTest.FunctionalTestForNotDivided.1783681674115123-2709-0/minicluster-data/ts-2-root
uuid: "1d5b0415a7724f478fabddeba2b36aa7"
format_stamp: "Formatted at 2026-07-10 11:08:08 on dist-test-slave-f0nt"
I20260710 11:08:08.448356  2709 fs_report.cc:389] FS layout report
--------------------
wal directory: /tmp/dist-test-taskGWoIvF/test-tmp/auto_leader_rebalancer-test.0.LeaderRebalancerTest.FunctionalTestForNotDivided.1783681674115123-2709-0/minicluster-data/ts-2-root
metadata directory: /tmp/dist-test-taskGWoIvF/test-tmp/auto_leader_rebalancer-test.0.LeaderRebalancerTest.FunctionalTestForNotDivided.1783681674115123-2709-0/minicluster-data/ts-2-root
1 data directories: /tmp/dist-test-taskGWoIvF/test-tmp/auto_leader_rebalancer-test.0.LeaderRebalancerTest.FunctionalTestForNotDivided.1783681674115123-2709-0/minicluster-data/ts-2-root/data
Total live blocks: 0
Total live bytes: 0
Total live bytes (after alignment): 0
Total number of LBM containers: 0 (0 full)
Did not check for missing blocks
Did not check for orphaned blocks
Total full LBM containers with extra space: 0 (0 repaired)
Total full LBM container extra space in bytes: 0 (0 repaired)
Total incomplete LBM containers: 0 (0 repaired)
Total LBM partial records: 0 (0 repaired)
Total corrupted LBM metadata records in RocksDB: 0 (0 repaired)
I20260710 11:08:08.465094  2709 rpc_server.cc:225] running with OpenSSL 1.1.1  11 Sep 2018
I20260710 11:08:08.466488  2709 kserver.cc:163] Server-wide thread pool size limit: 3276
I20260710 11:08:08.468369  2709 txn_system_client.cc:432] TxnSystemClient initialization is disabled...
I20260710 11:08:08.471113  2709 ts_tablet_manager.cc:585] Loaded tablet metadata (0 total tablets, 0 live tablets)
I20260710 11:08:08.471386  2709 ts_tablet_manager.cc:531] Time spent load tablet metadata: real 0.000s	user 0.000s	sys 0.000s
I20260710 11:08:08.471645  2709 ts_tablet_manager.cc:616] Registered 0 tablets
I20260710 11:08:08.471843  2709 ts_tablet_manager.cc:595] Time spent register tablets: real 0.000s	user 0.000s	sys 0.000s
I20260710 11:08:08.526631  2709 rpc_server.cc:307] RPC server started. Bound to: 127.2.165.67:39957
I20260710 11:08:08.526798  3517 acceptor_pool.cc:272] collecting diagnostics on the listening RPC socket 127.2.165.67:39957 every 8 connection(s)
I20260710 11:08:08.546186  3518 heartbeater.cc:344] Connected to a master server at 127.2.165.126:33975
I20260710 11:08:08.546563  3518 heartbeater.cc:461] Registering TS with master...
I20260710 11:08:08.547399  3518 heartbeater.cc:507] Master 127.2.165.126:33975 requested a full tablet report, sending...
I20260710 11:08:08.550060  3242 ts_manager.cc:194] Registered new tserver with Master: 1d5b0415a7724f478fabddeba2b36aa7 (127.2.165.67:39957)
I20260710 11:08:08.550645  2709 internal_mini_cluster.cc:371] 3 TS(s) registered with all masters after 0.019348707s
I20260710 11:08:08.552218  3242 master_service.cc:502] Signed X509 certificate for tserver {username='slave'} at 127.0.0.1:45590
I20260710 11:08:08.583597  3242 catalog_manager.cc:2283] Servicing CreateTable request from {username='slave'} at 127.0.0.1:45606:
name: "test-workload"
schema {
  columns {
    name: "key"
    type: INT32
    is_key: true
    is_nullable: false
    encoding: AUTO_ENCODING
    compression: DEFAULT_COMPRESSION
    cfile_block_size: 0
    immutable: false
  }
  columns {
    name: "int_val"
    type: INT32
    is_key: false
    is_nullable: false
    encoding: AUTO_ENCODING
    compression: DEFAULT_COMPRESSION
    cfile_block_size: 0
    immutable: false
  }
  columns {
    name: "string_val"
    type: STRING
    is_key: false
    is_nullable: true
    encoding: AUTO_ENCODING
    compression: DEFAULT_COMPRESSION
    cfile_block_size: 0
    immutable: false
  }
}
num_replicas: 3
split_rows_range_bounds {
  rows: "\004\001\000\314\314\314\014\004\001\000\230\231\231\031\004\001\000dff&\004\001\0000333\004\001\000\374\377\377?\004\001\000\310\314\314L\004\001\000\224\231\231Y\004\001\000`fff\004\001\000,33s""\004\001\000\314\314\314\014\004\001\000\230\231\231\031\004\001\000dff&\004\001\0000333\004\001\000\374\377\377?\004\001\000\310\314\314L\004\001\000\224\231\231Y\004\001\000`fff\004\001\000,33s"
  indirect_data: """"
}
partition_schema {
  range_schema {
    columns {
      name: "key"
    }
  }
}
W20260710 11:08:08.586516  3242 catalog_manager.cc:7077] The number of live tablet servers is not enough to re-replicate a tablet replica of the newly created table test-workload in case of a server failure: 4 tablet servers would be needed, 3 are available. Consider bringing up more tablet servers.
I20260710 11:08:08.664031  3409 tablet_service.cc:1511] Processing CreateTablet for tablet 5e23f90c989d4b5b925d768bac63efe4 (DEFAULT_TABLE table=test-workload [id=f9ced517081a485795247e30ae654748]), partition=RANGE (key) PARTITION VALUES < 214748364
I20260710 11:08:08.666041  3409 data_dirs.cc:400] Could only allocate 1 dirs of requested 3 for tablet 5e23f90c989d4b5b925d768bac63efe4. 1 dirs total, 0 dirs full, 0 dirs failed
I20260710 11:08:08.667830  3407 tablet_service.cc:1511] Processing CreateTablet for tablet 9245abaad8e44e3491252340606e1722 (DEFAULT_TABLE table=test-workload [id=f9ced517081a485795247e30ae654748]), partition=RANGE (key) PARTITION 429496728 <= VALUES < 644245092
I20260710 11:08:08.669313  3407 data_dirs.cc:400] Could only allocate 1 dirs of requested 3 for tablet 9245abaad8e44e3491252340606e1722. 1 dirs total, 0 dirs full, 0 dirs failed
I20260710 11:08:08.669270  3408 tablet_service.cc:1511] Processing CreateTablet for tablet c88f78a9ead54221a521948eb8120ec2 (DEFAULT_TABLE table=test-workload [id=f9ced517081a485795247e30ae654748]), partition=RANGE (key) PARTITION 214748364 <= VALUES < 429496728
I20260710 11:08:08.671480  3408 data_dirs.cc:400] Could only allocate 1 dirs of requested 3 for tablet c88f78a9ead54221a521948eb8120ec2. 1 dirs total, 0 dirs full, 0 dirs failed
I20260710 11:08:08.674111  3406 tablet_service.cc:1511] Processing CreateTablet for tablet b568534d08824381bc81f93bab8bdd55 (DEFAULT_TABLE table=test-workload [id=f9ced517081a485795247e30ae654748]), partition=RANGE (key) PARTITION 644245092 <= VALUES < 858993456
I20260710 11:08:08.675581  3406 data_dirs.cc:400] Could only allocate 1 dirs of requested 3 for tablet b568534d08824381bc81f93bab8bdd55. 1 dirs total, 0 dirs full, 0 dirs failed
I20260710 11:08:08.681094  3405 tablet_service.cc:1511] Processing CreateTablet for tablet aca3d65b6866434fb070d6f5e1f1d3ae (DEFAULT_TABLE table=test-workload [id=f9ced517081a485795247e30ae654748]), partition=RANGE (key) PARTITION 858993456 <= VALUES < 1073741820
I20260710 11:08:08.682652  3405 data_dirs.cc:400] Could only allocate 1 dirs of requested 3 for tablet aca3d65b6866434fb070d6f5e1f1d3ae. 1 dirs total, 0 dirs full, 0 dirs failed
I20260710 11:08:08.687280  3404 tablet_service.cc:1511] Processing CreateTablet for tablet b7decf9c841d415aadb5c1f5bb9c99dc (DEFAULT_TABLE table=test-workload [id=f9ced517081a485795247e30ae654748]), partition=RANGE (key) PARTITION 1073741820 <= VALUES < 1288490184
I20260710 11:08:08.688781  3404 data_dirs.cc:400] Could only allocate 1 dirs of requested 3 for tablet b7decf9c841d415aadb5c1f5bb9c99dc. 1 dirs total, 0 dirs full, 0 dirs failed
I20260710 11:08:08.693805  3403 tablet_service.cc:1511] Processing CreateTablet for tablet 0aa760b9d39e45929390aefcf7300124 (DEFAULT_TABLE table=test-workload [id=f9ced517081a485795247e30ae654748]), partition=RANGE (key) PARTITION 1288490184 <= VALUES < 1503238548
I20260710 11:08:08.695325  3403 data_dirs.cc:400] Could only allocate 1 dirs of requested 3 for tablet 0aa760b9d39e45929390aefcf7300124. 1 dirs total, 0 dirs full, 0 dirs failed
I20260710 11:08:08.700001  3332 tablet_service.cc:1511] Processing CreateTablet for tablet 9245abaad8e44e3491252340606e1722 (DEFAULT_TABLE table=test-workload [id=f9ced517081a485795247e30ae654748]), partition=RANGE (key) PARTITION 429496728 <= VALUES < 644245092
I20260710 11:08:08.701251  3331 tablet_service.cc:1511] Processing CreateTablet for tablet b568534d08824381bc81f93bab8bdd55 (DEFAULT_TABLE table=test-workload [id=f9ced517081a485795247e30ae654748]), partition=RANGE (key) PARTITION 644245092 <= VALUES < 858993456
I20260710 11:08:08.701946  3332 data_dirs.cc:400] Could only allocate 1 dirs of requested 3 for tablet 9245abaad8e44e3491252340606e1722. 1 dirs total, 0 dirs full, 0 dirs failed
I20260710 11:08:08.701849  3330 tablet_service.cc:1511] Processing CreateTablet for tablet aca3d65b6866434fb070d6f5e1f1d3ae (DEFAULT_TABLE table=test-workload [id=f9ced517081a485795247e30ae654748]), partition=RANGE (key) PARTITION 858993456 <= VALUES < 1073741820
I20260710 11:08:08.698717  3402 tablet_service.cc:1511] Processing CreateTablet for tablet f7d07f0e7e944ff6b28f85705d76202f (DEFAULT_TABLE table=test-workload [id=f9ced517081a485795247e30ae654748]), partition=RANGE (key) PARTITION 1503238548 <= VALUES < 1717986912
I20260710 11:08:08.696871  3334 tablet_service.cc:1511] Processing CreateTablet for tablet 5e23f90c989d4b5b925d768bac63efe4 (DEFAULT_TABLE table=test-workload [id=f9ced517081a485795247e30ae654748]), partition=RANGE (key) PARTITION VALUES < 214748364
I20260710 11:08:08.705545  3329 tablet_service.cc:1511] Processing CreateTablet for tablet b7decf9c841d415aadb5c1f5bb9c99dc (DEFAULT_TABLE table=test-workload [id=f9ced517081a485795247e30ae654748]), partition=RANGE (key) PARTITION 1073741820 <= VALUES < 1288490184
I20260710 11:08:08.697364  3333 tablet_service.cc:1511] Processing CreateTablet for tablet c88f78a9ead54221a521948eb8120ec2 (DEFAULT_TABLE table=test-workload [id=f9ced517081a485795247e30ae654748]), partition=RANGE (key) PARTITION 214748364 <= VALUES < 429496728
I20260710 11:08:08.707891  3331 data_dirs.cc:400] Could only allocate 1 dirs of requested 3 for tablet b568534d08824381bc81f93bab8bdd55. 1 dirs total, 0 dirs full, 0 dirs failed
I20260710 11:08:08.708380  3402 data_dirs.cc:400] Could only allocate 1 dirs of requested 3 for tablet f7d07f0e7e944ff6b28f85705d76202f. 1 dirs total, 0 dirs full, 0 dirs failed
I20260710 11:08:08.709755  3328 tablet_service.cc:1511] Processing CreateTablet for tablet 0aa760b9d39e45929390aefcf7300124 (DEFAULT_TABLE table=test-workload [id=f9ced517081a485795247e30ae654748]), partition=RANGE (key) PARTITION 1288490184 <= VALUES < 1503238548
I20260710 11:08:08.715917  3329 data_dirs.cc:400] Could only allocate 1 dirs of requested 3 for tablet b7decf9c841d415aadb5c1f5bb9c99dc. 1 dirs total, 0 dirs full, 0 dirs failed
I20260710 11:08:08.716836  3333 data_dirs.cc:400] Could only allocate 1 dirs of requested 3 for tablet c88f78a9ead54221a521948eb8120ec2. 1 dirs total, 0 dirs full, 0 dirs failed
I20260710 11:08:08.720485  3328 data_dirs.cc:400] Could only allocate 1 dirs of requested 3 for tablet 0aa760b9d39e45929390aefcf7300124. 1 dirs total, 0 dirs full, 0 dirs failed
I20260710 11:08:08.724534  3334 data_dirs.cc:400] Could only allocate 1 dirs of requested 3 for tablet 5e23f90c989d4b5b925d768bac63efe4. 1 dirs total, 0 dirs full, 0 dirs failed
I20260710 11:08:08.728575  3330 data_dirs.cc:400] Could only allocate 1 dirs of requested 3 for tablet aca3d65b6866434fb070d6f5e1f1d3ae. 1 dirs total, 0 dirs full, 0 dirs failed
I20260710 11:08:08.752708  3327 tablet_service.cc:1511] Processing CreateTablet for tablet f7d07f0e7e944ff6b28f85705d76202f (DEFAULT_TABLE table=test-workload [id=f9ced517081a485795247e30ae654748]), partition=RANGE (key) PARTITION 1503238548 <= VALUES < 1717986912
I20260710 11:08:08.754210  3327 data_dirs.cc:400] Could only allocate 1 dirs of requested 3 for tablet f7d07f0e7e944ff6b28f85705d76202f. 1 dirs total, 0 dirs full, 0 dirs failed
I20260710 11:08:08.777209  3407 tablet_service.cc:1511] Processing CreateTablet for tablet 216d77cf88db4f77921138348e4f90e1 (DEFAULT_TABLE table=test-workload [id=f9ced517081a485795247e30ae654748]), partition=RANGE (key) PARTITION 1717986912 <= VALUES < 1932735276
I20260710 11:08:08.778664  3407 data_dirs.cc:400] Could only allocate 1 dirs of requested 3 for tablet 216d77cf88db4f77921138348e4f90e1. 1 dirs total, 0 dirs full, 0 dirs failed
I20260710 11:08:08.786173  3532 tablet_bootstrap.cc:492] T b568534d08824381bc81f93bab8bdd55 P 9d3a5b117b4449bc97e4465364104e87: Bootstrap starting.
I20260710 11:08:08.790853  3533 tablet_bootstrap.cc:492] T c88f78a9ead54221a521948eb8120ec2 P 2158094e4d22405e9ec4409c1f8196f0: Bootstrap starting.
I20260710 11:08:08.796993  3401 tablet_service.cc:1511] Processing CreateTablet for tablet 5db68ac7c3fe419b9e04ffba92c0276e (DEFAULT_TABLE table=test-workload [id=f9ced517081a485795247e30ae654748]), partition=RANGE (key) PARTITION 1932735276 <= VALUES
I20260710 11:08:08.798687  3329 tablet_service.cc:1511] Processing CreateTablet for tablet 216d77cf88db4f77921138348e4f90e1 (DEFAULT_TABLE table=test-workload [id=f9ced517081a485795247e30ae654748]), partition=RANGE (key) PARTITION 1717986912 <= VALUES < 1932735276
I20260710 11:08:08.800899  3401 data_dirs.cc:400] Could only allocate 1 dirs of requested 3 for tablet 5db68ac7c3fe419b9e04ffba92c0276e. 1 dirs total, 0 dirs full, 0 dirs failed
I20260710 11:08:08.803540  3329 data_dirs.cc:400] Could only allocate 1 dirs of requested 3 for tablet 216d77cf88db4f77921138348e4f90e1. 1 dirs total, 0 dirs full, 0 dirs failed
I20260710 11:08:08.817360  3333 tablet_service.cc:1511] Processing CreateTablet for tablet 5db68ac7c3fe419b9e04ffba92c0276e (DEFAULT_TABLE table=test-workload [id=f9ced517081a485795247e30ae654748]), partition=RANGE (key) PARTITION 1932735276 <= VALUES
I20260710 11:08:08.818930  3333 data_dirs.cc:400] Could only allocate 1 dirs of requested 3 for tablet 5db68ac7c3fe419b9e04ffba92c0276e. 1 dirs total, 0 dirs full, 0 dirs failed
I20260710 11:08:08.821352  3533 tablet_bootstrap.cc:654] T c88f78a9ead54221a521948eb8120ec2 P 2158094e4d22405e9ec4409c1f8196f0: Neither blocks nor log segments found. Creating new log.
I20260710 11:08:08.825215  3532 tablet_bootstrap.cc:654] T b568534d08824381bc81f93bab8bdd55 P 9d3a5b117b4449bc97e4465364104e87: Neither blocks nor log segments found. Creating new log.
I20260710 11:08:08.826539  3483 tablet_service.cc:1511] Processing CreateTablet for tablet 5e23f90c989d4b5b925d768bac63efe4 (DEFAULT_TABLE table=test-workload [id=f9ced517081a485795247e30ae654748]), partition=RANGE (key) PARTITION VALUES < 214748364
I20260710 11:08:08.827978  3483 data_dirs.cc:400] Could only allocate 1 dirs of requested 3 for tablet 5e23f90c989d4b5b925d768bac63efe4. 1 dirs total, 0 dirs full, 0 dirs failed
I20260710 11:08:08.832902  3482 tablet_service.cc:1511] Processing CreateTablet for tablet c88f78a9ead54221a521948eb8120ec2 (DEFAULT_TABLE table=test-workload [id=f9ced517081a485795247e30ae654748]), partition=RANGE (key) PARTITION 214748364 <= VALUES < 429496728
I20260710 11:08:08.833979  3481 tablet_service.cc:1511] Processing CreateTablet for tablet 9245abaad8e44e3491252340606e1722 (DEFAULT_TABLE table=test-workload [id=f9ced517081a485795247e30ae654748]), partition=RANGE (key) PARTITION 429496728 <= VALUES < 644245092
I20260710 11:08:08.834520  3482 data_dirs.cc:400] Could only allocate 1 dirs of requested 3 for tablet c88f78a9ead54221a521948eb8120ec2. 1 dirs total, 0 dirs full, 0 dirs failed
I20260710 11:08:08.835448  3481 data_dirs.cc:400] Could only allocate 1 dirs of requested 3 for tablet 9245abaad8e44e3491252340606e1722. 1 dirs total, 0 dirs full, 0 dirs failed
I20260710 11:08:08.850765  3533 tablet_bootstrap.cc:492] T c88f78a9ead54221a521948eb8120ec2 P 2158094e4d22405e9ec4409c1f8196f0: No bootstrap required, opened a new log
I20260710 11:08:08.851799  3533 ts_tablet_manager.cc:1403] T c88f78a9ead54221a521948eb8120ec2 P 2158094e4d22405e9ec4409c1f8196f0: Time spent bootstrapping tablet: real 0.061s	user 0.016s	sys 0.000s
I20260710 11:08:08.853010  3480 tablet_service.cc:1511] Processing CreateTablet for tablet b568534d08824381bc81f93bab8bdd55 (DEFAULT_TABLE table=test-workload [id=f9ced517081a485795247e30ae654748]), partition=RANGE (key) PARTITION 644245092 <= VALUES < 858993456
I20260710 11:08:08.855887  3480 data_dirs.cc:400] Could only allocate 1 dirs of requested 3 for tablet b568534d08824381bc81f93bab8bdd55. 1 dirs total, 0 dirs full, 0 dirs failed
I20260710 11:08:08.860838  3533 raft_consensus.cc:359] T c88f78a9ead54221a521948eb8120ec2 P 2158094e4d22405e9ec4409c1f8196f0 [term 0 FOLLOWER]: Replica starting. Triggering 0 pending ops. Active config: opid_index: -1 OBSOLETE_local: false peers { permanent_uuid: "2158094e4d22405e9ec4409c1f8196f0" member_type: VOTER last_known_addr { host: "127.2.165.65" port: 37541 } } peers { permanent_uuid: "9d3a5b117b4449bc97e4465364104e87" member_type: VOTER last_known_addr { host: "127.2.165.66" port: 35743 } } peers { permanent_uuid: "1d5b0415a7724f478fabddeba2b36aa7" member_type: VOTER last_known_addr { host: "127.2.165.67" port: 39957 } }
I20260710 11:08:08.862212  3533 raft_consensus.cc:385] T c88f78a9ead54221a521948eb8120ec2 P 2158094e4d22405e9ec4409c1f8196f0 [term 0 FOLLOWER]: Consensus starting up: Expiring failure detector timer to make a prompt election more likely
I20260710 11:08:08.862680  3533 raft_consensus.cc:740] T c88f78a9ead54221a521948eb8120ec2 P 2158094e4d22405e9ec4409c1f8196f0 [term 0 FOLLOWER]: Becoming Follower/Learner. State: Replica: 2158094e4d22405e9ec4409c1f8196f0, State: Initialized, Role: FOLLOWER
I20260710 11:08:08.864044  3533 consensus_queue.cc:260] T c88f78a9ead54221a521948eb8120ec2 P 2158094e4d22405e9ec4409c1f8196f0 [NON_LEADER]: Queue going to NON_LEADER mode. State: All replicated index: 0, Majority replicated index: 0, Committed index: 0, Last appended: 0.0, Last appended by leader: 0, Current term: 0, Majority size: -1, State: 0, Mode: NON_LEADER, active raft config: opid_index: -1 OBSOLETE_local: false peers { permanent_uuid: "2158094e4d22405e9ec4409c1f8196f0" member_type: VOTER last_known_addr { host: "127.2.165.65" port: 37541 } } peers { permanent_uuid: "9d3a5b117b4449bc97e4465364104e87" member_type: VOTER last_known_addr { host: "127.2.165.66" port: 35743 } } peers { permanent_uuid: "1d5b0415a7724f478fabddeba2b36aa7" member_type: VOTER last_known_addr { host: "127.2.165.67" port: 39957 } }
I20260710 11:08:08.867184  3479 tablet_service.cc:1511] Processing CreateTablet for tablet aca3d65b6866434fb070d6f5e1f1d3ae (DEFAULT_TABLE table=test-workload [id=f9ced517081a485795247e30ae654748]), partition=RANGE (key) PARTITION 858993456 <= VALUES < 1073741820
I20260710 11:08:08.869423  3479 data_dirs.cc:400] Could only allocate 1 dirs of requested 3 for tablet aca3d65b6866434fb070d6f5e1f1d3ae. 1 dirs total, 0 dirs full, 0 dirs failed
I20260710 11:08:08.869500  3477 tablet_service.cc:1511] Processing CreateTablet for tablet 0aa760b9d39e45929390aefcf7300124 (DEFAULT_TABLE table=test-workload [id=f9ced517081a485795247e30ae654748]), partition=RANGE (key) PARTITION 1288490184 <= VALUES < 1503238548
I20260710 11:08:08.872444  3476 tablet_service.cc:1511] Processing CreateTablet for tablet f7d07f0e7e944ff6b28f85705d76202f (DEFAULT_TABLE table=test-workload [id=f9ced517081a485795247e30ae654748]), partition=RANGE (key) PARTITION 1503238548 <= VALUES < 1717986912
I20260710 11:08:08.875049  3475 tablet_service.cc:1511] Processing CreateTablet for tablet 216d77cf88db4f77921138348e4f90e1 (DEFAULT_TABLE table=test-workload [id=f9ced517081a485795247e30ae654748]), partition=RANGE (key) PARTITION 1717986912 <= VALUES < 1932735276
I20260710 11:08:08.877686  3474 tablet_service.cc:1511] Processing CreateTablet for tablet 5db68ac7c3fe419b9e04ffba92c0276e (DEFAULT_TABLE table=test-workload [id=f9ced517081a485795247e30ae654748]), partition=RANGE (key) PARTITION 1932735276 <= VALUES
I20260710 11:08:08.867425  3478 tablet_service.cc:1511] Processing CreateTablet for tablet b7decf9c841d415aadb5c1f5bb9c99dc (DEFAULT_TABLE table=test-workload [id=f9ced517081a485795247e30ae654748]), partition=RANGE (key) PARTITION 1073741820 <= VALUES < 1288490184
I20260710 11:08:08.879001  3477 data_dirs.cc:400] Could only allocate 1 dirs of requested 3 for tablet 0aa760b9d39e45929390aefcf7300124. 1 dirs total, 0 dirs full, 0 dirs failed
I20260710 11:08:08.884442  3474 data_dirs.cc:400] Could only allocate 1 dirs of requested 3 for tablet 5db68ac7c3fe419b9e04ffba92c0276e. 1 dirs total, 0 dirs full, 0 dirs failed
I20260710 11:08:08.888475  3478 data_dirs.cc:400] Could only allocate 1 dirs of requested 3 for tablet b7decf9c841d415aadb5c1f5bb9c99dc. 1 dirs total, 0 dirs full, 0 dirs failed
I20260710 11:08:08.891806  3369 heartbeater.cc:499] Master 127.2.165.126:33975 was elected leader, sending a full tablet report...
I20260710 11:08:08.892472  3475 data_dirs.cc:400] Could only allocate 1 dirs of requested 3 for tablet 216d77cf88db4f77921138348e4f90e1. 1 dirs total, 0 dirs full, 0 dirs failed
I20260710 11:08:08.893891  3533 ts_tablet_manager.cc:1434] T c88f78a9ead54221a521948eb8120ec2 P 2158094e4d22405e9ec4409c1f8196f0: Time spent starting tablet: real 0.041s	user 0.012s	sys 0.000s
I20260710 11:08:08.895740  3533 tablet_bootstrap.cc:492] T 0aa760b9d39e45929390aefcf7300124 P 2158094e4d22405e9ec4409c1f8196f0: Bootstrap starting.
I20260710 11:08:08.896500  3476 data_dirs.cc:400] Could only allocate 1 dirs of requested 3 for tablet f7d07f0e7e944ff6b28f85705d76202f. 1 dirs total, 0 dirs full, 0 dirs failed
I20260710 11:08:08.912575  3533 tablet_bootstrap.cc:654] T 0aa760b9d39e45929390aefcf7300124 P 2158094e4d22405e9ec4409c1f8196f0: Neither blocks nor log segments found. Creating new log.
I20260710 11:08:08.920709  3536 tablet_bootstrap.cc:492] T 5e23f90c989d4b5b925d768bac63efe4 P 1d5b0415a7724f478fabddeba2b36aa7: Bootstrap starting.
I20260710 11:08:08.939580  3536 tablet_bootstrap.cc:654] T 5e23f90c989d4b5b925d768bac63efe4 P 1d5b0415a7724f478fabddeba2b36aa7: Neither blocks nor log segments found. Creating new log.
I20260710 11:08:08.940579  3532 tablet_bootstrap.cc:492] T b568534d08824381bc81f93bab8bdd55 P 9d3a5b117b4449bc97e4465364104e87: No bootstrap required, opened a new log
I20260710 11:08:08.941511  3532 ts_tablet_manager.cc:1403] T b568534d08824381bc81f93bab8bdd55 P 9d3a5b117b4449bc97e4465364104e87: Time spent bootstrapping tablet: real 0.156s	user 0.013s	sys 0.020s
I20260710 11:08:08.954821  3532 raft_consensus.cc:359] T b568534d08824381bc81f93bab8bdd55 P 9d3a5b117b4449bc97e4465364104e87 [term 0 FOLLOWER]: Replica starting. Triggering 0 pending ops. Active config: opid_index: -1 OBSOLETE_local: false peers { permanent_uuid: "2158094e4d22405e9ec4409c1f8196f0" member_type: VOTER last_known_addr { host: "127.2.165.65" port: 37541 } } peers { permanent_uuid: "9d3a5b117b4449bc97e4465364104e87" member_type: VOTER last_known_addr { host: "127.2.165.66" port: 35743 } } peers { permanent_uuid: "1d5b0415a7724f478fabddeba2b36aa7" member_type: VOTER last_known_addr { host: "127.2.165.67" port: 39957 } }
I20260710 11:08:08.960317  3532 raft_consensus.cc:385] T b568534d08824381bc81f93bab8bdd55 P 9d3a5b117b4449bc97e4465364104e87 [term 0 FOLLOWER]: Consensus starting up: Expiring failure detector timer to make a prompt election more likely
I20260710 11:08:08.960801  3532 raft_consensus.cc:740] T b568534d08824381bc81f93bab8bdd55 P 9d3a5b117b4449bc97e4465364104e87 [term 0 FOLLOWER]: Becoming Follower/Learner. State: Replica: 9d3a5b117b4449bc97e4465364104e87, State: Initialized, Role: FOLLOWER
I20260710 11:08:08.961830  3532 consensus_queue.cc:260] T b568534d08824381bc81f93bab8bdd55 P 9d3a5b117b4449bc97e4465364104e87 [NON_LEADER]: Queue going to NON_LEADER mode. State: All replicated index: 0, Majority replicated index: 0, Committed index: 0, Last appended: 0.0, Last appended by leader: 0, Current term: 0, Majority size: -1, State: 0, Mode: NON_LEADER, active raft config: opid_index: -1 OBSOLETE_local: false peers { permanent_uuid: "2158094e4d22405e9ec4409c1f8196f0" member_type: VOTER last_known_addr { host: "127.2.165.65" port: 37541 } } peers { permanent_uuid: "9d3a5b117b4449bc97e4465364104e87" member_type: VOTER last_known_addr { host: "127.2.165.66" port: 35743 } } peers { permanent_uuid: "1d5b0415a7724f478fabddeba2b36aa7" member_type: VOTER last_known_addr { host: "127.2.165.67" port: 39957 } }
I20260710 11:08:08.969780  3533 tablet_bootstrap.cc:492] T 0aa760b9d39e45929390aefcf7300124 P 2158094e4d22405e9ec4409c1f8196f0: No bootstrap required, opened a new log
I20260710 11:08:08.970719  3444 heartbeater.cc:499] Master 127.2.165.126:33975 was elected leader, sending a full tablet report...
I20260710 11:08:08.971494  3536 tablet_bootstrap.cc:492] T 5e23f90c989d4b5b925d768bac63efe4 P 1d5b0415a7724f478fabddeba2b36aa7: No bootstrap required, opened a new log
I20260710 11:08:08.971609  3532 ts_tablet_manager.cc:1434] T b568534d08824381bc81f93bab8bdd55 P 9d3a5b117b4449bc97e4465364104e87: Time spent starting tablet: real 0.027s	user 0.004s	sys 0.008s
I20260710 11:08:08.972211  3536 ts_tablet_manager.cc:1403] T 5e23f90c989d4b5b925d768bac63efe4 P 1d5b0415a7724f478fabddeba2b36aa7: Time spent bootstrapping tablet: real 0.052s	user 0.015s	sys 0.010s
I20260710 11:08:08.973140  3532 tablet_bootstrap.cc:492] T 9245abaad8e44e3491252340606e1722 P 9d3a5b117b4449bc97e4465364104e87: Bootstrap starting.
I20260710 11:08:08.975293  3536 raft_consensus.cc:359] T 5e23f90c989d4b5b925d768bac63efe4 P 1d5b0415a7724f478fabddeba2b36aa7 [term 0 FOLLOWER]: Replica starting. Triggering 0 pending ops. Active config: opid_index: -1 OBSOLETE_local: false peers { permanent_uuid: "9d3a5b117b4449bc97e4465364104e87" member_type: VOTER last_known_addr { host: "127.2.165.66" port: 35743 } } peers { permanent_uuid: "2158094e4d22405e9ec4409c1f8196f0" member_type: VOTER last_known_addr { host: "127.2.165.65" port: 37541 } } peers { permanent_uuid: "1d5b0415a7724f478fabddeba2b36aa7" member_type: VOTER last_known_addr { host: "127.2.165.67" port: 39957 } }
I20260710 11:08:08.976002  3536 raft_consensus.cc:385] T 5e23f90c989d4b5b925d768bac63efe4 P 1d5b0415a7724f478fabddeba2b36aa7 [term 0 FOLLOWER]: Consensus starting up: Expiring failure detector timer to make a prompt election more likely
I20260710 11:08:08.976449  3536 raft_consensus.cc:740] T 5e23f90c989d4b5b925d768bac63efe4 P 1d5b0415a7724f478fabddeba2b36aa7 [term 0 FOLLOWER]: Becoming Follower/Learner. State: Replica: 1d5b0415a7724f478fabddeba2b36aa7, State: Initialized, Role: FOLLOWER
I20260710 11:08:08.977509  3533 ts_tablet_manager.cc:1403] T 0aa760b9d39e45929390aefcf7300124 P 2158094e4d22405e9ec4409c1f8196f0: Time spent bootstrapping tablet: real 0.082s	user 0.011s	sys 0.029s
I20260710 11:08:08.977638  3536 consensus_queue.cc:260] T 5e23f90c989d4b5b925d768bac63efe4 P 1d5b0415a7724f478fabddeba2b36aa7 [NON_LEADER]: Queue going to NON_LEADER mode. State: All replicated index: 0, Majority replicated index: 0, Committed index: 0, Last appended: 0.0, Last appended by leader: 0, Current term: 0, Majority size: -1, State: 0, Mode: NON_LEADER, active raft config: opid_index: -1 OBSOLETE_local: false peers { permanent_uuid: "9d3a5b117b4449bc97e4465364104e87" member_type: VOTER last_known_addr { host: "127.2.165.66" port: 35743 } } peers { permanent_uuid: "2158094e4d22405e9ec4409c1f8196f0" member_type: VOTER last_known_addr { host: "127.2.165.65" port: 37541 } } peers { permanent_uuid: "1d5b0415a7724f478fabddeba2b36aa7" member_type: VOTER last_known_addr { host: "127.2.165.67" port: 39957 } }
I20260710 11:08:08.981945  3532 tablet_bootstrap.cc:654] T 9245abaad8e44e3491252340606e1722 P 9d3a5b117b4449bc97e4465364104e87: Neither blocks nor log segments found. Creating new log.
I20260710 11:08:08.983139  3533 raft_consensus.cc:359] T 0aa760b9d39e45929390aefcf7300124 P 2158094e4d22405e9ec4409c1f8196f0 [term 0 FOLLOWER]: Replica starting. Triggering 0 pending ops. Active config: opid_index: -1 OBSOLETE_local: false peers { permanent_uuid: "2158094e4d22405e9ec4409c1f8196f0" member_type: VOTER last_known_addr { host: "127.2.165.65" port: 37541 } } peers { permanent_uuid: "9d3a5b117b4449bc97e4465364104e87" member_type: VOTER last_known_addr { host: "127.2.165.66" port: 35743 } } peers { permanent_uuid: "1d5b0415a7724f478fabddeba2b36aa7" member_type: VOTER last_known_addr { host: "127.2.165.67" port: 39957 } }
I20260710 11:08:08.984673  3533 raft_consensus.cc:385] T 0aa760b9d39e45929390aefcf7300124 P 2158094e4d22405e9ec4409c1f8196f0 [term 0 FOLLOWER]: Consensus starting up: Expiring failure detector timer to make a prompt election more likely
I20260710 11:08:08.985204  3533 raft_consensus.cc:740] T 0aa760b9d39e45929390aefcf7300124 P 2158094e4d22405e9ec4409c1f8196f0 [term 0 FOLLOWER]: Becoming Follower/Learner. State: Replica: 2158094e4d22405e9ec4409c1f8196f0, State: Initialized, Role: FOLLOWER
I20260710 11:08:08.986842  3533 consensus_queue.cc:260] T 0aa760b9d39e45929390aefcf7300124 P 2158094e4d22405e9ec4409c1f8196f0 [NON_LEADER]: Queue going to NON_LEADER mode. State: All replicated index: 0, Majority replicated index: 0, Committed index: 0, Last appended: 0.0, Last appended by leader: 0, Current term: 0, Majority size: -1, State: 0, Mode: NON_LEADER, active raft config: opid_index: -1 OBSOLETE_local: false peers { permanent_uuid: "2158094e4d22405e9ec4409c1f8196f0" member_type: VOTER last_known_addr { host: "127.2.165.65" port: 37541 } } peers { permanent_uuid: "9d3a5b117b4449bc97e4465364104e87" member_type: VOTER last_known_addr { host: "127.2.165.66" port: 35743 } } peers { permanent_uuid: "1d5b0415a7724f478fabddeba2b36aa7" member_type: VOTER last_known_addr { host: "127.2.165.67" port: 39957 } }
I20260710 11:08:08.992425  3533 ts_tablet_manager.cc:1434] T 0aa760b9d39e45929390aefcf7300124 P 2158094e4d22405e9ec4409c1f8196f0: Time spent starting tablet: real 0.014s	user 0.011s	sys 0.000s
I20260710 11:08:08.994280  3533 tablet_bootstrap.cc:492] T aca3d65b6866434fb070d6f5e1f1d3ae P 2158094e4d22405e9ec4409c1f8196f0: Bootstrap starting.
I20260710 11:08:08.999809  3532 tablet_bootstrap.cc:492] T 9245abaad8e44e3491252340606e1722 P 9d3a5b117b4449bc97e4465364104e87: No bootstrap required, opened a new log
I20260710 11:08:09.000474  3532 ts_tablet_manager.cc:1403] T 9245abaad8e44e3491252340606e1722 P 9d3a5b117b4449bc97e4465364104e87: Time spent bootstrapping tablet: real 0.028s	user 0.012s	sys 0.009s
I20260710 11:08:09.003885  3532 raft_consensus.cc:359] T 9245abaad8e44e3491252340606e1722 P 9d3a5b117b4449bc97e4465364104e87 [term 0 FOLLOWER]: Replica starting. Triggering 0 pending ops. Active config: opid_index: -1 OBSOLETE_local: false peers { permanent_uuid: "2158094e4d22405e9ec4409c1f8196f0" member_type: VOTER last_known_addr { host: "127.2.165.65" port: 37541 } } peers { permanent_uuid: "9d3a5b117b4449bc97e4465364104e87" member_type: VOTER last_known_addr { host: "127.2.165.66" port: 35743 } } peers { permanent_uuid: "1d5b0415a7724f478fabddeba2b36aa7" member_type: VOTER last_known_addr { host: "127.2.165.67" port: 39957 } }
I20260710 11:08:09.004832  3532 raft_consensus.cc:385] T 9245abaad8e44e3491252340606e1722 P 9d3a5b117b4449bc97e4465364104e87 [term 0 FOLLOWER]: Consensus starting up: Expiring failure detector timer to make a prompt election more likely
I20260710 11:08:09.005348  3532 raft_consensus.cc:740] T 9245abaad8e44e3491252340606e1722 P 9d3a5b117b4449bc97e4465364104e87 [term 0 FOLLOWER]: Becoming Follower/Learner. State: Replica: 9d3a5b117b4449bc97e4465364104e87, State: Initialized, Role: FOLLOWER
I20260710 11:08:09.005878  3533 tablet_bootstrap.cc:654] T aca3d65b6866434fb070d6f5e1f1d3ae P 2158094e4d22405e9ec4409c1f8196f0: Neither blocks nor log segments found. Creating new log.
I20260710 11:08:09.006454  3532 consensus_queue.cc:260] T 9245abaad8e44e3491252340606e1722 P 9d3a5b117b4449bc97e4465364104e87 [NON_LEADER]: Queue going to NON_LEADER mode. State: All replicated index: 0, Majority replicated index: 0, Committed index: 0, Last appended: 0.0, Last appended by leader: 0, Current term: 0, Majority size: -1, State: 0, Mode: NON_LEADER, active raft config: opid_index: -1 OBSOLETE_local: false peers { permanent_uuid: "2158094e4d22405e9ec4409c1f8196f0" member_type: VOTER last_known_addr { host: "127.2.165.65" port: 37541 } } peers { permanent_uuid: "9d3a5b117b4449bc97e4465364104e87" member_type: VOTER last_known_addr { host: "127.2.165.66" port: 35743 } } peers { permanent_uuid: "1d5b0415a7724f478fabddeba2b36aa7" member_type: VOTER last_known_addr { host: "127.2.165.67" port: 39957 } }
I20260710 11:08:09.009842  3532 ts_tablet_manager.cc:1434] T 9245abaad8e44e3491252340606e1722 P 9d3a5b117b4449bc97e4465364104e87: Time spent starting tablet: real 0.009s	user 0.006s	sys 0.001s
I20260710 11:08:09.011061  3532 tablet_bootstrap.cc:492] T 0aa760b9d39e45929390aefcf7300124 P 9d3a5b117b4449bc97e4465364104e87: Bootstrap starting.
I20260710 11:08:09.018668  3532 tablet_bootstrap.cc:654] T 0aa760b9d39e45929390aefcf7300124 P 9d3a5b117b4449bc97e4465364104e87: Neither blocks nor log segments found. Creating new log.
I20260710 11:08:09.021842  3540 raft_consensus.cc:493] T 9245abaad8e44e3491252340606e1722 P 9d3a5b117b4449bc97e4465364104e87 [term 0 FOLLOWER]: Starting pre-election (no leader contacted us within the election timeout)
I20260710 11:08:09.022454  3540 raft_consensus.cc:515] T 9245abaad8e44e3491252340606e1722 P 9d3a5b117b4449bc97e4465364104e87 [term 0 FOLLOWER]: Starting pre-election with config: opid_index: -1 OBSOLETE_local: false peers { permanent_uuid: "2158094e4d22405e9ec4409c1f8196f0" member_type: VOTER last_known_addr { host: "127.2.165.65" port: 37541 } } peers { permanent_uuid: "9d3a5b117b4449bc97e4465364104e87" member_type: VOTER last_known_addr { host: "127.2.165.66" port: 35743 } } peers { permanent_uuid: "1d5b0415a7724f478fabddeba2b36aa7" member_type: VOTER last_known_addr { host: "127.2.165.67" port: 39957 } }
I20260710 11:08:09.022836  3536 ts_tablet_manager.cc:1434] T 5e23f90c989d4b5b925d768bac63efe4 P 1d5b0415a7724f478fabddeba2b36aa7: Time spent starting tablet: real 0.050s	user 0.012s	sys 0.036s
I20260710 11:08:09.021842  3518 heartbeater.cc:499] Master 127.2.165.126:33975 was elected leader, sending a full tablet report...
I20260710 11:08:09.024719  3536 tablet_bootstrap.cc:492] T c88f78a9ead54221a521948eb8120ec2 P 1d5b0415a7724f478fabddeba2b36aa7: Bootstrap starting.
I20260710 11:08:09.025101  3540 leader_election.cc:290] T 9245abaad8e44e3491252340606e1722 P 9d3a5b117b4449bc97e4465364104e87 [CANDIDATE]: Term 1 pre-election: Requested pre-vote from peers 2158094e4d22405e9ec4409c1f8196f0 (127.2.165.65:37541), 1d5b0415a7724f478fabddeba2b36aa7 (127.2.165.67:39957)
I20260710 11:08:09.034435  3533 tablet_bootstrap.cc:492] T aca3d65b6866434fb070d6f5e1f1d3ae P 2158094e4d22405e9ec4409c1f8196f0: No bootstrap required, opened a new log
I20260710 11:08:09.035308  3533 ts_tablet_manager.cc:1403] T aca3d65b6866434fb070d6f5e1f1d3ae P 2158094e4d22405e9ec4409c1f8196f0: Time spent bootstrapping tablet: real 0.041s	user 0.022s	sys 0.015s
I20260710 11:08:09.035213  3537 raft_consensus.cc:493] T 0aa760b9d39e45929390aefcf7300124 P 2158094e4d22405e9ec4409c1f8196f0 [term 0 FOLLOWER]: Starting pre-election (no leader contacted us within the election timeout)
I20260710 11:08:09.036520  3537 raft_consensus.cc:515] T 0aa760b9d39e45929390aefcf7300124 P 2158094e4d22405e9ec4409c1f8196f0 [term 0 FOLLOWER]: Starting pre-election with config: opid_index: -1 OBSOLETE_local: false peers { permanent_uuid: "2158094e4d22405e9ec4409c1f8196f0" member_type: VOTER last_known_addr { host: "127.2.165.65" port: 37541 } } peers { permanent_uuid: "9d3a5b117b4449bc97e4465364104e87" member_type: VOTER last_known_addr { host: "127.2.165.66" port: 35743 } } peers { permanent_uuid: "1d5b0415a7724f478fabddeba2b36aa7" member_type: VOTER last_known_addr { host: "127.2.165.67" port: 39957 } }
I20260710 11:08:09.040198  3533 raft_consensus.cc:359] T aca3d65b6866434fb070d6f5e1f1d3ae P 2158094e4d22405e9ec4409c1f8196f0 [term 0 FOLLOWER]: Replica starting. Triggering 0 pending ops. Active config: opid_index: -1 OBSOLETE_local: false peers { permanent_uuid: "2158094e4d22405e9ec4409c1f8196f0" member_type: VOTER last_known_addr { host: "127.2.165.65" port: 37541 } } peers { permanent_uuid: "9d3a5b117b4449bc97e4465364104e87" member_type: VOTER last_known_addr { host: "127.2.165.66" port: 35743 } } peers { permanent_uuid: "1d5b0415a7724f478fabddeba2b36aa7" member_type: VOTER last_known_addr { host: "127.2.165.67" port: 39957 } }
I20260710 11:08:09.040972  3533 raft_consensus.cc:385] T aca3d65b6866434fb070d6f5e1f1d3ae P 2158094e4d22405e9ec4409c1f8196f0 [term 0 FOLLOWER]: Consensus starting up: Expiring failure detector timer to make a prompt election more likely
I20260710 11:08:09.041302  3533 raft_consensus.cc:740] T aca3d65b6866434fb070d6f5e1f1d3ae P 2158094e4d22405e9ec4409c1f8196f0 [term 0 FOLLOWER]: Becoming Follower/Learner. State: Replica: 2158094e4d22405e9ec4409c1f8196f0, State: Initialized, Role: FOLLOWER
I20260710 11:08:09.041507  3536 tablet_bootstrap.cc:654] T c88f78a9ead54221a521948eb8120ec2 P 1d5b0415a7724f478fabddeba2b36aa7: Neither blocks nor log segments found. Creating new log.
I20260710 11:08:09.042157  3533 consensus_queue.cc:260] T aca3d65b6866434fb070d6f5e1f1d3ae P 2158094e4d22405e9ec4409c1f8196f0 [NON_LEADER]: Queue going to NON_LEADER mode. State: All replicated index: 0, Majority replicated index: 0, Committed index: 0, Last appended: 0.0, Last appended by leader: 0, Current term: 0, Majority size: -1, State: 0, Mode: NON_LEADER, active raft config: opid_index: -1 OBSOLETE_local: false peers { permanent_uuid: "2158094e4d22405e9ec4409c1f8196f0" member_type: VOTER last_known_addr { host: "127.2.165.65" port: 37541 } } peers { permanent_uuid: "9d3a5b117b4449bc97e4465364104e87" member_type: VOTER last_known_addr { host: "127.2.165.66" port: 35743 } } peers { permanent_uuid: "1d5b0415a7724f478fabddeba2b36aa7" member_type: VOTER last_known_addr { host: "127.2.165.67" port: 39957 } }
I20260710 11:08:09.050446  3541 raft_consensus.cc:493] T 5e23f90c989d4b5b925d768bac63efe4 P 1d5b0415a7724f478fabddeba2b36aa7 [term 0 FOLLOWER]: Starting pre-election (no leader contacted us within the election timeout)
I20260710 11:08:09.051429  3541 raft_consensus.cc:515] T 5e23f90c989d4b5b925d768bac63efe4 P 1d5b0415a7724f478fabddeba2b36aa7 [term 0 FOLLOWER]: Starting pre-election with config: opid_index: -1 OBSOLETE_local: false peers { permanent_uuid: "9d3a5b117b4449bc97e4465364104e87" member_type: VOTER last_known_addr { host: "127.2.165.66" port: 35743 } } peers { permanent_uuid: "2158094e4d22405e9ec4409c1f8196f0" member_type: VOTER last_known_addr { host: "127.2.165.65" port: 37541 } } peers { permanent_uuid: "1d5b0415a7724f478fabddeba2b36aa7" member_type: VOTER last_known_addr { host: "127.2.165.67" port: 39957 } }
I20260710 11:08:09.052783  3533 ts_tablet_manager.cc:1434] T aca3d65b6866434fb070d6f5e1f1d3ae P 2158094e4d22405e9ec4409c1f8196f0: Time spent starting tablet: real 0.016s	user 0.004s	sys 0.007s
I20260710 11:08:09.058501  3533 tablet_bootstrap.cc:492] T 9245abaad8e44e3491252340606e1722 P 2158094e4d22405e9ec4409c1f8196f0: Bootstrap starting.
I20260710 11:08:09.059701  3532 tablet_bootstrap.cc:492] T 0aa760b9d39e45929390aefcf7300124 P 9d3a5b117b4449bc97e4465364104e87: No bootstrap required, opened a new log
I20260710 11:08:09.066749  3536 tablet_bootstrap.cc:492] T c88f78a9ead54221a521948eb8120ec2 P 1d5b0415a7724f478fabddeba2b36aa7: No bootstrap required, opened a new log
I20260710 11:08:09.067487  3536 ts_tablet_manager.cc:1403] T c88f78a9ead54221a521948eb8120ec2 P 1d5b0415a7724f478fabddeba2b36aa7: Time spent bootstrapping tablet: real 0.043s	user 0.012s	sys 0.003s
I20260710 11:08:09.068214  3532 ts_tablet_manager.cc:1403] T 0aa760b9d39e45929390aefcf7300124 P 9d3a5b117b4449bc97e4465364104e87: Time spent bootstrapping tablet: real 0.057s	user 0.024s	sys 0.013s
I20260710 11:08:09.068974  3537 leader_election.cc:290] T 0aa760b9d39e45929390aefcf7300124 P 2158094e4d22405e9ec4409c1f8196f0 [CANDIDATE]: Term 1 pre-election: Requested pre-vote from peers 9d3a5b117b4449bc97e4465364104e87 (127.2.165.66:35743), 1d5b0415a7724f478fabddeba2b36aa7 (127.2.165.67:39957)
I20260710 11:08:09.064373  3541 leader_election.cc:290] T 5e23f90c989d4b5b925d768bac63efe4 P 1d5b0415a7724f478fabddeba2b36aa7 [CANDIDATE]: Term 1 pre-election: Requested pre-vote from peers 9d3a5b117b4449bc97e4465364104e87 (127.2.165.66:35743), 2158094e4d22405e9ec4409c1f8196f0 (127.2.165.65:37541)
I20260710 11:08:09.086321  3533 tablet_bootstrap.cc:654] T 9245abaad8e44e3491252340606e1722 P 2158094e4d22405e9ec4409c1f8196f0: Neither blocks nor log segments found. Creating new log.
