I20260710 11:08:08.492980 10232 raft_consensus.cc:2468] T 4a15969344914f7aadf47f0061ca76fc P 82f6713bb7e94e7a940c1e3edd678164 [term 2 FOLLOWER]: Leader election vote request: Granting yes vote for candidate 9550d2a190dc46e797f7ca474e907b06 in term 2.
I20260710 11:08:08.494096 10270 leader_election.cc:304] T 4a15969344914f7aadf47f0061ca76fc P 9550d2a190dc46e797f7ca474e907b06 [CANDIDATE]: Term 2 election: Election decided. Result: candidate won. Election summary: received 2 responses out of 3 voters: 2 yes votes; 0 no votes. yes voters: 82f6713bb7e94e7a940c1e3edd678164, 9550d2a190dc46e797f7ca474e907b06; no voters: 
I20260710 11:08:08.494923 10468 raft_consensus.cc:2804] T 4a15969344914f7aadf47f0061ca76fc P 9550d2a190dc46e797f7ca474e907b06 [term 2 FOLLOWER]: Leader election won for term 2
I20260710 11:08:08.495219 10378 raft_consensus.cc:2468] T 4a15969344914f7aadf47f0061ca76fc P 26b059e625a94cc38050d4d61aebc4d1 [term 2 FOLLOWER]: Leader election vote request: Granting yes vote for candidate 9550d2a190dc46e797f7ca474e907b06 in term 2.
I20260710 11:08:08.495410 10468 raft_consensus.cc:697] T 4a15969344914f7aadf47f0061ca76fc P 9550d2a190dc46e797f7ca474e907b06 [term 2 LEADER]: Becoming Leader. State: Replica: 9550d2a190dc46e797f7ca474e907b06, State: Running, Role: LEADER
I20260710 11:08:08.496258 10468 consensus_queue.cc:237] T 4a15969344914f7aadf47f0061ca76fc P 9550d2a190dc46e797f7ca474e907b06 [LEADER]: Queue going to LEADER mode. State: All replicated index: 0, Majority replicated index: 1, Committed index: 1, Last appended: 1.1, Last appended by leader: 1, Current term: 2, Majority size: 2, State: 0, Mode: LEADER, active raft config: opid_index: -1 OBSOLETE_local: false peers { permanent_uuid: "82f6713bb7e94e7a940c1e3edd678164" member_type: VOTER last_known_addr { host: "127.9.92.129" port: 36675 } } peers { permanent_uuid: "9550d2a190dc46e797f7ca474e907b06" member_type: VOTER last_known_addr { host: "127.9.92.130" port: 33693 } } peers { permanent_uuid: "26b059e625a94cc38050d4d61aebc4d1" member_type: VOTER last_known_addr { host: "127.9.92.131" port: 43555 } }
I20260710 11:08:08.502539 10129 catalog_manager.cc:5697] T 4a15969344914f7aadf47f0061ca76fc P 9550d2a190dc46e797f7ca474e907b06 reported cstate change: term changed from 1 to 2, leader changed from 26b059e625a94cc38050d4d61aebc4d1 (127.9.92.131) to 9550d2a190dc46e797f7ca474e907b06 (127.9.92.130). New cstate: current_term: 2 leader_uuid: "9550d2a190dc46e797f7ca474e907b06" committed_config { opid_index: -1 OBSOLETE_local: false peers { permanent_uuid: "82f6713bb7e94e7a940c1e3edd678164" member_type: VOTER last_known_addr { host: "127.9.92.129" port: 36675 } health_report { overall_health: UNKNOWN } } peers { permanent_uuid: "9550d2a190dc46e797f7ca474e907b06" member_type: VOTER last_known_addr { host: "127.9.92.130" port: 33693 } health_report { overall_health: HEALTHY } } peers { permanent_uuid: "26b059e625a94cc38050d4d61aebc4d1" member_type: VOTER last_known_addr { host: "127.9.92.131" port: 43555 } health_report { overall_health: UNKNOWN } } }
I20260710 11:08:08.524951 10468 consensus_queue.cc:1048] T 754e80318b69466e873a3167f10844bc P 9550d2a190dc46e797f7ca474e907b06 [LEADER]: Connected to new peer: Peer: permanent_uuid: "82f6713bb7e94e7a940c1e3edd678164" member_type: VOTER last_known_addr { host: "127.9.92.129" port: 36675 }, Status: LMP_MISMATCH, Last received: 0.0, Next index: 1, Last known committed idx: 0, Time since last communication: 0.000s
I20260710 11:08:08.532104 10458 raft_consensus.cc:993] T 754e80318b69466e873a3167f10844bc P 9550d2a190dc46e797f7ca474e907b06: : Instructing follower 82f6713bb7e94e7a940c1e3edd678164 to start an election
I20260710 11:08:08.532538 10458 raft_consensus.cc:1081] T 754e80318b69466e873a3167f10844bc P 9550d2a190dc46e797f7ca474e907b06 [term 1 LEADER]: Signalling peer 82f6713bb7e94e7a940c1e3edd678164 to start an election
I20260710 11:08:08.534394 10231 tablet_service.cc:2044] Received Run Leader Election RPC: tablet_id: "754e80318b69466e873a3167f10844bc"
dest_uuid: "82f6713bb7e94e7a940c1e3edd678164"
 from {username='slave'} at 127.0.0.1:41912
I20260710 11:08:08.535512 10231 raft_consensus.cc:493] T 754e80318b69466e873a3167f10844bc P 82f6713bb7e94e7a940c1e3edd678164 [term 1 FOLLOWER]: Starting forced leader election (received explicit request)
I20260710 11:08:08.535943 10231 raft_consensus.cc:3060] T 754e80318b69466e873a3167f10844bc P 82f6713bb7e94e7a940c1e3edd678164 [term 1 FOLLOWER]: Advancing to term 2
I20260710 11:08:08.538488 10458 consensus_queue.cc:1048] T 754e80318b69466e873a3167f10844bc P 9550d2a190dc46e797f7ca474e907b06 [LEADER]: Connected to new peer: Peer: permanent_uuid: "26b059e625a94cc38050d4d61aebc4d1" member_type: VOTER last_known_addr { host: "127.9.92.131" port: 43555 }, Status: LMP_MISMATCH, Last received: 0.0, Next index: 1, Last known committed idx: 0, Time since last communication: 0.000s
I20260710 11:08:08.544569 10231 raft_consensus.cc:515] T 754e80318b69466e873a3167f10844bc P 82f6713bb7e94e7a940c1e3edd678164 [term 2 FOLLOWER]: Starting forced leader election with config: opid_index: -1 OBSOLETE_local: false peers { permanent_uuid: "82f6713bb7e94e7a940c1e3edd678164" member_type: VOTER last_known_addr { host: "127.9.92.129" port: 36675 } } peers { permanent_uuid: "9550d2a190dc46e797f7ca474e907b06" member_type: VOTER last_known_addr { host: "127.9.92.130" port: 33693 } } peers { permanent_uuid: "26b059e625a94cc38050d4d61aebc4d1" member_type: VOTER last_known_addr { host: "127.9.92.131" port: 43555 } }
I20260710 11:08:08.548136 10306 tablet_service.cc:1917] Received RequestConsensusVote() RPC: tablet_id: "754e80318b69466e873a3167f10844bc" candidate_uuid: "82f6713bb7e94e7a940c1e3edd678164" candidate_term: 2 candidate_status { last_received { term: 1 index: 1 } } ignore_live_leader: true dest_uuid: "9550d2a190dc46e797f7ca474e907b06"
I20260710 11:08:08.548446 10378 tablet_service.cc:1917] Received RequestConsensusVote() RPC: tablet_id: "754e80318b69466e873a3167f10844bc" candidate_uuid: "82f6713bb7e94e7a940c1e3edd678164" candidate_term: 2 candidate_status { last_received { term: 1 index: 1 } } ignore_live_leader: true dest_uuid: "26b059e625a94cc38050d4d61aebc4d1"
I20260710 11:08:08.548763 10306 raft_consensus.cc:3055] T 754e80318b69466e873a3167f10844bc P 9550d2a190dc46e797f7ca474e907b06 [term 1 LEADER]: Stepping down as leader of term 1
I20260710 11:08:08.549005 10378 raft_consensus.cc:3060] T 754e80318b69466e873a3167f10844bc P 26b059e625a94cc38050d4d61aebc4d1 [term 1 FOLLOWER]: Advancing to term 2
I20260710 11:08:08.549299 10306 raft_consensus.cc:740] T 754e80318b69466e873a3167f10844bc P 9550d2a190dc46e797f7ca474e907b06 [term 1 LEADER]: Becoming Follower/Learner. State: Replica: 9550d2a190dc46e797f7ca474e907b06, State: Running, Role: LEADER
I20260710 11:08:08.549485 10231 leader_election.cc:290] T 754e80318b69466e873a3167f10844bc P 82f6713bb7e94e7a940c1e3edd678164 [CANDIDATE]: Term 2 election: Requested vote from peers 9550d2a190dc46e797f7ca474e907b06 (127.9.92.130:33693), 26b059e625a94cc38050d4d61aebc4d1 (127.9.92.131:43555)
I20260710 11:08:08.550225 10306 consensus_queue.cc:260] T 754e80318b69466e873a3167f10844bc P 9550d2a190dc46e797f7ca474e907b06 [NON_LEADER]: Queue going to NON_LEADER mode. State: All replicated index: 0, Majority replicated index: 1, Committed index: 1, Last appended: 1.1, Last appended by leader: 1, Current term: 1, Majority size: -1, State: 0, Mode: NON_LEADER, active raft config: opid_index: -1 OBSOLETE_local: false peers { permanent_uuid: "82f6713bb7e94e7a940c1e3edd678164" member_type: VOTER last_known_addr { host: "127.9.92.129" port: 36675 } } peers { permanent_uuid: "9550d2a190dc46e797f7ca474e907b06" member_type: VOTER last_known_addr { host: "127.9.92.130" port: 33693 } } peers { permanent_uuid: "26b059e625a94cc38050d4d61aebc4d1" member_type: VOTER last_known_addr { host: "127.9.92.131" port: 43555 } }
I20260710 11:08:08.551522 10306 raft_consensus.cc:3060] T 754e80318b69466e873a3167f10844bc P 9550d2a190dc46e797f7ca474e907b06 [term 1 FOLLOWER]: Advancing to term 2
I20260710 11:08:08.554225 10378 raft_consensus.cc:2468] T 754e80318b69466e873a3167f10844bc P 26b059e625a94cc38050d4d61aebc4d1 [term 2 FOLLOWER]: Leader election vote request: Granting yes vote for candidate 82f6713bb7e94e7a940c1e3edd678164 in term 2.
I20260710 11:08:08.555365 10198 leader_election.cc:304] T 754e80318b69466e873a3167f10844bc P 82f6713bb7e94e7a940c1e3edd678164 [CANDIDATE]: Term 2 election: Election decided. Result: candidate won. Election summary: received 2 responses out of 3 voters: 2 yes votes; 0 no votes. yes voters: 26b059e625a94cc38050d4d61aebc4d1, 82f6713bb7e94e7a940c1e3edd678164; no voters: 
I20260710 11:08:08.556205 10429 raft_consensus.cc:2804] T 754e80318b69466e873a3167f10844bc P 82f6713bb7e94e7a940c1e3edd678164 [term 2 FOLLOWER]: Leader election won for term 2
I20260710 11:08:08.556715 10429 raft_consensus.cc:697] T 754e80318b69466e873a3167f10844bc P 82f6713bb7e94e7a940c1e3edd678164 [term 2 LEADER]: Becoming Leader. State: Replica: 82f6713bb7e94e7a940c1e3edd678164, State: Running, Role: LEADER
I20260710 11:08:08.557751 10306 raft_consensus.cc:2468] T 754e80318b69466e873a3167f10844bc P 9550d2a190dc46e797f7ca474e907b06 [term 2 FOLLOWER]: Leader election vote request: Granting yes vote for candidate 82f6713bb7e94e7a940c1e3edd678164 in term 2.
I20260710 11:08:08.557760 10429 consensus_queue.cc:237] T 754e80318b69466e873a3167f10844bc P 82f6713bb7e94e7a940c1e3edd678164 [LEADER]: Queue going to LEADER mode. State: All replicated index: 0, Majority replicated index: 1, Committed index: 1, Last appended: 1.1, Last appended by leader: 1, Current term: 2, Majority size: 2, State: 0, Mode: LEADER, active raft config: opid_index: -1 OBSOLETE_local: false peers { permanent_uuid: "82f6713bb7e94e7a940c1e3edd678164" member_type: VOTER last_known_addr { host: "127.9.92.129" port: 36675 } } peers { permanent_uuid: "9550d2a190dc46e797f7ca474e907b06" member_type: VOTER last_known_addr { host: "127.9.92.130" port: 33693 } } peers { permanent_uuid: "26b059e625a94cc38050d4d61aebc4d1" member_type: VOTER last_known_addr { host: "127.9.92.131" port: 43555 } }
I20260710 11:08:08.565349 10129 catalog_manager.cc:5697] T 754e80318b69466e873a3167f10844bc P 82f6713bb7e94e7a940c1e3edd678164 reported cstate change: term changed from 1 to 2, leader changed from 9550d2a190dc46e797f7ca474e907b06 (127.9.92.130) to 82f6713bb7e94e7a940c1e3edd678164 (127.9.92.129). New cstate: current_term: 2 leader_uuid: "82f6713bb7e94e7a940c1e3edd678164" committed_config { opid_index: -1 OBSOLETE_local: false peers { permanent_uuid: "82f6713bb7e94e7a940c1e3edd678164" member_type: VOTER last_known_addr { host: "127.9.92.129" port: 36675 } health_report { overall_health: HEALTHY } } peers { permanent_uuid: "9550d2a190dc46e797f7ca474e907b06" member_type: VOTER last_known_addr { host: "127.9.92.130" port: 33693 } health_report { overall_health: UNKNOWN } } peers { permanent_uuid: "26b059e625a94cc38050d4d61aebc4d1" member_type: VOTER last_known_addr { host: "127.9.92.131" port: 43555 } health_report { overall_health: UNKNOWN } } }
I20260710 11:08:08.577680 10458 consensus_queue.cc:1048] T fb0d8eda5f2a4a4083faec6e74106ea1 P 9550d2a190dc46e797f7ca474e907b06 [LEADER]: Connected to new peer: Peer: permanent_uuid: "82f6713bb7e94e7a940c1e3edd678164" member_type: VOTER last_known_addr { host: "127.9.92.129" port: 36675 }, Status: LMP_MISMATCH, Last received: 0.0, Next index: 1, Last known committed idx: 0, Time since last communication: 0.000s
I20260710 11:08:08.588020 10468 consensus_queue.cc:1048] T fb0d8eda5f2a4a4083faec6e74106ea1 P 9550d2a190dc46e797f7ca474e907b06 [LEADER]: Connected to new peer: Peer: permanent_uuid: "26b059e625a94cc38050d4d61aebc4d1" member_type: VOTER last_known_addr { host: "127.9.92.131" port: 43555 }, Status: LMP_MISMATCH, Last received: 0.0, Next index: 1, Last known committed idx: 0, Time since last communication: 0.000s
I20260710 11:08:08.723688 10468 raft_consensus.cc:993] T cb384aa3f2f94e66850d2c1508ca49b4 P 9550d2a190dc46e797f7ca474e907b06: : Instructing follower 82f6713bb7e94e7a940c1e3edd678164 to start an election
I20260710 11:08:08.724205 10468 raft_consensus.cc:1081] T cb384aa3f2f94e66850d2c1508ca49b4 P 9550d2a190dc46e797f7ca474e907b06 [term 1 LEADER]: Signalling peer 82f6713bb7e94e7a940c1e3edd678164 to start an election
I20260710 11:08:08.724838 10458 consensus_queue.cc:1048] T 9b119a1957c34298b219b15123ed8886 P 9550d2a190dc46e797f7ca474e907b06 [LEADER]: Connected to new peer: Peer: permanent_uuid: "26b059e625a94cc38050d4d61aebc4d1" member_type: VOTER last_known_addr { host: "127.9.92.131" port: 43555 }, Status: LMP_MISMATCH, Last received: 0.0, Next index: 1, Last known committed idx: 0, Time since last communication: 0.000s
I20260710 11:08:08.726166 10231 tablet_service.cc:2044] Received Run Leader Election RPC: tablet_id: "cb384aa3f2f94e66850d2c1508ca49b4"
dest_uuid: "82f6713bb7e94e7a940c1e3edd678164"
 from {username='slave'} at 127.0.0.1:41912
I20260710 11:08:08.726773 10231 raft_consensus.cc:493] T cb384aa3f2f94e66850d2c1508ca49b4 P 82f6713bb7e94e7a940c1e3edd678164 [term 1 FOLLOWER]: Starting forced leader election (received explicit request)
I20260710 11:08:08.727274 10231 raft_consensus.cc:3060] T cb384aa3f2f94e66850d2c1508ca49b4 P 82f6713bb7e94e7a940c1e3edd678164 [term 1 FOLLOWER]: Advancing to term 2
I20260710 11:08:08.732223 10468 consensus_queue.cc:1048] T 9b119a1957c34298b219b15123ed8886 P 9550d2a190dc46e797f7ca474e907b06 [LEADER]: Connected to new peer: Peer: permanent_uuid: "82f6713bb7e94e7a940c1e3edd678164" member_type: VOTER last_known_addr { host: "127.9.92.129" port: 36675 }, Status: LMP_MISMATCH, Last received: 0.0, Next index: 1, Last known committed idx: 0, Time since last communication: 0.000s
I20260710 11:08:08.734648 10231 raft_consensus.cc:515] T cb384aa3f2f94e66850d2c1508ca49b4 P 82f6713bb7e94e7a940c1e3edd678164 [term 2 FOLLOWER]: Starting forced leader election with config: opid_index: -1 OBSOLETE_local: false peers { permanent_uuid: "82f6713bb7e94e7a940c1e3edd678164" member_type: VOTER last_known_addr { host: "127.9.92.129" port: 36675 } } peers { permanent_uuid: "9550d2a190dc46e797f7ca474e907b06" member_type: VOTER last_known_addr { host: "127.9.92.130" port: 33693 } } peers { permanent_uuid: "26b059e625a94cc38050d4d61aebc4d1" member_type: VOTER last_known_addr { host: "127.9.92.131" port: 43555 } }
I20260710 11:08:08.736802 10231 leader_election.cc:290] T cb384aa3f2f94e66850d2c1508ca49b4 P 82f6713bb7e94e7a940c1e3edd678164 [CANDIDATE]: Term 2 election: Requested vote from peers 9550d2a190dc46e797f7ca474e907b06 (127.9.92.130:33693), 26b059e625a94cc38050d4d61aebc4d1 (127.9.92.131:43555)
I20260710 11:08:08.737402 10306 tablet_service.cc:1917] Received RequestConsensusVote() RPC: tablet_id: "cb384aa3f2f94e66850d2c1508ca49b4" candidate_uuid: "82f6713bb7e94e7a940c1e3edd678164" candidate_term: 2 candidate_status { last_received { term: 1 index: 1 } } ignore_live_leader: true dest_uuid: "9550d2a190dc46e797f7ca474e907b06"
I20260710 11:08:08.738116 10306 raft_consensus.cc:3055] T cb384aa3f2f94e66850d2c1508ca49b4 P 9550d2a190dc46e797f7ca474e907b06 [term 1 LEADER]: Stepping down as leader of term 1
I20260710 11:08:08.738538 10306 raft_consensus.cc:740] T cb384aa3f2f94e66850d2c1508ca49b4 P 9550d2a190dc46e797f7ca474e907b06 [term 1 LEADER]: Becoming Follower/Learner. State: Replica: 9550d2a190dc46e797f7ca474e907b06, State: Running, Role: LEADER
I20260710 11:08:08.739471 10306 consensus_queue.cc:260] T cb384aa3f2f94e66850d2c1508ca49b4 P 9550d2a190dc46e797f7ca474e907b06 [NON_LEADER]: Queue going to NON_LEADER mode. State: All replicated index: 0, Majority replicated index: 1, Committed index: 1, Last appended: 1.1, Last appended by leader: 1, Current term: 1, Majority size: -1, State: 0, Mode: NON_LEADER, active raft config: opid_index: -1 OBSOLETE_local: false peers { permanent_uuid: "82f6713bb7e94e7a940c1e3edd678164" member_type: VOTER last_known_addr { host: "127.9.92.129" port: 36675 } } peers { permanent_uuid: "9550d2a190dc46e797f7ca474e907b06" member_type: VOTER last_known_addr { host: "127.9.92.130" port: 33693 } } peers { permanent_uuid: "26b059e625a94cc38050d4d61aebc4d1" member_type: VOTER last_known_addr { host: "127.9.92.131" port: 43555 } }
I20260710 11:08:08.741458 10379 tablet_service.cc:1917] Received RequestConsensusVote() RPC: tablet_id: "cb384aa3f2f94e66850d2c1508ca49b4" candidate_uuid: "82f6713bb7e94e7a940c1e3edd678164" candidate_term: 2 candidate_status { last_received { term: 1 index: 1 } } ignore_live_leader: true dest_uuid: "26b059e625a94cc38050d4d61aebc4d1"
I20260710 11:08:08.741976 10379 raft_consensus.cc:3060] T cb384aa3f2f94e66850d2c1508ca49b4 P 26b059e625a94cc38050d4d61aebc4d1 [term 1 FOLLOWER]: Advancing to term 2
I20260710 11:08:08.741024 10306 raft_consensus.cc:3060] T cb384aa3f2f94e66850d2c1508ca49b4 P 9550d2a190dc46e797f7ca474e907b06 [term 1 FOLLOWER]: Advancing to term 2
I20260710 11:08:08.750970 10379 raft_consensus.cc:2468] T cb384aa3f2f94e66850d2c1508ca49b4 P 26b059e625a94cc38050d4d61aebc4d1 [term 2 FOLLOWER]: Leader election vote request: Granting yes vote for candidate 82f6713bb7e94e7a940c1e3edd678164 in term 2.
I20260710 11:08:08.752619 10198 leader_election.cc:304] T cb384aa3f2f94e66850d2c1508ca49b4 P 82f6713bb7e94e7a940c1e3edd678164 [CANDIDATE]: Term 2 election: Election decided. Result: candidate won. Election summary: received 2 responses out of 3 voters: 2 yes votes; 0 no votes. yes voters: 26b059e625a94cc38050d4d61aebc4d1, 82f6713bb7e94e7a940c1e3edd678164; no voters: 
I20260710 11:08:08.753450 10429 raft_consensus.cc:2804] T cb384aa3f2f94e66850d2c1508ca49b4 P 82f6713bb7e94e7a940c1e3edd678164 [term 2 FOLLOWER]: Leader election won for term 2
I20260710 11:08:08.754243 10429 raft_consensus.cc:697] T cb384aa3f2f94e66850d2c1508ca49b4 P 82f6713bb7e94e7a940c1e3edd678164 [term 2 LEADER]: Becoming Leader. State: Replica: 82f6713bb7e94e7a940c1e3edd678164, State: Running, Role: LEADER
I20260710 11:08:08.755182 10429 consensus_queue.cc:237] T cb384aa3f2f94e66850d2c1508ca49b4 P 82f6713bb7e94e7a940c1e3edd678164 [LEADER]: Queue going to LEADER mode. State: All replicated index: 0, Majority replicated index: 1, Committed index: 1, Last appended: 1.1, Last appended by leader: 1, Current term: 2, Majority size: 2, State: 0, Mode: LEADER, active raft config: opid_index: -1 OBSOLETE_local: false peers { permanent_uuid: "82f6713bb7e94e7a940c1e3edd678164" member_type: VOTER last_known_addr { host: "127.9.92.129" port: 36675 } } peers { permanent_uuid: "9550d2a190dc46e797f7ca474e907b06" member_type: VOTER last_known_addr { host: "127.9.92.130" port: 33693 } } peers { permanent_uuid: "26b059e625a94cc38050d4d61aebc4d1" member_type: VOTER last_known_addr { host: "127.9.92.131" port: 43555 } }
I20260710 11:08:08.757282 10306 raft_consensus.cc:2468] T cb384aa3f2f94e66850d2c1508ca49b4 P 9550d2a190dc46e797f7ca474e907b06 [term 2 FOLLOWER]: Leader election vote request: Granting yes vote for candidate 82f6713bb7e94e7a940c1e3edd678164 in term 2.
I20260710 11:08:08.762701 10126 catalog_manager.cc:5697] T cb384aa3f2f94e66850d2c1508ca49b4 P 82f6713bb7e94e7a940c1e3edd678164 reported cstate change: term changed from 1 to 2, leader changed from 9550d2a190dc46e797f7ca474e907b06 (127.9.92.130) to 82f6713bb7e94e7a940c1e3edd678164 (127.9.92.129). New cstate: current_term: 2 leader_uuid: "82f6713bb7e94e7a940c1e3edd678164" committed_config { opid_index: -1 OBSOLETE_local: false peers { permanent_uuid: "82f6713bb7e94e7a940c1e3edd678164" member_type: VOTER last_known_addr { host: "127.9.92.129" port: 36675 } health_report { overall_health: HEALTHY } } peers { permanent_uuid: "9550d2a190dc46e797f7ca474e907b06" member_type: VOTER last_known_addr { host: "127.9.92.130" port: 33693 } health_report { overall_health: UNKNOWN } } peers { permanent_uuid: "26b059e625a94cc38050d4d61aebc4d1" member_type: VOTER last_known_addr { host: "127.9.92.131" port: 43555 } health_report { overall_health: UNKNOWN } } }
I20260710 11:08:08.802609 10306 raft_consensus.cc:1275] T 63074af155ea49b7bba94a82e72adf9a P 9550d2a190dc46e797f7ca474e907b06 [term 2 FOLLOWER]: Refusing update from remote peer 26b059e625a94cc38050d4d61aebc4d1: Log matching property violated. Preceding OpId in replica: term: 1 index: 1. Preceding OpId from leader: term: 2 index: 2. (index mismatch)
I20260710 11:08:08.803833 10430 consensus_queue.cc:1048] T 63074af155ea49b7bba94a82e72adf9a P 26b059e625a94cc38050d4d61aebc4d1 [LEADER]: Connected to new peer: Peer: permanent_uuid: "9550d2a190dc46e797f7ca474e907b06" member_type: VOTER last_known_addr { host: "127.9.92.130" port: 33693 }, Status: LMP_MISMATCH, Last received: 0.0, Next index: 2, Last known committed idx: 1, Time since last communication: 0.000s
I20260710 11:08:08.811767 10232 raft_consensus.cc:1275] T 63074af155ea49b7bba94a82e72adf9a P 82f6713bb7e94e7a940c1e3edd678164 [term 2 FOLLOWER]: Refusing update from remote peer 26b059e625a94cc38050d4d61aebc4d1: Log matching property violated. Preceding OpId in replica: term: 1 index: 1. Preceding OpId from leader: term: 2 index: 2. (index mismatch)
I20260710 11:08:08.813537 10511 consensus_queue.cc:1048] T 63074af155ea49b7bba94a82e72adf9a P 26b059e625a94cc38050d4d61aebc4d1 [LEADER]: Connected to new peer: Peer: permanent_uuid: "82f6713bb7e94e7a940c1e3edd678164" member_type: VOTER last_known_addr { host: "127.9.92.129" port: 36675 }, Status: LMP_MISMATCH, Last received: 0.0, Next index: 2, Last known committed idx: 1, Time since last communication: 0.000s
I20260710 11:08:08.824335 10379 raft_consensus.cc:3060] T adfc7cc040d24632a49cfd02020ff129 P 26b059e625a94cc38050d4d61aebc4d1 [term 1 FOLLOWER]: Advancing to term 2
I20260710 11:08:08.831126 10379 raft_consensus.cc:1275] T adfc7cc040d24632a49cfd02020ff129 P 26b059e625a94cc38050d4d61aebc4d1 [term 2 FOLLOWER]: Refusing update from remote peer 82f6713bb7e94e7a940c1e3edd678164: Log matching property violated. Preceding OpId in replica: term: 1 index: 1. Preceding OpId from leader: term: 2 index: 2. (index mismatch)
I20260710 11:08:08.832324 10429 consensus_queue.cc:1048] T adfc7cc040d24632a49cfd02020ff129 P 82f6713bb7e94e7a940c1e3edd678164 [LEADER]: Connected to new peer: Peer: permanent_uuid: "26b059e625a94cc38050d4d61aebc4d1" member_type: VOTER last_known_addr { host: "127.9.92.131" port: 43555 }, Status: LMP_MISMATCH, Last received: 0.0, Next index: 2, Last known committed idx: 1, Time since last communication: 0.000s
I20260710 11:08:08.839931 10306 raft_consensus.cc:1275] T adfc7cc040d24632a49cfd02020ff129 P 9550d2a190dc46e797f7ca474e907b06 [term 2 FOLLOWER]: Refusing update from remote peer 82f6713bb7e94e7a940c1e3edd678164: Log matching property violated. Preceding OpId in replica: term: 1 index: 1. Preceding OpId from leader: term: 2 index: 2. (index mismatch)
I20260710 11:08:08.841967 10429 consensus_queue.cc:1048] T adfc7cc040d24632a49cfd02020ff129 P 82f6713bb7e94e7a940c1e3edd678164 [LEADER]: Connected to new peer: Peer: permanent_uuid: "9550d2a190dc46e797f7ca474e907b06" member_type: VOTER last_known_addr { host: "127.9.92.130" port: 33693 }, Status: LMP_MISMATCH, Last received: 0.0, Next index: 2, Last known committed idx: 1, Time since last communication: 0.000s
I20260710 11:08:08.884106 10232 raft_consensus.cc:1275] T 4a15969344914f7aadf47f0061ca76fc P 82f6713bb7e94e7a940c1e3edd678164 [term 2 FOLLOWER]: Refusing update from remote peer 9550d2a190dc46e797f7ca474e907b06: Log matching property violated. Preceding OpId in replica: term: 1 index: 1. Preceding OpId from leader: term: 2 index: 2. (index mismatch)
I20260710 11:08:08.885423 10509 consensus_queue.cc:1048] T 4a15969344914f7aadf47f0061ca76fc P 9550d2a190dc46e797f7ca474e907b06 [LEADER]: Connected to new peer: Peer: permanent_uuid: "82f6713bb7e94e7a940c1e3edd678164" member_type: VOTER last_known_addr { host: "127.9.92.129" port: 36675 }, Status: LMP_MISMATCH, Last received: 0.0, Next index: 2, Last known committed idx: 1, Time since last communication: 0.000s
I20260710 11:08:08.889619 10231 raft_consensus.cc:1275] T 602520ec6f93467fb4a83c9612319cf3 P 82f6713bb7e94e7a940c1e3edd678164 [term 2 FOLLOWER]: Refusing update from remote peer 9550d2a190dc46e797f7ca474e907b06: Log matching property violated. Preceding OpId in replica: term: 1 index: 1. Preceding OpId from leader: term: 2 index: 2. (index mismatch)
I20260710 11:08:08.891137 10509 consensus_queue.cc:1048] T 602520ec6f93467fb4a83c9612319cf3 P 9550d2a190dc46e797f7ca474e907b06 [LEADER]: Connected to new peer: Peer: permanent_uuid: "82f6713bb7e94e7a940c1e3edd678164" member_type: VOTER last_known_addr { host: "127.9.92.129" port: 36675 }, Status: LMP_MISMATCH, Last received: 0.0, Next index: 2, Last known committed idx: 1, Time since last communication: 0.000s
I20260710 11:08:08.893464 10379 raft_consensus.cc:1275] T 4a15969344914f7aadf47f0061ca76fc P 26b059e625a94cc38050d4d61aebc4d1 [term 2 FOLLOWER]: Refusing update from remote peer 9550d2a190dc46e797f7ca474e907b06: Log matching property violated. Preceding OpId in replica: term: 1 index: 1. Preceding OpId from leader: term: 2 index: 2. (index mismatch)
I20260710 11:08:08.894783 10458 consensus_queue.cc:1048] T 4a15969344914f7aadf47f0061ca76fc P 9550d2a190dc46e797f7ca474e907b06 [LEADER]: Connected to new peer: Peer: permanent_uuid: "26b059e625a94cc38050d4d61aebc4d1" member_type: VOTER last_known_addr { host: "127.9.92.131" port: 43555 }, Status: LMP_MISMATCH, Last received: 0.0, Next index: 2, Last known committed idx: 1, Time since last communication: 0.000s
I20260710 11:08:08.901806 10378 raft_consensus.cc:1275] T 602520ec6f93467fb4a83c9612319cf3 P 26b059e625a94cc38050d4d61aebc4d1 [term 2 FOLLOWER]: Refusing update from remote peer 9550d2a190dc46e797f7ca474e907b06: Log matching property violated. Preceding OpId in replica: term: 1 index: 1. Preceding OpId from leader: term: 2 index: 2. (index mismatch)
I20260710 11:08:08.903257 10509 consensus_queue.cc:1048] T 602520ec6f93467fb4a83c9612319cf3 P 9550d2a190dc46e797f7ca474e907b06 [LEADER]: Connected to new peer: Peer: permanent_uuid: "26b059e625a94cc38050d4d61aebc4d1" member_type: VOTER last_known_addr { host: "127.9.92.131" port: 43555 }, Status: LMP_MISMATCH, Last received: 0.0, Next index: 2, Last known committed idx: 1, Time since last communication: 0.000s
I20260710 11:08:09.029805 10306 raft_consensus.cc:1275] T 754e80318b69466e873a3167f10844bc P 9550d2a190dc46e797f7ca474e907b06 [term 2 FOLLOWER]: Refusing update from remote peer 82f6713bb7e94e7a940c1e3edd678164: Log matching property violated. Preceding OpId in replica: term: 1 index: 1. Preceding OpId from leader: term: 2 index: 2. (index mismatch)
I20260710 11:08:09.031010 10429 consensus_queue.cc:1048] T 754e80318b69466e873a3167f10844bc P 82f6713bb7e94e7a940c1e3edd678164 [LEADER]: Connected to new peer: Peer: permanent_uuid: "9550d2a190dc46e797f7ca474e907b06" member_type: VOTER last_known_addr { host: "127.9.92.130" port: 33693 }, Status: LMP_MISMATCH, Last received: 0.0, Next index: 2, Last known committed idx: 1, Time since last communication: 0.000s
I20260710 11:08:09.040462 10378 raft_consensus.cc:1275] T 754e80318b69466e873a3167f10844bc P 26b059e625a94cc38050d4d61aebc4d1 [term 2 FOLLOWER]: Refusing update from remote peer 82f6713bb7e94e7a940c1e3edd678164: Log matching property violated. Preceding OpId in replica: term: 1 index: 1. Preceding OpId from leader: term: 2 index: 2. (index mismatch)
I20260710 11:08:09.041745 10446 consensus_queue.cc:1048] T 754e80318b69466e873a3167f10844bc P 82f6713bb7e94e7a940c1e3edd678164 [LEADER]: Connected to new peer: Peer: permanent_uuid: "26b059e625a94cc38050d4d61aebc4d1" member_type: VOTER last_known_addr { host: "127.9.92.131" port: 43555 }, Status: LMP_MISMATCH, Last received: 0.0, Next index: 2, Last known committed idx: 1, Time since last communication: 0.000s
I20260710 11:08:09.137240 10378 raft_consensus.cc:1275] T cb384aa3f2f94e66850d2c1508ca49b4 P 26b059e625a94cc38050d4d61aebc4d1 [term 2 FOLLOWER]: Refusing update from remote peer 82f6713bb7e94e7a940c1e3edd678164: Log matching property violated. Preceding OpId in replica: term: 1 index: 1. Preceding OpId from leader: term: 2 index: 2. (index mismatch)
I20260710 11:08:09.138523 10446 consensus_queue.cc:1048] T cb384aa3f2f94e66850d2c1508ca49b4 P 82f6713bb7e94e7a940c1e3edd678164 [LEADER]: Connected to new peer: Peer: permanent_uuid: "26b059e625a94cc38050d4d61aebc4d1" member_type: VOTER last_known_addr { host: "127.9.92.131" port: 43555 }, Status: LMP_MISMATCH, Last received: 0.0, Next index: 2, Last known committed idx: 1, Time since last communication: 0.000s
I20260710 11:08:09.149551 10306 raft_consensus.cc:1275] T cb384aa3f2f94e66850d2c1508ca49b4 P 9550d2a190dc46e797f7ca474e907b06 [term 2 FOLLOWER]: Refusing update from remote peer 82f6713bb7e94e7a940c1e3edd678164: Log matching property violated. Preceding OpId in replica: term: 1 index: 1. Preceding OpId from leader: term: 2 index: 2. (index mismatch)
I20260710 11:08:09.151736 10445 consensus_queue.cc:1048] T cb384aa3f2f94e66850d2c1508ca49b4 P 82f6713bb7e94e7a940c1e3edd678164 [LEADER]: Connected to new peer: Peer: permanent_uuid: "9550d2a190dc46e797f7ca474e907b06" member_type: VOTER last_known_addr { host: "127.9.92.130" port: 33693 }, Status: LMP_MISMATCH, Last received: 0.0, Next index: 2, Last known committed idx: 1, Time since last communication: 0.001s
I20260710 11:08:11.397007  9586 auto_leader_rebalancer-test.cc:348] The leader distribution is 
I20260710 11:08:11.397744  9586 auto_leader_rebalancer.cc:141] leader rebalance for table test-workload
I20260710 11:08:11.413344 10231 tablet_service.cc:2072] Received LeaderStepDown RPC: tablet_id: "adfc7cc040d24632a49cfd02020ff129"
dest_uuid: "82f6713bb7e94e7a940c1e3edd678164"
mode: GRACEFUL
new_leader_uuid: "26b059e625a94cc38050d4d61aebc4d1"
 from {username='slave'} at 127.0.0.1:41944
I20260710 11:08:11.413837 10231 raft_consensus.cc:606] T adfc7cc040d24632a49cfd02020ff129 P 82f6713bb7e94e7a940c1e3edd678164 [term 2 LEADER]: Received request to transfer leadership to TS 26b059e625a94cc38050d4d61aebc4d1
I20260710 11:08:11.416229 10231 tablet_service.cc:2072] Received LeaderStepDown RPC: tablet_id: "edf52cd9d422482b88787ea183c2179d"
dest_uuid: "82f6713bb7e94e7a940c1e3edd678164"
mode: GRACEFUL
new_leader_uuid: "26b059e625a94cc38050d4d61aebc4d1"
 from {username='slave'} at 127.0.0.1:41944
I20260710 11:08:11.416640 10231 raft_consensus.cc:606] T edf52cd9d422482b88787ea183c2179d P 82f6713bb7e94e7a940c1e3edd678164 [term 1 LEADER]: Received request to transfer leadership to TS 26b059e625a94cc38050d4d61aebc4d1
I20260710 11:08:11.417603  9586 auto_leader_rebalancer.cc:452] table: test-workload, leader rebalance finish, leader transfer count: 2
I20260710 11:08:11.418040  9586 auto_leader_rebalancer.cc:527] All tables' leader rebalancing finished this round
I20260710 11:08:11.599268 10429 raft_consensus.cc:993] T edf52cd9d422482b88787ea183c2179d P 82f6713bb7e94e7a940c1e3edd678164: : Instructing follower 26b059e625a94cc38050d4d61aebc4d1 to start an election
I20260710 11:08:11.599699 10518 raft_consensus.cc:1081] T edf52cd9d422482b88787ea183c2179d P 82f6713bb7e94e7a940c1e3edd678164 [term 1 LEADER]: Signalling peer 26b059e625a94cc38050d4d61aebc4d1 to start an election
I20260710 11:08:11.601337 10379 tablet_service.cc:2044] Received Run Leader Election RPC: tablet_id: "edf52cd9d422482b88787ea183c2179d"
dest_uuid: "26b059e625a94cc38050d4d61aebc4d1"
 from {username='slave'} at 127.0.0.1:41740
I20260710 11:08:11.601867 10379 raft_consensus.cc:493] T edf52cd9d422482b88787ea183c2179d P 26b059e625a94cc38050d4d61aebc4d1 [term 1 FOLLOWER]: Starting forced leader election (received explicit request)
I20260710 11:08:11.602232 10379 raft_consensus.cc:3060] T edf52cd9d422482b88787ea183c2179d P 26b059e625a94cc38050d4d61aebc4d1 [term 1 FOLLOWER]: Advancing to term 2
I20260710 11:08:11.607895 10379 raft_consensus.cc:515] T edf52cd9d422482b88787ea183c2179d P 26b059e625a94cc38050d4d61aebc4d1 [term 2 FOLLOWER]: Starting forced leader election with config: opid_index: -1 OBSOLETE_local: false peers { permanent_uuid: "82f6713bb7e94e7a940c1e3edd678164" member_type: VOTER last_known_addr { host: "127.9.92.129" port: 36675 } } peers { permanent_uuid: "9550d2a190dc46e797f7ca474e907b06" member_type: VOTER last_known_addr { host: "127.9.92.130" port: 33693 } } peers { permanent_uuid: "26b059e625a94cc38050d4d61aebc4d1" member_type: VOTER last_known_addr { host: "127.9.92.131" port: 43555 } }
I20260710 11:08:11.609835 10379 leader_election.cc:290] T edf52cd9d422482b88787ea183c2179d P 26b059e625a94cc38050d4d61aebc4d1 [CANDIDATE]: Term 2 election: Requested vote from peers 82f6713bb7e94e7a940c1e3edd678164 (127.9.92.129:36675), 9550d2a190dc46e797f7ca474e907b06 (127.9.92.130:33693)
I20260710 11:08:11.611279 10231 tablet_service.cc:1917] Received RequestConsensusVote() RPC: tablet_id: "edf52cd9d422482b88787ea183c2179d" candidate_uuid: "26b059e625a94cc38050d4d61aebc4d1" candidate_term: 2 candidate_status { last_received { term: 1 index: 1 } } ignore_live_leader: true dest_uuid: "82f6713bb7e94e7a940c1e3edd678164"
I20260710 11:08:11.611445 10306 tablet_service.cc:1917] Received RequestConsensusVote() RPC: tablet_id: "edf52cd9d422482b88787ea183c2179d" candidate_uuid: "26b059e625a94cc38050d4d61aebc4d1" candidate_term: 2 candidate_status { last_received { term: 1 index: 1 } } ignore_live_leader: true dest_uuid: "9550d2a190dc46e797f7ca474e907b06"
I20260710 11:08:11.611893 10306 raft_consensus.cc:3060] T edf52cd9d422482b88787ea183c2179d P 9550d2a190dc46e797f7ca474e907b06 [term 1 FOLLOWER]: Advancing to term 2
I20260710 11:08:11.611874 10231 raft_consensus.cc:3055] T edf52cd9d422482b88787ea183c2179d P 82f6713bb7e94e7a940c1e3edd678164 [term 1 LEADER]: Stepping down as leader of term 1
I20260710 11:08:11.612426 10231 raft_consensus.cc:740] T edf52cd9d422482b88787ea183c2179d P 82f6713bb7e94e7a940c1e3edd678164 [term 1 LEADER]: Becoming Follower/Learner. State: Replica: 82f6713bb7e94e7a940c1e3edd678164, State: Running, Role: LEADER
I20260710 11:08:11.613248 10231 consensus_queue.cc:260] T edf52cd9d422482b88787ea183c2179d P 82f6713bb7e94e7a940c1e3edd678164 [NON_LEADER]: Queue going to NON_LEADER mode. State: All replicated index: 0, Majority replicated index: 1, Committed index: 1, Last appended: 1.1, Last appended by leader: 1, Current term: 1, Majority size: -1, State: 0, Mode: NON_LEADER, active raft config: opid_index: -1 OBSOLETE_local: false peers { permanent_uuid: "82f6713bb7e94e7a940c1e3edd678164" member_type: VOTER last_known_addr { host: "127.9.92.129" port: 36675 } } peers { permanent_uuid: "9550d2a190dc46e797f7ca474e907b06" member_type: VOTER last_known_addr { host: "127.9.92.130" port: 33693 } } peers { permanent_uuid: "26b059e625a94cc38050d4d61aebc4d1" member_type: VOTER last_known_addr { host: "127.9.92.131" port: 43555 } }
I20260710 11:08:11.614399 10231 raft_consensus.cc:3060] T edf52cd9d422482b88787ea183c2179d P 82f6713bb7e94e7a940c1e3edd678164 [term 1 FOLLOWER]: Advancing to term 2
I20260710 11:08:11.618535 10306 raft_consensus.cc:2468] T edf52cd9d422482b88787ea183c2179d P 9550d2a190dc46e797f7ca474e907b06 [term 2 FOLLOWER]: Leader election vote request: Granting yes vote for candidate 26b059e625a94cc38050d4d61aebc4d1 in term 2.
I20260710 11:08:11.619684 10344 leader_election.cc:304] T edf52cd9d422482b88787ea183c2179d P 26b059e625a94cc38050d4d61aebc4d1 [CANDIDATE]: Term 2 election: Election decided. Result: candidate won. Election summary: received 2 responses out of 3 voters: 2 yes votes; 0 no votes. yes voters: 26b059e625a94cc38050d4d61aebc4d1, 9550d2a190dc46e797f7ca474e907b06; no voters: 
I20260710 11:08:11.620424 10513 raft_consensus.cc:2804] T edf52cd9d422482b88787ea183c2179d P 26b059e625a94cc38050d4d61aebc4d1 [term 2 FOLLOWER]: Leader election won for term 2
I20260710 11:08:11.620889 10231 raft_consensus.cc:2468] T edf52cd9d422482b88787ea183c2179d P 82f6713bb7e94e7a940c1e3edd678164 [term 2 FOLLOWER]: Leader election vote request: Granting yes vote for candidate 26b059e625a94cc38050d4d61aebc4d1 in term 2.
I20260710 11:08:11.621444 10513 raft_consensus.cc:697] T edf52cd9d422482b88787ea183c2179d P 26b059e625a94cc38050d4d61aebc4d1 [term 2 LEADER]: Becoming Leader. State: Replica: 26b059e625a94cc38050d4d61aebc4d1, State: Running, Role: LEADER
I20260710 11:08:11.622275 10513 consensus_queue.cc:237] T edf52cd9d422482b88787ea183c2179d P 26b059e625a94cc38050d4d61aebc4d1 [LEADER]: Queue going to LEADER mode. State: All replicated index: 0, Majority replicated index: 1, Committed index: 1, Last appended: 1.1, Last appended by leader: 1, Current term: 2, Majority size: 2, State: 0, Mode: LEADER, active raft config: opid_index: -1 OBSOLETE_local: false peers { permanent_uuid: "82f6713bb7e94e7a940c1e3edd678164" member_type: VOTER last_known_addr { host: "127.9.92.129" port: 36675 } } peers { permanent_uuid: "9550d2a190dc46e797f7ca474e907b06" member_type: VOTER last_known_addr { host: "127.9.92.130" port: 33693 } } peers { permanent_uuid: "26b059e625a94cc38050d4d61aebc4d1" member_type: VOTER last_known_addr { host: "127.9.92.131" port: 43555 } }
I20260710 11:08:11.628268 10128 catalog_manager.cc:5697] T edf52cd9d422482b88787ea183c2179d P 26b059e625a94cc38050d4d61aebc4d1 reported cstate change: term changed from 1 to 2, leader changed from 82f6713bb7e94e7a940c1e3edd678164 (127.9.92.129) to 26b059e625a94cc38050d4d61aebc4d1 (127.9.92.131). New cstate: current_term: 2 leader_uuid: "26b059e625a94cc38050d4d61aebc4d1" committed_config { opid_index: -1 OBSOLETE_local: false peers { permanent_uuid: "82f6713bb7e94e7a940c1e3edd678164" member_type: VOTER last_known_addr { host: "127.9.92.129" port: 36675 } health_report { overall_health: UNKNOWN } } peers { permanent_uuid: "9550d2a190dc46e797f7ca474e907b06" member_type: VOTER last_known_addr { host: "127.9.92.130" port: 33693 } health_report { overall_health: UNKNOWN } } peers { permanent_uuid: "26b059e625a94cc38050d4d61aebc4d1" member_type: VOTER last_known_addr { host: "127.9.92.131" port: 43555 } health_report { overall_health: HEALTHY } } }
I20260710 11:08:11.633365 10429 raft_consensus.cc:993] T adfc7cc040d24632a49cfd02020ff129 P 82f6713bb7e94e7a940c1e3edd678164: : Instructing follower 26b059e625a94cc38050d4d61aebc4d1 to start an election
I20260710 11:08:11.633904 10518 raft_consensus.cc:1081] T adfc7cc040d24632a49cfd02020ff129 P 82f6713bb7e94e7a940c1e3edd678164 [term 2 LEADER]: Signalling peer 26b059e625a94cc38050d4d61aebc4d1 to start an election
I20260710 11:08:11.635630 10379 tablet_service.cc:2044] Received Run Leader Election RPC: tablet_id: "adfc7cc040d24632a49cfd02020ff129"
dest_uuid: "26b059e625a94cc38050d4d61aebc4d1"
 from {username='slave'} at 127.0.0.1:41740
I20260710 11:08:11.636267 10379 raft_consensus.cc:493] T adfc7cc040d24632a49cfd02020ff129 P 26b059e625a94cc38050d4d61aebc4d1 [term 2 FOLLOWER]: Starting forced leader election (received explicit request)
I20260710 11:08:11.636590 10379 raft_consensus.cc:3060] T adfc7cc040d24632a49cfd02020ff129 P 26b059e625a94cc38050d4d61aebc4d1 [term 2 FOLLOWER]: Advancing to term 3
I20260710 11:08:11.642931 10379 raft_consensus.cc:515] T adfc7cc040d24632a49cfd02020ff129 P 26b059e625a94cc38050d4d61aebc4d1 [term 3 FOLLOWER]: Starting forced leader election with config: opid_index: -1 OBSOLETE_local: false peers { permanent_uuid: "82f6713bb7e94e7a940c1e3edd678164" member_type: VOTER last_known_addr { host: "127.9.92.129" port: 36675 } } peers { permanent_uuid: "9550d2a190dc46e797f7ca474e907b06" member_type: VOTER last_known_addr { host: "127.9.92.130" port: 33693 } } peers { permanent_uuid: "26b059e625a94cc38050d4d61aebc4d1" member_type: VOTER last_known_addr { host: "127.9.92.131" port: 43555 } }
I20260710 11:08:11.644449 10379 leader_election.cc:290] T adfc7cc040d24632a49cfd02020ff129 P 26b059e625a94cc38050d4d61aebc4d1 [CANDIDATE]: Term 3 election: Requested vote from peers 82f6713bb7e94e7a940c1e3edd678164 (127.9.92.129:36675), 9550d2a190dc46e797f7ca474e907b06 (127.9.92.130:33693)
I20260710 11:08:11.645337 10231 tablet_service.cc:1917] Received RequestConsensusVote() RPC: tablet_id: "adfc7cc040d24632a49cfd02020ff129" candidate_uuid: "26b059e625a94cc38050d4d61aebc4d1" candidate_term: 3 candidate_status { last_received { term: 2 index: 2 } } ignore_live_leader: true dest_uuid: "82f6713bb7e94e7a940c1e3edd678164"
I20260710 11:08:11.645903 10231 raft_consensus.cc:3055] T adfc7cc040d24632a49cfd02020ff129 P 82f6713bb7e94e7a940c1e3edd678164 [term 2 LEADER]: Stepping down as leader of term 2
I20260710 11:08:11.646018 10306 tablet_service.cc:1917] Received RequestConsensusVote() RPC: tablet_id: "adfc7cc040d24632a49cfd02020ff129" candidate_uuid: "26b059e625a94cc38050d4d61aebc4d1" candidate_term: 3 candidate_status { last_received { term: 2 index: 2 } } ignore_live_leader: true dest_uuid: "9550d2a190dc46e797f7ca474e907b06"
I20260710 11:08:11.646237 10231 raft_consensus.cc:740] T adfc7cc040d24632a49cfd02020ff129 P 82f6713bb7e94e7a940c1e3edd678164 [term 2 LEADER]: Becoming Follower/Learner. State: Replica: 82f6713bb7e94e7a940c1e3edd678164, State: Running, Role: LEADER
I20260710 11:08:11.646571 10306 raft_consensus.cc:3060] T adfc7cc040d24632a49cfd02020ff129 P 9550d2a190dc46e797f7ca474e907b06 [term 2 FOLLOWER]: Advancing to term 3
I20260710 11:08:11.647032 10231 consensus_queue.cc:260] T adfc7cc040d24632a49cfd02020ff129 P 82f6713bb7e94e7a940c1e3edd678164 [NON_LEADER]: Queue going to NON_LEADER mode. State: All replicated index: 0, Majority replicated index: 2, Committed index: 2, Last appended: 2.2, Last appended by leader: 2, Current term: 2, Majority size: -1, State: 0, Mode: NON_LEADER, active raft config: opid_index: -1 OBSOLETE_local: false peers { permanent_uuid: "82f6713bb7e94e7a940c1e3edd678164" member_type: VOTER last_known_addr { host: "127.9.92.129" port: 36675 } } peers { permanent_uuid: "9550d2a190dc46e797f7ca474e907b06" member_type: VOTER last_known_addr { host: "127.9.92.130" port: 33693 } } peers { permanent_uuid: "26b059e625a94cc38050d4d61aebc4d1" member_type: VOTER last_known_addr { host: "127.9.92.131" port: 43555 } }
I20260710 11:08:11.648200 10231 raft_consensus.cc:3060] T adfc7cc040d24632a49cfd02020ff129 P 82f6713bb7e94e7a940c1e3edd678164 [term 2 FOLLOWER]: Advancing to term 3
I20260710 11:08:11.652990 10306 raft_consensus.cc:2468] T adfc7cc040d24632a49cfd02020ff129 P 9550d2a190dc46e797f7ca474e907b06 [term 3 FOLLOWER]: Leader election vote request: Granting yes vote for candidate 26b059e625a94cc38050d4d61aebc4d1 in term 3.
I20260710 11:08:11.654129 10344 leader_election.cc:304] T adfc7cc040d24632a49cfd02020ff129 P 26b059e625a94cc38050d4d61aebc4d1 [CANDIDATE]: Term 3 election: Election decided. Result: candidate won. Election summary: received 2 responses out of 3 voters: 2 yes votes; 0 no votes. yes voters: 26b059e625a94cc38050d4d61aebc4d1, 9550d2a190dc46e797f7ca474e907b06; no voters: 
I20260710 11:08:11.654588 10231 raft_consensus.cc:2468] T adfc7cc040d24632a49cfd02020ff129 P 82f6713bb7e94e7a940c1e3edd678164 [term 3 FOLLOWER]: Leader election vote request: Granting yes vote for candidate 26b059e625a94cc38050d4d61aebc4d1 in term 3.
I20260710 11:08:11.654882 10513 raft_consensus.cc:2804] T adfc7cc040d24632a49cfd02020ff129 P 26b059e625a94cc38050d4d61aebc4d1 [term 3 FOLLOWER]: Leader election won for term 3
I20260710 11:08:11.655390 10513 raft_consensus.cc:697] T adfc7cc040d24632a49cfd02020ff129 P 26b059e625a94cc38050d4d61aebc4d1 [term 3 LEADER]: Becoming Leader. State: Replica: 26b059e625a94cc38050d4d61aebc4d1, State: Running, Role: LEADER
I20260710 11:08:11.656219 10513 consensus_queue.cc:237] T adfc7cc040d24632a49cfd02020ff129 P 26b059e625a94cc38050d4d61aebc4d1 [LEADER]: Queue going to LEADER mode. State: All replicated index: 0, Majority replicated index: 2, Committed index: 2, Last appended: 2.2, Last appended by leader: 2, Current term: 3, Majority size: 2, State: 0, Mode: LEADER, active raft config: opid_index: -1 OBSOLETE_local: false peers { permanent_uuid: "82f6713bb7e94e7a940c1e3edd678164" member_type: VOTER last_known_addr { host: "127.9.92.129" port: 36675 } } peers { permanent_uuid: "9550d2a190dc46e797f7ca474e907b06" member_type: VOTER last_known_addr { host: "127.9.92.130" port: 33693 } } peers { permanent_uuid: "26b059e625a94cc38050d4d61aebc4d1" member_type: VOTER last_known_addr { host: "127.9.92.131" port: 43555 } }
I20260710 11:08:11.663403 10128 catalog_manager.cc:5697] T adfc7cc040d24632a49cfd02020ff129 P 26b059e625a94cc38050d4d61aebc4d1 reported cstate change: term changed from 2 to 3, leader changed from 82f6713bb7e94e7a940c1e3edd678164 (127.9.92.129) to 26b059e625a94cc38050d4d61aebc4d1 (127.9.92.131). New cstate: current_term: 3 leader_uuid: "26b059e625a94cc38050d4d61aebc4d1" committed_config { opid_index: -1 OBSOLETE_local: false peers { permanent_uuid: "82f6713bb7e94e7a940c1e3edd678164" member_type: VOTER last_known_addr { host: "127.9.92.129" port: 36675 } health_report { overall_health: UNKNOWN } } peers { permanent_uuid: "9550d2a190dc46e797f7ca474e907b06" member_type: VOTER last_known_addr { host: "127.9.92.130" port: 33693 } health_report { overall_health: UNKNOWN } } peers { permanent_uuid: "26b059e625a94cc38050d4d61aebc4d1" member_type: VOTER last_known_addr { host: "127.9.92.131" port: 43555 } health_report { overall_health: HEALTHY } } }
I20260710 11:08:12.029881 10306 raft_consensus.cc:1275] T edf52cd9d422482b88787ea183c2179d P 9550d2a190dc46e797f7ca474e907b06 [term 2 FOLLOWER]: Refusing update from remote peer 26b059e625a94cc38050d4d61aebc4d1: Log matching property violated. Preceding OpId in replica: term: 1 index: 1. Preceding OpId from leader: term: 2 index: 2. (index mismatch)
I20260710 11:08:12.031106 10513 consensus_queue.cc:1048] T edf52cd9d422482b88787ea183c2179d P 26b059e625a94cc38050d4d61aebc4d1 [LEADER]: Connected to new peer: Peer: permanent_uuid: "9550d2a190dc46e797f7ca474e907b06" member_type: VOTER last_known_addr { host: "127.9.92.130" port: 33693 }, Status: LMP_MISMATCH, Last received: 0.0, Next index: 2, Last known committed idx: 1, Time since last communication: 0.000s
I20260710 11:08:12.040462 10231 raft_consensus.cc:1275] T edf52cd9d422482b88787ea183c2179d P 82f6713bb7e94e7a940c1e3edd678164 [term 2 FOLLOWER]: Refusing update from remote peer 26b059e625a94cc38050d4d61aebc4d1: Log matching property violated. Preceding OpId in replica: term: 1 index: 1. Preceding OpId from leader: term: 2 index: 2. (index mismatch)
I20260710 11:08:12.042376 10519 consensus_queue.cc:1048] T edf52cd9d422482b88787ea183c2179d P 26b059e625a94cc38050d4d61aebc4d1 [LEADER]: Connected to new peer: Peer: permanent_uuid: "82f6713bb7e94e7a940c1e3edd678164" member_type: VOTER last_known_addr { host: "127.9.92.129" port: 36675 }, Status: LMP_MISMATCH, Last received: 0.0, Next index: 2, Last known committed idx: 1, Time since last communication: 0.000s
I20260710 11:08:12.150278 10231 raft_consensus.cc:1275] T adfc7cc040d24632a49cfd02020ff129 P 82f6713bb7e94e7a940c1e3edd678164 [term 3 FOLLOWER]: Refusing update from remote peer 26b059e625a94cc38050d4d61aebc4d1: Log matching property violated. Preceding OpId in replica: term: 2 index: 2. Preceding OpId from leader: term: 3 index: 3. (index mismatch)
I20260710 11:08:12.151381 10513 consensus_queue.cc:1048] T adfc7cc040d24632a49cfd02020ff129 P 26b059e625a94cc38050d4d61aebc4d1 [LEADER]: Connected to new peer: Peer: permanent_uuid: "82f6713bb7e94e7a940c1e3edd678164" member_type: VOTER last_known_addr { host: "127.9.92.129" port: 36675 }, Status: LMP_MISMATCH, Last received: 0.0, Next index: 3, Last known committed idx: 2, Time since last communication: 0.000s
I20260710 11:08:12.160136 10306 raft_consensus.cc:1275] T adfc7cc040d24632a49cfd02020ff129 P 9550d2a190dc46e797f7ca474e907b06 [term 3 FOLLOWER]: Refusing update from remote peer 26b059e625a94cc38050d4d61aebc4d1: Log matching property violated. Preceding OpId in replica: term: 2 index: 2. Preceding OpId from leader: term: 3 index: 3. (index mismatch)
I20260710 11:08:12.161628 10528 consensus_queue.cc:1048] T adfc7cc040d24632a49cfd02020ff129 P 26b059e625a94cc38050d4d61aebc4d1 [LEADER]: Connected to new peer: Peer: permanent_uuid: "9550d2a190dc46e797f7ca474e907b06" member_type: VOTER last_known_addr { host: "127.9.92.130" port: 33693 }, Status: LMP_MISMATCH, Last received: 0.0, Next index: 3, Last known committed idx: 2, Time since last communication: 0.000s
I20260710 11:08:12.418915  9586 auto_leader_rebalancer.cc:141] leader rebalance for table test-workload
I20260710 11:08:12.432107 10379 tablet_service.cc:2072] Received LeaderStepDown RPC: tablet_id: "edf52cd9d422482b88787ea183c2179d"
dest_uuid: "26b059e625a94cc38050d4d61aebc4d1"
mode: GRACEFUL
new_leader_uuid: "82f6713bb7e94e7a940c1e3edd678164"
 from {username='slave'} at 127.0.0.1:41750
I20260710 11:08:12.432684 10379 raft_consensus.cc:606] T edf52cd9d422482b88787ea183c2179d P 26b059e625a94cc38050d4d61aebc4d1 [term 2 LEADER]: Received request to transfer leadership to TS 82f6713bb7e94e7a940c1e3edd678164
I20260710 11:08:12.440958 10379 tablet_service.cc:2072] Received LeaderStepDown RPC: tablet_id: "adfc7cc040d24632a49cfd02020ff129"
dest_uuid: "26b059e625a94cc38050d4d61aebc4d1"
mode: GRACEFUL
new_leader_uuid: "82f6713bb7e94e7a940c1e3edd678164"
 from {username='slave'} at 127.0.0.1:41750
I20260710 11:08:12.441465 10379 raft_consensus.cc:606] T adfc7cc040d24632a49cfd02020ff129 P 26b059e625a94cc38050d4d61aebc4d1 [term 3 LEADER]: Received request to transfer leadership to TS 82f6713bb7e94e7a940c1e3edd678164
I20260710 11:08:12.448428 10306 tablet_service.cc:2072] Received LeaderStepDown RPC: tablet_id: "4a15969344914f7aadf47f0061ca76fc"
dest_uuid: "9550d2a190dc46e797f7ca474e907b06"
mode: GRACEFUL
new_leader_uuid: "82f6713bb7e94e7a940c1e3edd678164"
 from {username='slave'} at 127.0.0.1:34666
I20260710 11:08:12.448840 10306 raft_consensus.cc:606] T 4a15969344914f7aadf47f0061ca76fc P 9550d2a190dc46e797f7ca474e907b06 [term 2 LEADER]: Received request to transfer leadership to TS 82f6713bb7e94e7a940c1e3edd678164
