I20260710 11:00:19.448110  3498 raft_consensus.cc:2955] T 2229b2532fd240caa357245c639d0245 P 46292f8acdbe4119b16d2d9f14090f33 [term 1 LEADER]: Committing config change with OpId 1.4: config changed from index 3 to 4, VOTER c4bd17414de1453e85a33290bed26f15 (127.1.164.195) evicted. New config: { opid_index: 4 OBSOLETE_local: false peers { permanent_uuid: "103df389fba446b2a480c81d87c2e982" member_type: VOTER last_known_addr { host: "127.1.164.193" port: 36749 } } peers { permanent_uuid: "46292f8acdbe4119b16d2d9f14090f33" member_type: VOTER last_known_addr { host: "127.1.164.194" port: 36187 } } peers { permanent_uuid: "6169e8dae3ec49e484505fb0bf379d1a" member_type: VOTER last_known_addr { host: "127.1.164.196" port: 39029 } attrs { promote: false } } }
I20260710 11:00:19.453321  2786 raft_consensus.cc:2955] T 2229b2532fd240caa357245c639d0245 P 103df389fba446b2a480c81d87c2e982 [term 1 FOLLOWER]: Committing config change with OpId 1.4: config changed from index 3 to 4, VOTER c4bd17414de1453e85a33290bed26f15 (127.1.164.195) evicted. New config: { opid_index: 4 OBSOLETE_local: false peers { permanent_uuid: "103df389fba446b2a480c81d87c2e982" member_type: VOTER last_known_addr { host: "127.1.164.193" port: 36749 } } peers { permanent_uuid: "46292f8acdbe4119b16d2d9f14090f33" member_type: VOTER last_known_addr { host: "127.1.164.194" port: 36187 } } peers { permanent_uuid: "6169e8dae3ec49e484505fb0bf379d1a" member_type: VOTER last_known_addr { host: "127.1.164.196" port: 39029 } attrs { promote: false } } }
I20260710 11:00:19.455189  2862 raft_consensus.cc:1275] T 9f1a59105eab42d9a6a3fde408fa9e6a P 46292f8acdbe4119b16d2d9f14090f33 [term 1 FOLLOWER]: Refusing update from remote peer 103df389fba446b2a480c81d87c2e982: Log matching property violated. Preceding OpId in replica: term: 1 index: 2. Preceding OpId from leader: term: 1 index: 3. (index mismatch)
I20260710 11:00:19.455905  2936 raft_consensus.cc:1275] T 9f1a59105eab42d9a6a3fde408fa9e6a P c4bd17414de1453e85a33290bed26f15 [term 1 FOLLOWER]: Refusing update from remote peer 103df389fba446b2a480c81d87c2e982: Log matching property violated. Preceding OpId in replica: term: 1 index: 2. Preceding OpId from leader: term: 1 index: 3. (index mismatch)
I20260710 11:00:19.450682  3196 raft_consensus.cc:1275] T 9f1a59105eab42d9a6a3fde408fa9e6a P 6169e8dae3ec49e484505fb0bf379d1a [term 1 LEARNER]: Refusing update from remote peer 103df389fba446b2a480c81d87c2e982: Log matching property violated. Preceding OpId in replica: term: 1 index: 2. Preceding OpId from leader: term: 1 index: 3. (index mismatch)
I20260710 11:00:19.460908  3480 consensus_queue.cc:1048] T 9f1a59105eab42d9a6a3fde408fa9e6a P 103df389fba446b2a480c81d87c2e982 [LEADER]: Connected to new peer: Peer: permanent_uuid: "c4bd17414de1453e85a33290bed26f15" member_type: VOTER last_known_addr { host: "127.1.164.195" port: 36835 } attrs { replace: true }, Status: LMP_MISMATCH, Last received: 0.0, Next index: 3, Last known committed idx: 2, Time since last communication: 0.000s
I20260710 11:00:19.450917  3198 raft_consensus.cc:2955] T 2229b2532fd240caa357245c639d0245 P 6169e8dae3ec49e484505fb0bf379d1a [term 1 FOLLOWER]: Committing config change with OpId 1.4: config changed from index 3 to 4, VOTER c4bd17414de1453e85a33290bed26f15 (127.1.164.195) evicted. New config: { opid_index: 4 OBSOLETE_local: false peers { permanent_uuid: "103df389fba446b2a480c81d87c2e982" member_type: VOTER last_known_addr { host: "127.1.164.193" port: 36749 } } peers { permanent_uuid: "46292f8acdbe4119b16d2d9f14090f33" member_type: VOTER last_known_addr { host: "127.1.164.194" port: 36187 } } peers { permanent_uuid: "6169e8dae3ec49e484505fb0bf379d1a" member_type: VOTER last_known_addr { host: "127.1.164.196" port: 39029 } attrs { promote: false } } }
I20260710 11:00:19.463096  2673 catalog_manager.cc:5210] ChangeConfig:REMOVE_PEER RPC for tablet 2229b2532fd240caa357245c639d0245 with cas_config_opid_index 3: ChangeConfig:REMOVE_PEER succeeded (attempt 1)
I20260710 11:00:19.467569  2683 catalog_manager.cc:5697] T 2229b2532fd240caa357245c639d0245 P 46292f8acdbe4119b16d2d9f14090f33 reported cstate change: config changed from index 3 to 4, VOTER c4bd17414de1453e85a33290bed26f15 (127.1.164.195) evicted. New cstate: current_term: 1 leader_uuid: "46292f8acdbe4119b16d2d9f14090f33" committed_config { opid_index: 4 OBSOLETE_local: false peers { permanent_uuid: "103df389fba446b2a480c81d87c2e982" member_type: VOTER last_known_addr { host: "127.1.164.193" port: 36749 } health_report { overall_health: HEALTHY } } peers { permanent_uuid: "46292f8acdbe4119b16d2d9f14090f33" member_type: VOTER last_known_addr { host: "127.1.164.194" port: 36187 } health_report { overall_health: HEALTHY } } peers { permanent_uuid: "6169e8dae3ec49e484505fb0bf379d1a" member_type: VOTER last_known_addr { host: "127.1.164.196" port: 39029 } attrs { promote: false } health_report { overall_health: HEALTHY } } }
I20260710 11:00:19.472684  3506 consensus_queue.cc:1048] T 9f1a59105eab42d9a6a3fde408fa9e6a P 103df389fba446b2a480c81d87c2e982 [LEADER]: Connected to new peer: Peer: permanent_uuid: "46292f8acdbe4119b16d2d9f14090f33" member_type: VOTER last_known_addr { host: "127.1.164.194" port: 36187 }, Status: LMP_MISMATCH, Last received: 0.0, Next index: 3, Last known committed idx: 2, Time since last communication: 0.001s
I20260710 11:00:19.483078  2923 tablet_service.cc:1558] Processing DeleteTablet for tablet 2229b2532fd240caa357245c639d0245 with delete_type TABLET_DATA_TOMBSTONED (TS c4bd17414de1453e85a33290bed26f15 not found in new config with opid_index 4) from {username='slave'} at 127.0.0.1:45176
I20260710 11:00:19.497123  3505 consensus_queue.cc:1048] T 9f1a59105eab42d9a6a3fde408fa9e6a P 103df389fba446b2a480c81d87c2e982 [LEADER]: Connected to new peer: Peer: permanent_uuid: "6169e8dae3ec49e484505fb0bf379d1a" member_type: VOTER last_known_addr { host: "127.1.164.196" port: 39029 } attrs { promote: false }, Status: LMP_MISMATCH, Last received: 0.0, Next index: 3, Last known committed idx: 2, Time since last communication: 0.001s
I20260710 11:00:19.498143  3509 tablet_replica.cc:333] T 2229b2532fd240caa357245c639d0245 P c4bd17414de1453e85a33290bed26f15: stopping tablet replica
I20260710 11:00:19.501801  3509 raft_consensus.cc:2243] T 2229b2532fd240caa357245c639d0245 P c4bd17414de1453e85a33290bed26f15 [term 1 FOLLOWER]: Raft consensus shutting down.
I20260710 11:00:19.502822  3509 raft_consensus.cc:2272] T 2229b2532fd240caa357245c639d0245 P c4bd17414de1453e85a33290bed26f15 [term 1 FOLLOWER]: Raft consensus is shut down!
I20260710 11:00:19.507748  3479 raft_consensus.cc:2955] T 9f1a59105eab42d9a6a3fde408fa9e6a P 103df389fba446b2a480c81d87c2e982 [term 1 LEADER]: Committing config change with OpId 1.3: config changed from index 2 to 3, 6169e8dae3ec49e484505fb0bf379d1a (127.1.164.196) changed from NON_VOTER to VOTER. New config: { opid_index: 3 OBSOLETE_local: false peers { permanent_uuid: "103df389fba446b2a480c81d87c2e982" member_type: VOTER last_known_addr { host: "127.1.164.193" port: 36749 } } peers { permanent_uuid: "46292f8acdbe4119b16d2d9f14090f33" member_type: VOTER last_known_addr { host: "127.1.164.194" port: 36187 } } peers { permanent_uuid: "c4bd17414de1453e85a33290bed26f15" member_type: VOTER last_known_addr { host: "127.1.164.195" port: 36835 } attrs { replace: true } } peers { permanent_uuid: "6169e8dae3ec49e484505fb0bf379d1a" member_type: VOTER last_known_addr { host: "127.1.164.196" port: 39029 } attrs { promote: false } } }
I20260710 11:00:19.515055  3509 ts_tablet_manager.cc:1916] T 2229b2532fd240caa357245c639d0245 P c4bd17414de1453e85a33290bed26f15: Deleting tablet data with delete state TABLET_DATA_TOMBSTONED
I20260710 11:00:19.515286  3198 raft_consensus.cc:2955] T 9f1a59105eab42d9a6a3fde408fa9e6a P 6169e8dae3ec49e484505fb0bf379d1a [term 1 FOLLOWER]: Committing config change with OpId 1.3: config changed from index 2 to 3, 6169e8dae3ec49e484505fb0bf379d1a (127.1.164.196) changed from NON_VOTER to VOTER. New config: { opid_index: 3 OBSOLETE_local: false peers { permanent_uuid: "103df389fba446b2a480c81d87c2e982" member_type: VOTER last_known_addr { host: "127.1.164.193" port: 36749 } } peers { permanent_uuid: "46292f8acdbe4119b16d2d9f14090f33" member_type: VOTER last_known_addr { host: "127.1.164.194" port: 36187 } } peers { permanent_uuid: "c4bd17414de1453e85a33290bed26f15" member_type: VOTER last_known_addr { host: "127.1.164.195" port: 36835 } attrs { replace: true } } peers { permanent_uuid: "6169e8dae3ec49e484505fb0bf379d1a" member_type: VOTER last_known_addr { host: "127.1.164.196" port: 39029 } attrs { promote: false } } }
I20260710 11:00:19.521548  2936 raft_consensus.cc:2955] T 9f1a59105eab42d9a6a3fde408fa9e6a P c4bd17414de1453e85a33290bed26f15 [term 1 FOLLOWER]: Committing config change with OpId 1.3: config changed from index 2 to 3, 6169e8dae3ec49e484505fb0bf379d1a (127.1.164.196) changed from NON_VOTER to VOTER. New config: { opid_index: 3 OBSOLETE_local: false peers { permanent_uuid: "103df389fba446b2a480c81d87c2e982" member_type: VOTER last_known_addr { host: "127.1.164.193" port: 36749 } } peers { permanent_uuid: "46292f8acdbe4119b16d2d9f14090f33" member_type: VOTER last_known_addr { host: "127.1.164.194" port: 36187 } } peers { permanent_uuid: "c4bd17414de1453e85a33290bed26f15" member_type: VOTER last_known_addr { host: "127.1.164.195" port: 36835 } attrs { replace: true } } peers { permanent_uuid: "6169e8dae3ec49e484505fb0bf379d1a" member_type: VOTER last_known_addr { host: "127.1.164.196" port: 39029 } attrs { promote: false } } }
I20260710 11:00:19.522325  2684 catalog_manager.cc:5697] T 9f1a59105eab42d9a6a3fde408fa9e6a P 103df389fba446b2a480c81d87c2e982 reported cstate change: config changed from index 2 to 3, 6169e8dae3ec49e484505fb0bf379d1a (127.1.164.196) changed from NON_VOTER to VOTER. New cstate: current_term: 1 leader_uuid: "103df389fba446b2a480c81d87c2e982" committed_config { opid_index: 3 OBSOLETE_local: false peers { permanent_uuid: "103df389fba446b2a480c81d87c2e982" member_type: VOTER last_known_addr { host: "127.1.164.193" port: 36749 } health_report { overall_health: HEALTHY } } peers { permanent_uuid: "46292f8acdbe4119b16d2d9f14090f33" member_type: VOTER last_known_addr { host: "127.1.164.194" port: 36187 } health_report { overall_health: UNKNOWN } } peers { permanent_uuid: "c4bd17414de1453e85a33290bed26f15" member_type: VOTER last_known_addr { host: "127.1.164.195" port: 36835 } attrs { replace: true } health_report { overall_health: HEALTHY } } peers { permanent_uuid: "6169e8dae3ec49e484505fb0bf379d1a" member_type: VOTER last_known_addr { host: "127.1.164.196" port: 39029 } attrs { promote: false } health_report { overall_health: HEALTHY } } }
I20260710 11:00:19.532747  2862 raft_consensus.cc:2955] T 9f1a59105eab42d9a6a3fde408fa9e6a P 46292f8acdbe4119b16d2d9f14090f33 [term 1 FOLLOWER]: Committing config change with OpId 1.3: config changed from index 2 to 3, 6169e8dae3ec49e484505fb0bf379d1a (127.1.164.196) changed from NON_VOTER to VOTER. New config: { opid_index: 3 OBSOLETE_local: false peers { permanent_uuid: "103df389fba446b2a480c81d87c2e982" member_type: VOTER last_known_addr { host: "127.1.164.193" port: 36749 } } peers { permanent_uuid: "46292f8acdbe4119b16d2d9f14090f33" member_type: VOTER last_known_addr { host: "127.1.164.194" port: 36187 } } peers { permanent_uuid: "c4bd17414de1453e85a33290bed26f15" member_type: VOTER last_known_addr { host: "127.1.164.195" port: 36835 } attrs { replace: true } } peers { permanent_uuid: "6169e8dae3ec49e484505fb0bf379d1a" member_type: VOTER last_known_addr { host: "127.1.164.196" port: 39029 } attrs { promote: false } } }
I20260710 11:00:19.536875  3509 ts_tablet_manager.cc:1929] T 2229b2532fd240caa357245c639d0245 P c4bd17414de1453e85a33290bed26f15: tablet deleted with delete type TABLET_DATA_TOMBSTONED: last-logged OpId 1.3
I20260710 11:00:19.537322  3509 log.cc:1199] T 2229b2532fd240caa357245c639d0245 P c4bd17414de1453e85a33290bed26f15: Deleting WAL directory at /tmp/dist-test-task955T3S/test-tmp/auto_leader_rebalancer-test.0.LeaderRebalancerTest.AddTserver.1783681181340949-1683-0/minicluster-data/ts-2-root/wals/2229b2532fd240caa357245c639d0245
I20260710 11:00:19.543602  2670 catalog_manager.cc:5028] TS c4bd17414de1453e85a33290bed26f15 (127.1.164.195:36835): tablet 2229b2532fd240caa357245c639d0245 (table test-workload [id=f020bde75b9b4c93aa5f8ea3d53c5e29]) successfully deleted
I20260710 11:00:19.544579  2786 consensus_queue.cc:237] T 9f1a59105eab42d9a6a3fde408fa9e6a P 103df389fba446b2a480c81d87c2e982 [LEADER]: Queue going to LEADER mode. State: All replicated index: 0, Majority replicated index: 3, Committed index: 3, Last appended: 1.3, Last appended by leader: 0, Current term: 1, Majority size: 2, State: 0, Mode: LEADER, active raft config: opid_index: 4 OBSOLETE_local: false peers { permanent_uuid: "103df389fba446b2a480c81d87c2e982" member_type: VOTER last_known_addr { host: "127.1.164.193" port: 36749 } } peers { permanent_uuid: "46292f8acdbe4119b16d2d9f14090f33" member_type: VOTER last_known_addr { host: "127.1.164.194" port: 36187 } } peers { permanent_uuid: "6169e8dae3ec49e484505fb0bf379d1a" member_type: VOTER last_known_addr { host: "127.1.164.196" port: 39029 } attrs { promote: false } }
I20260710 11:00:19.549990  3196 raft_consensus.cc:1275] T 9f1a59105eab42d9a6a3fde408fa9e6a P 6169e8dae3ec49e484505fb0bf379d1a [term 1 FOLLOWER]: Refusing update from remote peer 103df389fba446b2a480c81d87c2e982: Log matching property violated. Preceding OpId in replica: term: 1 index: 3. Preceding OpId from leader: term: 1 index: 4. (index mismatch)
I20260710 11:00:19.550593  2862 raft_consensus.cc:1275] T 9f1a59105eab42d9a6a3fde408fa9e6a P 46292f8acdbe4119b16d2d9f14090f33 [term 1 FOLLOWER]: Refusing update from remote peer 103df389fba446b2a480c81d87c2e982: Log matching property violated. Preceding OpId in replica: term: 1 index: 3. Preceding OpId from leader: term: 1 index: 4. (index mismatch)
I20260710 11:00:19.551222  3505 consensus_queue.cc:1048] T 9f1a59105eab42d9a6a3fde408fa9e6a P 103df389fba446b2a480c81d87c2e982 [LEADER]: Connected to new peer: Peer: permanent_uuid: "6169e8dae3ec49e484505fb0bf379d1a" member_type: VOTER last_known_addr { host: "127.1.164.196" port: 39029 } attrs { promote: false }, Status: LMP_MISMATCH, Last received: 0.0, Next index: 4, Last known committed idx: 3, Time since last communication: 0.000s
I20260710 11:00:19.551970  3479 consensus_queue.cc:1048] T 9f1a59105eab42d9a6a3fde408fa9e6a P 103df389fba446b2a480c81d87c2e982 [LEADER]: Connected to new peer: Peer: permanent_uuid: "46292f8acdbe4119b16d2d9f14090f33" member_type: VOTER last_known_addr { host: "127.1.164.194" port: 36187 }, Status: LMP_MISMATCH, Last received: 0.0, Next index: 4, Last known committed idx: 3, Time since last communication: 0.000s
I20260710 11:00:19.557289  3505 raft_consensus.cc:2955] T 9f1a59105eab42d9a6a3fde408fa9e6a P 103df389fba446b2a480c81d87c2e982 [term 1 LEADER]: Committing config change with OpId 1.4: config changed from index 3 to 4, VOTER c4bd17414de1453e85a33290bed26f15 (127.1.164.195) evicted. New config: { opid_index: 4 OBSOLETE_local: false peers { permanent_uuid: "103df389fba446b2a480c81d87c2e982" member_type: VOTER last_known_addr { host: "127.1.164.193" port: 36749 } } peers { permanent_uuid: "46292f8acdbe4119b16d2d9f14090f33" member_type: VOTER last_known_addr { host: "127.1.164.194" port: 36187 } } peers { permanent_uuid: "6169e8dae3ec49e484505fb0bf379d1a" member_type: VOTER last_known_addr { host: "127.1.164.196" port: 39029 } attrs { promote: false } } }
I20260710 11:00:19.559219  2862 raft_consensus.cc:2955] T 9f1a59105eab42d9a6a3fde408fa9e6a P 46292f8acdbe4119b16d2d9f14090f33 [term 1 FOLLOWER]: Committing config change with OpId 1.4: config changed from index 3 to 4, VOTER c4bd17414de1453e85a33290bed26f15 (127.1.164.195) evicted. New config: { opid_index: 4 OBSOLETE_local: false peers { permanent_uuid: "103df389fba446b2a480c81d87c2e982" member_type: VOTER last_known_addr { host: "127.1.164.193" port: 36749 } } peers { permanent_uuid: "46292f8acdbe4119b16d2d9f14090f33" member_type: VOTER last_known_addr { host: "127.1.164.194" port: 36187 } } peers { permanent_uuid: "6169e8dae3ec49e484505fb0bf379d1a" member_type: VOTER last_known_addr { host: "127.1.164.196" port: 39029 } attrs { promote: false } } }
I20260710 11:00:19.562789  3196 raft_consensus.cc:2955] T 9f1a59105eab42d9a6a3fde408fa9e6a P 6169e8dae3ec49e484505fb0bf379d1a [term 1 FOLLOWER]: Committing config change with OpId 1.4: config changed from index 3 to 4, VOTER c4bd17414de1453e85a33290bed26f15 (127.1.164.195) evicted. New config: { opid_index: 4 OBSOLETE_local: false peers { permanent_uuid: "103df389fba446b2a480c81d87c2e982" member_type: VOTER last_known_addr { host: "127.1.164.193" port: 36749 } } peers { permanent_uuid: "46292f8acdbe4119b16d2d9f14090f33" member_type: VOTER last_known_addr { host: "127.1.164.194" port: 36187 } } peers { permanent_uuid: "6169e8dae3ec49e484505fb0bf379d1a" member_type: VOTER last_known_addr { host: "127.1.164.196" port: 39029 } attrs { promote: false } } }
I20260710 11:00:19.572479  2684 catalog_manager.cc:5697] T 9f1a59105eab42d9a6a3fde408fa9e6a P 46292f8acdbe4119b16d2d9f14090f33 reported cstate change: config changed from index 3 to 4, VOTER c4bd17414de1453e85a33290bed26f15 (127.1.164.195) evicted. New cstate: current_term: 1 leader_uuid: "103df389fba446b2a480c81d87c2e982" committed_config { opid_index: 4 OBSOLETE_local: false peers { permanent_uuid: "103df389fba446b2a480c81d87c2e982" member_type: VOTER last_known_addr { host: "127.1.164.193" port: 36749 } } peers { permanent_uuid: "46292f8acdbe4119b16d2d9f14090f33" member_type: VOTER last_known_addr { host: "127.1.164.194" port: 36187 } } peers { permanent_uuid: "6169e8dae3ec49e484505fb0bf379d1a" member_type: VOTER last_known_addr { host: "127.1.164.196" port: 39029 } attrs { promote: false } } }
I20260710 11:00:19.574676  2671 catalog_manager.cc:5210] ChangeConfig:REMOVE_PEER RPC for tablet 9f1a59105eab42d9a6a3fde408fa9e6a with cas_config_opid_index 3: ChangeConfig:REMOVE_PEER succeeded (attempt 1)
I20260710 11:00:19.583465  2923 tablet_service.cc:1558] Processing DeleteTablet for tablet 9f1a59105eab42d9a6a3fde408fa9e6a with delete_type TABLET_DATA_TOMBSTONED (TS c4bd17414de1453e85a33290bed26f15 not found in new config with opid_index 4) from {username='slave'} at 127.0.0.1:45176
I20260710 11:00:19.584347  3509 tablet_replica.cc:333] T 9f1a59105eab42d9a6a3fde408fa9e6a P c4bd17414de1453e85a33290bed26f15: stopping tablet replica
I20260710 11:00:19.585186  3509 raft_consensus.cc:2243] T 9f1a59105eab42d9a6a3fde408fa9e6a P c4bd17414de1453e85a33290bed26f15 [term 1 FOLLOWER]: Raft consensus shutting down.
I20260710 11:00:19.585855  3509 raft_consensus.cc:2272] T 9f1a59105eab42d9a6a3fde408fa9e6a P c4bd17414de1453e85a33290bed26f15 [term 1 FOLLOWER]: Raft consensus is shut down!
I20260710 11:00:19.589154  3509 ts_tablet_manager.cc:1916] T 9f1a59105eab42d9a6a3fde408fa9e6a P c4bd17414de1453e85a33290bed26f15: Deleting tablet data with delete state TABLET_DATA_TOMBSTONED
I20260710 11:00:19.598258  3509 ts_tablet_manager.cc:1929] T 9f1a59105eab42d9a6a3fde408fa9e6a P c4bd17414de1453e85a33290bed26f15: tablet deleted with delete type TABLET_DATA_TOMBSTONED: last-logged OpId 1.3
I20260710 11:00:19.598556  3509 log.cc:1199] T 9f1a59105eab42d9a6a3fde408fa9e6a P c4bd17414de1453e85a33290bed26f15: Deleting WAL directory at /tmp/dist-test-task955T3S/test-tmp/auto_leader_rebalancer-test.0.LeaderRebalancerTest.AddTserver.1783681181340949-1683-0/minicluster-data/ts-2-root/wals/9f1a59105eab42d9a6a3fde408fa9e6a
I20260710 11:00:19.599706  2670 catalog_manager.cc:5028] TS c4bd17414de1453e85a33290bed26f15 (127.1.164.195:36835): tablet 9f1a59105eab42d9a6a3fde408fa9e6a (table test-workload [id=f020bde75b9b4c93aa5f8ea3d53c5e29]) successfully deleted
I20260710 11:00:20.612741  2786 consensus_queue.cc:237] T dc5fc727bb7047ec897cac6f700982ce P 103df389fba446b2a480c81d87c2e982 [LEADER]: Queue going to LEADER mode. State: All replicated index: 0, Majority replicated index: 1, Committed index: 1, Last appended: 1.1, Last appended by leader: 0, Current term: 1, Majority size: 2, State: 0, Mode: LEADER, active raft config: opid_index: 2 OBSOLETE_local: false peers { permanent_uuid: "103df389fba446b2a480c81d87c2e982" member_type: VOTER last_known_addr { host: "127.1.164.193" port: 36749 } } peers { permanent_uuid: "46292f8acdbe4119b16d2d9f14090f33" member_type: VOTER last_known_addr { host: "127.1.164.194" port: 36187 } attrs { replace: true } } peers { permanent_uuid: "c4bd17414de1453e85a33290bed26f15" member_type: VOTER last_known_addr { host: "127.1.164.195" port: 36835 } } peers { permanent_uuid: "6169e8dae3ec49e484505fb0bf379d1a" member_type: NON_VOTER last_known_addr { host: "127.1.164.196" port: 39029 } attrs { promote: true } }
I20260710 11:00:20.618947  2862 raft_consensus.cc:1275] T dc5fc727bb7047ec897cac6f700982ce P 46292f8acdbe4119b16d2d9f14090f33 [term 1 FOLLOWER]: Refusing update from remote peer 103df389fba446b2a480c81d87c2e982: Log matching property violated. Preceding OpId in replica: term: 1 index: 1. Preceding OpId from leader: term: 1 index: 2. (index mismatch)
W20260710 11:00:20.619084  2752 consensus_peers.cc:597] T dc5fc727bb7047ec897cac6f700982ce P 103df389fba446b2a480c81d87c2e982 -> Peer 6169e8dae3ec49e484505fb0bf379d1a (127.1.164.196:39029): Couldn't send request to peer 6169e8dae3ec49e484505fb0bf379d1a. Error code: TABLET_NOT_FOUND (6). Status: Not found: Tablet not found: dc5fc727bb7047ec897cac6f700982ce. This is attempt 1: this message will repeat every 5th retry.
I20260710 11:00:20.618952  2936 raft_consensus.cc:1275] T dc5fc727bb7047ec897cac6f700982ce P c4bd17414de1453e85a33290bed26f15 [term 1 FOLLOWER]: Refusing update from remote peer 103df389fba446b2a480c81d87c2e982: Log matching property violated. Preceding OpId in replica: term: 1 index: 1. Preceding OpId from leader: term: 1 index: 2. (index mismatch)
I20260710 11:00:20.620249  3480 consensus_queue.cc:1048] T dc5fc727bb7047ec897cac6f700982ce P 103df389fba446b2a480c81d87c2e982 [LEADER]: Connected to new peer: Peer: permanent_uuid: "46292f8acdbe4119b16d2d9f14090f33" member_type: VOTER last_known_addr { host: "127.1.164.194" port: 36187 } attrs { replace: true }, Status: LMP_MISMATCH, Last received: 0.0, Next index: 2, Last known committed idx: 1, Time since last communication: 0.000s
I20260710 11:00:20.620951  3514 consensus_queue.cc:1048] T dc5fc727bb7047ec897cac6f700982ce P 103df389fba446b2a480c81d87c2e982 [LEADER]: Connected to new peer: Peer: permanent_uuid: "c4bd17414de1453e85a33290bed26f15" member_type: VOTER last_known_addr { host: "127.1.164.195" port: 36835 }, Status: LMP_MISMATCH, Last received: 0.0, Next index: 2, Last known committed idx: 1, Time since last communication: 0.000s
I20260710 11:00:20.628564  3480 raft_consensus.cc:2955] T dc5fc727bb7047ec897cac6f700982ce P 103df389fba446b2a480c81d87c2e982 [term 1 LEADER]: Committing config change with OpId 1.2: config changed from index -1 to 2, NON_VOTER 6169e8dae3ec49e484505fb0bf379d1a (127.1.164.196) added. New config: { opid_index: 2 OBSOLETE_local: false peers { permanent_uuid: "103df389fba446b2a480c81d87c2e982" member_type: VOTER last_known_addr { host: "127.1.164.193" port: 36749 } } peers { permanent_uuid: "46292f8acdbe4119b16d2d9f14090f33" member_type: VOTER last_known_addr { host: "127.1.164.194" port: 36187 } attrs { replace: true } } peers { permanent_uuid: "c4bd17414de1453e85a33290bed26f15" member_type: VOTER last_known_addr { host: "127.1.164.195" port: 36835 } } peers { permanent_uuid: "6169e8dae3ec49e484505fb0bf379d1a" member_type: NON_VOTER last_known_addr { host: "127.1.164.196" port: 39029 } attrs { promote: true } } }
I20260710 11:00:20.630165  2936 raft_consensus.cc:2955] T dc5fc727bb7047ec897cac6f700982ce P c4bd17414de1453e85a33290bed26f15 [term 1 FOLLOWER]: Committing config change with OpId 1.2: config changed from index -1 to 2, NON_VOTER 6169e8dae3ec49e484505fb0bf379d1a (127.1.164.196) added. New config: { opid_index: 2 OBSOLETE_local: false peers { permanent_uuid: "103df389fba446b2a480c81d87c2e982" member_type: VOTER last_known_addr { host: "127.1.164.193" port: 36749 } } peers { permanent_uuid: "46292f8acdbe4119b16d2d9f14090f33" member_type: VOTER last_known_addr { host: "127.1.164.194" port: 36187 } attrs { replace: true } } peers { permanent_uuid: "c4bd17414de1453e85a33290bed26f15" member_type: VOTER last_known_addr { host: "127.1.164.195" port: 36835 } } peers { permanent_uuid: "6169e8dae3ec49e484505fb0bf379d1a" member_type: NON_VOTER last_known_addr { host: "127.1.164.196" port: 39029 } attrs { promote: true } } }
I20260710 11:00:20.630975  2862 raft_consensus.cc:2955] T dc5fc727bb7047ec897cac6f700982ce P 46292f8acdbe4119b16d2d9f14090f33 [term 1 FOLLOWER]: Committing config change with OpId 1.2: config changed from index -1 to 2, NON_VOTER 6169e8dae3ec49e484505fb0bf379d1a (127.1.164.196) added. New config: { opid_index: 2 OBSOLETE_local: false peers { permanent_uuid: "103df389fba446b2a480c81d87c2e982" member_type: VOTER last_known_addr { host: "127.1.164.193" port: 36749 } } peers { permanent_uuid: "46292f8acdbe4119b16d2d9f14090f33" member_type: VOTER last_known_addr { host: "127.1.164.194" port: 36187 } attrs { replace: true } } peers { permanent_uuid: "c4bd17414de1453e85a33290bed26f15" member_type: VOTER last_known_addr { host: "127.1.164.195" port: 36835 } } peers { permanent_uuid: "6169e8dae3ec49e484505fb0bf379d1a" member_type: NON_VOTER last_known_addr { host: "127.1.164.196" port: 39029 } attrs { promote: true } } }
I20260710 11:00:20.641880  2937 consensus_queue.cc:237] T a941e07464284937b9ad15afedbf92a1 P c4bd17414de1453e85a33290bed26f15 [LEADER]: Queue going to LEADER mode. State: All replicated index: 0, Majority replicated index: 1, Committed index: 1, Last appended: 1.1, Last appended by leader: 0, Current term: 1, Majority size: 2, State: 0, Mode: LEADER, active raft config: opid_index: 2 OBSOLETE_local: false peers { permanent_uuid: "103df389fba446b2a480c81d87c2e982" member_type: VOTER last_known_addr { host: "127.1.164.193" port: 36749 } attrs { replace: true } } peers { permanent_uuid: "46292f8acdbe4119b16d2d9f14090f33" member_type: VOTER last_known_addr { host: "127.1.164.194" port: 36187 } } peers { permanent_uuid: "c4bd17414de1453e85a33290bed26f15" member_type: VOTER last_known_addr { host: "127.1.164.195" port: 36835 } } peers { permanent_uuid: "6169e8dae3ec49e484505fb0bf379d1a" member_type: NON_VOTER last_known_addr { host: "127.1.164.196" port: 39029 } attrs { promote: true } }
I20260710 11:00:20.642256  2686 catalog_manager.cc:5697] T dc5fc727bb7047ec897cac6f700982ce P 103df389fba446b2a480c81d87c2e982 reported cstate change: config changed from index -1 to 2, NON_VOTER 6169e8dae3ec49e484505fb0bf379d1a (127.1.164.196) added. New cstate: current_term: 1 leader_uuid: "103df389fba446b2a480c81d87c2e982" committed_config { opid_index: 2 OBSOLETE_local: false peers { permanent_uuid: "103df389fba446b2a480c81d87c2e982" member_type: VOTER last_known_addr { host: "127.1.164.193" port: 36749 } health_report { overall_health: HEALTHY } } peers { permanent_uuid: "46292f8acdbe4119b16d2d9f14090f33" member_type: VOTER last_known_addr { host: "127.1.164.194" port: 36187 } attrs { replace: true } health_report { overall_health: HEALTHY } } peers { permanent_uuid: "c4bd17414de1453e85a33290bed26f15" member_type: VOTER last_known_addr { host: "127.1.164.195" port: 36835 } health_report { overall_health: HEALTHY } } peers { permanent_uuid: "6169e8dae3ec49e484505fb0bf379d1a" member_type: NON_VOTER last_known_addr { host: "127.1.164.196" port: 39029 } attrs { promote: true } health_report { overall_health: UNKNOWN } } }
I20260710 11:00:20.657392  2862 raft_consensus.cc:1275] T a941e07464284937b9ad15afedbf92a1 P 46292f8acdbe4119b16d2d9f14090f33 [term 1 FOLLOWER]: Refusing update from remote peer c4bd17414de1453e85a33290bed26f15: Log matching property violated. Preceding OpId in replica: term: 1 index: 1. Preceding OpId from leader: term: 1 index: 2. (index mismatch)
W20260710 11:00:20.658442  2901 consensus_peers.cc:597] T a941e07464284937b9ad15afedbf92a1 P c4bd17414de1453e85a33290bed26f15 -> Peer 6169e8dae3ec49e484505fb0bf379d1a (127.1.164.196:39029): Couldn't send request to peer 6169e8dae3ec49e484505fb0bf379d1a. Error code: TABLET_NOT_FOUND (6). Status: Not found: Tablet not found: a941e07464284937b9ad15afedbf92a1. This is attempt 1: this message will repeat every 5th retry.
I20260710 11:00:20.658449  2786 raft_consensus.cc:1275] T a941e07464284937b9ad15afedbf92a1 P 103df389fba446b2a480c81d87c2e982 [term 1 FOLLOWER]: Refusing update from remote peer c4bd17414de1453e85a33290bed26f15: Log matching property violated. Preceding OpId in replica: term: 1 index: 1. Preceding OpId from leader: term: 1 index: 2. (index mismatch)
I20260710 11:00:20.658815  3512 consensus_queue.cc:1048] T a941e07464284937b9ad15afedbf92a1 P c4bd17414de1453e85a33290bed26f15 [LEADER]: Connected to new peer: Peer: permanent_uuid: "46292f8acdbe4119b16d2d9f14090f33" member_type: VOTER last_known_addr { host: "127.1.164.194" port: 36187 }, Status: LMP_MISMATCH, Last received: 0.0, Next index: 2, Last known committed idx: 1, Time since last communication: 0.000s
I20260710 11:00:20.659927  3511 consensus_queue.cc:1048] T a941e07464284937b9ad15afedbf92a1 P c4bd17414de1453e85a33290bed26f15 [LEADER]: Connected to new peer: Peer: permanent_uuid: "103df389fba446b2a480c81d87c2e982" member_type: VOTER last_known_addr { host: "127.1.164.193" port: 36749 } attrs { replace: true }, Status: LMP_MISMATCH, Last received: 0.0, Next index: 2, Last known committed idx: 1, Time since last communication: 0.000s
I20260710 11:00:20.676096  3511 raft_consensus.cc:2955] T a941e07464284937b9ad15afedbf92a1 P c4bd17414de1453e85a33290bed26f15 [term 1 LEADER]: Committing config change with OpId 1.2: config changed from index -1 to 2, NON_VOTER 6169e8dae3ec49e484505fb0bf379d1a (127.1.164.196) added. New config: { opid_index: 2 OBSOLETE_local: false peers { permanent_uuid: "103df389fba446b2a480c81d87c2e982" member_type: VOTER last_known_addr { host: "127.1.164.193" port: 36749 } attrs { replace: true } } peers { permanent_uuid: "46292f8acdbe4119b16d2d9f14090f33" member_type: VOTER last_known_addr { host: "127.1.164.194" port: 36187 } } peers { permanent_uuid: "c4bd17414de1453e85a33290bed26f15" member_type: VOTER last_known_addr { host: "127.1.164.195" port: 36835 } } peers { permanent_uuid: "6169e8dae3ec49e484505fb0bf379d1a" member_type: NON_VOTER last_known_addr { host: "127.1.164.196" port: 39029 } attrs { promote: true } } }
I20260710 11:00:20.684113  2860 raft_consensus.cc:2955] T a941e07464284937b9ad15afedbf92a1 P 46292f8acdbe4119b16d2d9f14090f33 [term 1 FOLLOWER]: Committing config change with OpId 1.2: config changed from index -1 to 2, NON_VOTER 6169e8dae3ec49e484505fb0bf379d1a (127.1.164.196) added. New config: { opid_index: 2 OBSOLETE_local: false peers { permanent_uuid: "103df389fba446b2a480c81d87c2e982" member_type: VOTER last_known_addr { host: "127.1.164.193" port: 36749 } attrs { replace: true } } peers { permanent_uuid: "46292f8acdbe4119b16d2d9f14090f33" member_type: VOTER last_known_addr { host: "127.1.164.194" port: 36187 } } peers { permanent_uuid: "c4bd17414de1453e85a33290bed26f15" member_type: VOTER last_known_addr { host: "127.1.164.195" port: 36835 } } peers { permanent_uuid: "6169e8dae3ec49e484505fb0bf379d1a" member_type: NON_VOTER last_known_addr { host: "127.1.164.196" port: 39029 } attrs { promote: true } } }
I20260710 11:00:20.692807  2684 catalog_manager.cc:5697] T a941e07464284937b9ad15afedbf92a1 P c4bd17414de1453e85a33290bed26f15 reported cstate change: config changed from index -1 to 2, NON_VOTER 6169e8dae3ec49e484505fb0bf379d1a (127.1.164.196) added. New cstate: current_term: 1 leader_uuid: "c4bd17414de1453e85a33290bed26f15" committed_config { opid_index: 2 OBSOLETE_local: false peers { permanent_uuid: "103df389fba446b2a480c81d87c2e982" member_type: VOTER last_known_addr { host: "127.1.164.193" port: 36749 } attrs { replace: true } health_report { overall_health: HEALTHY } } peers { permanent_uuid: "46292f8acdbe4119b16d2d9f14090f33" member_type: VOTER last_known_addr { host: "127.1.164.194" port: 36187 } health_report { overall_health: HEALTHY } } peers { permanent_uuid: "c4bd17414de1453e85a33290bed26f15" member_type: VOTER last_known_addr { host: "127.1.164.195" port: 36835 } health_report { overall_health: HEALTHY } } peers { permanent_uuid: "6169e8dae3ec49e484505fb0bf379d1a" member_type: NON_VOTER last_known_addr { host: "127.1.164.196" port: 39029 } attrs { promote: true } health_report { overall_health: UNKNOWN } } }
I20260710 11:00:20.691942  2786 raft_consensus.cc:2955] T a941e07464284937b9ad15afedbf92a1 P 103df389fba446b2a480c81d87c2e982 [term 1 FOLLOWER]: Committing config change with OpId 1.2: config changed from index -1 to 2, NON_VOTER 6169e8dae3ec49e484505fb0bf379d1a (127.1.164.196) added. New config: { opid_index: 2 OBSOLETE_local: false peers { permanent_uuid: "103df389fba446b2a480c81d87c2e982" member_type: VOTER last_known_addr { host: "127.1.164.193" port: 36749 } attrs { replace: true } } peers { permanent_uuid: "46292f8acdbe4119b16d2d9f14090f33" member_type: VOTER last_known_addr { host: "127.1.164.194" port: 36187 } } peers { permanent_uuid: "c4bd17414de1453e85a33290bed26f15" member_type: VOTER last_known_addr { host: "127.1.164.195" port: 36835 } } peers { permanent_uuid: "6169e8dae3ec49e484505fb0bf379d1a" member_type: NON_VOTER last_known_addr { host: "127.1.164.196" port: 39029 } attrs { promote: true } } }
I20260710 11:00:21.042934  3528 ts_tablet_manager.cc:933] T a941e07464284937b9ad15afedbf92a1 P 6169e8dae3ec49e484505fb0bf379d1a: Initiating tablet copy from peer c4bd17414de1453e85a33290bed26f15 (127.1.164.195:36835)
I20260710 11:00:21.044689  3528 tablet_copy_client.cc:323] T a941e07464284937b9ad15afedbf92a1 P 6169e8dae3ec49e484505fb0bf379d1a: tablet copy: Beginning tablet copy session from remote peer at address 127.1.164.195:36835
I20260710 11:00:21.046044  2947 tablet_copy_service.cc:140] P c4bd17414de1453e85a33290bed26f15: Received BeginTabletCopySession request for tablet a941e07464284937b9ad15afedbf92a1 from peer 6169e8dae3ec49e484505fb0bf379d1a ({username='slave'} at 127.0.0.1:48010)
I20260710 11:00:21.046478  2947 tablet_copy_service.cc:161] P c4bd17414de1453e85a33290bed26f15: Beginning new tablet copy session on tablet a941e07464284937b9ad15afedbf92a1 from peer 6169e8dae3ec49e484505fb0bf379d1a at {username='slave'} at 127.0.0.1:48010: session id = 6169e8dae3ec49e484505fb0bf379d1a-a941e07464284937b9ad15afedbf92a1
I20260710 11:00:21.051153  2947 tablet_copy_source_session.cc:215] T a941e07464284937b9ad15afedbf92a1 P c4bd17414de1453e85a33290bed26f15: Tablet Copy: opened 0 blocks and 1 log segments
I20260710 11:00:21.053390  3528 data_dirs.cc:400] Could only allocate 1 dirs of requested 3 for tablet a941e07464284937b9ad15afedbf92a1. 1 dirs total, 0 dirs full, 0 dirs failed
I20260710 11:00:21.065121  3528 tablet_copy_client.cc:806] T a941e07464284937b9ad15afedbf92a1 P 6169e8dae3ec49e484505fb0bf379d1a: tablet copy: Starting download of 0 data blocks...
I20260710 11:00:21.065631  3528 tablet_copy_client.cc:670] T a941e07464284937b9ad15afedbf92a1 P 6169e8dae3ec49e484505fb0bf379d1a: tablet copy: Starting download of 1 WAL segments...
I20260710 11:00:21.068603  3528 tablet_copy_client.cc:538] T a941e07464284937b9ad15afedbf92a1 P 6169e8dae3ec49e484505fb0bf379d1a: tablet copy: Tablet Copy complete. Replacing tablet superblock.
I20260710 11:00:21.073956  3528 tablet_bootstrap.cc:492] T a941e07464284937b9ad15afedbf92a1 P 6169e8dae3ec49e484505fb0bf379d1a: Bootstrap starting.
I20260710 11:00:21.090413  3528 tablet_bootstrap.cc:492] T a941e07464284937b9ad15afedbf92a1 P 6169e8dae3ec49e484505fb0bf379d1a: Bootstrap replayed 1/1 log segments. Stats: ops{read=2 overwritten=0 applied=2 ignored=0} inserts{seen=0 ignored=0} mutations{seen=0 ignored=0} orphaned_commits=0. Pending: 0 replicates
I20260710 11:00:21.091188  3528 tablet_bootstrap.cc:492] T a941e07464284937b9ad15afedbf92a1 P 6169e8dae3ec49e484505fb0bf379d1a: Bootstrap complete.
I20260710 11:00:21.091867  3528 ts_tablet_manager.cc:1403] T a941e07464284937b9ad15afedbf92a1 P 6169e8dae3ec49e484505fb0bf379d1a: Time spent bootstrapping tablet: real 0.018s	user 0.018s	sys 0.001s
I20260710 11:00:21.092109  3531 ts_tablet_manager.cc:933] T dc5fc727bb7047ec897cac6f700982ce P 6169e8dae3ec49e484505fb0bf379d1a: Initiating tablet copy from peer 103df389fba446b2a480c81d87c2e982 (127.1.164.193:36749)
I20260710 11:00:21.093917  3531 tablet_copy_client.cc:323] T dc5fc727bb7047ec897cac6f700982ce P 6169e8dae3ec49e484505fb0bf379d1a: tablet copy: Beginning tablet copy session from remote peer at address 127.1.164.193:36749
I20260710 11:00:21.094725  3528 raft_consensus.cc:359] T a941e07464284937b9ad15afedbf92a1 P 6169e8dae3ec49e484505fb0bf379d1a [term 1 LEARNER]: Replica starting. Triggering 0 pending ops. Active config: opid_index: 2 OBSOLETE_local: false peers { permanent_uuid: "103df389fba446b2a480c81d87c2e982" member_type: VOTER last_known_addr { host: "127.1.164.193" port: 36749 } attrs { replace: true } } peers { permanent_uuid: "46292f8acdbe4119b16d2d9f14090f33" member_type: VOTER last_known_addr { host: "127.1.164.194" port: 36187 } } peers { permanent_uuid: "c4bd17414de1453e85a33290bed26f15" member_type: VOTER last_known_addr { host: "127.1.164.195" port: 36835 } } peers { permanent_uuid: "6169e8dae3ec49e484505fb0bf379d1a" member_type: NON_VOTER last_known_addr { host: "127.1.164.196" port: 39029 } attrs { promote: true } }
I20260710 11:00:21.095522  3528 raft_consensus.cc:740] T a941e07464284937b9ad15afedbf92a1 P 6169e8dae3ec49e484505fb0bf379d1a [term 1 LEARNER]: Becoming Follower/Learner. State: Replica: 6169e8dae3ec49e484505fb0bf379d1a, State: Initialized, Role: LEARNER
I20260710 11:00:21.095485  2798 tablet_copy_service.cc:140] P 103df389fba446b2a480c81d87c2e982: Received BeginTabletCopySession request for tablet dc5fc727bb7047ec897cac6f700982ce from peer 6169e8dae3ec49e484505fb0bf379d1a ({username='slave'} at 127.0.0.1:38246)
I20260710 11:00:21.096174  2798 tablet_copy_service.cc:161] P 103df389fba446b2a480c81d87c2e982: Beginning new tablet copy session on tablet dc5fc727bb7047ec897cac6f700982ce from peer 6169e8dae3ec49e484505fb0bf379d1a at {username='slave'} at 127.0.0.1:38246: session id = 6169e8dae3ec49e484505fb0bf379d1a-dc5fc727bb7047ec897cac6f700982ce
I20260710 11:00:21.096290  3528 consensus_queue.cc:260] T a941e07464284937b9ad15afedbf92a1 P 6169e8dae3ec49e484505fb0bf379d1a [NON_LEADER]: Queue going to NON_LEADER mode. State: All replicated index: 0, Majority replicated index: 0, Committed index: 2, Last appended: 1.2, Last appended by leader: 2, Current term: 0, Majority size: -1, State: 0, Mode: NON_LEADER, active raft config: opid_index: 2 OBSOLETE_local: false peers { permanent_uuid: "103df389fba446b2a480c81d87c2e982" member_type: VOTER last_known_addr { host: "127.1.164.193" port: 36749 } attrs { replace: true } } peers { permanent_uuid: "46292f8acdbe4119b16d2d9f14090f33" member_type: VOTER last_known_addr { host: "127.1.164.194" port: 36187 } } peers { permanent_uuid: "c4bd17414de1453e85a33290bed26f15" member_type: VOTER last_known_addr { host: "127.1.164.195" port: 36835 } } peers { permanent_uuid: "6169e8dae3ec49e484505fb0bf379d1a" member_type: NON_VOTER last_known_addr { host: "127.1.164.196" port: 39029 } attrs { promote: true } }
I20260710 11:00:21.103176  3528 ts_tablet_manager.cc:1434] T a941e07464284937b9ad15afedbf92a1 P 6169e8dae3ec49e484505fb0bf379d1a: Time spent starting tablet: real 0.011s	user 0.004s	sys 0.005s
I20260710 11:00:21.105669  2947 tablet_copy_service.cc:342] P c4bd17414de1453e85a33290bed26f15: Request end of tablet copy session 6169e8dae3ec49e484505fb0bf379d1a-a941e07464284937b9ad15afedbf92a1 received from {username='slave'} at 127.0.0.1:48010
I20260710 11:00:21.105803  2798 tablet_copy_source_session.cc:215] T dc5fc727bb7047ec897cac6f700982ce P 103df389fba446b2a480c81d87c2e982: Tablet Copy: opened 0 blocks and 1 log segments
I20260710 11:00:21.106055  2947 tablet_copy_service.cc:434] P c4bd17414de1453e85a33290bed26f15: ending tablet copy session 6169e8dae3ec49e484505fb0bf379d1a-a941e07464284937b9ad15afedbf92a1 on tablet a941e07464284937b9ad15afedbf92a1 with peer 6169e8dae3ec49e484505fb0bf379d1a
I20260710 11:00:21.109193  3531 data_dirs.cc:400] Could only allocate 1 dirs of requested 3 for tablet dc5fc727bb7047ec897cac6f700982ce. 1 dirs total, 0 dirs full, 0 dirs failed
I20260710 11:00:21.119261  3531 tablet_copy_client.cc:806] T dc5fc727bb7047ec897cac6f700982ce P 6169e8dae3ec49e484505fb0bf379d1a: tablet copy: Starting download of 0 data blocks...
I20260710 11:00:21.119788  3531 tablet_copy_client.cc:670] T dc5fc727bb7047ec897cac6f700982ce P 6169e8dae3ec49e484505fb0bf379d1a: tablet copy: Starting download of 1 WAL segments...
I20260710 11:00:21.122980  3531 tablet_copy_client.cc:538] T dc5fc727bb7047ec897cac6f700982ce P 6169e8dae3ec49e484505fb0bf379d1a: tablet copy: Tablet Copy complete. Replacing tablet superblock.
I20260710 11:00:21.130584  3531 tablet_bootstrap.cc:492] T dc5fc727bb7047ec897cac6f700982ce P 6169e8dae3ec49e484505fb0bf379d1a: Bootstrap starting.
I20260710 11:00:21.150409  3531 tablet_bootstrap.cc:492] T dc5fc727bb7047ec897cac6f700982ce P 6169e8dae3ec49e484505fb0bf379d1a: Bootstrap replayed 1/1 log segments. Stats: ops{read=2 overwritten=0 applied=2 ignored=0} inserts{seen=0 ignored=0} mutations{seen=0 ignored=0} orphaned_commits=0. Pending: 0 replicates
I20260710 11:00:21.151234  3531 tablet_bootstrap.cc:492] T dc5fc727bb7047ec897cac6f700982ce P 6169e8dae3ec49e484505fb0bf379d1a: Bootstrap complete.
I20260710 11:00:21.151852  3531 ts_tablet_manager.cc:1403] T dc5fc727bb7047ec897cac6f700982ce P 6169e8dae3ec49e484505fb0bf379d1a: Time spent bootstrapping tablet: real 0.021s	user 0.019s	sys 0.000s
I20260710 11:00:21.154675  3531 raft_consensus.cc:359] T dc5fc727bb7047ec897cac6f700982ce P 6169e8dae3ec49e484505fb0bf379d1a [term 1 LEARNER]: Replica starting. Triggering 0 pending ops. Active config: opid_index: 2 OBSOLETE_local: false peers { permanent_uuid: "103df389fba446b2a480c81d87c2e982" member_type: VOTER last_known_addr { host: "127.1.164.193" port: 36749 } } peers { permanent_uuid: "46292f8acdbe4119b16d2d9f14090f33" member_type: VOTER last_known_addr { host: "127.1.164.194" port: 36187 } attrs { replace: true } } peers { permanent_uuid: "c4bd17414de1453e85a33290bed26f15" member_type: VOTER last_known_addr { host: "127.1.164.195" port: 36835 } } peers { permanent_uuid: "6169e8dae3ec49e484505fb0bf379d1a" member_type: NON_VOTER last_known_addr { host: "127.1.164.196" port: 39029 } attrs { promote: true } }
I20260710 11:00:21.155586  3531 raft_consensus.cc:740] T dc5fc727bb7047ec897cac6f700982ce P 6169e8dae3ec49e484505fb0bf379d1a [term 1 LEARNER]: Becoming Follower/Learner. State: Replica: 6169e8dae3ec49e484505fb0bf379d1a, State: Initialized, Role: LEARNER
I20260710 11:00:21.156222  3531 consensus_queue.cc:260] T dc5fc727bb7047ec897cac6f700982ce P 6169e8dae3ec49e484505fb0bf379d1a [NON_LEADER]: Queue going to NON_LEADER mode. State: All replicated index: 0, Majority replicated index: 0, Committed index: 2, Last appended: 1.2, Last appended by leader: 2, Current term: 0, Majority size: -1, State: 0, Mode: NON_LEADER, active raft config: opid_index: 2 OBSOLETE_local: false peers { permanent_uuid: "103df389fba446b2a480c81d87c2e982" member_type: VOTER last_known_addr { host: "127.1.164.193" port: 36749 } } peers { permanent_uuid: "46292f8acdbe4119b16d2d9f14090f33" member_type: VOTER last_known_addr { host: "127.1.164.194" port: 36187 } attrs { replace: true } } peers { permanent_uuid: "c4bd17414de1453e85a33290bed26f15" member_type: VOTER last_known_addr { host: "127.1.164.195" port: 36835 } } peers { permanent_uuid: "6169e8dae3ec49e484505fb0bf379d1a" member_type: NON_VOTER last_known_addr { host: "127.1.164.196" port: 39029 } attrs { promote: true } }
I20260710 11:00:21.158552  3531 ts_tablet_manager.cc:1434] T dc5fc727bb7047ec897cac6f700982ce P 6169e8dae3ec49e484505fb0bf379d1a: Time spent starting tablet: real 0.006s	user 0.008s	sys 0.000s
I20260710 11:00:21.160073  2798 tablet_copy_service.cc:342] P 103df389fba446b2a480c81d87c2e982: Request end of tablet copy session 6169e8dae3ec49e484505fb0bf379d1a-dc5fc727bb7047ec897cac6f700982ce received from {username='slave'} at 127.0.0.1:38246
I20260710 11:00:21.160491  2798 tablet_copy_service.cc:434] P 103df389fba446b2a480c81d87c2e982: ending tablet copy session 6169e8dae3ec49e484505fb0bf379d1a-dc5fc727bb7047ec897cac6f700982ce on tablet dc5fc727bb7047ec897cac6f700982ce with peer 6169e8dae3ec49e484505fb0bf379d1a
I20260710 11:00:21.503552  3196 raft_consensus.cc:1217] T a941e07464284937b9ad15afedbf92a1 P 6169e8dae3ec49e484505fb0bf379d1a [term 1 LEARNER]: Deduplicated request from leader. Original: 1.1->[1.2-1.2]   Dedup: 1.2->[]
I20260710 11:00:22.627957  3536 raft_consensus.cc:493] T cc846087c8ae452caefb1eeb794c0e35 P 46292f8acdbe4119b16d2d9f14090f33 [term 1 FOLLOWER]: Starting pre-election (detected failure of leader 103df389fba446b2a480c81d87c2e982)
I20260710 11:00:22.628805  3536 raft_consensus.cc:515] T cc846087c8ae452caefb1eeb794c0e35 P 46292f8acdbe4119b16d2d9f14090f33 [term 1 FOLLOWER]: Starting pre-election with config: opid_index: 4 OBSOLETE_local: false peers { permanent_uuid: "103df389fba446b2a480c81d87c2e982" member_type: VOTER last_known_addr { host: "127.1.164.193" port: 36749 } } peers { permanent_uuid: "46292f8acdbe4119b16d2d9f14090f33" member_type: VOTER last_known_addr { host: "127.1.164.194" port: 36187 } } peers { permanent_uuid: "6169e8dae3ec49e484505fb0bf379d1a" member_type: VOTER last_known_addr { host: "127.1.164.196" port: 39029 } attrs { promote: false } }
I20260710 11:00:22.631812  3536 leader_election.cc:290] T cc846087c8ae452caefb1eeb794c0e35 P 46292f8acdbe4119b16d2d9f14090f33 [CANDIDATE]: Term 2 pre-election: Requested pre-vote from peers 103df389fba446b2a480c81d87c2e982 (127.1.164.193:36749), 6169e8dae3ec49e484505fb0bf379d1a (127.1.164.196:39029)
I20260710 11:00:22.792869  3538 raft_consensus.cc:493] T 9346643013384ab6a598a9acc5b927d6 P 46292f8acdbe4119b16d2d9f14090f33 [term 1 FOLLOWER]: Starting pre-election (detected failure of leader 103df389fba446b2a480c81d87c2e982)
I20260710 11:00:22.796324  3537 raft_consensus.cc:493] T a941e07464284937b9ad15afedbf92a1 P 46292f8acdbe4119b16d2d9f14090f33 [term 1 FOLLOWER]: Starting pre-election (detected failure of leader c4bd17414de1453e85a33290bed26f15)
I20260710 11:00:22.797686  3537 raft_consensus.cc:515] T a941e07464284937b9ad15afedbf92a1 P 46292f8acdbe4119b16d2d9f14090f33 [term 1 FOLLOWER]: Starting pre-election with config: opid_index: 2 OBSOLETE_local: false peers { permanent_uuid: "103df389fba446b2a480c81d87c2e982" member_type: VOTER last_known_addr { host: "127.1.164.193" port: 36749 } attrs { replace: true } } peers { permanent_uuid: "46292f8acdbe4119b16d2d9f14090f33" member_type: VOTER last_known_addr { host: "127.1.164.194" port: 36187 } } peers { permanent_uuid: "c4bd17414de1453e85a33290bed26f15" member_type: VOTER last_known_addr { host: "127.1.164.195" port: 36835 } } peers { permanent_uuid: "6169e8dae3ec49e484505fb0bf379d1a" member_type: NON_VOTER last_known_addr { host: "127.1.164.196" port: 39029 } attrs { promote: true } }
I20260710 11:00:22.795517  3538 raft_consensus.cc:515] T 9346643013384ab6a598a9acc5b927d6 P 46292f8acdbe4119b16d2d9f14090f33 [term 1 FOLLOWER]: Starting pre-election with config: opid_index: 4 OBSOLETE_local: false peers { permanent_uuid: "103df389fba446b2a480c81d87c2e982" member_type: VOTER last_known_addr { host: "127.1.164.193" port: 36749 } } peers { permanent_uuid: "46292f8acdbe4119b16d2d9f14090f33" member_type: VOTER last_known_addr { host: "127.1.164.194" port: 36187 } } peers { permanent_uuid: "6169e8dae3ec49e484505fb0bf379d1a" member_type: VOTER last_known_addr { host: "127.1.164.196" port: 39029 } attrs { promote: false } }
I20260710 11:00:22.807077  3538 leader_election.cc:290] T 9346643013384ab6a598a9acc5b927d6 P 46292f8acdbe4119b16d2d9f14090f33 [CANDIDATE]: Term 2 pre-election: Requested pre-vote from peers 103df389fba446b2a480c81d87c2e982 (127.1.164.193:36749), 6169e8dae3ec49e484505fb0bf379d1a (127.1.164.196:39029)
I20260710 11:00:22.801409  3536 raft_consensus.cc:493] T dc5fc727bb7047ec897cac6f700982ce P 46292f8acdbe4119b16d2d9f14090f33 [term 1 FOLLOWER]: Starting pre-election (detected failure of leader 103df389fba446b2a480c81d87c2e982)
I20260710 11:00:22.832715  3536 raft_consensus.cc:515] T dc5fc727bb7047ec897cac6f700982ce P 46292f8acdbe4119b16d2d9f14090f33 [term 1 FOLLOWER]: Starting pre-election with config: opid_index: 2 OBSOLETE_local: false peers { permanent_uuid: "103df389fba446b2a480c81d87c2e982" member_type: VOTER last_known_addr { host: "127.1.164.193" port: 36749 } } peers { permanent_uuid: "46292f8acdbe4119b16d2d9f14090f33" member_type: VOTER last_known_addr { host: "127.1.164.194" port: 36187 } attrs { replace: true } } peers { permanent_uuid: "c4bd17414de1453e85a33290bed26f15" member_type: VOTER last_known_addr { host: "127.1.164.195" port: 36835 } } peers { permanent_uuid: "6169e8dae3ec49e484505fb0bf379d1a" member_type: NON_VOTER last_known_addr { host: "127.1.164.196" port: 39029 } attrs { promote: true } }
I20260710 11:00:22.837170  3536 leader_election.cc:290] T dc5fc727bb7047ec897cac6f700982ce P 46292f8acdbe4119b16d2d9f14090f33 [CANDIDATE]: Term 2 pre-election: Requested pre-vote from peers 103df389fba446b2a480c81d87c2e982 (127.1.164.193:36749), c4bd17414de1453e85a33290bed26f15 (127.1.164.195:36835)
I20260710 11:00:22.842283  3547 raft_consensus.cc:493] T a931f169913f4906a0779a2bf9e01b50 P 6169e8dae3ec49e484505fb0bf379d1a [term 1 FOLLOWER]: Starting pre-election (detected failure of leader 46292f8acdbe4119b16d2d9f14090f33)
