I20260710 11:08:18.820746 23686 leader_election.cc:304] T 1d179f19ad2649c5b19f7db91e03cc98 P ee1c621418cd44e8a65e5a97b5e5744e [CANDIDATE]: Term 1 pre-election: Election decided. Result: candidate won. Election summary: received 3 responses out of 3 voters: 2 yes votes; 1 no votes. yes voters: 1bcded7dc921432fb8934e3cd9763e31, ee1c621418cd44e8a65e5a97b5e5744e; no voters: 335f71a08eeb4574ba3033dc4f125377
I20260710 11:08:18.822183 23917 raft_consensus.cc:2804] T 1d179f19ad2649c5b19f7db91e03cc98 P ee1c621418cd44e8a65e5a97b5e5744e [term 0 FOLLOWER]: Leader pre-election won for term 1
I20260710 11:08:18.822810 23917 raft_consensus.cc:493] T 1d179f19ad2649c5b19f7db91e03cc98 P ee1c621418cd44e8a65e5a97b5e5744e [term 0 FOLLOWER]: Starting leader election (no leader contacted us within the election timeout)
I20260710 11:08:18.823278 23917 raft_consensus.cc:3060] T 1d179f19ad2649c5b19f7db91e03cc98 P ee1c621418cd44e8a65e5a97b5e5744e [term 0 FOLLOWER]: Advancing to term 1
I20260710 11:08:18.824012 23911 tablet_bootstrap.cc:654] T b522cd7f86d6461aa424ab4bb076a461 P ee1c621418cd44e8a65e5a97b5e5744e: Neither blocks nor log segments found. Creating new log.
I20260710 11:08:18.824472 23913 ts_tablet_manager.cc:1434] T ce9799111e7444e3923c046a769a9adb P 335f71a08eeb4574ba3033dc4f125377: Time spent starting tablet: real 0.013s	user 0.007s	sys 0.000s
I20260710 11:08:18.825405 23913 tablet_bootstrap.cc:492] T de8e3624c47647df919b62105a9cf813 P 335f71a08eeb4574ba3033dc4f125377: Bootstrap starting.
I20260710 11:08:18.831971 23939 raft_consensus.cc:2749] T d3297f8580e146b3b55d4b24fbf5ff35 P 335f71a08eeb4574ba3033dc4f125377 [term 1 FOLLOWER]: Leader pre-election lost for term 1. Reason: could not achieve majority
I20260710 11:08:18.834782 23917 raft_consensus.cc:515] T 1d179f19ad2649c5b19f7db91e03cc98 P ee1c621418cd44e8a65e5a97b5e5744e [term 1 FOLLOWER]: Starting leader election with config: opid_index: -1 OBSOLETE_local: false peers { permanent_uuid: "ee1c621418cd44e8a65e5a97b5e5744e" member_type: VOTER last_known_addr { host: "127.22.19.129" port: 40169 } } peers { permanent_uuid: "1bcded7dc921432fb8934e3cd9763e31" member_type: VOTER last_known_addr { host: "127.22.19.130" port: 38897 } } peers { permanent_uuid: "335f71a08eeb4574ba3033dc4f125377" member_type: VOTER last_known_addr { host: "127.22.19.131" port: 39339 } }
I20260710 11:08:18.838330 23917 leader_election.cc:290] T 1d179f19ad2649c5b19f7db91e03cc98 P ee1c621418cd44e8a65e5a97b5e5744e [CANDIDATE]: Term 1 election: Requested vote from peers 1bcded7dc921432fb8934e3cd9763e31 (127.22.19.130:38897), 335f71a08eeb4574ba3033dc4f125377 (127.22.19.131:39339)
I20260710 11:08:18.838163 23796 tablet_service.cc:1917] Received RequestConsensusVote() RPC: tablet_id: "1d179f19ad2649c5b19f7db91e03cc98" candidate_uuid: "ee1c621418cd44e8a65e5a97b5e5744e" candidate_term: 1 candidate_status { last_received { term: 0 index: 0 } } ignore_live_leader: false dest_uuid: "1bcded7dc921432fb8934e3cd9763e31"
I20260710 11:08:18.838649 23870 tablet_service.cc:1917] Received RequestConsensusVote() RPC: tablet_id: "1d179f19ad2649c5b19f7db91e03cc98" candidate_uuid: "ee1c621418cd44e8a65e5a97b5e5744e" candidate_term: 1 candidate_status { last_received { term: 0 index: 0 } } ignore_live_leader: false dest_uuid: "335f71a08eeb4574ba3033dc4f125377"
I20260710 11:08:18.839164 23796 raft_consensus.cc:3060] T 1d179f19ad2649c5b19f7db91e03cc98 P 1bcded7dc921432fb8934e3cd9763e31 [term 0 FOLLOWER]: Advancing to term 1
W20260710 11:08:18.839723 23688 leader_election.cc:343] T 1d179f19ad2649c5b19f7db91e03cc98 P ee1c621418cd44e8a65e5a97b5e5744e [CANDIDATE]: Term 1 election: Tablet error from VoteRequest() call to peer 335f71a08eeb4574ba3033dc4f125377 (127.22.19.131:39339): Illegal state: must be running to vote when last-logged opid is not known
I20260710 11:08:18.845913 23913 tablet_bootstrap.cc:654] T de8e3624c47647df919b62105a9cf813 P 335f71a08eeb4574ba3033dc4f125377: Neither blocks nor log segments found. Creating new log.
I20260710 11:08:18.849663 23912 tablet_bootstrap.cc:492] T 4ed4f367eb3740eda8bbafde3fb0755a P 1bcded7dc921432fb8934e3cd9763e31: No bootstrap required, opened a new log
I20260710 11:08:18.850224 23912 ts_tablet_manager.cc:1403] T 4ed4f367eb3740eda8bbafde3fb0755a P 1bcded7dc921432fb8934e3cd9763e31: Time spent bootstrapping tablet: real 0.065s	user 0.011s	sys 0.010s
I20260710 11:08:18.849491 23796 raft_consensus.cc:2468] T 1d179f19ad2649c5b19f7db91e03cc98 P 1bcded7dc921432fb8934e3cd9763e31 [term 1 FOLLOWER]: Leader election vote request: Granting yes vote for candidate ee1c621418cd44e8a65e5a97b5e5744e in term 1.
I20260710 11:08:18.850894 23911 tablet_bootstrap.cc:492] T b522cd7f86d6461aa424ab4bb076a461 P ee1c621418cd44e8a65e5a97b5e5744e: No bootstrap required, opened a new log
I20260710 11:08:18.851461 23911 ts_tablet_manager.cc:1403] T b522cd7f86d6461aa424ab4bb076a461 P ee1c621418cd44e8a65e5a97b5e5744e: Time spent bootstrapping tablet: real 0.048s	user 0.003s	sys 0.013s
I20260710 11:08:18.852058 23686 leader_election.cc:304] T 1d179f19ad2649c5b19f7db91e03cc98 P ee1c621418cd44e8a65e5a97b5e5744e [CANDIDATE]: Term 1 election: Election decided. Result: candidate won. Election summary: received 3 responses out of 3 voters: 2 yes votes; 1 no votes. yes voters: 1bcded7dc921432fb8934e3cd9763e31, ee1c621418cd44e8a65e5a97b5e5744e; no voters: 335f71a08eeb4574ba3033dc4f125377
I20260710 11:08:18.853152 23912 raft_consensus.cc:359] T 4ed4f367eb3740eda8bbafde3fb0755a P 1bcded7dc921432fb8934e3cd9763e31 [term 0 FOLLOWER]: Replica starting. Triggering 0 pending ops. Active config: opid_index: -1 OBSOLETE_local: false peers { permanent_uuid: "ee1c621418cd44e8a65e5a97b5e5744e" member_type: VOTER last_known_addr { host: "127.22.19.129" port: 40169 } } peers { permanent_uuid: "1bcded7dc921432fb8934e3cd9763e31" member_type: VOTER last_known_addr { host: "127.22.19.130" port: 38897 } } peers { permanent_uuid: "335f71a08eeb4574ba3033dc4f125377" member_type: VOTER last_known_addr { host: "127.22.19.131" port: 39339 } }
I20260710 11:08:18.854085 23912 raft_consensus.cc:385] T 4ed4f367eb3740eda8bbafde3fb0755a P 1bcded7dc921432fb8934e3cd9763e31 [term 0 FOLLOWER]: Consensus starting up: Expiring failure detector timer to make a prompt election more likely
I20260710 11:08:18.854508 23912 raft_consensus.cc:740] T 4ed4f367eb3740eda8bbafde3fb0755a P 1bcded7dc921432fb8934e3cd9763e31 [term 0 FOLLOWER]: Becoming Follower/Learner. State: Replica: 1bcded7dc921432fb8934e3cd9763e31, State: Initialized, Role: FOLLOWER
I20260710 11:08:18.854176 23911 raft_consensus.cc:359] T b522cd7f86d6461aa424ab4bb076a461 P ee1c621418cd44e8a65e5a97b5e5744e [term 0 FOLLOWER]: Replica starting. Triggering 0 pending ops. Active config: opid_index: -1 OBSOLETE_local: false peers { permanent_uuid: "ee1c621418cd44e8a65e5a97b5e5744e" member_type: VOTER last_known_addr { host: "127.22.19.129" port: 40169 } } peers { permanent_uuid: "1bcded7dc921432fb8934e3cd9763e31" member_type: VOTER last_known_addr { host: "127.22.19.130" port: 38897 } } peers { permanent_uuid: "335f71a08eeb4574ba3033dc4f125377" member_type: VOTER last_known_addr { host: "127.22.19.131" port: 39339 } }
I20260710 11:08:18.855072 23911 raft_consensus.cc:385] T b522cd7f86d6461aa424ab4bb076a461 P ee1c621418cd44e8a65e5a97b5e5744e [term 0 FOLLOWER]: Consensus starting up: Expiring failure detector timer to make a prompt election more likely
I20260710 11:08:18.855654 23917 raft_consensus.cc:2804] T 1d179f19ad2649c5b19f7db91e03cc98 P ee1c621418cd44e8a65e5a97b5e5744e [term 1 FOLLOWER]: Leader election won for term 1
I20260710 11:08:18.855443 23912 consensus_queue.cc:260] T 4ed4f367eb3740eda8bbafde3fb0755a P 1bcded7dc921432fb8934e3cd9763e31 [NON_LEADER]: Queue going to NON_LEADER mode. State: All replicated index: 0, Majority replicated index: 0, Committed index: 0, Last appended: 0.0, Last appended by leader: 0, Current term: 0, Majority size: -1, State: 0, Mode: NON_LEADER, active raft config: opid_index: -1 OBSOLETE_local: false peers { permanent_uuid: "ee1c621418cd44e8a65e5a97b5e5744e" member_type: VOTER last_known_addr { host: "127.22.19.129" port: 40169 } } peers { permanent_uuid: "1bcded7dc921432fb8934e3cd9763e31" member_type: VOTER last_known_addr { host: "127.22.19.130" port: 38897 } } peers { permanent_uuid: "335f71a08eeb4574ba3033dc4f125377" member_type: VOTER last_known_addr { host: "127.22.19.131" port: 39339 } }
I20260710 11:08:18.856132 23917 raft_consensus.cc:697] T 1d179f19ad2649c5b19f7db91e03cc98 P ee1c621418cd44e8a65e5a97b5e5744e [term 1 LEADER]: Becoming Leader. State: Replica: ee1c621418cd44e8a65e5a97b5e5744e, State: Running, Role: LEADER
I20260710 11:08:18.856945 23917 consensus_queue.cc:237] T 1d179f19ad2649c5b19f7db91e03cc98 P ee1c621418cd44e8a65e5a97b5e5744e [LEADER]: Queue going to LEADER mode. State: All replicated index: 0, Majority replicated index: 0, Committed index: 0, Last appended: 0.0, Last appended by leader: 0, Current term: 1, Majority size: 2, State: 0, Mode: LEADER, active raft config: opid_index: -1 OBSOLETE_local: false peers { permanent_uuid: "ee1c621418cd44e8a65e5a97b5e5744e" member_type: VOTER last_known_addr { host: "127.22.19.129" port: 40169 } } peers { permanent_uuid: "1bcded7dc921432fb8934e3cd9763e31" member_type: VOTER last_known_addr { host: "127.22.19.130" port: 38897 } } peers { permanent_uuid: "335f71a08eeb4574ba3033dc4f125377" member_type: VOTER last_known_addr { host: "127.22.19.131" port: 39339 } }
I20260710 11:08:18.858170 23912 ts_tablet_manager.cc:1434] T 4ed4f367eb3740eda8bbafde3fb0755a P 1bcded7dc921432fb8934e3cd9763e31: Time spent starting tablet: real 0.008s	user 0.008s	sys 0.000s
I20260710 11:08:18.859342 23912 tablet_bootstrap.cc:492] T b522cd7f86d6461aa424ab4bb076a461 P 1bcded7dc921432fb8934e3cd9763e31: Bootstrap starting.
I20260710 11:08:18.861104 23619 catalog_manager.cc:5697] T de8e3624c47647df919b62105a9cf813 P 1bcded7dc921432fb8934e3cd9763e31 reported cstate change: term changed from 0 to 1, leader changed from <none> to 1bcded7dc921432fb8934e3cd9763e31 (127.22.19.130). New cstate: current_term: 1 leader_uuid: "1bcded7dc921432fb8934e3cd9763e31" committed_config { opid_index: -1 OBSOLETE_local: false peers { permanent_uuid: "ee1c621418cd44e8a65e5a97b5e5744e" member_type: VOTER last_known_addr { host: "127.22.19.129" port: 40169 } health_report { overall_health: UNKNOWN } } peers { permanent_uuid: "1bcded7dc921432fb8934e3cd9763e31" member_type: VOTER last_known_addr { host: "127.22.19.130" port: 38897 } health_report { overall_health: HEALTHY } } peers { permanent_uuid: "335f71a08eeb4574ba3033dc4f125377" member_type: VOTER last_known_addr { host: "127.22.19.131" port: 39339 } health_report { overall_health: UNKNOWN } } }
I20260710 11:08:18.865607 23911 raft_consensus.cc:740] T b522cd7f86d6461aa424ab4bb076a461 P ee1c621418cd44e8a65e5a97b5e5744e [term 0 FOLLOWER]: Becoming Follower/Learner. State: Replica: ee1c621418cd44e8a65e5a97b5e5744e, State: Initialized, Role: FOLLOWER
I20260710 11:08:18.867292 23912 tablet_bootstrap.cc:654] T b522cd7f86d6461aa424ab4bb076a461 P 1bcded7dc921432fb8934e3cd9763e31: Neither blocks nor log segments found. Creating new log.
I20260710 11:08:18.867964 23911 consensus_queue.cc:260] T b522cd7f86d6461aa424ab4bb076a461 P ee1c621418cd44e8a65e5a97b5e5744e [NON_LEADER]: Queue going to NON_LEADER mode. State: All replicated index: 0, Majority replicated index: 0, Committed index: 0, Last appended: 0.0, Last appended by leader: 0, Current term: 0, Majority size: -1, State: 0, Mode: NON_LEADER, active raft config: opid_index: -1 OBSOLETE_local: false peers { permanent_uuid: "ee1c621418cd44e8a65e5a97b5e5744e" member_type: VOTER last_known_addr { host: "127.22.19.129" port: 40169 } } peers { permanent_uuid: "1bcded7dc921432fb8934e3cd9763e31" member_type: VOTER last_known_addr { host: "127.22.19.130" port: 38897 } } peers { permanent_uuid: "335f71a08eeb4574ba3033dc4f125377" member_type: VOTER last_known_addr { host: "127.22.19.131" port: 39339 } }
I20260710 11:08:18.875617 23913 tablet_bootstrap.cc:492] T de8e3624c47647df919b62105a9cf813 P 335f71a08eeb4574ba3033dc4f125377: No bootstrap required, opened a new log
I20260710 11:08:18.876263 23913 ts_tablet_manager.cc:1403] T de8e3624c47647df919b62105a9cf813 P 335f71a08eeb4574ba3033dc4f125377: Time spent bootstrapping tablet: real 0.051s	user 0.020s	sys 0.012s
I20260710 11:08:18.879222 23913 raft_consensus.cc:359] T de8e3624c47647df919b62105a9cf813 P 335f71a08eeb4574ba3033dc4f125377 [term 0 FOLLOWER]: Replica starting. Triggering 0 pending ops. Active config: opid_index: -1 OBSOLETE_local: false peers { permanent_uuid: "ee1c621418cd44e8a65e5a97b5e5744e" member_type: VOTER last_known_addr { host: "127.22.19.129" port: 40169 } } peers { permanent_uuid: "1bcded7dc921432fb8934e3cd9763e31" member_type: VOTER last_known_addr { host: "127.22.19.130" port: 38897 } } peers { permanent_uuid: "335f71a08eeb4574ba3033dc4f125377" member_type: VOTER last_known_addr { host: "127.22.19.131" port: 39339 } }
I20260710 11:08:18.879884 23913 raft_consensus.cc:385] T de8e3624c47647df919b62105a9cf813 P 335f71a08eeb4574ba3033dc4f125377 [term 0 FOLLOWER]: Consensus starting up: Expiring failure detector timer to make a prompt election more likely
I20260710 11:08:18.880128 23913 raft_consensus.cc:740] T de8e3624c47647df919b62105a9cf813 P 335f71a08eeb4574ba3033dc4f125377 [term 0 FOLLOWER]: Becoming Follower/Learner. State: Replica: 335f71a08eeb4574ba3033dc4f125377, State: Initialized, Role: FOLLOWER
I20260710 11:08:18.880888 23913 consensus_queue.cc:260] T de8e3624c47647df919b62105a9cf813 P 335f71a08eeb4574ba3033dc4f125377 [NON_LEADER]: Queue going to NON_LEADER mode. State: All replicated index: 0, Majority replicated index: 0, Committed index: 0, Last appended: 0.0, Last appended by leader: 0, Current term: 0, Majority size: -1, State: 0, Mode: NON_LEADER, active raft config: opid_index: -1 OBSOLETE_local: false peers { permanent_uuid: "ee1c621418cd44e8a65e5a97b5e5744e" member_type: VOTER last_known_addr { host: "127.22.19.129" port: 40169 } } peers { permanent_uuid: "1bcded7dc921432fb8934e3cd9763e31" member_type: VOTER last_known_addr { host: "127.22.19.130" port: 38897 } } peers { permanent_uuid: "335f71a08eeb4574ba3033dc4f125377" member_type: VOTER last_known_addr { host: "127.22.19.131" port: 39339 } }
I20260710 11:08:18.883445 23619 catalog_manager.cc:5697] T 1d179f19ad2649c5b19f7db91e03cc98 P ee1c621418cd44e8a65e5a97b5e5744e reported cstate change: term changed from 0 to 1, leader changed from <none> to ee1c621418cd44e8a65e5a97b5e5744e (127.22.19.129). New cstate: current_term: 1 leader_uuid: "ee1c621418cd44e8a65e5a97b5e5744e" committed_config { opid_index: -1 OBSOLETE_local: false peers { permanent_uuid: "ee1c621418cd44e8a65e5a97b5e5744e" member_type: VOTER last_known_addr { host: "127.22.19.129" port: 40169 } health_report { overall_health: HEALTHY } } peers { permanent_uuid: "1bcded7dc921432fb8934e3cd9763e31" member_type: VOTER last_known_addr { host: "127.22.19.130" port: 38897 } health_report { overall_health: UNKNOWN } } peers { permanent_uuid: "335f71a08eeb4574ba3033dc4f125377" member_type: VOTER last_known_addr { host: "127.22.19.131" port: 39339 } health_report { overall_health: UNKNOWN } } }
I20260710 11:08:18.875749 23911 ts_tablet_manager.cc:1434] T b522cd7f86d6461aa424ab4bb076a461 P ee1c621418cd44e8a65e5a97b5e5744e: Time spent starting tablet: real 0.024s	user 0.004s	sys 0.002s
I20260710 11:08:18.885597 23911 tablet_bootstrap.cc:492] T 4ed4f367eb3740eda8bbafde3fb0755a P ee1c621418cd44e8a65e5a97b5e5744e: Bootstrap starting.
I20260710 11:08:18.886932 23913 ts_tablet_manager.cc:1434] T de8e3624c47647df919b62105a9cf813 P 335f71a08eeb4574ba3033dc4f125377: Time spent starting tablet: real 0.010s	user 0.008s	sys 0.000s
I20260710 11:08:18.887818 23913 tablet_bootstrap.cc:492] T 625f24b89e8043c2872f835f60e82dc6 P 335f71a08eeb4574ba3033dc4f125377: Bootstrap starting.
I20260710 11:08:18.905921 23911 tablet_bootstrap.cc:654] T 4ed4f367eb3740eda8bbafde3fb0755a P ee1c621418cd44e8a65e5a97b5e5744e: Neither blocks nor log segments found. Creating new log.
I20260710 11:08:18.905923 23913 tablet_bootstrap.cc:654] T 625f24b89e8043c2872f835f60e82dc6 P 335f71a08eeb4574ba3033dc4f125377: Neither blocks nor log segments found. Creating new log.
I20260710 11:08:18.907697 23912 tablet_bootstrap.cc:492] T b522cd7f86d6461aa424ab4bb076a461 P 1bcded7dc921432fb8934e3cd9763e31: No bootstrap required, opened a new log
I20260710 11:08:18.907847 23954 raft_consensus.cc:493] T ce9799111e7444e3923c046a769a9adb P 1bcded7dc921432fb8934e3cd9763e31 [term 0 FOLLOWER]: Starting pre-election (no leader contacted us within the election timeout)
I20260710 11:08:18.908375 23912 ts_tablet_manager.cc:1403] T b522cd7f86d6461aa424ab4bb076a461 P 1bcded7dc921432fb8934e3cd9763e31: Time spent bootstrapping tablet: real 0.049s	user 0.014s	sys 0.005s
I20260710 11:08:18.908435 23954 raft_consensus.cc:515] T ce9799111e7444e3923c046a769a9adb P 1bcded7dc921432fb8934e3cd9763e31 [term 0 FOLLOWER]: Starting pre-election with config: opid_index: -1 OBSOLETE_local: false peers { permanent_uuid: "ee1c621418cd44e8a65e5a97b5e5744e" member_type: VOTER last_known_addr { host: "127.22.19.129" port: 40169 } } peers { permanent_uuid: "1bcded7dc921432fb8934e3cd9763e31" member_type: VOTER last_known_addr { host: "127.22.19.130" port: 38897 } } peers { permanent_uuid: "335f71a08eeb4574ba3033dc4f125377" member_type: VOTER last_known_addr { host: "127.22.19.131" port: 39339 } }
I20260710 11:08:18.911953 23912 raft_consensus.cc:359] T b522cd7f86d6461aa424ab4bb076a461 P 1bcded7dc921432fb8934e3cd9763e31 [term 0 FOLLOWER]: Replica starting. Triggering 0 pending ops. Active config: opid_index: -1 OBSOLETE_local: false peers { permanent_uuid: "ee1c621418cd44e8a65e5a97b5e5744e" member_type: VOTER last_known_addr { host: "127.22.19.129" port: 40169 } } peers { permanent_uuid: "1bcded7dc921432fb8934e3cd9763e31" member_type: VOTER last_known_addr { host: "127.22.19.130" port: 38897 } } peers { permanent_uuid: "335f71a08eeb4574ba3033dc4f125377" member_type: VOTER last_known_addr { host: "127.22.19.131" port: 39339 } }
I20260710 11:08:18.912520 23720 tablet_service.cc:1917] Received RequestConsensusVote() RPC: tablet_id: "ce9799111e7444e3923c046a769a9adb" candidate_uuid: "1bcded7dc921432fb8934e3cd9763e31" candidate_term: 1 candidate_status { last_received { term: 0 index: 0 } } ignore_live_leader: false dest_uuid: "ee1c621418cd44e8a65e5a97b5e5744e" is_pre_election: true
I20260710 11:08:18.913203 23912 raft_consensus.cc:385] T b522cd7f86d6461aa424ab4bb076a461 P 1bcded7dc921432fb8934e3cd9763e31 [term 0 FOLLOWER]: Consensus starting up: Expiring failure detector timer to make a prompt election more likely
I20260710 11:08:18.913615 23912 raft_consensus.cc:740] T b522cd7f86d6461aa424ab4bb076a461 P 1bcded7dc921432fb8934e3cd9763e31 [term 0 FOLLOWER]: Becoming Follower/Learner. State: Replica: 1bcded7dc921432fb8934e3cd9763e31, State: Initialized, Role: FOLLOWER
I20260710 11:08:18.913702 23720 raft_consensus.cc:2468] T ce9799111e7444e3923c046a769a9adb P ee1c621418cd44e8a65e5a97b5e5744e [term 0 FOLLOWER]: Leader pre-election vote request: Granting yes vote for candidate 1bcded7dc921432fb8934e3cd9763e31 in term 0.
I20260710 11:08:18.914497 23912 consensus_queue.cc:260] T b522cd7f86d6461aa424ab4bb076a461 P 1bcded7dc921432fb8934e3cd9763e31 [NON_LEADER]: Queue going to NON_LEADER mode. State: All replicated index: 0, Majority replicated index: 0, Committed index: 0, Last appended: 0.0, Last appended by leader: 0, Current term: 0, Majority size: -1, State: 0, Mode: NON_LEADER, active raft config: opid_index: -1 OBSOLETE_local: false peers { permanent_uuid: "ee1c621418cd44e8a65e5a97b5e5744e" member_type: VOTER last_known_addr { host: "127.22.19.129" port: 40169 } } peers { permanent_uuid: "1bcded7dc921432fb8934e3cd9763e31" member_type: VOTER last_known_addr { host: "127.22.19.130" port: 38897 } } peers { permanent_uuid: "335f71a08eeb4574ba3033dc4f125377" member_type: VOTER last_known_addr { host: "127.22.19.131" port: 39339 } }
I20260710 11:08:18.915843 23760 leader_election.cc:304] T ce9799111e7444e3923c046a769a9adb P 1bcded7dc921432fb8934e3cd9763e31 [CANDIDATE]: Term 1 pre-election: Election decided. Result: candidate won. Election summary: received 2 responses out of 3 voters: 2 yes votes; 0 no votes. yes voters: 1bcded7dc921432fb8934e3cd9763e31, ee1c621418cd44e8a65e5a97b5e5744e; no voters: 
I20260710 11:08:18.917032 23912 ts_tablet_manager.cc:1434] T b522cd7f86d6461aa424ab4bb076a461 P 1bcded7dc921432fb8934e3cd9763e31: Time spent starting tablet: real 0.008s	user 0.007s	sys 0.000s
I20260710 11:08:18.917083 23916 raft_consensus.cc:2804] T ce9799111e7444e3923c046a769a9adb P 1bcded7dc921432fb8934e3cd9763e31 [term 0 FOLLOWER]: Leader pre-election won for term 1
I20260710 11:08:18.917685 23916 raft_consensus.cc:493] T ce9799111e7444e3923c046a769a9adb P 1bcded7dc921432fb8934e3cd9763e31 [term 0 FOLLOWER]: Starting leader election (no leader contacted us within the election timeout)
I20260710 11:08:18.918010 23912 tablet_bootstrap.cc:492] T 545a5df9a8dc447188e7d4937061ce61 P 1bcded7dc921432fb8934e3cd9763e31: Bootstrap starting.
I20260710 11:08:18.918123 23916 raft_consensus.cc:3060] T ce9799111e7444e3923c046a769a9adb P 1bcded7dc921432fb8934e3cd9763e31 [term 0 FOLLOWER]: Advancing to term 1
I20260710 11:08:18.921761 23967 raft_consensus.cc:493] T f8ab01fccbce482f8bedff839ab16f8b P 1bcded7dc921432fb8934e3cd9763e31 [term 0 FOLLOWER]: Starting pre-election (no leader contacted us within the election timeout)
I20260710 11:08:18.922405 23967 raft_consensus.cc:515] T f8ab01fccbce482f8bedff839ab16f8b P 1bcded7dc921432fb8934e3cd9763e31 [term 0 FOLLOWER]: Starting pre-election with config: opid_index: -1 OBSOLETE_local: false peers { permanent_uuid: "ee1c621418cd44e8a65e5a97b5e5744e" member_type: VOTER last_known_addr { host: "127.22.19.129" port: 40169 } } peers { permanent_uuid: "1bcded7dc921432fb8934e3cd9763e31" member_type: VOTER last_known_addr { host: "127.22.19.130" port: 38897 } } peers { permanent_uuid: "335f71a08eeb4574ba3033dc4f125377" member_type: VOTER last_known_addr { host: "127.22.19.131" port: 39339 } }
I20260710 11:08:18.924898 23912 tablet_bootstrap.cc:654] T 545a5df9a8dc447188e7d4937061ce61 P 1bcded7dc921432fb8934e3cd9763e31: Neither blocks nor log segments found. Creating new log.
I20260710 11:08:18.927532 23870 tablet_service.cc:1917] Received RequestConsensusVote() RPC: tablet_id: "f8ab01fccbce482f8bedff839ab16f8b" candidate_uuid: "1bcded7dc921432fb8934e3cd9763e31" candidate_term: 1 candidate_status { last_received { term: 0 index: 0 } } ignore_live_leader: false dest_uuid: "335f71a08eeb4574ba3033dc4f125377" is_pre_election: true
I20260710 11:08:18.931242 23721 tablet_service.cc:1917] Received RequestConsensusVote() RPC: tablet_id: "f8ab01fccbce482f8bedff839ab16f8b" candidate_uuid: "1bcded7dc921432fb8934e3cd9763e31" candidate_term: 1 candidate_status { last_received { term: 0 index: 0 } } ignore_live_leader: false dest_uuid: "ee1c621418cd44e8a65e5a97b5e5744e" is_pre_election: true
I20260710 11:08:18.932168 23721 raft_consensus.cc:2468] T f8ab01fccbce482f8bedff839ab16f8b P ee1c621418cd44e8a65e5a97b5e5744e [term 0 FOLLOWER]: Leader pre-election vote request: Granting yes vote for candidate 1bcded7dc921432fb8934e3cd9763e31 in term 0.
I20260710 11:08:18.938073 23954 leader_election.cc:290] T ce9799111e7444e3923c046a769a9adb P 1bcded7dc921432fb8934e3cd9763e31 [CANDIDATE]: Term 1 pre-election: Requested pre-vote from peers ee1c621418cd44e8a65e5a97b5e5744e (127.22.19.129:40169), 335f71a08eeb4574ba3033dc4f125377 (127.22.19.131:39339)
I20260710 11:08:18.939100 23870 raft_consensus.cc:3060] T 774a883ef16245379038448685255244 P 335f71a08eeb4574ba3033dc4f125377 [term 0 FOLLOWER]: Advancing to term 1
I20260710 11:08:18.937413 23760 leader_election.cc:304] T f8ab01fccbce482f8bedff839ab16f8b P 1bcded7dc921432fb8934e3cd9763e31 [CANDIDATE]: Term 1 pre-election: Election decided. Result: candidate won. Election summary: received 2 responses out of 3 voters: 2 yes votes; 0 no votes. yes voters: 1bcded7dc921432fb8934e3cd9763e31, ee1c621418cd44e8a65e5a97b5e5744e; no voters: 
I20260710 11:08:18.944211 23911 tablet_bootstrap.cc:492] T 4ed4f367eb3740eda8bbafde3fb0755a P ee1c621418cd44e8a65e5a97b5e5744e: No bootstrap required, opened a new log
I20260710 11:08:18.944878 23911 ts_tablet_manager.cc:1403] T 4ed4f367eb3740eda8bbafde3fb0755a P ee1c621418cd44e8a65e5a97b5e5744e: Time spent bootstrapping tablet: real 0.059s	user 0.005s	sys 0.010s
I20260710 11:08:18.945912 23967 leader_election.cc:290] T f8ab01fccbce482f8bedff839ab16f8b P 1bcded7dc921432fb8934e3cd9763e31 [CANDIDATE]: Term 1 pre-election: Requested pre-vote from peers ee1c621418cd44e8a65e5a97b5e5744e (127.22.19.129:40169), 335f71a08eeb4574ba3033dc4f125377 (127.22.19.131:39339)
I20260710 11:08:18.946534 23967 raft_consensus.cc:2804] T f8ab01fccbce482f8bedff839ab16f8b P 1bcded7dc921432fb8934e3cd9763e31 [term 0 FOLLOWER]: Leader pre-election won for term 1
I20260710 11:08:18.946907 23967 raft_consensus.cc:493] T f8ab01fccbce482f8bedff839ab16f8b P 1bcded7dc921432fb8934e3cd9763e31 [term 0 FOLLOWER]: Starting leader election (no leader contacted us within the election timeout)
I20260710 11:08:18.947302 23967 raft_consensus.cc:3060] T f8ab01fccbce482f8bedff839ab16f8b P 1bcded7dc921432fb8934e3cd9763e31 [term 0 FOLLOWER]: Advancing to term 1
I20260710 11:08:18.948592 23911 raft_consensus.cc:359] T 4ed4f367eb3740eda8bbafde3fb0755a P ee1c621418cd44e8a65e5a97b5e5744e [term 0 FOLLOWER]: Replica starting. Triggering 0 pending ops. Active config: opid_index: -1 OBSOLETE_local: false peers { permanent_uuid: "ee1c621418cd44e8a65e5a97b5e5744e" member_type: VOTER last_known_addr { host: "127.22.19.129" port: 40169 } } peers { permanent_uuid: "1bcded7dc921432fb8934e3cd9763e31" member_type: VOTER last_known_addr { host: "127.22.19.130" port: 38897 } } peers { permanent_uuid: "335f71a08eeb4574ba3033dc4f125377" member_type: VOTER last_known_addr { host: "127.22.19.131" port: 39339 } }
I20260710 11:08:18.949600 23911 raft_consensus.cc:385] T 4ed4f367eb3740eda8bbafde3fb0755a P ee1c621418cd44e8a65e5a97b5e5744e [term 0 FOLLOWER]: Consensus starting up: Expiring failure detector timer to make a prompt election more likely
I20260710 11:08:18.949965 23911 raft_consensus.cc:740] T 4ed4f367eb3740eda8bbafde3fb0755a P ee1c621418cd44e8a65e5a97b5e5744e [term 0 FOLLOWER]: Becoming Follower/Learner. State: Replica: ee1c621418cd44e8a65e5a97b5e5744e, State: Initialized, Role: FOLLOWER
I20260710 11:08:18.951102 23911 consensus_queue.cc:260] T 4ed4f367eb3740eda8bbafde3fb0755a P ee1c621418cd44e8a65e5a97b5e5744e [NON_LEADER]: Queue going to NON_LEADER mode. State: All replicated index: 0, Majority replicated index: 0, Committed index: 0, Last appended: 0.0, Last appended by leader: 0, Current term: 0, Majority size: -1, State: 0, Mode: NON_LEADER, active raft config: opid_index: -1 OBSOLETE_local: false peers { permanent_uuid: "ee1c621418cd44e8a65e5a97b5e5744e" member_type: VOTER last_known_addr { host: "127.22.19.129" port: 40169 } } peers { permanent_uuid: "1bcded7dc921432fb8934e3cd9763e31" member_type: VOTER last_known_addr { host: "127.22.19.130" port: 38897 } } peers { permanent_uuid: "335f71a08eeb4574ba3033dc4f125377" member_type: VOTER last_known_addr { host: "127.22.19.131" port: 39339 } }
I20260710 11:08:18.957659 23911 ts_tablet_manager.cc:1434] T 4ed4f367eb3740eda8bbafde3fb0755a P ee1c621418cd44e8a65e5a97b5e5744e: Time spent starting tablet: real 0.012s	user 0.010s	sys 0.001s
I20260710 11:08:18.958595 23911 tablet_bootstrap.cc:492] T 545a5df9a8dc447188e7d4937061ce61 P ee1c621418cd44e8a65e5a97b5e5744e: Bootstrap starting.
I20260710 11:08:18.960886 23939 consensus_queue.cc:1048] T 67bda70ff812473babd1272533990a88 P 335f71a08eeb4574ba3033dc4f125377 [LEADER]: Connected to new peer: Peer: permanent_uuid: "1bcded7dc921432fb8934e3cd9763e31" member_type: VOTER last_known_addr { host: "127.22.19.130" port: 38897 }, Status: LMP_MISMATCH, Last received: 0.0, Next index: 1, Last known committed idx: 0, Time since last communication: 0.000s
I20260710 11:08:18.963943 23920 raft_consensus.cc:493] T ce9799111e7444e3923c046a769a9adb P 335f71a08eeb4574ba3033dc4f125377 [term 0 FOLLOWER]: Starting pre-election (no leader contacted us within the election timeout)
I20260710 11:08:18.964402 23920 raft_consensus.cc:515] T ce9799111e7444e3923c046a769a9adb P 335f71a08eeb4574ba3033dc4f125377 [term 0 FOLLOWER]: Starting pre-election with config: opid_index: -1 OBSOLETE_local: false peers { permanent_uuid: "ee1c621418cd44e8a65e5a97b5e5744e" member_type: VOTER last_known_addr { host: "127.22.19.129" port: 40169 } } peers { permanent_uuid: "1bcded7dc921432fb8934e3cd9763e31" member_type: VOTER last_known_addr { host: "127.22.19.130" port: 38897 } } peers { permanent_uuid: "335f71a08eeb4574ba3033dc4f125377" member_type: VOTER last_known_addr { host: "127.22.19.131" port: 39339 } }
I20260710 11:08:18.979856 23911 tablet_bootstrap.cc:654] T 545a5df9a8dc447188e7d4937061ce61 P ee1c621418cd44e8a65e5a97b5e5744e: Neither blocks nor log segments found. Creating new log.
I20260710 11:08:18.984786 23920 leader_election.cc:290] T ce9799111e7444e3923c046a769a9adb P 335f71a08eeb4574ba3033dc4f125377 [CANDIDATE]: Term 1 pre-election: Requested pre-vote from peers ee1c621418cd44e8a65e5a97b5e5744e (127.22.19.129:40169), 1bcded7dc921432fb8934e3cd9763e31 (127.22.19.130:38897)
I20260710 11:08:18.985605 23721 tablet_service.cc:1917] Received RequestConsensusVote() RPC: tablet_id: "ce9799111e7444e3923c046a769a9adb" candidate_uuid: "335f71a08eeb4574ba3033dc4f125377" candidate_term: 1 candidate_status { last_received { term: 0 index: 0 } } ignore_live_leader: false dest_uuid: "ee1c621418cd44e8a65e5a97b5e5744e" is_pre_election: true
I20260710 11:08:18.986349 23721 raft_consensus.cc:2468] T ce9799111e7444e3923c046a769a9adb P ee1c621418cd44e8a65e5a97b5e5744e [term 0 FOLLOWER]: Leader pre-election vote request: Granting yes vote for candidate 335f71a08eeb4574ba3033dc4f125377 in term 0.
I20260710 11:08:18.986436 23794 tablet_service.cc:1917] Received RequestConsensusVote() RPC: tablet_id: "ce9799111e7444e3923c046a769a9adb" candidate_uuid: "335f71a08eeb4574ba3033dc4f125377" candidate_term: 1 candidate_status { last_received { term: 0 index: 0 } } ignore_live_leader: false dest_uuid: "1bcded7dc921432fb8934e3cd9763e31" is_pre_election: true
I20260710 11:08:18.987632 23834 leader_election.cc:304] T ce9799111e7444e3923c046a769a9adb P 335f71a08eeb4574ba3033dc4f125377 [CANDIDATE]: Term 1 pre-election: Election decided. Result: candidate won. Election summary: received 2 responses out of 3 voters: 2 yes votes; 0 no votes. yes voters: 335f71a08eeb4574ba3033dc4f125377, ee1c621418cd44e8a65e5a97b5e5744e; no voters: 
I20260710 11:08:18.989358 23939 raft_consensus.cc:2804] T ce9799111e7444e3923c046a769a9adb P 335f71a08eeb4574ba3033dc4f125377 [term 0 FOLLOWER]: Leader pre-election won for term 1
I20260710 11:08:18.990025 23939 raft_consensus.cc:493] T ce9799111e7444e3923c046a769a9adb P 335f71a08eeb4574ba3033dc4f125377 [term 0 FOLLOWER]: Starting leader election (no leader contacted us within the election timeout)
I20260710 11:08:18.990482 23939 raft_consensus.cc:3060] T ce9799111e7444e3923c046a769a9adb P 335f71a08eeb4574ba3033dc4f125377 [term 0 FOLLOWER]: Advancing to term 1
I20260710 11:08:18.989331 23920 consensus_queue.cc:1048] T 67bda70ff812473babd1272533990a88 P 335f71a08eeb4574ba3033dc4f125377 [LEADER]: Connected to new peer: Peer: permanent_uuid: "ee1c621418cd44e8a65e5a97b5e5744e" member_type: VOTER last_known_addr { host: "127.22.19.129" port: 40169 }, Status: LMP_MISMATCH, Last received: 0.0, Next index: 1, Last known committed idx: 0, Time since last communication: 0.001s
I20260710 11:08:18.998029 23911 tablet_bootstrap.cc:492] T 545a5df9a8dc447188e7d4937061ce61 P ee1c621418cd44e8a65e5a97b5e5744e: No bootstrap required, opened a new log
I20260710 11:08:18.998564 23911 ts_tablet_manager.cc:1403] T 545a5df9a8dc447188e7d4937061ce61 P ee1c621418cd44e8a65e5a97b5e5744e: Time spent bootstrapping tablet: real 0.040s	user 0.012s	sys 0.001s
I20260710 11:08:19.001997 23911 raft_consensus.cc:359] T 545a5df9a8dc447188e7d4937061ce61 P ee1c621418cd44e8a65e5a97b5e5744e [term 0 FOLLOWER]: Replica starting. Triggering 0 pending ops. Active config: opid_index: -1 OBSOLETE_local: false peers { permanent_uuid: "ee1c621418cd44e8a65e5a97b5e5744e" member_type: VOTER last_known_addr { host: "127.22.19.129" port: 40169 } } peers { permanent_uuid: "1bcded7dc921432fb8934e3cd9763e31" member_type: VOTER last_known_addr { host: "127.22.19.130" port: 38897 } } peers { permanent_uuid: "335f71a08eeb4574ba3033dc4f125377" member_type: VOTER last_known_addr { host: "127.22.19.131" port: 39339 } }
I20260710 11:08:19.002638 23911 raft_consensus.cc:385] T 545a5df9a8dc447188e7d4937061ce61 P ee1c621418cd44e8a65e5a97b5e5744e [term 0 FOLLOWER]: Consensus starting up: Expiring failure detector timer to make a prompt election more likely
I20260710 11:08:19.003031 23869 tablet_service.cc:1917] Received RequestConsensusVote() RPC: tablet_id: "ce9799111e7444e3923c046a769a9adb" candidate_uuid: "1bcded7dc921432fb8934e3cd9763e31" candidate_term: 1 candidate_status { last_received { term: 0 index: 0 } } ignore_live_leader: false dest_uuid: "335f71a08eeb4574ba3033dc4f125377" is_pre_election: true
I20260710 11:08:19.002893 23911 raft_consensus.cc:740] T 545a5df9a8dc447188e7d4937061ce61 P ee1c621418cd44e8a65e5a97b5e5744e [term 0 FOLLOWER]: Becoming Follower/Learner. State: Replica: ee1c621418cd44e8a65e5a97b5e5744e, State: Initialized, Role: FOLLOWER
W20260710 11:08:19.004622 23763 leader_election.cc:343] T f8ab01fccbce482f8bedff839ab16f8b P 1bcded7dc921432fb8934e3cd9763e31 [CANDIDATE]: Term 1 pre-election: Tablet error from VoteRequest() call to peer 335f71a08eeb4574ba3033dc4f125377 (127.22.19.131:39339): Illegal state: must be running to vote when last-logged opid is not known
I20260710 11:08:19.009424 23911 consensus_queue.cc:260] T 545a5df9a8dc447188e7d4937061ce61 P ee1c621418cd44e8a65e5a97b5e5744e [NON_LEADER]: Queue going to NON_LEADER mode. State: All replicated index: 0, Majority replicated index: 0, Committed index: 0, Last appended: 0.0, Last appended by leader: 0, Current term: 0, Majority size: -1, State: 0, Mode: NON_LEADER, active raft config: opid_index: -1 OBSOLETE_local: false peers { permanent_uuid: "ee1c621418cd44e8a65e5a97b5e5744e" member_type: VOTER last_known_addr { host: "127.22.19.129" port: 40169 } } peers { permanent_uuid: "1bcded7dc921432fb8934e3cd9763e31" member_type: VOTER last_known_addr { host: "127.22.19.130" port: 38897 } } peers { permanent_uuid: "335f71a08eeb4574ba3033dc4f125377" member_type: VOTER last_known_addr { host: "127.22.19.131" port: 39339 } }
I20260710 11:08:19.014780 23911 ts_tablet_manager.cc:1434] T 545a5df9a8dc447188e7d4937061ce61 P ee1c621418cd44e8a65e5a97b5e5744e: Time spent starting tablet: real 0.016s	user 0.007s	sys 0.000s
I20260710 11:08:18.996196 23916 raft_consensus.cc:515] T ce9799111e7444e3923c046a769a9adb P 1bcded7dc921432fb8934e3cd9763e31 [term 1 FOLLOWER]: Starting leader election with config: opid_index: -1 OBSOLETE_local: false peers { permanent_uuid: "ee1c621418cd44e8a65e5a97b5e5744e" member_type: VOTER last_known_addr { host: "127.22.19.129" port: 40169 } } peers { permanent_uuid: "1bcded7dc921432fb8934e3cd9763e31" member_type: VOTER last_known_addr { host: "127.22.19.130" port: 38897 } } peers { permanent_uuid: "335f71a08eeb4574ba3033dc4f125377" member_type: VOTER last_known_addr { host: "127.22.19.131" port: 39339 } }
I20260710 11:08:19.032895 23794 raft_consensus.cc:2393] T ce9799111e7444e3923c046a769a9adb P 1bcded7dc921432fb8934e3cd9763e31 [term 1 FOLLOWER]: Leader pre-election vote request: Denying vote to candidate 335f71a08eeb4574ba3033dc4f125377 in current term 1: Already voted for candidate 1bcded7dc921432fb8934e3cd9763e31 in this term.
I20260710 11:08:19.017647 23917 raft_consensus.cc:493] T 2d39d47485a64056b4c06dee41eb7f62 P ee1c621418cd44e8a65e5a97b5e5744e [term 0 FOLLOWER]: Starting pre-election (no leader contacted us within the election timeout)
I20260710 11:08:19.039539 23720 tablet_service.cc:1917] Received RequestConsensusVote() RPC: tablet_id: "ce9799111e7444e3923c046a769a9adb" candidate_uuid: "1bcded7dc921432fb8934e3cd9763e31" candidate_term: 1 candidate_status { last_received { term: 0 index: 0 } } ignore_live_leader: false dest_uuid: "ee1c621418cd44e8a65e5a97b5e5744e"
I20260710 11:08:19.040344 23720 raft_consensus.cc:3060] T ce9799111e7444e3923c046a769a9adb P ee1c621418cd44e8a65e5a97b5e5744e [term 0 FOLLOWER]: Advancing to term 1
W20260710 11:08:19.044924 23668 auto_rebalancer.cc:288] Could not retrieve cluster info: Service unavailable: Tablet not running
I20260710 11:08:19.042335 23917 raft_consensus.cc:515] T 2d39d47485a64056b4c06dee41eb7f62 P ee1c621418cd44e8a65e5a97b5e5744e [term 0 FOLLOWER]: Starting pre-election with config: opid_index: -1 OBSOLETE_local: false peers { permanent_uuid: "ee1c621418cd44e8a65e5a97b5e5744e" member_type: VOTER last_known_addr { host: "127.22.19.129" port: 40169 } } peers { permanent_uuid: "1bcded7dc921432fb8934e3cd9763e31" member_type: VOTER last_known_addr { host: "127.22.19.130" port: 38897 } } peers { permanent_uuid: "335f71a08eeb4574ba3033dc4f125377" member_type: VOTER last_known_addr { host: "127.22.19.131" port: 39339 } }
I20260710 11:08:19.052541 23916 leader_election.cc:290] T ce9799111e7444e3923c046a769a9adb P 1bcded7dc921432fb8934e3cd9763e31 [CANDIDATE]: Term 1 election: Requested vote from peers ee1c621418cd44e8a65e5a97b5e5744e (127.22.19.129:40169), 335f71a08eeb4574ba3033dc4f125377 (127.22.19.131:39339)
I20260710 11:08:19.061388 23794 tablet_service.cc:1917] Received RequestConsensusVote() RPC: tablet_id: "2d39d47485a64056b4c06dee41eb7f62" candidate_uuid: "ee1c621418cd44e8a65e5a97b5e5744e" candidate_term: 1 candidate_status { last_received { term: 0 index: 0 } } ignore_live_leader: false dest_uuid: "1bcded7dc921432fb8934e3cd9763e31" is_pre_election: true
I20260710 11:08:19.074734 23871 tablet_service.cc:1917] Received RequestConsensusVote() RPC: tablet_id: "2d39d47485a64056b4c06dee41eb7f62" candidate_uuid: "ee1c621418cd44e8a65e5a97b5e5744e" candidate_term: 1 candidate_status { last_received { term: 0 index: 0 } } ignore_live_leader: false dest_uuid: "335f71a08eeb4574ba3033dc4f125377" is_pre_election: true
I20260710 11:08:19.075968 23954 raft_consensus.cc:493] T 4ed4f367eb3740eda8bbafde3fb0755a P 1bcded7dc921432fb8934e3cd9763e31 [term 0 FOLLOWER]: Starting pre-election (no leader contacted us within the election timeout)
W20260710 11:08:19.076478 23688 leader_election.cc:343] T 2d39d47485a64056b4c06dee41eb7f62 P ee1c621418cd44e8a65e5a97b5e5744e [CANDIDATE]: Term 1 pre-election: Tablet error from VoteRequest() call to peer 335f71a08eeb4574ba3033dc4f125377 (127.22.19.131:39339): Illegal state: must be running to vote when last-logged opid is not known
I20260710 11:08:19.076604 23954 raft_consensus.cc:515] T 4ed4f367eb3740eda8bbafde3fb0755a P 1bcded7dc921432fb8934e3cd9763e31 [term 0 FOLLOWER]: Starting pre-election with config: opid_index: -1 OBSOLETE_local: false peers { permanent_uuid: "ee1c621418cd44e8a65e5a97b5e5744e" member_type: VOTER last_known_addr { host: "127.22.19.129" port: 40169 } } peers { permanent_uuid: "1bcded7dc921432fb8934e3cd9763e31" member_type: VOTER last_known_addr { host: "127.22.19.130" port: 38897 } } peers { permanent_uuid: "335f71a08eeb4574ba3033dc4f125377" member_type: VOTER last_known_addr { host: "127.22.19.131" port: 39339 } }
I20260710 11:08:19.072530 23917 leader_election.cc:290] T 2d39d47485a64056b4c06dee41eb7f62 P ee1c621418cd44e8a65e5a97b5e5744e [CANDIDATE]: Term 1 pre-election: Requested pre-vote from peers 1bcded7dc921432fb8934e3cd9763e31 (127.22.19.130:38897), 335f71a08eeb4574ba3033dc4f125377 (127.22.19.131:39339)
W20260710 11:08:19.087066 23686 leader_election.cc:343] T 2d39d47485a64056b4c06dee41eb7f62 P ee1c621418cd44e8a65e5a97b5e5744e [CANDIDATE]: Term 1 pre-election: Tablet error from VoteRequest() call to peer 1bcded7dc921432fb8934e3cd9763e31 (127.22.19.130:38897): Illegal state: must be running to vote when last-logged opid is not known
I20260710 11:08:19.089874 23871 tablet_service.cc:1917] Received RequestConsensusVote() RPC: tablet_id: "ce9799111e7444e3923c046a769a9adb" candidate_uuid: "1bcded7dc921432fb8934e3cd9763e31" candidate_term: 1 candidate_status { last_received { term: 0 index: 0 } } ignore_live_leader: false dest_uuid: "335f71a08eeb4574ba3033dc4f125377"
I20260710 11:08:19.094836 23939 raft_consensus.cc:515] T ce9799111e7444e3923c046a769a9adb P 335f71a08eeb4574ba3033dc4f125377 [term 1 FOLLOWER]: Starting leader election with config: opid_index: -1 OBSOLETE_local: false peers { permanent_uuid: "ee1c621418cd44e8a65e5a97b5e5744e" member_type: VOTER last_known_addr { host: "127.22.19.129" port: 40169 } } peers { permanent_uuid: "1bcded7dc921432fb8934e3cd9763e31" member_type: VOTER last_known_addr { host: "127.22.19.130" port: 38897 } } peers { permanent_uuid: "335f71a08eeb4574ba3033dc4f125377" member_type: VOTER last_known_addr { host: "127.22.19.131" port: 39339 } }
I20260710 11:08:19.092439 23722 tablet_service.cc:1917] Received RequestConsensusVote() RPC: tablet_id: "4ed4f367eb3740eda8bbafde3fb0755a" candidate_uuid: "1bcded7dc921432fb8934e3cd9763e31" candidate_term: 1 candidate_status { last_received { term: 0 index: 0 } } ignore_live_leader: false dest_uuid: "ee1c621418cd44e8a65e5a97b5e5744e" is_pre_election: true
I20260710 11:08:19.103909 23722 raft_consensus.cc:2468] T 4ed4f367eb3740eda8bbafde3fb0755a P ee1c621418cd44e8a65e5a97b5e5744e [term 0 FOLLOWER]: Leader pre-election vote request: Granting yes vote for candidate 1bcded7dc921432fb8934e3cd9763e31 in term 0.
I20260710 11:08:19.104247 23869 raft_consensus.cc:2393] T ce9799111e7444e3923c046a769a9adb P 335f71a08eeb4574ba3033dc4f125377 [term 1 FOLLOWER]: Leader pre-election vote request: Denying vote to candidate 1bcded7dc921432fb8934e3cd9763e31 in current term 1: Already voted for candidate 335f71a08eeb4574ba3033dc4f125377 in this term.
I20260710 11:08:19.105535 23760 leader_election.cc:304] T 4ed4f367eb3740eda8bbafde3fb0755a P 1bcded7dc921432fb8934e3cd9763e31 [CANDIDATE]: Term 1 pre-election: Election decided. Result: candidate won. Election summary: received 2 responses out of 3 voters: 2 yes votes; 0 no votes. yes voters: 1bcded7dc921432fb8934e3cd9763e31, ee1c621418cd44e8a65e5a97b5e5744e; no voters: 
I20260710 11:08:19.105800 23720 raft_consensus.cc:2468] T ce9799111e7444e3923c046a769a9adb P ee1c621418cd44e8a65e5a97b5e5744e [term 1 FOLLOWER]: Leader election vote request: Granting yes vote for candidate 1bcded7dc921432fb8934e3cd9763e31 in term 1.
I20260710 11:08:19.106248 23871 tablet_service.cc:1917] Received RequestConsensusVote() RPC: tablet_id: "4ed4f367eb3740eda8bbafde3fb0755a" candidate_uuid: "1bcded7dc921432fb8934e3cd9763e31" candidate_term: 1 candidate_status { last_received { term: 0 index: 0 } } ignore_live_leader: false dest_uuid: "335f71a08eeb4574ba3033dc4f125377" is_pre_election: true
I20260710 11:08:19.106446 23916 raft_consensus.cc:2804] T 4ed4f367eb3740eda8bbafde3fb0755a P 1bcded7dc921432fb8934e3cd9763e31 [term 0 FOLLOWER]: Leader pre-election won for term 1
I20260710 11:08:19.106844 23916 raft_consensus.cc:493] T 4ed4f367eb3740eda8bbafde3fb0755a P 1bcded7dc921432fb8934e3cd9763e31 [term 0 FOLLOWER]: Starting leader election (no leader contacted us within the election timeout)
I20260710 11:08:19.106957 23760 leader_election.cc:304] T ce9799111e7444e3923c046a769a9adb P 1bcded7dc921432fb8934e3cd9763e31 [CANDIDATE]: Term 1 election: Election decided. Result: candidate won. Election summary: received 3 responses out of 3 voters: 2 yes votes; 1 no votes. yes voters: 1bcded7dc921432fb8934e3cd9763e31, ee1c621418cd44e8a65e5a97b5e5744e; no voters: 335f71a08eeb4574ba3033dc4f125377
I20260710 11:08:19.098691 23913 tablet_bootstrap.cc:492] T 625f24b89e8043c2872f835f60e82dc6 P 335f71a08eeb4574ba3033dc4f125377: No bootstrap required, opened a new log
I20260710 11:08:19.107225 23916 raft_consensus.cc:3060] T 4ed4f367eb3740eda8bbafde3fb0755a P 1bcded7dc921432fb8934e3cd9763e31 [term 0 FOLLOWER]: Advancing to term 1
I20260710 11:08:19.107885 23913 ts_tablet_manager.cc:1403] T 625f24b89e8043c2872f835f60e82dc6 P 335f71a08eeb4574ba3033dc4f125377: Time spent bootstrapping tablet: real 0.220s	user 0.037s	sys 0.055s
W20260710 11:08:19.108564 23763 leader_election.cc:343] T 4ed4f367eb3740eda8bbafde3fb0755a P 1bcded7dc921432fb8934e3cd9763e31 [CANDIDATE]: Term 1 pre-election: Tablet error from VoteRequest() call to peer 335f71a08eeb4574ba3033dc4f125377 (127.22.19.131:39339): Illegal state: must be running to vote when last-logged opid is not known
I20260710 11:08:19.100008 23954 leader_election.cc:290] T 4ed4f367eb3740eda8bbafde3fb0755a P 1bcded7dc921432fb8934e3cd9763e31 [CANDIDATE]: Term 1 pre-election: Requested pre-vote from peers ee1c621418cd44e8a65e5a97b5e5744e (127.22.19.129:40169), 335f71a08eeb4574ba3033dc4f125377 (127.22.19.131:39339)
I20260710 11:08:19.091816 23967 raft_consensus.cc:515] T f8ab01fccbce482f8bedff839ab16f8b P 1bcded7dc921432fb8934e3cd9763e31 [term 1 FOLLOWER]: Starting leader election with config: opid_index: -1 OBSOLETE_local: false peers { permanent_uuid: "ee1c621418cd44e8a65e5a97b5e5744e" member_type: VOTER last_known_addr { host: "127.22.19.129" port: 40169 } } peers { permanent_uuid: "1bcded7dc921432fb8934e3cd9763e31" member_type: VOTER last_known_addr { host: "127.22.19.130" port: 38897 } } peers { permanent_uuid: "335f71a08eeb4574ba3033dc4f125377" member_type: VOTER last_known_addr { host: "127.22.19.131" port: 39339 } }
I20260710 11:08:19.112684 23939 leader_election.cc:290] T ce9799111e7444e3923c046a769a9adb P 335f71a08eeb4574ba3033dc4f125377 [CANDIDATE]: Term 1 election: Requested vote from peers ee1c621418cd44e8a65e5a97b5e5744e (127.22.19.129:40169), 1bcded7dc921432fb8934e3cd9763e31 (127.22.19.130:38897)
I20260710 11:08:19.113345 23912 tablet_bootstrap.cc:492] T 545a5df9a8dc447188e7d4937061ce61 P 1bcded7dc921432fb8934e3cd9763e31: No bootstrap required, opened a new log
I20260710 11:08:19.114331 23912 ts_tablet_manager.cc:1403] T 545a5df9a8dc447188e7d4937061ce61 P 1bcded7dc921432fb8934e3cd9763e31: Time spent bootstrapping tablet: real 0.196s	user 0.043s	sys 0.118s
I20260710 11:08:19.110998 23913 raft_consensus.cc:359] T 625f24b89e8043c2872f835f60e82dc6 P 335f71a08eeb4574ba3033dc4f125377 [term 0 FOLLOWER]: Replica starting. Triggering 0 pending ops. Active config: opid_index: -1 OBSOLETE_local: false peers { permanent_uuid: "ee1c621418cd44e8a65e5a97b5e5744e" member_type: VOTER last_known_addr { host: "127.22.19.129" port: 40169 } } peers { permanent_uuid: "1bcded7dc921432fb8934e3cd9763e31" member_type: VOTER last_known_addr { host: "127.22.19.130" port: 38897 } } peers { permanent_uuid: "335f71a08eeb4574ba3033dc4f125377" member_type: VOTER last_known_addr { host: "127.22.19.131" port: 39339 } }
I20260710 11:08:19.117376 23913 raft_consensus.cc:385] T 625f24b89e8043c2872f835f60e82dc6 P 335f71a08eeb4574ba3033dc4f125377 [term 0 FOLLOWER]: Consensus starting up: Expiring failure detector timer to make a prompt election more likely
I20260710 11:08:19.098762 23686 leader_election.cc:304] T 2d39d47485a64056b4c06dee41eb7f62 P ee1c621418cd44e8a65e5a97b5e5744e [CANDIDATE]: Term 1 pre-election: Election decided. Result: candidate lost. Election summary: received 3 responses out of 3 voters: 1 yes votes; 2 no votes. yes voters: ee1c621418cd44e8a65e5a97b5e5744e; no voters: 1bcded7dc921432fb8934e3cd9763e31, 335f71a08eeb4574ba3033dc4f125377
I20260710 11:08:19.117826 23913 raft_consensus.cc:740] T 625f24b89e8043c2872f835f60e82dc6 P 335f71a08eeb4574ba3033dc4f125377 [term 0 FOLLOWER]: Becoming Follower/Learner. State: Replica: 335f71a08eeb4574ba3033dc4f125377, State: Initialized, Role: FOLLOWER
I20260710 11:08:19.118345 23950 raft_consensus.cc:2749] T 2d39d47485a64056b4c06dee41eb7f62 P ee1c621418cd44e8a65e5a97b5e5744e [term 0 FOLLOWER]: Leader pre-election lost for term 1. Reason: could not achieve majority
I20260710 11:08:19.118872 23954 raft_consensus.cc:2804] T ce9799111e7444e3923c046a769a9adb P 1bcded7dc921432fb8934e3cd9763e31 [term 1 FOLLOWER]: Leader election won for term 1
I20260710 11:08:19.118628 23913 consensus_queue.cc:260] T 625f24b89e8043c2872f835f60e82dc6 P 335f71a08eeb4574ba3033dc4f125377 [NON_LEADER]: Queue going to NON_LEADER mode. State: All replicated index: 0, Majority replicated index: 0, Committed index: 0, Last appended: 0.0, Last appended by leader: 0, Current term: 0, Majority size: -1, State: 0, Mode: NON_LEADER, active raft config: opid_index: -1 OBSOLETE_local: false peers { permanent_uuid: "ee1c621418cd44e8a65e5a97b5e5744e" member_type: VOTER last_known_addr { host: "127.22.19.129" port: 40169 } } peers { permanent_uuid: "1bcded7dc921432fb8934e3cd9763e31" member_type: VOTER last_known_addr { host: "127.22.19.130" port: 38897 } } peers { permanent_uuid: "335f71a08eeb4574ba3033dc4f125377" member_type: VOTER last_known_addr { host: "127.22.19.131" port: 39339 } }
I20260710 11:08:19.119387 23954 raft_consensus.cc:697] T ce9799111e7444e3923c046a769a9adb P 1bcded7dc921432fb8934e3cd9763e31 [term 1 LEADER]: Becoming Leader. State: Replica: 1bcded7dc921432fb8934e3cd9763e31, State: Running, Role: LEADER
I20260710 11:08:19.121228 23913 ts_tablet_manager.cc:1434] T 625f24b89e8043c2872f835f60e82dc6 P 335f71a08eeb4574ba3033dc4f125377: Time spent starting tablet: real 0.013s	user 0.005s	sys 0.000s
I20260710 11:08:19.122203 23794 tablet_service.cc:1917] Received RequestConsensusVote() RPC: tablet_id: "ce9799111e7444e3923c046a769a9adb" candidate_uuid: "335f71a08eeb4574ba3033dc4f125377" candidate_term: 1 candidate_status { last_received { term: 0 index: 0 } } ignore_live_leader: false dest_uuid: "1bcded7dc921432fb8934e3cd9763e31"
