I20260710 11:08:36.648422 31962 tablet_bootstrap.cc:492] T 6abefb93f20e45949b48dd9466577fc4 P 35e5126540e744ce994eec53fdcde660: Bootstrap starting.
I20260710 11:08:36.680070 31962 tablet_bootstrap.cc:492] T 6abefb93f20e45949b48dd9466577fc4 P 35e5126540e744ce994eec53fdcde660: Bootstrap replayed 1/1 log segments. Stats: ops{read=2 overwritten=0 applied=2 ignored=0} inserts{seen=0 ignored=0} mutations{seen=0 ignored=0} orphaned_commits=0. Pending: 0 replicates
I20260710 11:08:36.681466 31962 tablet_bootstrap.cc:492] T 6abefb93f20e45949b48dd9466577fc4 P 35e5126540e744ce994eec53fdcde660: Bootstrap complete.
I20260710 11:08:36.682345 31962 ts_tablet_manager.cc:1403] T 6abefb93f20e45949b48dd9466577fc4 P 35e5126540e744ce994eec53fdcde660: Time spent bootstrapping tablet: real 0.034s	user 0.021s	sys 0.013s
I20260710 11:08:36.686282 31962 raft_consensus.cc:359] T 6abefb93f20e45949b48dd9466577fc4 P 35e5126540e744ce994eec53fdcde660 [term 1 LEARNER]: Replica starting. Triggering 0 pending ops. Active config: opid_index: 2 OBSOLETE_local: false peers { permanent_uuid: "e7b31db9fcf24c23985c82ab36a6afbc" member_type: VOTER last_known_addr { host: "127.29.90.3" port: 42393 } } peers { permanent_uuid: "88ff56c079b64ded825cc2e3d22a5491" member_type: VOTER last_known_addr { host: "127.29.90.1" port: 32943 } attrs { replace: true } } peers { permanent_uuid: "6b4794a9d2bb4e5eae77fdca189b8699" member_type: VOTER last_known_addr { host: "127.29.90.2" port: 34373 } } peers { permanent_uuid: "35e5126540e744ce994eec53fdcde660" member_type: NON_VOTER last_known_addr { host: "127.29.90.4" port: 46659 } attrs { promote: true } }
I20260710 11:08:36.687350 31962 raft_consensus.cc:740] T 6abefb93f20e45949b48dd9466577fc4 P 35e5126540e744ce994eec53fdcde660 [term 1 LEARNER]: Becoming Follower/Learner. State: Replica: 35e5126540e744ce994eec53fdcde660, State: Initialized, Role: LEARNER
I20260710 11:08:36.688429 31962 consensus_queue.cc:260] T 6abefb93f20e45949b48dd9466577fc4 P 35e5126540e744ce994eec53fdcde660 [NON_LEADER]: Queue going to NON_LEADER mode. State: All replicated index: 0, Majority replicated index: 0, Committed index: 2, Last appended: 1.2, Last appended by leader: 2, Current term: 0, Majority size: -1, State: 0, Mode: NON_LEADER, active raft config: opid_index: 2 OBSOLETE_local: false peers { permanent_uuid: "e7b31db9fcf24c23985c82ab36a6afbc" member_type: VOTER last_known_addr { host: "127.29.90.3" port: 42393 } } peers { permanent_uuid: "88ff56c079b64ded825cc2e3d22a5491" member_type: VOTER last_known_addr { host: "127.29.90.1" port: 32943 } attrs { replace: true } } peers { permanent_uuid: "6b4794a9d2bb4e5eae77fdca189b8699" member_type: VOTER last_known_addr { host: "127.29.90.2" port: 34373 } } peers { permanent_uuid: "35e5126540e744ce994eec53fdcde660" member_type: NON_VOTER last_known_addr { host: "127.29.90.4" port: 46659 } attrs { promote: true } }
I20260710 11:08:36.691715 31962 ts_tablet_manager.cc:1434] T 6abefb93f20e45949b48dd9466577fc4 P 35e5126540e744ce994eec53fdcde660: Time spent starting tablet: real 0.009s	user 0.006s	sys 0.000s
I20260710 11:08:36.693957 31292 tablet_copy_service.cc:342] P 6b4794a9d2bb4e5eae77fdca189b8699: Request end of tablet copy session 35e5126540e744ce994eec53fdcde660-6abefb93f20e45949b48dd9466577fc4 received from {username='slave'} at 127.0.0.1:58782
I20260710 11:08:36.694429 31292 tablet_copy_service.cc:434] P 6b4794a9d2bb4e5eae77fdca189b8699: ending tablet copy session 35e5126540e744ce994eec53fdcde660-6abefb93f20e45949b48dd9466577fc4 on tablet 6abefb93f20e45949b48dd9466577fc4 with peer 35e5126540e744ce994eec53fdcde660
I20260710 11:08:37.046624 31625 raft_consensus.cc:1217] T ce0f12402a954d8aa9b6ae6cbeec1526 P 35e5126540e744ce994eec53fdcde660 [term 1 LEARNER]: Deduplicated request from leader. Original: 1.1->[1.2-1.2]   Dedup: 1.2->[]
I20260710 11:08:37.132551 31625 raft_consensus.cc:1217] T 6abefb93f20e45949b48dd9466577fc4 P 35e5126540e744ce994eec53fdcde660 [term 1 LEARNER]: Deduplicated request from leader. Original: 1.1->[1.2-1.2]   Dedup: 1.2->[]
I20260710 11:08:37.506886 31947 raft_consensus.cc:1064] T ce0f12402a954d8aa9b6ae6cbeec1526 P e7b31db9fcf24c23985c82ab36a6afbc: attempting to promote NON_VOTER 35e5126540e744ce994eec53fdcde660 to VOTER
I20260710 11:08:37.509896 31947 consensus_queue.cc:237] T ce0f12402a954d8aa9b6ae6cbeec1526 P e7b31db9fcf24c23985c82ab36a6afbc [LEADER]: Queue going to LEADER mode. State: All replicated index: 0, Majority replicated index: 2, Committed index: 2, Last appended: 1.2, Last appended by leader: 0, Current term: 1, Majority size: 3, State: 0, Mode: LEADER, active raft config: opid_index: 3 OBSOLETE_local: false peers { permanent_uuid: "88ff56c079b64ded825cc2e3d22a5491" member_type: VOTER last_known_addr { host: "127.29.90.1" port: 32943 } } peers { permanent_uuid: "6b4794a9d2bb4e5eae77fdca189b8699" member_type: VOTER last_known_addr { host: "127.29.90.2" port: 34373 } attrs { replace: true } } peers { permanent_uuid: "e7b31db9fcf24c23985c82ab36a6afbc" member_type: VOTER last_known_addr { host: "127.29.90.3" port: 42393 } } peers { permanent_uuid: "35e5126540e744ce994eec53fdcde660" member_type: VOTER last_known_addr { host: "127.29.90.4" port: 46659 } attrs { promote: false } }
I20260710 11:08:37.519063 31625 raft_consensus.cc:1275] T ce0f12402a954d8aa9b6ae6cbeec1526 P 35e5126540e744ce994eec53fdcde660 [term 1 LEARNER]: Refusing update from remote peer e7b31db9fcf24c23985c82ab36a6afbc: Log matching property violated. Preceding OpId in replica: term: 1 index: 2. Preceding OpId from leader: term: 1 index: 3. (index mismatch)
I20260710 11:08:37.520709 31278 raft_consensus.cc:1275] T ce0f12402a954d8aa9b6ae6cbeec1526 P 6b4794a9d2bb4e5eae77fdca189b8699 [term 1 FOLLOWER]: Refusing update from remote peer e7b31db9fcf24c23985c82ab36a6afbc: Log matching property violated. Preceding OpId in replica: term: 1 index: 2. Preceding OpId from leader: term: 1 index: 3. (index mismatch)
I20260710 11:08:37.525031 31206 raft_consensus.cc:1275] T ce0f12402a954d8aa9b6ae6cbeec1526 P 88ff56c079b64ded825cc2e3d22a5491 [term 1 FOLLOWER]: Refusing update from remote peer e7b31db9fcf24c23985c82ab36a6afbc: Log matching property violated. Preceding OpId in replica: term: 1 index: 2. Preceding OpId from leader: term: 1 index: 3. (index mismatch)
I20260710 11:08:37.523101 31966 consensus_queue.cc:1048] T ce0f12402a954d8aa9b6ae6cbeec1526 P e7b31db9fcf24c23985c82ab36a6afbc [LEADER]: Connected to new peer: Peer: permanent_uuid: "35e5126540e744ce994eec53fdcde660" member_type: VOTER last_known_addr { host: "127.29.90.4" port: 46659 } attrs { promote: false }, Status: LMP_MISMATCH, Last received: 0.0, Next index: 3, Last known committed idx: 2, Time since last communication: 0.004s
I20260710 11:08:37.528467 31854 consensus_queue.cc:1048] T ce0f12402a954d8aa9b6ae6cbeec1526 P e7b31db9fcf24c23985c82ab36a6afbc [LEADER]: Connected to new peer: Peer: permanent_uuid: "6b4794a9d2bb4e5eae77fdca189b8699" member_type: VOTER last_known_addr { host: "127.29.90.2" port: 34373 } attrs { replace: true }, Status: LMP_MISMATCH, Last received: 0.0, Next index: 3, Last known committed idx: 2, Time since last communication: 0.000s
I20260710 11:08:37.535442 31966 consensus_queue.cc:1048] T ce0f12402a954d8aa9b6ae6cbeec1526 P e7b31db9fcf24c23985c82ab36a6afbc [LEADER]: Connected to new peer: Peer: permanent_uuid: "88ff56c079b64ded825cc2e3d22a5491" member_type: VOTER last_known_addr { host: "127.29.90.1" port: 32943 }, Status: LMP_MISMATCH, Last received: 0.0, Next index: 3, Last known committed idx: 2, Time since last communication: 0.000s
I20260710 11:08:37.568311 31966 raft_consensus.cc:2955] T ce0f12402a954d8aa9b6ae6cbeec1526 P e7b31db9fcf24c23985c82ab36a6afbc [term 1 LEADER]: Committing config change with OpId 1.3: config changed from index 2 to 3, 35e5126540e744ce994eec53fdcde660 (127.29.90.4) changed from NON_VOTER to VOTER. New config: { opid_index: 3 OBSOLETE_local: false peers { permanent_uuid: "88ff56c079b64ded825cc2e3d22a5491" member_type: VOTER last_known_addr { host: "127.29.90.1" port: 32943 } } peers { permanent_uuid: "6b4794a9d2bb4e5eae77fdca189b8699" member_type: VOTER last_known_addr { host: "127.29.90.2" port: 34373 } attrs { replace: true } } peers { permanent_uuid: "e7b31db9fcf24c23985c82ab36a6afbc" member_type: VOTER last_known_addr { host: "127.29.90.3" port: 42393 } } peers { permanent_uuid: "35e5126540e744ce994eec53fdcde660" member_type: VOTER last_known_addr { host: "127.29.90.4" port: 46659 } attrs { promote: false } } }
I20260710 11:08:37.585033 31278 raft_consensus.cc:2955] T ce0f12402a954d8aa9b6ae6cbeec1526 P 6b4794a9d2bb4e5eae77fdca189b8699 [term 1 FOLLOWER]: Committing config change with OpId 1.3: config changed from index 2 to 3, 35e5126540e744ce994eec53fdcde660 (127.29.90.4) changed from NON_VOTER to VOTER. New config: { opid_index: 3 OBSOLETE_local: false peers { permanent_uuid: "88ff56c079b64ded825cc2e3d22a5491" member_type: VOTER last_known_addr { host: "127.29.90.1" port: 32943 } } peers { permanent_uuid: "6b4794a9d2bb4e5eae77fdca189b8699" member_type: VOTER last_known_addr { host: "127.29.90.2" port: 34373 } attrs { replace: true } } peers { permanent_uuid: "e7b31db9fcf24c23985c82ab36a6afbc" member_type: VOTER last_known_addr { host: "127.29.90.3" port: 42393 } } peers { permanent_uuid: "35e5126540e744ce994eec53fdcde660" member_type: VOTER last_known_addr { host: "127.29.90.4" port: 46659 } attrs { promote: false } } }
I20260710 11:08:37.595259 31625 raft_consensus.cc:2955] T ce0f12402a954d8aa9b6ae6cbeec1526 P 35e5126540e744ce994eec53fdcde660 [term 1 FOLLOWER]: Committing config change with OpId 1.3: config changed from index 2 to 3, 35e5126540e744ce994eec53fdcde660 (127.29.90.4) changed from NON_VOTER to VOTER. New config: { opid_index: 3 OBSOLETE_local: false peers { permanent_uuid: "88ff56c079b64ded825cc2e3d22a5491" member_type: VOTER last_known_addr { host: "127.29.90.1" port: 32943 } } peers { permanent_uuid: "6b4794a9d2bb4e5eae77fdca189b8699" member_type: VOTER last_known_addr { host: "127.29.90.2" port: 34373 } attrs { replace: true } } peers { permanent_uuid: "e7b31db9fcf24c23985c82ab36a6afbc" member_type: VOTER last_known_addr { host: "127.29.90.3" port: 42393 } } peers { permanent_uuid: "35e5126540e744ce994eec53fdcde660" member_type: VOTER last_known_addr { host: "127.29.90.4" port: 46659 } attrs { promote: false } } }
I20260710 11:08:37.609992 31969 raft_consensus.cc:1064] T 6abefb93f20e45949b48dd9466577fc4 P 6b4794a9d2bb4e5eae77fdca189b8699: attempting to promote NON_VOTER 35e5126540e744ce994eec53fdcde660 to VOTER
I20260710 11:08:37.618628 31104 catalog_manager.cc:5697] T ce0f12402a954d8aa9b6ae6cbeec1526 P 6b4794a9d2bb4e5eae77fdca189b8699 reported cstate change: config changed from index 2 to 3, 35e5126540e744ce994eec53fdcde660 (127.29.90.4) changed from NON_VOTER to VOTER. New cstate: current_term: 1 leader_uuid: "e7b31db9fcf24c23985c82ab36a6afbc" committed_config { opid_index: 3 OBSOLETE_local: false peers { permanent_uuid: "88ff56c079b64ded825cc2e3d22a5491" member_type: VOTER last_known_addr { host: "127.29.90.1" port: 32943 } } peers { permanent_uuid: "6b4794a9d2bb4e5eae77fdca189b8699" member_type: VOTER last_known_addr { host: "127.29.90.2" port: 34373 } attrs { replace: true } } peers { permanent_uuid: "e7b31db9fcf24c23985c82ab36a6afbc" member_type: VOTER last_known_addr { host: "127.29.90.3" port: 42393 } } peers { permanent_uuid: "35e5126540e744ce994eec53fdcde660" member_type: VOTER last_known_addr { host: "127.29.90.4" port: 46659 } attrs { promote: false } } }
I20260710 11:08:37.623690 31969 consensus_queue.cc:237] T 6abefb93f20e45949b48dd9466577fc4 P 6b4794a9d2bb4e5eae77fdca189b8699 [LEADER]: Queue going to LEADER mode. State: All replicated index: 0, Majority replicated index: 2, Committed index: 2, Last appended: 1.2, Last appended by leader: 0, Current term: 1, Majority size: 3, State: 0, Mode: LEADER, active raft config: opid_index: 3 OBSOLETE_local: false peers { permanent_uuid: "e7b31db9fcf24c23985c82ab36a6afbc" member_type: VOTER last_known_addr { host: "127.29.90.3" port: 42393 } } peers { permanent_uuid: "88ff56c079b64ded825cc2e3d22a5491" member_type: VOTER last_known_addr { host: "127.29.90.1" port: 32943 } attrs { replace: true } } peers { permanent_uuid: "6b4794a9d2bb4e5eae77fdca189b8699" member_type: VOTER last_known_addr { host: "127.29.90.2" port: 34373 } } peers { permanent_uuid: "35e5126540e744ce994eec53fdcde660" member_type: VOTER last_known_addr { host: "127.29.90.4" port: 46659 } attrs { promote: false } }
I20260710 11:08:37.624620 31207 raft_consensus.cc:2955] T ce0f12402a954d8aa9b6ae6cbeec1526 P 88ff56c079b64ded825cc2e3d22a5491 [term 1 FOLLOWER]: Committing config change with OpId 1.3: config changed from index 2 to 3, 35e5126540e744ce994eec53fdcde660 (127.29.90.4) changed from NON_VOTER to VOTER. New config: { opid_index: 3 OBSOLETE_local: false peers { permanent_uuid: "88ff56c079b64ded825cc2e3d22a5491" member_type: VOTER last_known_addr { host: "127.29.90.1" port: 32943 } } peers { permanent_uuid: "6b4794a9d2bb4e5eae77fdca189b8699" member_type: VOTER last_known_addr { host: "127.29.90.2" port: 34373 } attrs { replace: true } } peers { permanent_uuid: "e7b31db9fcf24c23985c82ab36a6afbc" member_type: VOTER last_known_addr { host: "127.29.90.3" port: 42393 } } peers { permanent_uuid: "35e5126540e744ce994eec53fdcde660" member_type: VOTER last_known_addr { host: "127.29.90.4" port: 46659 } attrs { promote: false } } }
I20260710 11:08:37.666779 31625 raft_consensus.cc:1275] T 6abefb93f20e45949b48dd9466577fc4 P 35e5126540e744ce994eec53fdcde660 [term 1 LEARNER]: Refusing update from remote peer 6b4794a9d2bb4e5eae77fdca189b8699: Log matching property violated. Preceding OpId in replica: term: 1 index: 2. Preceding OpId from leader: term: 1 index: 3. (index mismatch)
I20260710 11:08:37.668778 31959 consensus_queue.cc:1048] T 6abefb93f20e45949b48dd9466577fc4 P 6b4794a9d2bb4e5eae77fdca189b8699 [LEADER]: Connected to new peer: Peer: permanent_uuid: "35e5126540e744ce994eec53fdcde660" member_type: VOTER last_known_addr { host: "127.29.90.4" port: 46659 } attrs { promote: false }, Status: LMP_MISMATCH, Last received: 0.0, Next index: 3, Last known committed idx: 2, Time since last communication: 0.001s
I20260710 11:08:37.676185 31207 raft_consensus.cc:1275] T 6abefb93f20e45949b48dd9466577fc4 P 88ff56c079b64ded825cc2e3d22a5491 [term 1 FOLLOWER]: Refusing update from remote peer 6b4794a9d2bb4e5eae77fdca189b8699: Log matching property violated. Preceding OpId in replica: term: 1 index: 2. Preceding OpId from leader: term: 1 index: 3. (index mismatch)
I20260710 11:08:37.677348 31354 raft_consensus.cc:1275] T 6abefb93f20e45949b48dd9466577fc4 P e7b31db9fcf24c23985c82ab36a6afbc [term 1 FOLLOWER]: Refusing update from remote peer 6b4794a9d2bb4e5eae77fdca189b8699: Log matching property violated. Preceding OpId in replica: term: 1 index: 2. Preceding OpId from leader: term: 1 index: 3. (index mismatch)
I20260710 11:08:37.679189 31956 consensus_queue.cc:1048] T 6abefb93f20e45949b48dd9466577fc4 P 6b4794a9d2bb4e5eae77fdca189b8699 [LEADER]: Connected to new peer: Peer: permanent_uuid: "e7b31db9fcf24c23985c82ab36a6afbc" member_type: VOTER last_known_addr { host: "127.29.90.3" port: 42393 }, Status: LMP_MISMATCH, Last received: 0.0, Next index: 3, Last known committed idx: 2, Time since last communication: 0.000s
I20260710 11:08:37.680882 31969 consensus_queue.cc:1048] T 6abefb93f20e45949b48dd9466577fc4 P 6b4794a9d2bb4e5eae77fdca189b8699 [LEADER]: Connected to new peer: Peer: permanent_uuid: "88ff56c079b64ded825cc2e3d22a5491" member_type: VOTER last_known_addr { host: "127.29.90.1" port: 32943 } attrs { replace: true }, Status: LMP_MISMATCH, Last received: 0.0, Next index: 3, Last known committed idx: 2, Time since last communication: 0.001s
I20260710 11:08:37.699581 31353 consensus_queue.cc:237] T ce0f12402a954d8aa9b6ae6cbeec1526 P e7b31db9fcf24c23985c82ab36a6afbc [LEADER]: Queue going to LEADER mode. State: All replicated index: 0, Majority replicated index: 3, Committed index: 3, Last appended: 1.3, Last appended by leader: 0, Current term: 1, Majority size: 2, State: 0, Mode: LEADER, active raft config: opid_index: 4 OBSOLETE_local: false peers { permanent_uuid: "88ff56c079b64ded825cc2e3d22a5491" member_type: VOTER last_known_addr { host: "127.29.90.1" port: 32943 } } peers { permanent_uuid: "e7b31db9fcf24c23985c82ab36a6afbc" member_type: VOTER last_known_addr { host: "127.29.90.3" port: 42393 } } peers { permanent_uuid: "35e5126540e744ce994eec53fdcde660" member_type: VOTER last_known_addr { host: "127.29.90.4" port: 46659 } attrs { promote: false } }
I20260710 11:08:37.713218 31629 raft_consensus.cc:1275] T ce0f12402a954d8aa9b6ae6cbeec1526 P 35e5126540e744ce994eec53fdcde660 [term 1 FOLLOWER]: Refusing update from remote peer e7b31db9fcf24c23985c82ab36a6afbc: Log matching property violated. Preceding OpId in replica: term: 1 index: 3. Preceding OpId from leader: term: 1 index: 4. (index mismatch)
I20260710 11:08:37.716146 31971 consensus_queue.cc:1048] T ce0f12402a954d8aa9b6ae6cbeec1526 P e7b31db9fcf24c23985c82ab36a6afbc [LEADER]: Connected to new peer: Peer: permanent_uuid: "35e5126540e744ce994eec53fdcde660" member_type: VOTER last_known_addr { host: "127.29.90.4" port: 46659 } attrs { promote: false }, Status: LMP_MISMATCH, Last received: 0.0, Next index: 4, Last known committed idx: 3, Time since last communication: 0.001s
I20260710 11:08:37.719213 31956 raft_consensus.cc:2955] T 6abefb93f20e45949b48dd9466577fc4 P 6b4794a9d2bb4e5eae77fdca189b8699 [term 1 LEADER]: Committing config change with OpId 1.3: config changed from index 2 to 3, 35e5126540e744ce994eec53fdcde660 (127.29.90.4) changed from NON_VOTER to VOTER. New config: { opid_index: 3 OBSOLETE_local: false peers { permanent_uuid: "e7b31db9fcf24c23985c82ab36a6afbc" member_type: VOTER last_known_addr { host: "127.29.90.3" port: 42393 } } peers { permanent_uuid: "88ff56c079b64ded825cc2e3d22a5491" member_type: VOTER last_known_addr { host: "127.29.90.1" port: 32943 } attrs { replace: true } } peers { permanent_uuid: "6b4794a9d2bb4e5eae77fdca189b8699" member_type: VOTER last_known_addr { host: "127.29.90.2" port: 34373 } } peers { permanent_uuid: "35e5126540e744ce994eec53fdcde660" member_type: VOTER last_known_addr { host: "127.29.90.4" port: 46659 } attrs { promote: false } } }
I20260710 11:08:37.724570 31355 raft_consensus.cc:2955] T 6abefb93f20e45949b48dd9466577fc4 P e7b31db9fcf24c23985c82ab36a6afbc [term 1 FOLLOWER]: Committing config change with OpId 1.3: config changed from index 2 to 3, 35e5126540e744ce994eec53fdcde660 (127.29.90.4) changed from NON_VOTER to VOTER. New config: { opid_index: 3 OBSOLETE_local: false peers { permanent_uuid: "e7b31db9fcf24c23985c82ab36a6afbc" member_type: VOTER last_known_addr { host: "127.29.90.3" port: 42393 } } peers { permanent_uuid: "88ff56c079b64ded825cc2e3d22a5491" member_type: VOTER last_known_addr { host: "127.29.90.1" port: 32943 } attrs { replace: true } } peers { permanent_uuid: "6b4794a9d2bb4e5eae77fdca189b8699" member_type: VOTER last_known_addr { host: "127.29.90.2" port: 34373 } } peers { permanent_uuid: "35e5126540e744ce994eec53fdcde660" member_type: VOTER last_known_addr { host: "127.29.90.4" port: 46659 } attrs { promote: false } } }
I20260710 11:08:37.728012 31966 raft_consensus.cc:2955] T ce0f12402a954d8aa9b6ae6cbeec1526 P e7b31db9fcf24c23985c82ab36a6afbc [term 1 LEADER]: Committing config change with OpId 1.4: config changed from index 3 to 4, VOTER 6b4794a9d2bb4e5eae77fdca189b8699 (127.29.90.2) evicted. New config: { opid_index: 4 OBSOLETE_local: false peers { permanent_uuid: "88ff56c079b64ded825cc2e3d22a5491" member_type: VOTER last_known_addr { host: "127.29.90.1" port: 32943 } } peers { permanent_uuid: "e7b31db9fcf24c23985c82ab36a6afbc" member_type: VOTER last_known_addr { host: "127.29.90.3" port: 42393 } } peers { permanent_uuid: "35e5126540e744ce994eec53fdcde660" member_type: VOTER last_known_addr { host: "127.29.90.4" port: 46659 } attrs { promote: false } } }
I20260710 11:08:37.733331 31206 raft_consensus.cc:2955] T 6abefb93f20e45949b48dd9466577fc4 P 88ff56c079b64ded825cc2e3d22a5491 [term 1 FOLLOWER]: Committing config change with OpId 1.3: config changed from index 2 to 3, 35e5126540e744ce994eec53fdcde660 (127.29.90.4) changed from NON_VOTER to VOTER. New config: { opid_index: 3 OBSOLETE_local: false peers { permanent_uuid: "e7b31db9fcf24c23985c82ab36a6afbc" member_type: VOTER last_known_addr { host: "127.29.90.3" port: 42393 } } peers { permanent_uuid: "88ff56c079b64ded825cc2e3d22a5491" member_type: VOTER last_known_addr { host: "127.29.90.1" port: 32943 } attrs { replace: true } } peers { permanent_uuid: "6b4794a9d2bb4e5eae77fdca189b8699" member_type: VOTER last_known_addr { host: "127.29.90.2" port: 34373 } } peers { permanent_uuid: "35e5126540e744ce994eec53fdcde660" member_type: VOTER last_known_addr { host: "127.29.90.4" port: 46659 } attrs { promote: false } } }
I20260710 11:08:37.733839 31625 raft_consensus.cc:2955] T ce0f12402a954d8aa9b6ae6cbeec1526 P 35e5126540e744ce994eec53fdcde660 [term 1 FOLLOWER]: Committing config change with OpId 1.4: config changed from index 3 to 4, VOTER 6b4794a9d2bb4e5eae77fdca189b8699 (127.29.90.2) evicted. New config: { opid_index: 4 OBSOLETE_local: false peers { permanent_uuid: "88ff56c079b64ded825cc2e3d22a5491" member_type: VOTER last_known_addr { host: "127.29.90.1" port: 32943 } } peers { permanent_uuid: "e7b31db9fcf24c23985c82ab36a6afbc" member_type: VOTER last_known_addr { host: "127.29.90.3" port: 42393 } } peers { permanent_uuid: "35e5126540e744ce994eec53fdcde660" member_type: VOTER last_known_addr { host: "127.29.90.4" port: 46659 } attrs { promote: false } } }
I20260710 11:08:37.740403 31207 raft_consensus.cc:1275] T ce0f12402a954d8aa9b6ae6cbeec1526 P 88ff56c079b64ded825cc2e3d22a5491 [term 1 FOLLOWER]: Refusing update from remote peer e7b31db9fcf24c23985c82ab36a6afbc: Log matching property violated. Preceding OpId in replica: term: 1 index: 3. Preceding OpId from leader: term: 1 index: 4. (index mismatch)
I20260710 11:08:37.743021 31971 consensus_queue.cc:1048] T ce0f12402a954d8aa9b6ae6cbeec1526 P e7b31db9fcf24c23985c82ab36a6afbc [LEADER]: Connected to new peer: Peer: permanent_uuid: "88ff56c079b64ded825cc2e3d22a5491" member_type: VOTER last_known_addr { host: "127.29.90.1" port: 32943 }, Status: LMP_MISMATCH, Last received: 0.0, Next index: 4, Last known committed idx: 3, Time since last communication: 0.000s
I20260710 11:08:37.749653 31104 catalog_manager.cc:5697] T 6abefb93f20e45949b48dd9466577fc4 P e7b31db9fcf24c23985c82ab36a6afbc reported cstate change: config changed from index 2 to 3, 35e5126540e744ce994eec53fdcde660 (127.29.90.4) changed from NON_VOTER to VOTER. New cstate: current_term: 1 leader_uuid: "6b4794a9d2bb4e5eae77fdca189b8699" committed_config { opid_index: 3 OBSOLETE_local: false peers { permanent_uuid: "e7b31db9fcf24c23985c82ab36a6afbc" member_type: VOTER last_known_addr { host: "127.29.90.3" port: 42393 } } peers { permanent_uuid: "88ff56c079b64ded825cc2e3d22a5491" member_type: VOTER last_known_addr { host: "127.29.90.1" port: 32943 } attrs { replace: true } } peers { permanent_uuid: "6b4794a9d2bb4e5eae77fdca189b8699" member_type: VOTER last_known_addr { host: "127.29.90.2" port: 34373 } } peers { permanent_uuid: "35e5126540e744ce994eec53fdcde660" member_type: VOTER last_known_addr { host: "127.29.90.4" port: 46659 } attrs { promote: false } } }
I20260710 11:08:37.755348 31625 raft_consensus.cc:2955] T 6abefb93f20e45949b48dd9466577fc4 P 35e5126540e744ce994eec53fdcde660 [term 1 FOLLOWER]: Committing config change with OpId 1.3: config changed from index 2 to 3, 35e5126540e744ce994eec53fdcde660 (127.29.90.4) changed from NON_VOTER to VOTER. New config: { opid_index: 3 OBSOLETE_local: false peers { permanent_uuid: "e7b31db9fcf24c23985c82ab36a6afbc" member_type: VOTER last_known_addr { host: "127.29.90.3" port: 42393 } } peers { permanent_uuid: "88ff56c079b64ded825cc2e3d22a5491" member_type: VOTER last_known_addr { host: "127.29.90.1" port: 32943 } attrs { replace: true } } peers { permanent_uuid: "6b4794a9d2bb4e5eae77fdca189b8699" member_type: VOTER last_known_addr { host: "127.29.90.2" port: 34373 } } peers { permanent_uuid: "35e5126540e744ce994eec53fdcde660" member_type: VOTER last_known_addr { host: "127.29.90.4" port: 46659 } attrs { promote: false } } }
I20260710 11:08:37.767584 31103 catalog_manager.cc:5697] T ce0f12402a954d8aa9b6ae6cbeec1526 P 35e5126540e744ce994eec53fdcde660 reported cstate change: config changed from index 3 to 4, VOTER 6b4794a9d2bb4e5eae77fdca189b8699 (127.29.90.2) evicted. New cstate: current_term: 1 leader_uuid: "e7b31db9fcf24c23985c82ab36a6afbc" committed_config { opid_index: 4 OBSOLETE_local: false peers { permanent_uuid: "88ff56c079b64ded825cc2e3d22a5491" member_type: VOTER last_known_addr { host: "127.29.90.1" port: 32943 } } peers { permanent_uuid: "e7b31db9fcf24c23985c82ab36a6afbc" member_type: VOTER last_known_addr { host: "127.29.90.3" port: 42393 } } peers { permanent_uuid: "35e5126540e744ce994eec53fdcde660" member_type: VOTER last_known_addr { host: "127.29.90.4" port: 46659 } attrs { promote: false } } }
I20260710 11:08:37.770582 31092 catalog_manager.cc:5210] ChangeConfig:REMOVE_PEER RPC for tablet ce0f12402a954d8aa9b6ae6cbeec1526 with cas_config_opid_index 3: ChangeConfig:REMOVE_PEER succeeded (attempt 1)
I20260710 11:08:37.755669 31207 raft_consensus.cc:2955] T ce0f12402a954d8aa9b6ae6cbeec1526 P 88ff56c079b64ded825cc2e3d22a5491 [term 1 FOLLOWER]: Committing config change with OpId 1.4: config changed from index 3 to 4, VOTER 6b4794a9d2bb4e5eae77fdca189b8699 (127.29.90.2) evicted. New config: { opid_index: 4 OBSOLETE_local: false peers { permanent_uuid: "88ff56c079b64ded825cc2e3d22a5491" member_type: VOTER last_known_addr { host: "127.29.90.1" port: 32943 } } peers { permanent_uuid: "e7b31db9fcf24c23985c82ab36a6afbc" member_type: VOTER last_known_addr { host: "127.29.90.3" port: 42393 } } peers { permanent_uuid: "35e5126540e744ce994eec53fdcde660" member_type: VOTER last_known_addr { host: "127.29.90.4" port: 46659 } attrs { promote: false } } }
I20260710 11:08:37.785642 31271 tablet_service.cc:1558] Processing DeleteTablet for tablet ce0f12402a954d8aa9b6ae6cbeec1526 with delete_type TABLET_DATA_TOMBSTONED (TS 6b4794a9d2bb4e5eae77fdca189b8699 not found in new config with opid_index 4) from {username='slave'} at 127.0.0.1:58740
I20260710 11:08:37.791153 31986 tablet_replica.cc:333] T ce0f12402a954d8aa9b6ae6cbeec1526 P 6b4794a9d2bb4e5eae77fdca189b8699: stopping tablet replica
I20260710 11:08:37.792436 31986 raft_consensus.cc:2243] T ce0f12402a954d8aa9b6ae6cbeec1526 P 6b4794a9d2bb4e5eae77fdca189b8699 [term 1 FOLLOWER]: Raft consensus shutting down.
I20260710 11:08:37.793305 31986 raft_consensus.cc:2272] T ce0f12402a954d8aa9b6ae6cbeec1526 P 6b4794a9d2bb4e5eae77fdca189b8699 [term 1 FOLLOWER]: Raft consensus is shut down!
I20260710 11:08:37.797871 31986 ts_tablet_manager.cc:1916] T ce0f12402a954d8aa9b6ae6cbeec1526 P 6b4794a9d2bb4e5eae77fdca189b8699: Deleting tablet data with delete state TABLET_DATA_TOMBSTONED
I20260710 11:08:37.806883 31278 consensus_queue.cc:237] T 6abefb93f20e45949b48dd9466577fc4 P 6b4794a9d2bb4e5eae77fdca189b8699 [LEADER]: Queue going to LEADER mode. State: All replicated index: 0, Majority replicated index: 3, Committed index: 3, Last appended: 1.3, Last appended by leader: 0, Current term: 1, Majority size: 2, State: 0, Mode: LEADER, active raft config: opid_index: 4 OBSOLETE_local: false peers { permanent_uuid: "e7b31db9fcf24c23985c82ab36a6afbc" member_type: VOTER last_known_addr { host: "127.29.90.3" port: 42393 } } peers { permanent_uuid: "6b4794a9d2bb4e5eae77fdca189b8699" member_type: VOTER last_known_addr { host: "127.29.90.2" port: 34373 } } peers { permanent_uuid: "35e5126540e744ce994eec53fdcde660" member_type: VOTER last_known_addr { host: "127.29.90.4" port: 46659 } attrs { promote: false } }
I20260710 11:08:37.812529 31625 raft_consensus.cc:1275] T 6abefb93f20e45949b48dd9466577fc4 P 35e5126540e744ce994eec53fdcde660 [term 1 FOLLOWER]: Refusing update from remote peer 6b4794a9d2bb4e5eae77fdca189b8699: Log matching property violated. Preceding OpId in replica: term: 1 index: 3. Preceding OpId from leader: term: 1 index: 4. (index mismatch)
I20260710 11:08:37.812948 31355 raft_consensus.cc:1275] T 6abefb93f20e45949b48dd9466577fc4 P e7b31db9fcf24c23985c82ab36a6afbc [term 1 FOLLOWER]: Refusing update from remote peer 6b4794a9d2bb4e5eae77fdca189b8699: Log matching property violated. Preceding OpId in replica: term: 1 index: 3. Preceding OpId from leader: term: 1 index: 4. (index mismatch)
I20260710 11:08:37.813963 31985 consensus_queue.cc:1048] T 6abefb93f20e45949b48dd9466577fc4 P 6b4794a9d2bb4e5eae77fdca189b8699 [LEADER]: Connected to new peer: Peer: permanent_uuid: "35e5126540e744ce994eec53fdcde660" member_type: VOTER last_known_addr { host: "127.29.90.4" port: 46659 } attrs { promote: false }, Status: LMP_MISMATCH, Last received: 0.0, Next index: 4, Last known committed idx: 3, Time since last communication: 0.000s
I20260710 11:08:37.814909 31969 consensus_queue.cc:1048] T 6abefb93f20e45949b48dd9466577fc4 P 6b4794a9d2bb4e5eae77fdca189b8699 [LEADER]: Connected to new peer: Peer: permanent_uuid: "e7b31db9fcf24c23985c82ab36a6afbc" member_type: VOTER last_known_addr { host: "127.29.90.3" port: 42393 }, Status: LMP_MISMATCH, Last received: 0.0, Next index: 4, Last known committed idx: 3, Time since last communication: 0.000s
I20260710 11:08:37.819527 31986 ts_tablet_manager.cc:1929] T ce0f12402a954d8aa9b6ae6cbeec1526 P 6b4794a9d2bb4e5eae77fdca189b8699: tablet deleted with delete type TABLET_DATA_TOMBSTONED: last-logged OpId 1.3
I20260710 11:08:37.820048 31986 log.cc:1199] T ce0f12402a954d8aa9b6ae6cbeec1526 P 6b4794a9d2bb4e5eae77fdca189b8699: Deleting WAL directory at /tmp/dist-test-task_UyGWF/test-tmp/auto_leader_rebalancer-test.0.LeaderRebalancerTest.AddTserver.1783681670559413-30056-0/minicluster-data/ts-1-root/wals/ce0f12402a954d8aa9b6ae6cbeec1526
I20260710 11:08:37.822016 31089 catalog_manager.cc:5028] TS 6b4794a9d2bb4e5eae77fdca189b8699 (127.29.90.2:34373): tablet ce0f12402a954d8aa9b6ae6cbeec1526 (table test-workload [id=77a7574c9dc44c09ac4471802aed8bd8]) successfully deleted
I20260710 11:08:37.830000 31984 raft_consensus.cc:2955] T 6abefb93f20e45949b48dd9466577fc4 P 6b4794a9d2bb4e5eae77fdca189b8699 [term 1 LEADER]: Committing config change with OpId 1.4: config changed from index 3 to 4, VOTER 88ff56c079b64ded825cc2e3d22a5491 (127.29.90.1) evicted. New config: { opid_index: 4 OBSOLETE_local: false peers { permanent_uuid: "e7b31db9fcf24c23985c82ab36a6afbc" member_type: VOTER last_known_addr { host: "127.29.90.3" port: 42393 } } peers { permanent_uuid: "6b4794a9d2bb4e5eae77fdca189b8699" member_type: VOTER last_known_addr { host: "127.29.90.2" port: 34373 } } peers { permanent_uuid: "35e5126540e744ce994eec53fdcde660" member_type: VOTER last_known_addr { host: "127.29.90.4" port: 46659 } attrs { promote: false } } }
I20260710 11:08:37.831149 31625 raft_consensus.cc:2955] T 6abefb93f20e45949b48dd9466577fc4 P 35e5126540e744ce994eec53fdcde660 [term 1 FOLLOWER]: Committing config change with OpId 1.4: config changed from index 3 to 4, VOTER 88ff56c079b64ded825cc2e3d22a5491 (127.29.90.1) evicted. New config: { opid_index: 4 OBSOLETE_local: false peers { permanent_uuid: "e7b31db9fcf24c23985c82ab36a6afbc" member_type: VOTER last_known_addr { host: "127.29.90.3" port: 42393 } } peers { permanent_uuid: "6b4794a9d2bb4e5eae77fdca189b8699" member_type: VOTER last_known_addr { host: "127.29.90.2" port: 34373 } } peers { permanent_uuid: "35e5126540e744ce994eec53fdcde660" member_type: VOTER last_known_addr { host: "127.29.90.4" port: 46659 } attrs { promote: false } } }
I20260710 11:08:37.837903 31355 raft_consensus.cc:2955] T 6abefb93f20e45949b48dd9466577fc4 P e7b31db9fcf24c23985c82ab36a6afbc [term 1 FOLLOWER]: Committing config change with OpId 1.4: config changed from index 3 to 4, VOTER 88ff56c079b64ded825cc2e3d22a5491 (127.29.90.1) evicted. New config: { opid_index: 4 OBSOLETE_local: false peers { permanent_uuid: "e7b31db9fcf24c23985c82ab36a6afbc" member_type: VOTER last_known_addr { host: "127.29.90.3" port: 42393 } } peers { permanent_uuid: "6b4794a9d2bb4e5eae77fdca189b8699" member_type: VOTER last_known_addr { host: "127.29.90.2" port: 34373 } } peers { permanent_uuid: "35e5126540e744ce994eec53fdcde660" member_type: VOTER last_known_addr { host: "127.29.90.4" port: 46659 } attrs { promote: false } } }
I20260710 11:08:37.849256 31089 catalog_manager.cc:5210] ChangeConfig:REMOVE_PEER RPC for tablet 6abefb93f20e45949b48dd9466577fc4 with cas_config_opid_index 3: ChangeConfig:REMOVE_PEER succeeded (attempt 1)
I20260710 11:08:37.851850 31102 catalog_manager.cc:5697] T 6abefb93f20e45949b48dd9466577fc4 P 35e5126540e744ce994eec53fdcde660 reported cstate change: config changed from index 3 to 4, VOTER 88ff56c079b64ded825cc2e3d22a5491 (127.29.90.1) evicted. New cstate: current_term: 1 leader_uuid: "6b4794a9d2bb4e5eae77fdca189b8699" committed_config { opid_index: 4 OBSOLETE_local: false peers { permanent_uuid: "e7b31db9fcf24c23985c82ab36a6afbc" member_type: VOTER last_known_addr { host: "127.29.90.3" port: 42393 } } peers { permanent_uuid: "6b4794a9d2bb4e5eae77fdca189b8699" member_type: VOTER last_known_addr { host: "127.29.90.2" port: 34373 } } peers { permanent_uuid: "35e5126540e744ce994eec53fdcde660" member_type: VOTER last_known_addr { host: "127.29.90.4" port: 46659 } attrs { promote: false } } }
I20260710 11:08:37.867563 31188 tablet_service.cc:1558] Processing DeleteTablet for tablet 6abefb93f20e45949b48dd9466577fc4 with delete_type TABLET_DATA_TOMBSTONED (TS 88ff56c079b64ded825cc2e3d22a5491 not found in new config with opid_index 4) from {username='slave'} at 127.0.0.1:36796
I20260710 11:08:37.869617 31987 tablet_replica.cc:333] T 6abefb93f20e45949b48dd9466577fc4 P 88ff56c079b64ded825cc2e3d22a5491: stopping tablet replica
I20260710 11:08:37.870857 31987 raft_consensus.cc:2243] T 6abefb93f20e45949b48dd9466577fc4 P 88ff56c079b64ded825cc2e3d22a5491 [term 1 FOLLOWER]: Raft consensus shutting down.
I20260710 11:08:37.871626 31987 raft_consensus.cc:2272] T 6abefb93f20e45949b48dd9466577fc4 P 88ff56c079b64ded825cc2e3d22a5491 [term 1 FOLLOWER]: Raft consensus is shut down!
I20260710 11:08:37.875102 31987 ts_tablet_manager.cc:1916] T 6abefb93f20e45949b48dd9466577fc4 P 88ff56c079b64ded825cc2e3d22a5491: Deleting tablet data with delete state TABLET_DATA_TOMBSTONED
I20260710 11:08:37.888389 31987 ts_tablet_manager.cc:1929] T 6abefb93f20e45949b48dd9466577fc4 P 88ff56c079b64ded825cc2e3d22a5491: tablet deleted with delete type TABLET_DATA_TOMBSTONED: last-logged OpId 1.3
I20260710 11:08:37.888873 31987 log.cc:1199] T 6abefb93f20e45949b48dd9466577fc4 P 88ff56c079b64ded825cc2e3d22a5491: Deleting WAL directory at /tmp/dist-test-task_UyGWF/test-tmp/auto_leader_rebalancer-test.0.LeaderRebalancerTest.AddTserver.1783681670559413-30056-0/minicluster-data/ts-0-root/wals/6abefb93f20e45949b48dd9466577fc4
I20260710 11:08:37.890651 31092 catalog_manager.cc:5028] TS 88ff56c079b64ded825cc2e3d22a5491 (127.29.90.1:32943): tablet 6abefb93f20e45949b48dd9466577fc4 (table test-workload [id=77a7574c9dc44c09ac4471802aed8bd8]) successfully deleted
I20260710 11:08:42.183386 30056 auto_leader_rebalancer.cc:141] leader rebalance for table test-workload
I20260710 11:08:42.212198 31355 tablet_service.cc:2072] Received LeaderStepDown RPC: tablet_id: "81402316581641ff800ba18e2e4841c5"
dest_uuid: "e7b31db9fcf24c23985c82ab36a6afbc"
mode: GRACEFUL
new_leader_uuid: "35e5126540e744ce994eec53fdcde660"
 from {username='slave'} at 127.0.0.1:47418
I20260710 11:08:42.213074 31355 raft_consensus.cc:606] T 81402316581641ff800ba18e2e4841c5 P e7b31db9fcf24c23985c82ab36a6afbc [term 1 LEADER]: Received request to transfer leadership to TS 35e5126540e744ce994eec53fdcde660
I20260710 11:08:42.226593 31206 tablet_service.cc:2072] Received LeaderStepDown RPC: tablet_id: "b22210a9e6e94c5db7ea8ce99cba8d9e"
dest_uuid: "88ff56c079b64ded825cc2e3d22a5491"
mode: GRACEFUL
new_leader_uuid: "35e5126540e744ce994eec53fdcde660"
 from {username='slave'} at 127.0.0.1:41472
I20260710 11:08:42.227264 31206 raft_consensus.cc:606] T b22210a9e6e94c5db7ea8ce99cba8d9e P 88ff56c079b64ded825cc2e3d22a5491 [term 1 LEADER]: Received request to transfer leadership to TS 35e5126540e744ce994eec53fdcde660
I20260710 11:08:42.230075 31355 tablet_service.cc:2072] Received LeaderStepDown RPC: tablet_id: "ce0f12402a954d8aa9b6ae6cbeec1526"
dest_uuid: "e7b31db9fcf24c23985c82ab36a6afbc"
mode: GRACEFUL
new_leader_uuid: "35e5126540e744ce994eec53fdcde660"
 from {username='slave'} at 127.0.0.1:47418
I20260710 11:08:42.230669 31355 raft_consensus.cc:606] T ce0f12402a954d8aa9b6ae6cbeec1526 P e7b31db9fcf24c23985c82ab36a6afbc [term 1 LEADER]: Received request to transfer leadership to TS 35e5126540e744ce994eec53fdcde660
I20260710 11:08:42.244411 31278 tablet_service.cc:2072] Received LeaderStepDown RPC: tablet_id: "de9afae033294fe1b2dd33bf4a507583"
dest_uuid: "6b4794a9d2bb4e5eae77fdca189b8699"
mode: GRACEFUL
new_leader_uuid: "88ff56c079b64ded825cc2e3d22a5491"
 from {username='slave'} at 127.0.0.1:47294
I20260710 11:08:42.244987 31278 raft_consensus.cc:606] T de9afae033294fe1b2dd33bf4a507583 P 6b4794a9d2bb4e5eae77fdca189b8699 [term 1 LEADER]: Received request to transfer leadership to TS 88ff56c079b64ded825cc2e3d22a5491
I20260710 11:08:42.247907 31278 tablet_service.cc:2072] Received LeaderStepDown RPC: tablet_id: "dffab8768e334dd394295247fa8e386d"
dest_uuid: "6b4794a9d2bb4e5eae77fdca189b8699"
mode: GRACEFUL
new_leader_uuid: "35e5126540e744ce994eec53fdcde660"
 from {username='slave'} at 127.0.0.1:47294
I20260710 11:08:42.248382 31278 raft_consensus.cc:606] T dffab8768e334dd394295247fa8e386d P 6b4794a9d2bb4e5eae77fdca189b8699 [term 1 LEADER]: Received request to transfer leadership to TS 35e5126540e744ce994eec53fdcde660
I20260710 11:08:42.249532 30056 auto_leader_rebalancer.cc:452] table: test-workload, leader rebalance finish, leader transfer count: 5
I20260710 11:08:42.250273 30056 auto_leader_rebalancer.cc:527] All tables' leader rebalancing finished this round
I20260710 11:08:42.350315 32002 raft_consensus.cc:993] T dffab8768e334dd394295247fa8e386d P 6b4794a9d2bb4e5eae77fdca189b8699: : Instructing follower 35e5126540e744ce994eec53fdcde660 to start an election
I20260710 11:08:42.351155 31990 raft_consensus.cc:1081] T dffab8768e334dd394295247fa8e386d P 6b4794a9d2bb4e5eae77fdca189b8699 [term 1 LEADER]: Signalling peer 35e5126540e744ce994eec53fdcde660 to start an election
I20260710 11:08:42.351928 31991 raft_consensus.cc:993] T 81402316581641ff800ba18e2e4841c5 P e7b31db9fcf24c23985c82ab36a6afbc: : Instructing follower 35e5126540e744ce994eec53fdcde660 to start an election
I20260710 11:08:42.352638 31996 raft_consensus.cc:1081] T 81402316581641ff800ba18e2e4841c5 P e7b31db9fcf24c23985c82ab36a6afbc [term 1 LEADER]: Signalling peer 35e5126540e744ce994eec53fdcde660 to start an election
I20260710 11:08:42.353309 31625 tablet_service.cc:2044] Received Run Leader Election RPC: tablet_id: "dffab8768e334dd394295247fa8e386d"
dest_uuid: "35e5126540e744ce994eec53fdcde660"
 from {username='slave'} at 127.0.0.1:35398
I20260710 11:08:42.353940 31625 raft_consensus.cc:493] T dffab8768e334dd394295247fa8e386d P 35e5126540e744ce994eec53fdcde660 [term 1 FOLLOWER]: Starting forced leader election (received explicit request)
I20260710 11:08:42.354592 31629 tablet_service.cc:2044] Received Run Leader Election RPC: tablet_id: "81402316581641ff800ba18e2e4841c5"
dest_uuid: "35e5126540e744ce994eec53fdcde660"
 from {username='slave'} at 127.0.0.1:35402
I20260710 11:08:42.354936 31625 raft_consensus.cc:3060] T dffab8768e334dd394295247fa8e386d P 35e5126540e744ce994eec53fdcde660 [term 1 FOLLOWER]: Advancing to term 2
I20260710 11:08:42.355160 31629 raft_consensus.cc:493] T 81402316581641ff800ba18e2e4841c5 P 35e5126540e744ce994eec53fdcde660 [term 1 FOLLOWER]: Starting forced leader election (received explicit request)
I20260710 11:08:42.355584 31629 raft_consensus.cc:3060] T 81402316581641ff800ba18e2e4841c5 P 35e5126540e744ce994eec53fdcde660 [term 1 FOLLOWER]: Advancing to term 2
I20260710 11:08:42.361907 31625 raft_consensus.cc:515] T dffab8768e334dd394295247fa8e386d P 35e5126540e744ce994eec53fdcde660 [term 2 FOLLOWER]: Starting forced leader election with config: opid_index: 4 OBSOLETE_local: false peers { permanent_uuid: "6b4794a9d2bb4e5eae77fdca189b8699" member_type: VOTER last_known_addr { host: "127.29.90.2" port: 34373 } } peers { permanent_uuid: "e7b31db9fcf24c23985c82ab36a6afbc" member_type: VOTER last_known_addr { host: "127.29.90.3" port: 42393 } } peers { permanent_uuid: "35e5126540e744ce994eec53fdcde660" member_type: VOTER last_known_addr { host: "127.29.90.4" port: 46659 } attrs { promote: false } }
I20260710 11:08:42.363000 31629 raft_consensus.cc:515] T 81402316581641ff800ba18e2e4841c5 P 35e5126540e744ce994eec53fdcde660 [term 2 FOLLOWER]: Starting forced leader election with config: opid_index: 4 OBSOLETE_local: false peers { permanent_uuid: "88ff56c079b64ded825cc2e3d22a5491" member_type: VOTER last_known_addr { host: "127.29.90.1" port: 32943 } } peers { permanent_uuid: "e7b31db9fcf24c23985c82ab36a6afbc" member_type: VOTER last_known_addr { host: "127.29.90.3" port: 42393 } } peers { permanent_uuid: "35e5126540e744ce994eec53fdcde660" member_type: VOTER last_known_addr { host: "127.29.90.4" port: 46659 } attrs { promote: false } }
I20260710 11:08:42.364409 31625 leader_election.cc:290] T dffab8768e334dd394295247fa8e386d P 35e5126540e744ce994eec53fdcde660 [CANDIDATE]: Term 2 election: Requested vote from peers 6b4794a9d2bb4e5eae77fdca189b8699 (127.29.90.2:34373), e7b31db9fcf24c23985c82ab36a6afbc (127.29.90.3:42393)
I20260710 11:08:42.365218 31629 leader_election.cc:290] T 81402316581641ff800ba18e2e4841c5 P 35e5126540e744ce994eec53fdcde660 [CANDIDATE]: Term 2 election: Requested vote from peers 88ff56c079b64ded825cc2e3d22a5491 (127.29.90.1:32943), e7b31db9fcf24c23985c82ab36a6afbc (127.29.90.3:42393)
I20260710 11:08:42.365376 31278 tablet_service.cc:1917] Received RequestConsensusVote() RPC: tablet_id: "dffab8768e334dd394295247fa8e386d" candidate_uuid: "35e5126540e744ce994eec53fdcde660" candidate_term: 2 candidate_status { last_received { term: 1 index: 4 } } ignore_live_leader: true dest_uuid: "6b4794a9d2bb4e5eae77fdca189b8699"
I20260710 11:08:42.366652 31206 tablet_service.cc:1917] Received RequestConsensusVote() RPC: tablet_id: "81402316581641ff800ba18e2e4841c5" candidate_uuid: "35e5126540e744ce994eec53fdcde660" candidate_term: 2 candidate_status { last_received { term: 1 index: 4 } } ignore_live_leader: true dest_uuid: "88ff56c079b64ded825cc2e3d22a5491"
I20260710 11:08:42.366998 31278 raft_consensus.cc:3055] T dffab8768e334dd394295247fa8e386d P 6b4794a9d2bb4e5eae77fdca189b8699 [term 1 LEADER]: Stepping down as leader of term 1
I20260710 11:08:42.367291 31206 raft_consensus.cc:3060] T 81402316581641ff800ba18e2e4841c5 P 88ff56c079b64ded825cc2e3d22a5491 [term 1 FOLLOWER]: Advancing to term 2
I20260710 11:08:42.368042 31355 tablet_service.cc:1917] Received RequestConsensusVote() RPC: tablet_id: "dffab8768e334dd394295247fa8e386d" candidate_uuid: "35e5126540e744ce994eec53fdcde660" candidate_term: 2 candidate_status { last_received { term: 1 index: 4 } } ignore_live_leader: true dest_uuid: "e7b31db9fcf24c23985c82ab36a6afbc"
I20260710 11:08:42.368194 31353 tablet_service.cc:1917] Received RequestConsensusVote() RPC: tablet_id: "81402316581641ff800ba18e2e4841c5" candidate_uuid: "35e5126540e744ce994eec53fdcde660" candidate_term: 2 candidate_status { last_received { term: 1 index: 4 } } ignore_live_leader: true dest_uuid: "e7b31db9fcf24c23985c82ab36a6afbc"
I20260710 11:08:42.368324 31278 raft_consensus.cc:740] T dffab8768e334dd394295247fa8e386d P 6b4794a9d2bb4e5eae77fdca189b8699 [term 1 LEADER]: Becoming Follower/Learner. State: Replica: 6b4794a9d2bb4e5eae77fdca189b8699, State: Running, Role: LEADER
I20260710 11:08:42.368762 31355 raft_consensus.cc:3060] T dffab8768e334dd394295247fa8e386d P e7b31db9fcf24c23985c82ab36a6afbc [term 1 FOLLOWER]: Advancing to term 2
I20260710 11:08:42.368896 31353 raft_consensus.cc:3055] T 81402316581641ff800ba18e2e4841c5 P e7b31db9fcf24c23985c82ab36a6afbc [term 1 LEADER]: Stepping down as leader of term 1
I20260710 11:08:42.369330 31353 raft_consensus.cc:740] T 81402316581641ff800ba18e2e4841c5 P e7b31db9fcf24c23985c82ab36a6afbc [term 1 LEADER]: Becoming Follower/Learner. State: Replica: e7b31db9fcf24c23985c82ab36a6afbc, State: Running, Role: LEADER
I20260710 11:08:42.369560 31278 consensus_queue.cc:260] T dffab8768e334dd394295247fa8e386d P 6b4794a9d2bb4e5eae77fdca189b8699 [NON_LEADER]: Queue going to NON_LEADER mode. State: All replicated index: 0, Majority replicated index: 4, Committed index: 4, Last appended: 1.4, Last appended by leader: 4, Current term: 1, Majority size: -1, State: 0, Mode: NON_LEADER, active raft config: opid_index: 4 OBSOLETE_local: false peers { permanent_uuid: "6b4794a9d2bb4e5eae77fdca189b8699" member_type: VOTER last_known_addr { host: "127.29.90.2" port: 34373 } } peers { permanent_uuid: "e7b31db9fcf24c23985c82ab36a6afbc" member_type: VOTER last_known_addr { host: "127.29.90.3" port: 42393 } } peers { permanent_uuid: "35e5126540e744ce994eec53fdcde660" member_type: VOTER last_known_addr { host: "127.29.90.4" port: 46659 } attrs { promote: false } }
I20260710 11:08:42.370186 31353 consensus_queue.cc:260] T 81402316581641ff800ba18e2e4841c5 P e7b31db9fcf24c23985c82ab36a6afbc [NON_LEADER]: Queue going to NON_LEADER mode. State: All replicated index: 0, Majority replicated index: 4, Committed index: 4, Last appended: 1.4, Last appended by leader: 4, Current term: 1, Majority size: -1, State: 0, Mode: NON_LEADER, active raft config: opid_index: 4 OBSOLETE_local: false peers { permanent_uuid: "88ff56c079b64ded825cc2e3d22a5491" member_type: VOTER last_known_addr { host: "127.29.90.1" port: 32943 } } peers { permanent_uuid: "e7b31db9fcf24c23985c82ab36a6afbc" member_type: VOTER last_known_addr { host: "127.29.90.3" port: 42393 } } peers { permanent_uuid: "35e5126540e744ce994eec53fdcde660" member_type: VOTER last_known_addr { host: "127.29.90.4" port: 46659 } attrs { promote: false } }
I20260710 11:08:42.371301 31278 raft_consensus.cc:3060] T dffab8768e334dd394295247fa8e386d P 6b4794a9d2bb4e5eae77fdca189b8699 [term 1 FOLLOWER]: Advancing to term 2
I20260710 11:08:42.371809 31353 raft_consensus.cc:3060] T 81402316581641ff800ba18e2e4841c5 P e7b31db9fcf24c23985c82ab36a6afbc [term 1 FOLLOWER]: Advancing to term 2
I20260710 11:08:42.375768 31206 raft_consensus.cc:2468] T 81402316581641ff800ba18e2e4841c5 P 88ff56c079b64ded825cc2e3d22a5491 [term 2 FOLLOWER]: Leader election vote request: Granting yes vote for candidate 35e5126540e744ce994eec53fdcde660 in term 2.
I20260710 11:08:42.377357 31595 leader_election.cc:304] T 81402316581641ff800ba18e2e4841c5 P 35e5126540e744ce994eec53fdcde660 [CANDIDATE]: Term 2 election: Election decided. Result: candidate won. Election summary: received 2 responses out of 3 voters: 2 yes votes; 0 no votes. yes voters: 35e5126540e744ce994eec53fdcde660, 88ff56c079b64ded825cc2e3d22a5491; no voters: 
I20260710 11:08:42.377774 31355 raft_consensus.cc:2468] T dffab8768e334dd394295247fa8e386d P e7b31db9fcf24c23985c82ab36a6afbc [term 2 FOLLOWER]: Leader election vote request: Granting yes vote for candidate 35e5126540e744ce994eec53fdcde660 in term 2.
I20260710 11:08:42.382405 31353 raft_consensus.cc:2468] T 81402316581641ff800ba18e2e4841c5 P e7b31db9fcf24c23985c82ab36a6afbc [term 2 FOLLOWER]: Leader election vote request: Granting yes vote for candidate 35e5126540e744ce994eec53fdcde660 in term 2.
I20260710 11:08:42.384016 32003 raft_consensus.cc:2804] T 81402316581641ff800ba18e2e4841c5 P 35e5126540e744ce994eec53fdcde660 [term 2 FOLLOWER]: Leader election won for term 2
I20260710 11:08:42.387039 32003 raft_consensus.cc:697] T 81402316581641ff800ba18e2e4841c5 P 35e5126540e744ce994eec53fdcde660 [term 2 LEADER]: Becoming Leader. State: Replica: 35e5126540e744ce994eec53fdcde660, State: Running, Role: LEADER
I20260710 11:08:42.387532 31595 leader_election.cc:304] T dffab8768e334dd394295247fa8e386d P 35e5126540e744ce994eec53fdcde660 [CANDIDATE]: Term 2 election: Election decided. Result: candidate won. Election summary: received 2 responses out of 3 voters: 2 yes votes; 0 no votes. yes voters: 35e5126540e744ce994eec53fdcde660, e7b31db9fcf24c23985c82ab36a6afbc; no voters: 
I20260710 11:08:42.389037 32004 raft_consensus.cc:2804] T dffab8768e334dd394295247fa8e386d P 35e5126540e744ce994eec53fdcde660 [term 2 FOLLOWER]: Leader election won for term 2
I20260710 11:08:42.386880 31278 raft_consensus.cc:2468] T dffab8768e334dd394295247fa8e386d P 6b4794a9d2bb4e5eae77fdca189b8699 [term 2 FOLLOWER]: Leader election vote request: Granting yes vote for candidate 35e5126540e744ce994eec53fdcde660 in term 2.
I20260710 11:08:42.389067 32003 consensus_queue.cc:237] T 81402316581641ff800ba18e2e4841c5 P 35e5126540e744ce994eec53fdcde660 [LEADER]: Queue going to LEADER mode. State: All replicated index: 0, Majority replicated index: 4, Committed index: 4, Last appended: 1.4, Last appended by leader: 4, Current term: 2, Majority size: 2, State: 0, Mode: LEADER, active raft config: opid_index: 4 OBSOLETE_local: false peers { permanent_uuid: "88ff56c079b64ded825cc2e3d22a5491" member_type: VOTER last_known_addr { host: "127.29.90.1" port: 32943 } } peers { permanent_uuid: "e7b31db9fcf24c23985c82ab36a6afbc" member_type: VOTER last_known_addr { host: "127.29.90.3" port: 42393 } } peers { permanent_uuid: "35e5126540e744ce994eec53fdcde660" member_type: VOTER last_known_addr { host: "127.29.90.4" port: 46659 } attrs { promote: false } }
