I20260710 11:08:21.605577 17216 raft_consensus.cc:2955] T 28e234ec025b42ecbb74ede4d2f10741 P c28e75e680b145f0a6edde0fe31f1c0c [term 1 FOLLOWER]: Committing config change with OpId 1.4: config changed from index 3 to 4, VOTER 8256b14720b24599959afdceb9b2e9a7 (127.15.81.131) evicted. New config: { opid_index: 4 OBSOLETE_local: false peers { permanent_uuid: "d21e045fb0ce404aa2d5f05fac9eda35" member_type: VOTER last_known_addr { host: "127.15.81.129" port: 37013 } } peers { permanent_uuid: "79320841a90f4f7da5d8c5cf0ac66f2a" member_type: VOTER last_known_addr { host: "127.15.81.130" port: 44093 } } peers { permanent_uuid: "c28e75e680b145f0a6edde0fe31f1c0c" member_type: VOTER last_known_addr { host: "127.15.81.132" port: 41777 } attrs { promote: false } } }
I20260710 11:08:21.602317 17299 consensus_queue.cc:1048] T 99609381608c4d8f8e644dc2e32f5273 P 8256b14720b24599959afdceb9b2e9a7 [LEADER]: Connected to new peer: Peer: permanent_uuid: "c28e75e680b145f0a6edde0fe31f1c0c" member_type: VOTER last_known_addr { host: "127.15.81.132" port: 41777 } attrs { promote: false }, Status: LMP_MISMATCH, Last received: 0.0, Next index: 4, Last known committed idx: 3, Time since last communication: 0.000s
I20260710 11:08:21.614182 16953 consensus_queue.cc:237] T da8a915aff03493ca7bf006d25ebc936 P 8256b14720b24599959afdceb9b2e9a7 [LEADER]: Queue going to LEADER mode. State: All replicated index: 0, Majority replicated index: 3, Committed index: 3, Last appended: 1.3, Last appended by leader: 0, Current term: 1, Majority size: 2, State: 0, Mode: LEADER, active raft config: opid_index: 4 OBSOLETE_local: false peers { permanent_uuid: "d21e045fb0ce404aa2d5f05fac9eda35" member_type: VOTER last_known_addr { host: "127.15.81.129" port: 37013 } } peers { permanent_uuid: "8256b14720b24599959afdceb9b2e9a7" member_type: VOTER last_known_addr { host: "127.15.81.131" port: 33041 } } peers { permanent_uuid: "c28e75e680b145f0a6edde0fe31f1c0c" member_type: VOTER last_known_addr { host: "127.15.81.132" port: 41777 } attrs { promote: false } }
I20260710 11:08:21.617484 16693 catalog_manager.cc:5210] ChangeConfig:REMOVE_PEER RPC for tablet 28e234ec025b42ecbb74ede4d2f10741 with cas_config_opid_index 3: ChangeConfig:REMOVE_PEER succeeded (attempt 1)
I20260710 11:08:21.614981 17215 raft_consensus.cc:2955] T 99609381608c4d8f8e644dc2e32f5273 P c28e75e680b145f0a6edde0fe31f1c0c [term 1 FOLLOWER]: Committing config change with OpId 1.4: config changed from index 3 to 4, VOTER d21e045fb0ce404aa2d5f05fac9eda35 (127.15.81.129) evicted. New config: { opid_index: 4 OBSOLETE_local: false peers { permanent_uuid: "79320841a90f4f7da5d8c5cf0ac66f2a" member_type: VOTER last_known_addr { host: "127.15.81.130" port: 44093 } } peers { permanent_uuid: "8256b14720b24599959afdceb9b2e9a7" member_type: VOTER last_known_addr { host: "127.15.81.131" port: 33041 } } peers { permanent_uuid: "c28e75e680b145f0a6edde0fe31f1c0c" member_type: VOTER last_known_addr { host: "127.15.81.132" port: 41777 } attrs { promote: false } } }
I20260710 11:08:21.636665 17314 tablet_replica.cc:333] T 99609381608c4d8f8e644dc2e32f5273 P d21e045fb0ce404aa2d5f05fac9eda35: stopping tablet replica
I20260710 11:08:21.640080 17217 raft_consensus.cc:1275] T da8a915aff03493ca7bf006d25ebc936 P c28e75e680b145f0a6edde0fe31f1c0c [term 1 FOLLOWER]: Refusing update from remote peer 8256b14720b24599959afdceb9b2e9a7: Log matching property violated. Preceding OpId in replica: term: 1 index: 3. Preceding OpId from leader: term: 1 index: 4. (index mismatch)
I20260710 11:08:21.641605 16809 raft_consensus.cc:1275] T da8a915aff03493ca7bf006d25ebc936 P d21e045fb0ce404aa2d5f05fac9eda35 [term 1 FOLLOWER]: Refusing update from remote peer 8256b14720b24599959afdceb9b2e9a7: Log matching property violated. Preceding OpId in replica: term: 1 index: 3. Preceding OpId from leader: term: 1 index: 4. (index mismatch)
I20260710 11:08:21.643399 17299 consensus_queue.cc:1048] T da8a915aff03493ca7bf006d25ebc936 P 8256b14720b24599959afdceb9b2e9a7 [LEADER]: Connected to new peer: Peer: permanent_uuid: "c28e75e680b145f0a6edde0fe31f1c0c" member_type: VOTER last_known_addr { host: "127.15.81.132" port: 41777 } attrs { promote: false }, Status: LMP_MISMATCH, Last received: 0.0, Next index: 4, Last known committed idx: 3, Time since last communication: 0.000s
I20260710 11:08:21.644615 17113 consensus_queue.cc:1048] T da8a915aff03493ca7bf006d25ebc936 P 8256b14720b24599959afdceb9b2e9a7 [LEADER]: Connected to new peer: Peer: permanent_uuid: "d21e045fb0ce404aa2d5f05fac9eda35" member_type: VOTER last_known_addr { host: "127.15.81.129" port: 37013 }, Status: LMP_MISMATCH, Last received: 0.0, Next index: 4, Last known committed idx: 3, Time since last communication: 0.000s
I20260710 11:08:21.655030 17285 raft_consensus.cc:2955] T da8a915aff03493ca7bf006d25ebc936 P 8256b14720b24599959afdceb9b2e9a7 [term 1 LEADER]: Committing config change with OpId 1.4: config changed from index 3 to 4, VOTER 79320841a90f4f7da5d8c5cf0ac66f2a (127.15.81.130) evicted. New config: { opid_index: 4 OBSOLETE_local: false peers { permanent_uuid: "d21e045fb0ce404aa2d5f05fac9eda35" member_type: VOTER last_known_addr { host: "127.15.81.129" port: 37013 } } peers { permanent_uuid: "8256b14720b24599959afdceb9b2e9a7" member_type: VOTER last_known_addr { host: "127.15.81.131" port: 33041 } } peers { permanent_uuid: "c28e75e680b145f0a6edde0fe31f1c0c" member_type: VOTER last_known_addr { host: "127.15.81.132" port: 41777 } attrs { promote: false } } }
I20260710 11:08:21.656538 17217 raft_consensus.cc:2955] T da8a915aff03493ca7bf006d25ebc936 P c28e75e680b145f0a6edde0fe31f1c0c [term 1 FOLLOWER]: Committing config change with OpId 1.4: config changed from index 3 to 4, VOTER 79320841a90f4f7da5d8c5cf0ac66f2a (127.15.81.130) evicted. New config: { opid_index: 4 OBSOLETE_local: false peers { permanent_uuid: "d21e045fb0ce404aa2d5f05fac9eda35" member_type: VOTER last_known_addr { host: "127.15.81.129" port: 37013 } } peers { permanent_uuid: "8256b14720b24599959afdceb9b2e9a7" member_type: VOTER last_known_addr { host: "127.15.81.131" port: 33041 } } peers { permanent_uuid: "c28e75e680b145f0a6edde0fe31f1c0c" member_type: VOTER last_known_addr { host: "127.15.81.132" port: 41777 } attrs { promote: false } } }
I20260710 11:08:21.658100 16809 raft_consensus.cc:2955] T da8a915aff03493ca7bf006d25ebc936 P d21e045fb0ce404aa2d5f05fac9eda35 [term 1 FOLLOWER]: Committing config change with OpId 1.4: config changed from index 3 to 4, VOTER 79320841a90f4f7da5d8c5cf0ac66f2a (127.15.81.130) evicted. New config: { opid_index: 4 OBSOLETE_local: false peers { permanent_uuid: "d21e045fb0ce404aa2d5f05fac9eda35" member_type: VOTER last_known_addr { host: "127.15.81.129" port: 37013 } } peers { permanent_uuid: "8256b14720b24599959afdceb9b2e9a7" member_type: VOTER last_known_addr { host: "127.15.81.131" port: 33041 } } peers { permanent_uuid: "c28e75e680b145f0a6edde0fe31f1c0c" member_type: VOTER last_known_addr { host: "127.15.81.132" port: 41777 } attrs { promote: false } } }
I20260710 11:08:21.665714 17314 raft_consensus.cc:2243] T 99609381608c4d8f8e644dc2e32f5273 P d21e045fb0ce404aa2d5f05fac9eda35 [term 1 FOLLOWER]: Raft consensus shutting down.
I20260710 11:08:21.669716 16693 catalog_manager.cc:5210] ChangeConfig:REMOVE_PEER RPC for tablet da8a915aff03493ca7bf006d25ebc936 with cas_config_opid_index 3: ChangeConfig:REMOVE_PEER succeeded (attempt 1)
I20260710 11:08:21.671504 17314 raft_consensus.cc:2272] T 99609381608c4d8f8e644dc2e32f5273 P d21e045fb0ce404aa2d5f05fac9eda35 [term 1 FOLLOWER]: Raft consensus is shut down!
I20260710 11:08:21.676251 16706 catalog_manager.cc:5697] T da8a915aff03493ca7bf006d25ebc936 P 8256b14720b24599959afdceb9b2e9a7 reported cstate change: config changed from index 3 to 4, VOTER 79320841a90f4f7da5d8c5cf0ac66f2a (127.15.81.130) evicted. New cstate: current_term: 1 leader_uuid: "8256b14720b24599959afdceb9b2e9a7" committed_config { opid_index: 4 OBSOLETE_local: false peers { permanent_uuid: "d21e045fb0ce404aa2d5f05fac9eda35" member_type: VOTER last_known_addr { host: "127.15.81.129" port: 37013 } health_report { overall_health: HEALTHY } } peers { permanent_uuid: "8256b14720b24599959afdceb9b2e9a7" member_type: VOTER last_known_addr { host: "127.15.81.131" port: 33041 } health_report { overall_health: HEALTHY } } peers { permanent_uuid: "c28e75e680b145f0a6edde0fe31f1c0c" member_type: VOTER last_known_addr { host: "127.15.81.132" port: 41777 } attrs { promote: false } health_report { overall_health: HEALTHY } } }
I20260710 11:08:21.684751 17314 ts_tablet_manager.cc:1916] T 99609381608c4d8f8e644dc2e32f5273 P d21e045fb0ce404aa2d5f05fac9eda35: Deleting tablet data with delete state TABLET_DATA_TOMBSTONED
I20260710 11:08:21.688097 17306 ts_tablet_manager.cc:1929] T faa2514ffb8344b4b4a3f6447ce5586e P 79320841a90f4f7da5d8c5cf0ac66f2a: tablet deleted with delete type TABLET_DATA_TOMBSTONED: last-logged OpId 1.3
I20260710 11:08:21.689015 17306 log.cc:1199] T faa2514ffb8344b4b4a3f6447ce5586e P 79320841a90f4f7da5d8c5cf0ac66f2a: Deleting WAL directory at /tmp/dist-test-taskmPEWkU/test-tmp/auto_leader_rebalancer-test.0.LeaderRebalancerTest.AddTserver.1783681670231631-15686-0/minicluster-data/ts-1-root/wals/faa2514ffb8344b4b4a3f6447ce5586e
I20260710 11:08:21.691262 16693 catalog_manager.cc:5028] TS 79320841a90f4f7da5d8c5cf0ac66f2a (127.15.81.130:44093): tablet faa2514ffb8344b4b4a3f6447ce5586e (table test-workload [id=73014ae94b7745bc8096abda14af111a]) successfully deleted
I20260710 11:08:21.691249 17313 tablet_replica.cc:333] T 28e234ec025b42ecbb74ede4d2f10741 P 8256b14720b24599959afdceb9b2e9a7: stopping tablet replica
I20260710 11:08:21.694913 17313 raft_consensus.cc:2243] T 28e234ec025b42ecbb74ede4d2f10741 P 8256b14720b24599959afdceb9b2e9a7 [term 1 FOLLOWER]: Raft consensus shutting down.
I20260710 11:08:21.695779 17313 raft_consensus.cc:2272] T 28e234ec025b42ecbb74ede4d2f10741 P 8256b14720b24599959afdceb9b2e9a7 [term 1 FOLLOWER]: Raft consensus is shut down!
I20260710 11:08:21.699721 17313 ts_tablet_manager.cc:1916] T 28e234ec025b42ecbb74ede4d2f10741 P 8256b14720b24599959afdceb9b2e9a7: Deleting tablet data with delete state TABLET_DATA_TOMBSTONED
I20260710 11:08:21.703117 16874 tablet_service.cc:1558] Processing DeleteTablet for tablet da8a915aff03493ca7bf006d25ebc936 with delete_type TABLET_DATA_TOMBSTONED (TS 79320841a90f4f7da5d8c5cf0ac66f2a not found in new config with opid_index 4) from {username='slave'} at 127.0.0.1:57260
I20260710 11:08:21.704149 17306 tablet_replica.cc:333] T da8a915aff03493ca7bf006d25ebc936 P 79320841a90f4f7da5d8c5cf0ac66f2a: stopping tablet replica
I20260710 11:08:21.705224 17306 raft_consensus.cc:2243] T da8a915aff03493ca7bf006d25ebc936 P 79320841a90f4f7da5d8c5cf0ac66f2a [term 1 FOLLOWER]: Raft consensus shutting down.
I20260710 11:08:21.706059 17306 raft_consensus.cc:2272] T da8a915aff03493ca7bf006d25ebc936 P 79320841a90f4f7da5d8c5cf0ac66f2a [term 1 FOLLOWER]: Raft consensus is shut down!
I20260710 11:08:21.709749 17306 ts_tablet_manager.cc:1916] T da8a915aff03493ca7bf006d25ebc936 P 79320841a90f4f7da5d8c5cf0ac66f2a: Deleting tablet data with delete state TABLET_DATA_TOMBSTONED
I20260710 11:08:21.712946 17314 ts_tablet_manager.cc:1929] T 99609381608c4d8f8e644dc2e32f5273 P d21e045fb0ce404aa2d5f05fac9eda35: tablet deleted with delete type TABLET_DATA_TOMBSTONED: last-logged OpId 1.3
I20260710 11:08:21.713496 17314 log.cc:1199] T 99609381608c4d8f8e644dc2e32f5273 P d21e045fb0ce404aa2d5f05fac9eda35: Deleting WAL directory at /tmp/dist-test-taskmPEWkU/test-tmp/auto_leader_rebalancer-test.0.LeaderRebalancerTest.AddTserver.1783681670231631-15686-0/minicluster-data/ts-0-root/wals/99609381608c4d8f8e644dc2e32f5273
I20260710 11:08:21.715754 16694 catalog_manager.cc:5028] TS d21e045fb0ce404aa2d5f05fac9eda35 (127.15.81.129:37013): tablet 99609381608c4d8f8e644dc2e32f5273 (table test-workload [id=73014ae94b7745bc8096abda14af111a]) successfully deleted
I20260710 11:08:21.724118 17313 ts_tablet_manager.cc:1929] T 28e234ec025b42ecbb74ede4d2f10741 P 8256b14720b24599959afdceb9b2e9a7: tablet deleted with delete type TABLET_DATA_TOMBSTONED: last-logged OpId 1.3
I20260710 11:08:21.724647 17313 log.cc:1199] T 28e234ec025b42ecbb74ede4d2f10741 P 8256b14720b24599959afdceb9b2e9a7: Deleting WAL directory at /tmp/dist-test-taskmPEWkU/test-tmp/auto_leader_rebalancer-test.0.LeaderRebalancerTest.AddTserver.1783681670231631-15686-0/minicluster-data/ts-2-root/wals/28e234ec025b42ecbb74ede4d2f10741
I20260710 11:08:21.726686 16693 catalog_manager.cc:5028] TS 8256b14720b24599959afdceb9b2e9a7 (127.15.81.131:33041): tablet 28e234ec025b42ecbb74ede4d2f10741 (table test-workload [id=73014ae94b7745bc8096abda14af111a]) successfully deleted
I20260710 11:08:21.728268 17306 ts_tablet_manager.cc:1929] T da8a915aff03493ca7bf006d25ebc936 P 79320841a90f4f7da5d8c5cf0ac66f2a: tablet deleted with delete type TABLET_DATA_TOMBSTONED: last-logged OpId 1.3
I20260710 11:08:21.728753 17306 log.cc:1199] T da8a915aff03493ca7bf006d25ebc936 P 79320841a90f4f7da5d8c5cf0ac66f2a: Deleting WAL directory at /tmp/dist-test-taskmPEWkU/test-tmp/auto_leader_rebalancer-test.0.LeaderRebalancerTest.AddTserver.1783681670231631-15686-0/minicluster-data/ts-1-root/wals/da8a915aff03493ca7bf006d25ebc936
I20260710 11:08:21.730348 16693 catalog_manager.cc:5028] TS 79320841a90f4f7da5d8c5cf0ac66f2a (127.15.81.130:44093): tablet da8a915aff03493ca7bf006d25ebc936 (table test-workload [id=73014ae94b7745bc8096abda14af111a]) successfully deleted
I20260710 11:08:22.733879 16956 consensus_queue.cc:237] T b51e920c912943068b9e14cb2bb62f21 P 8256b14720b24599959afdceb9b2e9a7 [LEADER]: Queue going to LEADER mode. State: All replicated index: 0, Majority replicated index: 1, Committed index: 1, Last appended: 1.1, Last appended by leader: 0, Current term: 1, Majority size: 2, State: 0, Mode: LEADER, active raft config: opid_index: 2 OBSOLETE_local: false peers { permanent_uuid: "d21e045fb0ce404aa2d5f05fac9eda35" member_type: VOTER last_known_addr { host: "127.15.81.129" port: 37013 } attrs { replace: true } } peers { permanent_uuid: "79320841a90f4f7da5d8c5cf0ac66f2a" member_type: VOTER last_known_addr { host: "127.15.81.130" port: 44093 } } peers { permanent_uuid: "8256b14720b24599959afdceb9b2e9a7" member_type: VOTER last_known_addr { host: "127.15.81.131" port: 33041 } } peers { permanent_uuid: "c28e75e680b145f0a6edde0fe31f1c0c" member_type: NON_VOTER last_known_addr { host: "127.15.81.132" port: 41777 } attrs { promote: true } }
W20260710 11:08:22.743753 16922 consensus_peers.cc:597] T b51e920c912943068b9e14cb2bb62f21 P 8256b14720b24599959afdceb9b2e9a7 -> Peer c28e75e680b145f0a6edde0fe31f1c0c (127.15.81.132:41777): Couldn't send request to peer c28e75e680b145f0a6edde0fe31f1c0c. Error code: TABLET_NOT_FOUND (6). Status: Not found: Tablet not found: b51e920c912943068b9e14cb2bb62f21. This is attempt 1: this message will repeat every 5th retry.
I20260710 11:08:22.744179 16807 raft_consensus.cc:1275] T b51e920c912943068b9e14cb2bb62f21 P d21e045fb0ce404aa2d5f05fac9eda35 [term 1 FOLLOWER]: Refusing update from remote peer 8256b14720b24599959afdceb9b2e9a7: Log matching property violated. Preceding OpId in replica: term: 1 index: 1. Preceding OpId from leader: term: 1 index: 2. (index mismatch)
I20260710 11:08:22.744794 16884 raft_consensus.cc:1275] T b51e920c912943068b9e14cb2bb62f21 P 79320841a90f4f7da5d8c5cf0ac66f2a [term 1 FOLLOWER]: Refusing update from remote peer 8256b14720b24599959afdceb9b2e9a7: Log matching property violated. Preceding OpId in replica: term: 1 index: 1. Preceding OpId from leader: term: 1 index: 2. (index mismatch)
I20260710 11:08:22.745793 17113 consensus_queue.cc:1048] T b51e920c912943068b9e14cb2bb62f21 P 8256b14720b24599959afdceb9b2e9a7 [LEADER]: Connected to new peer: Peer: permanent_uuid: "d21e045fb0ce404aa2d5f05fac9eda35" member_type: VOTER last_known_addr { host: "127.15.81.129" port: 37013 } attrs { replace: true }, Status: LMP_MISMATCH, Last received: 0.0, Next index: 2, Last known committed idx: 1, Time since last communication: 0.000s
I20260710 11:08:22.746721 17317 consensus_queue.cc:1048] T b51e920c912943068b9e14cb2bb62f21 P 8256b14720b24599959afdceb9b2e9a7 [LEADER]: Connected to new peer: Peer: permanent_uuid: "79320841a90f4f7da5d8c5cf0ac66f2a" member_type: VOTER last_known_addr { host: "127.15.81.130" port: 44093 }, Status: LMP_MISMATCH, Last received: 0.0, Next index: 2, Last known committed idx: 1, Time since last communication: 0.000s
I20260710 11:08:22.754802 17113 raft_consensus.cc:2955] T b51e920c912943068b9e14cb2bb62f21 P 8256b14720b24599959afdceb9b2e9a7 [term 1 LEADER]: Committing config change with OpId 1.2: config changed from index -1 to 2, NON_VOTER c28e75e680b145f0a6edde0fe31f1c0c (127.15.81.132) added. New config: { opid_index: 2 OBSOLETE_local: false peers { permanent_uuid: "d21e045fb0ce404aa2d5f05fac9eda35" member_type: VOTER last_known_addr { host: "127.15.81.129" port: 37013 } attrs { replace: true } } peers { permanent_uuid: "79320841a90f4f7da5d8c5cf0ac66f2a" member_type: VOTER last_known_addr { host: "127.15.81.130" port: 44093 } } peers { permanent_uuid: "8256b14720b24599959afdceb9b2e9a7" member_type: VOTER last_known_addr { host: "127.15.81.131" port: 33041 } } peers { permanent_uuid: "c28e75e680b145f0a6edde0fe31f1c0c" member_type: NON_VOTER last_known_addr { host: "127.15.81.132" port: 41777 } attrs { promote: true } } }
I20260710 11:08:22.756554 16884 raft_consensus.cc:2955] T b51e920c912943068b9e14cb2bb62f21 P 79320841a90f4f7da5d8c5cf0ac66f2a [term 1 FOLLOWER]: Committing config change with OpId 1.2: config changed from index -1 to 2, NON_VOTER c28e75e680b145f0a6edde0fe31f1c0c (127.15.81.132) added. New config: { opid_index: 2 OBSOLETE_local: false peers { permanent_uuid: "d21e045fb0ce404aa2d5f05fac9eda35" member_type: VOTER last_known_addr { host: "127.15.81.129" port: 37013 } attrs { replace: true } } peers { permanent_uuid: "79320841a90f4f7da5d8c5cf0ac66f2a" member_type: VOTER last_known_addr { host: "127.15.81.130" port: 44093 } } peers { permanent_uuid: "8256b14720b24599959afdceb9b2e9a7" member_type: VOTER last_known_addr { host: "127.15.81.131" port: 33041 } } peers { permanent_uuid: "c28e75e680b145f0a6edde0fe31f1c0c" member_type: NON_VOTER last_known_addr { host: "127.15.81.132" port: 41777 } attrs { promote: true } } }
I20260710 11:08:22.757300 16807 raft_consensus.cc:2955] T b51e920c912943068b9e14cb2bb62f21 P d21e045fb0ce404aa2d5f05fac9eda35 [term 1 FOLLOWER]: Committing config change with OpId 1.2: config changed from index -1 to 2, NON_VOTER c28e75e680b145f0a6edde0fe31f1c0c (127.15.81.132) added. New config: { opid_index: 2 OBSOLETE_local: false peers { permanent_uuid: "d21e045fb0ce404aa2d5f05fac9eda35" member_type: VOTER last_known_addr { host: "127.15.81.129" port: 37013 } attrs { replace: true } } peers { permanent_uuid: "79320841a90f4f7da5d8c5cf0ac66f2a" member_type: VOTER last_known_addr { host: "127.15.81.130" port: 44093 } } peers { permanent_uuid: "8256b14720b24599959afdceb9b2e9a7" member_type: VOTER last_known_addr { host: "127.15.81.131" port: 33041 } } peers { permanent_uuid: "c28e75e680b145f0a6edde0fe31f1c0c" member_type: NON_VOTER last_known_addr { host: "127.15.81.132" port: 41777 } attrs { promote: true } } }
I20260710 11:08:22.768209 16703 catalog_manager.cc:5697] T b51e920c912943068b9e14cb2bb62f21 P 8256b14720b24599959afdceb9b2e9a7 reported cstate change: config changed from index -1 to 2, NON_VOTER c28e75e680b145f0a6edde0fe31f1c0c (127.15.81.132) added. New cstate: current_term: 1 leader_uuid: "8256b14720b24599959afdceb9b2e9a7" committed_config { opid_index: 2 OBSOLETE_local: false peers { permanent_uuid: "d21e045fb0ce404aa2d5f05fac9eda35" member_type: VOTER last_known_addr { host: "127.15.81.129" port: 37013 } attrs { replace: true } health_report { overall_health: HEALTHY } } peers { permanent_uuid: "79320841a90f4f7da5d8c5cf0ac66f2a" member_type: VOTER last_known_addr { host: "127.15.81.130" port: 44093 } health_report { overall_health: HEALTHY } } peers { permanent_uuid: "8256b14720b24599959afdceb9b2e9a7" member_type: VOTER last_known_addr { host: "127.15.81.131" port: 33041 } health_report { overall_health: HEALTHY } } peers { permanent_uuid: "c28e75e680b145f0a6edde0fe31f1c0c" member_type: NON_VOTER last_known_addr { host: "127.15.81.132" port: 41777 } attrs { promote: true } health_report { overall_health: UNKNOWN } } }
I20260710 11:08:22.792761 16807 consensus_queue.cc:237] T eadc3f06dcae4825b02974e086d8ce44 P d21e045fb0ce404aa2d5f05fac9eda35 [LEADER]: Queue going to LEADER mode. State: All replicated index: 0, Majority replicated index: 1, Committed index: 1, Last appended: 1.1, Last appended by leader: 0, Current term: 1, Majority size: 2, State: 0, Mode: LEADER, active raft config: opid_index: 2 OBSOLETE_local: false peers { permanent_uuid: "d21e045fb0ce404aa2d5f05fac9eda35" member_type: VOTER last_known_addr { host: "127.15.81.129" port: 37013 } } peers { permanent_uuid: "79320841a90f4f7da5d8c5cf0ac66f2a" member_type: VOTER last_known_addr { host: "127.15.81.130" port: 44093 } } peers { permanent_uuid: "8256b14720b24599959afdceb9b2e9a7" member_type: VOTER last_known_addr { host: "127.15.81.131" port: 33041 } attrs { replace: true } } peers { permanent_uuid: "c28e75e680b145f0a6edde0fe31f1c0c" member_type: NON_VOTER last_known_addr { host: "127.15.81.132" port: 41777 } attrs { promote: true } }
I20260710 11:08:22.804241 16956 raft_consensus.cc:1275] T eadc3f06dcae4825b02974e086d8ce44 P 8256b14720b24599959afdceb9b2e9a7 [term 1 FOLLOWER]: Refusing update from remote peer d21e045fb0ce404aa2d5f05fac9eda35: Log matching property violated. Preceding OpId in replica: term: 1 index: 1. Preceding OpId from leader: term: 1 index: 2. (index mismatch)
I20260710 11:08:22.804601 16884 raft_consensus.cc:1275] T eadc3f06dcae4825b02974e086d8ce44 P 79320841a90f4f7da5d8c5cf0ac66f2a [term 1 FOLLOWER]: Refusing update from remote peer d21e045fb0ce404aa2d5f05fac9eda35: Log matching property violated. Preceding OpId in replica: term: 1 index: 1. Preceding OpId from leader: term: 1 index: 2. (index mismatch)
I20260710 11:08:22.806470 17265 consensus_queue.cc:1048] T eadc3f06dcae4825b02974e086d8ce44 P d21e045fb0ce404aa2d5f05fac9eda35 [LEADER]: Connected to new peer: Peer: permanent_uuid: "8256b14720b24599959afdceb9b2e9a7" member_type: VOTER last_known_addr { host: "127.15.81.131" port: 33041 } attrs { replace: true }, Status: LMP_MISMATCH, Last received: 0.0, Next index: 2, Last known committed idx: 1, Time since last communication: 0.000s
I20260710 11:08:22.807286 17327 consensus_queue.cc:1048] T eadc3f06dcae4825b02974e086d8ce44 P d21e045fb0ce404aa2d5f05fac9eda35 [LEADER]: Connected to new peer: Peer: permanent_uuid: "79320841a90f4f7da5d8c5cf0ac66f2a" member_type: VOTER last_known_addr { host: "127.15.81.130" port: 44093 }, Status: LMP_MISMATCH, Last received: 0.0, Next index: 2, Last known committed idx: 1, Time since last communication: 0.001s
W20260710 11:08:22.824802 16773 consensus_peers.cc:597] T eadc3f06dcae4825b02974e086d8ce44 P d21e045fb0ce404aa2d5f05fac9eda35 -> Peer c28e75e680b145f0a6edde0fe31f1c0c (127.15.81.132:41777): Couldn't send request to peer c28e75e680b145f0a6edde0fe31f1c0c. Error code: TABLET_NOT_FOUND (6). Status: Not found: Tablet not found: eadc3f06dcae4825b02974e086d8ce44. This is attempt 1: this message will repeat every 5th retry.
I20260710 11:08:22.825095 17265 raft_consensus.cc:2955] T eadc3f06dcae4825b02974e086d8ce44 P d21e045fb0ce404aa2d5f05fac9eda35 [term 1 LEADER]: Committing config change with OpId 1.2: config changed from index -1 to 2, NON_VOTER c28e75e680b145f0a6edde0fe31f1c0c (127.15.81.132) added. New config: { opid_index: 2 OBSOLETE_local: false peers { permanent_uuid: "d21e045fb0ce404aa2d5f05fac9eda35" member_type: VOTER last_known_addr { host: "127.15.81.129" port: 37013 } } peers { permanent_uuid: "79320841a90f4f7da5d8c5cf0ac66f2a" member_type: VOTER last_known_addr { host: "127.15.81.130" port: 44093 } } peers { permanent_uuid: "8256b14720b24599959afdceb9b2e9a7" member_type: VOTER last_known_addr { host: "127.15.81.131" port: 33041 } attrs { replace: true } } peers { permanent_uuid: "c28e75e680b145f0a6edde0fe31f1c0c" member_type: NON_VOTER last_known_addr { host: "127.15.81.132" port: 41777 } attrs { promote: true } } }
I20260710 11:08:22.827104 16884 raft_consensus.cc:2955] T eadc3f06dcae4825b02974e086d8ce44 P 79320841a90f4f7da5d8c5cf0ac66f2a [term 1 FOLLOWER]: Committing config change with OpId 1.2: config changed from index -1 to 2, NON_VOTER c28e75e680b145f0a6edde0fe31f1c0c (127.15.81.132) added. New config: { opid_index: 2 OBSOLETE_local: false peers { permanent_uuid: "d21e045fb0ce404aa2d5f05fac9eda35" member_type: VOTER last_known_addr { host: "127.15.81.129" port: 37013 } } peers { permanent_uuid: "79320841a90f4f7da5d8c5cf0ac66f2a" member_type: VOTER last_known_addr { host: "127.15.81.130" port: 44093 } } peers { permanent_uuid: "8256b14720b24599959afdceb9b2e9a7" member_type: VOTER last_known_addr { host: "127.15.81.131" port: 33041 } attrs { replace: true } } peers { permanent_uuid: "c28e75e680b145f0a6edde0fe31f1c0c" member_type: NON_VOTER last_known_addr { host: "127.15.81.132" port: 41777 } attrs { promote: true } } }
I20260710 11:08:22.828627 16956 raft_consensus.cc:2955] T eadc3f06dcae4825b02974e086d8ce44 P 8256b14720b24599959afdceb9b2e9a7 [term 1 FOLLOWER]: Committing config change with OpId 1.2: config changed from index -1 to 2, NON_VOTER c28e75e680b145f0a6edde0fe31f1c0c (127.15.81.132) added. New config: { opid_index: 2 OBSOLETE_local: false peers { permanent_uuid: "d21e045fb0ce404aa2d5f05fac9eda35" member_type: VOTER last_known_addr { host: "127.15.81.129" port: 37013 } } peers { permanent_uuid: "79320841a90f4f7da5d8c5cf0ac66f2a" member_type: VOTER last_known_addr { host: "127.15.81.130" port: 44093 } } peers { permanent_uuid: "8256b14720b24599959afdceb9b2e9a7" member_type: VOTER last_known_addr { host: "127.15.81.131" port: 33041 } attrs { replace: true } } peers { permanent_uuid: "c28e75e680b145f0a6edde0fe31f1c0c" member_type: NON_VOTER last_known_addr { host: "127.15.81.132" port: 41777 } attrs { promote: true } } }
I20260710 11:08:22.842609 16704 catalog_manager.cc:5697] T eadc3f06dcae4825b02974e086d8ce44 P 79320841a90f4f7da5d8c5cf0ac66f2a reported cstate change: config changed from index -1 to 2, NON_VOTER c28e75e680b145f0a6edde0fe31f1c0c (127.15.81.132) added. New cstate: current_term: 1 leader_uuid: "d21e045fb0ce404aa2d5f05fac9eda35" committed_config { opid_index: 2 OBSOLETE_local: false peers { permanent_uuid: "d21e045fb0ce404aa2d5f05fac9eda35" member_type: VOTER last_known_addr { host: "127.15.81.129" port: 37013 } } peers { permanent_uuid: "79320841a90f4f7da5d8c5cf0ac66f2a" member_type: VOTER last_known_addr { host: "127.15.81.130" port: 44093 } } peers { permanent_uuid: "8256b14720b24599959afdceb9b2e9a7" member_type: VOTER last_known_addr { host: "127.15.81.131" port: 33041 } attrs { replace: true } } peers { permanent_uuid: "c28e75e680b145f0a6edde0fe31f1c0c" member_type: NON_VOTER last_known_addr { host: "127.15.81.132" port: 41777 } attrs { promote: true } } }
I20260710 11:08:22.847988 16807 consensus_queue.cc:237] T 8dc20387464442ed8db3d294ce550e5e P d21e045fb0ce404aa2d5f05fac9eda35 [LEADER]: Queue going to LEADER mode. State: All replicated index: 0, Majority replicated index: 1, Committed index: 1, Last appended: 1.1, Last appended by leader: 0, Current term: 1, Majority size: 2, State: 0, Mode: LEADER, active raft config: opid_index: 2 OBSOLETE_local: false peers { permanent_uuid: "d21e045fb0ce404aa2d5f05fac9eda35" member_type: VOTER last_known_addr { host: "127.15.81.129" port: 37013 } } peers { permanent_uuid: "79320841a90f4f7da5d8c5cf0ac66f2a" member_type: VOTER last_known_addr { host: "127.15.81.130" port: 44093 } attrs { replace: true } } peers { permanent_uuid: "8256b14720b24599959afdceb9b2e9a7" member_type: VOTER last_known_addr { host: "127.15.81.131" port: 33041 } } peers { permanent_uuid: "c28e75e680b145f0a6edde0fe31f1c0c" member_type: NON_VOTER last_known_addr { host: "127.15.81.132" port: 41777 } attrs { promote: true } }
I20260710 11:08:22.855393 16956 raft_consensus.cc:1275] T 8dc20387464442ed8db3d294ce550e5e P 8256b14720b24599959afdceb9b2e9a7 [term 1 FOLLOWER]: Refusing update from remote peer d21e045fb0ce404aa2d5f05fac9eda35: Log matching property violated. Preceding OpId in replica: term: 1 index: 1. Preceding OpId from leader: term: 1 index: 2. (index mismatch)
I20260710 11:08:22.855662 16884 raft_consensus.cc:1275] T 8dc20387464442ed8db3d294ce550e5e P 79320841a90f4f7da5d8c5cf0ac66f2a [term 1 FOLLOWER]: Refusing update from remote peer d21e045fb0ce404aa2d5f05fac9eda35: Log matching property violated. Preceding OpId in replica: term: 1 index: 1. Preceding OpId from leader: term: 1 index: 2. (index mismatch)
W20260710 11:08:22.855670 16773 consensus_peers.cc:597] T 8dc20387464442ed8db3d294ce550e5e P d21e045fb0ce404aa2d5f05fac9eda35 -> Peer c28e75e680b145f0a6edde0fe31f1c0c (127.15.81.132:41777): Couldn't send request to peer c28e75e680b145f0a6edde0fe31f1c0c. Error code: TABLET_NOT_FOUND (6). Status: Not found: Tablet not found: 8dc20387464442ed8db3d294ce550e5e. This is attempt 1: this message will repeat every 5th retry.
I20260710 11:08:22.857362 17327 consensus_queue.cc:1048] T 8dc20387464442ed8db3d294ce550e5e P d21e045fb0ce404aa2d5f05fac9eda35 [LEADER]: Connected to new peer: Peer: permanent_uuid: "79320841a90f4f7da5d8c5cf0ac66f2a" member_type: VOTER last_known_addr { host: "127.15.81.130" port: 44093 } attrs { replace: true }, Status: LMP_MISMATCH, Last received: 0.0, Next index: 2, Last known committed idx: 1, Time since last communication: 0.001s
I20260710 11:08:22.858649 17265 consensus_queue.cc:1048] T 8dc20387464442ed8db3d294ce550e5e P d21e045fb0ce404aa2d5f05fac9eda35 [LEADER]: Connected to new peer: Peer: permanent_uuid: "8256b14720b24599959afdceb9b2e9a7" member_type: VOTER last_known_addr { host: "127.15.81.131" port: 33041 }, Status: LMP_MISMATCH, Last received: 0.0, Next index: 2, Last known committed idx: 1, Time since last communication: 0.000s
I20260710 11:08:22.869607 17265 raft_consensus.cc:2955] T 8dc20387464442ed8db3d294ce550e5e P d21e045fb0ce404aa2d5f05fac9eda35 [term 1 LEADER]: Committing config change with OpId 1.2: config changed from index -1 to 2, NON_VOTER c28e75e680b145f0a6edde0fe31f1c0c (127.15.81.132) added. New config: { opid_index: 2 OBSOLETE_local: false peers { permanent_uuid: "d21e045fb0ce404aa2d5f05fac9eda35" member_type: VOTER last_known_addr { host: "127.15.81.129" port: 37013 } } peers { permanent_uuid: "79320841a90f4f7da5d8c5cf0ac66f2a" member_type: VOTER last_known_addr { host: "127.15.81.130" port: 44093 } attrs { replace: true } } peers { permanent_uuid: "8256b14720b24599959afdceb9b2e9a7" member_type: VOTER last_known_addr { host: "127.15.81.131" port: 33041 } } peers { permanent_uuid: "c28e75e680b145f0a6edde0fe31f1c0c" member_type: NON_VOTER last_known_addr { host: "127.15.81.132" port: 41777 } attrs { promote: true } } }
I20260710 11:08:22.872416 16884 raft_consensus.cc:2955] T 8dc20387464442ed8db3d294ce550e5e P 79320841a90f4f7da5d8c5cf0ac66f2a [term 1 FOLLOWER]: Committing config change with OpId 1.2: config changed from index -1 to 2, NON_VOTER c28e75e680b145f0a6edde0fe31f1c0c (127.15.81.132) added. New config: { opid_index: 2 OBSOLETE_local: false peers { permanent_uuid: "d21e045fb0ce404aa2d5f05fac9eda35" member_type: VOTER last_known_addr { host: "127.15.81.129" port: 37013 } } peers { permanent_uuid: "79320841a90f4f7da5d8c5cf0ac66f2a" member_type: VOTER last_known_addr { host: "127.15.81.130" port: 44093 } attrs { replace: true } } peers { permanent_uuid: "8256b14720b24599959afdceb9b2e9a7" member_type: VOTER last_known_addr { host: "127.15.81.131" port: 33041 } } peers { permanent_uuid: "c28e75e680b145f0a6edde0fe31f1c0c" member_type: NON_VOTER last_known_addr { host: "127.15.81.132" port: 41777 } attrs { promote: true } } }
I20260710 11:08:22.873214 16953 raft_consensus.cc:2955] T 8dc20387464442ed8db3d294ce550e5e P 8256b14720b24599959afdceb9b2e9a7 [term 1 FOLLOWER]: Committing config change with OpId 1.2: config changed from index -1 to 2, NON_VOTER c28e75e680b145f0a6edde0fe31f1c0c (127.15.81.132) added. New config: { opid_index: 2 OBSOLETE_local: false peers { permanent_uuid: "d21e045fb0ce404aa2d5f05fac9eda35" member_type: VOTER last_known_addr { host: "127.15.81.129" port: 37013 } } peers { permanent_uuid: "79320841a90f4f7da5d8c5cf0ac66f2a" member_type: VOTER last_known_addr { host: "127.15.81.130" port: 44093 } attrs { replace: true } } peers { permanent_uuid: "8256b14720b24599959afdceb9b2e9a7" member_type: VOTER last_known_addr { host: "127.15.81.131" port: 33041 } } peers { permanent_uuid: "c28e75e680b145f0a6edde0fe31f1c0c" member_type: NON_VOTER last_known_addr { host: "127.15.81.132" port: 41777 } attrs { promote: true } } }
I20260710 11:08:22.889739 16807 consensus_queue.cc:237] T b0a72d7e5b99481c988c5aa64c0fc634 P d21e045fb0ce404aa2d5f05fac9eda35 [LEADER]: Queue going to LEADER mode. State: All replicated index: 0, Majority replicated index: 1, Committed index: 1, Last appended: 1.1, Last appended by leader: 0, Current term: 1, Majority size: 2, State: 0, Mode: LEADER, active raft config: opid_index: 2 OBSOLETE_local: false peers { permanent_uuid: "d21e045fb0ce404aa2d5f05fac9eda35" member_type: VOTER last_known_addr { host: "127.15.81.129" port: 37013 } } peers { permanent_uuid: "79320841a90f4f7da5d8c5cf0ac66f2a" member_type: VOTER last_known_addr { host: "127.15.81.130" port: 44093 } } peers { permanent_uuid: "8256b14720b24599959afdceb9b2e9a7" member_type: VOTER last_known_addr { host: "127.15.81.131" port: 33041 } attrs { replace: true } } peers { permanent_uuid: "c28e75e680b145f0a6edde0fe31f1c0c" member_type: NON_VOTER last_known_addr { host: "127.15.81.132" port: 41777 } attrs { promote: true } }
I20260710 11:08:22.889642 16704 catalog_manager.cc:5697] T 8dc20387464442ed8db3d294ce550e5e P 8256b14720b24599959afdceb9b2e9a7 reported cstate change: config changed from index -1 to 2, NON_VOTER c28e75e680b145f0a6edde0fe31f1c0c (127.15.81.132) added. New cstate: current_term: 1 leader_uuid: "d21e045fb0ce404aa2d5f05fac9eda35" committed_config { opid_index: 2 OBSOLETE_local: false peers { permanent_uuid: "d21e045fb0ce404aa2d5f05fac9eda35" member_type: VOTER last_known_addr { host: "127.15.81.129" port: 37013 } } peers { permanent_uuid: "79320841a90f4f7da5d8c5cf0ac66f2a" member_type: VOTER last_known_addr { host: "127.15.81.130" port: 44093 } attrs { replace: true } } peers { permanent_uuid: "8256b14720b24599959afdceb9b2e9a7" member_type: VOTER last_known_addr { host: "127.15.81.131" port: 33041 } } peers { permanent_uuid: "c28e75e680b145f0a6edde0fe31f1c0c" member_type: NON_VOTER last_known_addr { host: "127.15.81.132" port: 41777 } attrs { promote: true } } }
W20260710 11:08:22.897571 16773 consensus_peers.cc:597] T b0a72d7e5b99481c988c5aa64c0fc634 P d21e045fb0ce404aa2d5f05fac9eda35 -> Peer c28e75e680b145f0a6edde0fe31f1c0c (127.15.81.132:41777): Couldn't send request to peer c28e75e680b145f0a6edde0fe31f1c0c. Error code: TABLET_NOT_FOUND (6). Status: Not found: Tablet not found: b0a72d7e5b99481c988c5aa64c0fc634. This is attempt 1: this message will repeat every 5th retry.
I20260710 11:08:22.897574 16953 raft_consensus.cc:1275] T b0a72d7e5b99481c988c5aa64c0fc634 P 8256b14720b24599959afdceb9b2e9a7 [term 1 FOLLOWER]: Refusing update from remote peer d21e045fb0ce404aa2d5f05fac9eda35: Log matching property violated. Preceding OpId in replica: term: 1 index: 1. Preceding OpId from leader: term: 1 index: 2. (index mismatch)
I20260710 11:08:22.902022 17332 consensus_queue.cc:1048] T b0a72d7e5b99481c988c5aa64c0fc634 P d21e045fb0ce404aa2d5f05fac9eda35 [LEADER]: Connected to new peer: Peer: permanent_uuid: "8256b14720b24599959afdceb9b2e9a7" member_type: VOTER last_known_addr { host: "127.15.81.131" port: 33041 } attrs { replace: true }, Status: LMP_MISMATCH, Last received: 0.0, Next index: 2, Last known committed idx: 1, Time since last communication: 0.001s
I20260710 11:08:22.904513 16884 raft_consensus.cc:1275] T b0a72d7e5b99481c988c5aa64c0fc634 P 79320841a90f4f7da5d8c5cf0ac66f2a [term 1 FOLLOWER]: Refusing update from remote peer d21e045fb0ce404aa2d5f05fac9eda35: Log matching property violated. Preceding OpId in replica: term: 1 index: 1. Preceding OpId from leader: term: 1 index: 2. (index mismatch)
I20260710 11:08:22.905979 17332 consensus_queue.cc:1048] T b0a72d7e5b99481c988c5aa64c0fc634 P d21e045fb0ce404aa2d5f05fac9eda35 [LEADER]: Connected to new peer: Peer: permanent_uuid: "79320841a90f4f7da5d8c5cf0ac66f2a" member_type: VOTER last_known_addr { host: "127.15.81.130" port: 44093 }, Status: LMP_MISMATCH, Last received: 0.0, Next index: 2, Last known committed idx: 1, Time since last communication: 0.000s
I20260710 11:08:22.913048 17332 raft_consensus.cc:2955] T b0a72d7e5b99481c988c5aa64c0fc634 P d21e045fb0ce404aa2d5f05fac9eda35 [term 1 LEADER]: Committing config change with OpId 1.2: config changed from index -1 to 2, NON_VOTER c28e75e680b145f0a6edde0fe31f1c0c (127.15.81.132) added. New config: { opid_index: 2 OBSOLETE_local: false peers { permanent_uuid: "d21e045fb0ce404aa2d5f05fac9eda35" member_type: VOTER last_known_addr { host: "127.15.81.129" port: 37013 } } peers { permanent_uuid: "79320841a90f4f7da5d8c5cf0ac66f2a" member_type: VOTER last_known_addr { host: "127.15.81.130" port: 44093 } } peers { permanent_uuid: "8256b14720b24599959afdceb9b2e9a7" member_type: VOTER last_known_addr { host: "127.15.81.131" port: 33041 } attrs { replace: true } } peers { permanent_uuid: "c28e75e680b145f0a6edde0fe31f1c0c" member_type: NON_VOTER last_known_addr { host: "127.15.81.132" port: 41777 } attrs { promote: true } } }
I20260710 11:08:22.914728 16953 raft_consensus.cc:2955] T b0a72d7e5b99481c988c5aa64c0fc634 P 8256b14720b24599959afdceb9b2e9a7 [term 1 FOLLOWER]: Committing config change with OpId 1.2: config changed from index -1 to 2, NON_VOTER c28e75e680b145f0a6edde0fe31f1c0c (127.15.81.132) added. New config: { opid_index: 2 OBSOLETE_local: false peers { permanent_uuid: "d21e045fb0ce404aa2d5f05fac9eda35" member_type: VOTER last_known_addr { host: "127.15.81.129" port: 37013 } } peers { permanent_uuid: "79320841a90f4f7da5d8c5cf0ac66f2a" member_type: VOTER last_known_addr { host: "127.15.81.130" port: 44093 } } peers { permanent_uuid: "8256b14720b24599959afdceb9b2e9a7" member_type: VOTER last_known_addr { host: "127.15.81.131" port: 33041 } attrs { replace: true } } peers { permanent_uuid: "c28e75e680b145f0a6edde0fe31f1c0c" member_type: NON_VOTER last_known_addr { host: "127.15.81.132" port: 41777 } attrs { promote: true } } }
I20260710 11:08:22.918401 16882 raft_consensus.cc:2955] T b0a72d7e5b99481c988c5aa64c0fc634 P 79320841a90f4f7da5d8c5cf0ac66f2a [term 1 FOLLOWER]: Committing config change with OpId 1.2: config changed from index -1 to 2, NON_VOTER c28e75e680b145f0a6edde0fe31f1c0c (127.15.81.132) added. New config: { opid_index: 2 OBSOLETE_local: false peers { permanent_uuid: "d21e045fb0ce404aa2d5f05fac9eda35" member_type: VOTER last_known_addr { host: "127.15.81.129" port: 37013 } } peers { permanent_uuid: "79320841a90f4f7da5d8c5cf0ac66f2a" member_type: VOTER last_known_addr { host: "127.15.81.130" port: 44093 } } peers { permanent_uuid: "8256b14720b24599959afdceb9b2e9a7" member_type: VOTER last_known_addr { host: "127.15.81.131" port: 33041 } attrs { replace: true } } peers { permanent_uuid: "c28e75e680b145f0a6edde0fe31f1c0c" member_type: NON_VOTER last_known_addr { host: "127.15.81.132" port: 41777 } attrs { promote: true } } }
I20260710 11:08:22.929190 16703 catalog_manager.cc:5697] T b0a72d7e5b99481c988c5aa64c0fc634 P d21e045fb0ce404aa2d5f05fac9eda35 reported cstate change: config changed from index -1 to 2, NON_VOTER c28e75e680b145f0a6edde0fe31f1c0c (127.15.81.132) added. New cstate: current_term: 1 leader_uuid: "d21e045fb0ce404aa2d5f05fac9eda35" committed_config { opid_index: 2 OBSOLETE_local: false peers { permanent_uuid: "d21e045fb0ce404aa2d5f05fac9eda35" member_type: VOTER last_known_addr { host: "127.15.81.129" port: 37013 } health_report { overall_health: HEALTHY } } peers { permanent_uuid: "79320841a90f4f7da5d8c5cf0ac66f2a" member_type: VOTER last_known_addr { host: "127.15.81.130" port: 44093 } health_report { overall_health: HEALTHY } } peers { permanent_uuid: "8256b14720b24599959afdceb9b2e9a7" member_type: VOTER last_known_addr { host: "127.15.81.131" port: 33041 } attrs { replace: true } health_report { overall_health: HEALTHY } } peers { permanent_uuid: "c28e75e680b145f0a6edde0fe31f1c0c" member_type: NON_VOTER last_known_addr { host: "127.15.81.132" port: 41777 } attrs { promote: true } health_report { overall_health: UNKNOWN } } }
I20260710 11:08:23.181354 17339 ts_tablet_manager.cc:933] T eadc3f06dcae4825b02974e086d8ce44 P c28e75e680b145f0a6edde0fe31f1c0c: Initiating tablet copy from peer d21e045fb0ce404aa2d5f05fac9eda35 (127.15.81.129:37013)
I20260710 11:08:23.183626 17339 tablet_copy_client.cc:323] T eadc3f06dcae4825b02974e086d8ce44 P c28e75e680b145f0a6edde0fe31f1c0c: tablet copy: Beginning tablet copy session from remote peer at address 127.15.81.129:37013
I20260710 11:08:23.196159 16819 tablet_copy_service.cc:140] P d21e045fb0ce404aa2d5f05fac9eda35: Received BeginTabletCopySession request for tablet eadc3f06dcae4825b02974e086d8ce44 from peer c28e75e680b145f0a6edde0fe31f1c0c ({username='slave'} at 127.0.0.1:46166)
I20260710 11:08:23.196729 16819 tablet_copy_service.cc:161] P d21e045fb0ce404aa2d5f05fac9eda35: Beginning new tablet copy session on tablet eadc3f06dcae4825b02974e086d8ce44 from peer c28e75e680b145f0a6edde0fe31f1c0c at {username='slave'} at 127.0.0.1:46166: session id = c28e75e680b145f0a6edde0fe31f1c0c-eadc3f06dcae4825b02974e086d8ce44
I20260710 11:08:23.203032 16819 tablet_copy_source_session.cc:215] T eadc3f06dcae4825b02974e086d8ce44 P d21e045fb0ce404aa2d5f05fac9eda35: Tablet Copy: opened 0 blocks and 1 log segments
I20260710 11:08:23.206490 17339 data_dirs.cc:400] Could only allocate 1 dirs of requested 3 for tablet eadc3f06dcae4825b02974e086d8ce44. 1 dirs total, 0 dirs full, 0 dirs failed
I20260710 11:08:23.219267 17339 tablet_copy_client.cc:806] T eadc3f06dcae4825b02974e086d8ce44 P c28e75e680b145f0a6edde0fe31f1c0c: tablet copy: Starting download of 0 data blocks...
I20260710 11:08:23.219884 17339 tablet_copy_client.cc:670] T eadc3f06dcae4825b02974e086d8ce44 P c28e75e680b145f0a6edde0fe31f1c0c: tablet copy: Starting download of 1 WAL segments...
I20260710 11:08:23.223754 17339 tablet_copy_client.cc:538] T eadc3f06dcae4825b02974e086d8ce44 P c28e75e680b145f0a6edde0fe31f1c0c: tablet copy: Tablet Copy complete. Replacing tablet superblock.
I20260710 11:08:23.230652 17339 tablet_bootstrap.cc:492] T eadc3f06dcae4825b02974e086d8ce44 P c28e75e680b145f0a6edde0fe31f1c0c: Bootstrap starting.
I20260710 11:08:23.248452 17339 tablet_bootstrap.cc:492] T eadc3f06dcae4825b02974e086d8ce44 P c28e75e680b145f0a6edde0fe31f1c0c: Bootstrap replayed 1/1 log segments. Stats: ops{read=2 overwritten=0 applied=2 ignored=0} inserts{seen=0 ignored=0} mutations{seen=0 ignored=0} orphaned_commits=0. Pending: 0 replicates
I20260710 11:08:23.249471 17339 tablet_bootstrap.cc:492] T eadc3f06dcae4825b02974e086d8ce44 P c28e75e680b145f0a6edde0fe31f1c0c: Bootstrap complete.
I20260710 11:08:23.250167 17339 ts_tablet_manager.cc:1403] T eadc3f06dcae4825b02974e086d8ce44 P c28e75e680b145f0a6edde0fe31f1c0c: Time spent bootstrapping tablet: real 0.020s	user 0.015s	sys 0.004s
I20260710 11:08:23.253468 17339 raft_consensus.cc:359] T eadc3f06dcae4825b02974e086d8ce44 P c28e75e680b145f0a6edde0fe31f1c0c [term 1 LEARNER]: Replica starting. Triggering 0 pending ops. Active config: opid_index: 2 OBSOLETE_local: false peers { permanent_uuid: "d21e045fb0ce404aa2d5f05fac9eda35" member_type: VOTER last_known_addr { host: "127.15.81.129" port: 37013 } } peers { permanent_uuid: "79320841a90f4f7da5d8c5cf0ac66f2a" member_type: VOTER last_known_addr { host: "127.15.81.130" port: 44093 } } peers { permanent_uuid: "8256b14720b24599959afdceb9b2e9a7" member_type: VOTER last_known_addr { host: "127.15.81.131" port: 33041 } attrs { replace: true } } peers { permanent_uuid: "c28e75e680b145f0a6edde0fe31f1c0c" member_type: NON_VOTER last_known_addr { host: "127.15.81.132" port: 41777 } attrs { promote: true } }
I20260710 11:08:23.254321 17339 raft_consensus.cc:740] T eadc3f06dcae4825b02974e086d8ce44 P c28e75e680b145f0a6edde0fe31f1c0c [term 1 LEARNER]: Becoming Follower/Learner. State: Replica: c28e75e680b145f0a6edde0fe31f1c0c, State: Initialized, Role: LEARNER
I20260710 11:08:23.254982 17339 consensus_queue.cc:260] T eadc3f06dcae4825b02974e086d8ce44 P c28e75e680b145f0a6edde0fe31f1c0c [NON_LEADER]: Queue going to NON_LEADER mode. State: All replicated index: 0, Majority replicated index: 0, Committed index: 2, Last appended: 1.2, Last appended by leader: 2, Current term: 0, Majority size: -1, State: 0, Mode: NON_LEADER, active raft config: opid_index: 2 OBSOLETE_local: false peers { permanent_uuid: "d21e045fb0ce404aa2d5f05fac9eda35" member_type: VOTER last_known_addr { host: "127.15.81.129" port: 37013 } } peers { permanent_uuid: "79320841a90f4f7da5d8c5cf0ac66f2a" member_type: VOTER last_known_addr { host: "127.15.81.130" port: 44093 } } peers { permanent_uuid: "8256b14720b24599959afdceb9b2e9a7" member_type: VOTER last_known_addr { host: "127.15.81.131" port: 33041 } attrs { replace: true } } peers { permanent_uuid: "c28e75e680b145f0a6edde0fe31f1c0c" member_type: NON_VOTER last_known_addr { host: "127.15.81.132" port: 41777 } attrs { promote: true } }
I20260710 11:08:23.259310 17339 ts_tablet_manager.cc:1434] T eadc3f06dcae4825b02974e086d8ce44 P c28e75e680b145f0a6edde0fe31f1c0c: Time spent starting tablet: real 0.009s	user 0.008s	sys 0.000s
I20260710 11:08:23.260957 16819 tablet_copy_service.cc:342] P d21e045fb0ce404aa2d5f05fac9eda35: Request end of tablet copy session c28e75e680b145f0a6edde0fe31f1c0c-eadc3f06dcae4825b02974e086d8ce44 received from {username='slave'} at 127.0.0.1:46166
I20260710 11:08:23.261497 16819 tablet_copy_service.cc:434] P d21e045fb0ce404aa2d5f05fac9eda35: ending tablet copy session c28e75e680b145f0a6edde0fe31f1c0c-eadc3f06dcae4825b02974e086d8ce44 on tablet eadc3f06dcae4825b02974e086d8ce44 with peer c28e75e680b145f0a6edde0fe31f1c0c
I20260710 11:08:23.284333 17339 ts_tablet_manager.cc:933] T b51e920c912943068b9e14cb2bb62f21 P c28e75e680b145f0a6edde0fe31f1c0c: Initiating tablet copy from peer 8256b14720b24599959afdceb9b2e9a7 (127.15.81.131:33041)
I20260710 11:08:23.301374 17344 ts_tablet_manager.cc:933] T 8dc20387464442ed8db3d294ce550e5e P c28e75e680b145f0a6edde0fe31f1c0c: Initiating tablet copy from peer d21e045fb0ce404aa2d5f05fac9eda35 (127.15.81.129:37013)
I20260710 11:08:23.303694 17344 tablet_copy_client.cc:323] T 8dc20387464442ed8db3d294ce550e5e P c28e75e680b145f0a6edde0fe31f1c0c: tablet copy: Beginning tablet copy session from remote peer at address 127.15.81.129:37013
I20260710 11:08:23.304596 17339 tablet_copy_client.cc:323] T b51e920c912943068b9e14cb2bb62f21 P c28e75e680b145f0a6edde0fe31f1c0c: tablet copy: Beginning tablet copy session from remote peer at address 127.15.81.131:33041
I20260710 11:08:23.307619 16819 tablet_copy_service.cc:140] P d21e045fb0ce404aa2d5f05fac9eda35: Received BeginTabletCopySession request for tablet 8dc20387464442ed8db3d294ce550e5e from peer c28e75e680b145f0a6edde0fe31f1c0c ({username='slave'} at 127.0.0.1:46166)
I20260710 11:08:23.308290 16819 tablet_copy_service.cc:161] P d21e045fb0ce404aa2d5f05fac9eda35: Beginning new tablet copy session on tablet 8dc20387464442ed8db3d294ce550e5e from peer c28e75e680b145f0a6edde0fe31f1c0c at {username='slave'} at 127.0.0.1:46166: session id = c28e75e680b145f0a6edde0fe31f1c0c-8dc20387464442ed8db3d294ce550e5e
I20260710 11:08:23.314698 16967 tablet_copy_service.cc:140] P 8256b14720b24599959afdceb9b2e9a7: Received BeginTabletCopySession request for tablet b51e920c912943068b9e14cb2bb62f21 from peer c28e75e680b145f0a6edde0fe31f1c0c ({username='slave'} at 127.0.0.1:39166)
I20260710 11:08:23.315322 16967 tablet_copy_service.cc:161] P 8256b14720b24599959afdceb9b2e9a7: Beginning new tablet copy session on tablet b51e920c912943068b9e14cb2bb62f21 from peer c28e75e680b145f0a6edde0fe31f1c0c at {username='slave'} at 127.0.0.1:39166: session id = c28e75e680b145f0a6edde0fe31f1c0c-b51e920c912943068b9e14cb2bb62f21
I20260710 11:08:23.316218 16819 tablet_copy_source_session.cc:215] T 8dc20387464442ed8db3d294ce550e5e P d21e045fb0ce404aa2d5f05fac9eda35: Tablet Copy: opened 0 blocks and 1 log segments
I20260710 11:08:23.321585 17344 data_dirs.cc:400] Could only allocate 1 dirs of requested 3 for tablet 8dc20387464442ed8db3d294ce550e5e. 1 dirs total, 0 dirs full, 0 dirs failed
I20260710 11:08:23.323602 16967 tablet_copy_source_session.cc:215] T b51e920c912943068b9e14cb2bb62f21 P 8256b14720b24599959afdceb9b2e9a7: Tablet Copy: opened 0 blocks and 1 log segments
I20260710 11:08:23.328537 17339 data_dirs.cc:400] Could only allocate 1 dirs of requested 3 for tablet b51e920c912943068b9e14cb2bb62f21. 1 dirs total, 0 dirs full, 0 dirs failed
I20260710 11:08:23.340648 17344 tablet_copy_client.cc:806] T 8dc20387464442ed8db3d294ce550e5e P c28e75e680b145f0a6edde0fe31f1c0c: tablet copy: Starting download of 0 data blocks...
I20260710 11:08:23.341331 17344 tablet_copy_client.cc:670] T 8dc20387464442ed8db3d294ce550e5e P c28e75e680b145f0a6edde0fe31f1c0c: tablet copy: Starting download of 1 WAL segments...
I20260710 11:08:23.346961 17344 tablet_copy_client.cc:538] T 8dc20387464442ed8db3d294ce550e5e P c28e75e680b145f0a6edde0fe31f1c0c: tablet copy: Tablet Copy complete. Replacing tablet superblock.
I20260710 11:08:23.350215 17339 tablet_copy_client.cc:806] T b51e920c912943068b9e14cb2bb62f21 P c28e75e680b145f0a6edde0fe31f1c0c: tablet copy: Starting download of 0 data blocks...
I20260710 11:08:23.350823 17339 tablet_copy_client.cc:670] T b51e920c912943068b9e14cb2bb62f21 P c28e75e680b145f0a6edde0fe31f1c0c: tablet copy: Starting download of 1 WAL segments...
