I20260710 11:08:22.843796 24937 consensus_queue.cc:1048] T 75981e8e406747a38b2d60d0f6554359 P 05a58f61152448878ecc497d73ee963a [LEADER]: Connected to new peer: Peer: permanent_uuid: "37f78b9344c74d85a5a0066d9489eea4" member_type: VOTER last_known_addr { host: "127.23.11.195" port: 43107 }, Status: LMP_MISMATCH, Last received: 0.0, Next index: 2, Last known committed idx: 1, Time since last communication: 0.000s
I20260710 11:08:22.847493 24814 raft_consensus.cc:1275] T 75981e8e406747a38b2d60d0f6554359 P b1654a9f1aa24f3abd7715c5f473e308 [term 1 FOLLOWER]: Refusing update from remote peer 05a58f61152448878ecc497d73ee963a: Log matching property violated. Preceding OpId in replica: term: 1 index: 1. Preceding OpId from leader: term: 1 index: 2. (index mismatch)
I20260710 11:08:22.849182 25260 consensus_queue.cc:1048] T 75981e8e406747a38b2d60d0f6554359 P 05a58f61152448878ecc497d73ee963a [LEADER]: Connected to new peer: Peer: permanent_uuid: "b1654a9f1aa24f3abd7715c5f473e308" member_type: VOTER last_known_addr { host: "127.23.11.194" port: 46103 } attrs { replace: true }, Status: LMP_MISMATCH, Last received: 0.0, Next index: 2, Last known committed idx: 1, Time since last communication: 0.001s
I20260710 11:08:22.898104 24814 raft_consensus.cc:2955] T 75981e8e406747a38b2d60d0f6554359 P b1654a9f1aa24f3abd7715c5f473e308 [term 1 FOLLOWER]: Committing config change with OpId 1.2: config changed from index -1 to 2, NON_VOTER 13534f4721a94c6187f9a805abd1e504 (127.23.11.196) added. New config: { opid_index: 2 OBSOLETE_local: false peers { permanent_uuid: "05a58f61152448878ecc497d73ee963a" member_type: VOTER last_known_addr { host: "127.23.11.193" port: 41263 } } peers { permanent_uuid: "b1654a9f1aa24f3abd7715c5f473e308" member_type: VOTER last_known_addr { host: "127.23.11.194" port: 46103 } attrs { replace: true } } peers { permanent_uuid: "37f78b9344c74d85a5a0066d9489eea4" member_type: VOTER last_known_addr { host: "127.23.11.195" port: 43107 } } peers { permanent_uuid: "13534f4721a94c6187f9a805abd1e504" member_type: NON_VOTER last_known_addr { host: "127.23.11.196" port: 41575 } attrs { promote: true } } }
I20260710 11:08:22.904536 25268 raft_consensus.cc:2955] T 75981e8e406747a38b2d60d0f6554359 P 05a58f61152448878ecc497d73ee963a [term 1 LEADER]: Committing config change with OpId 1.2: config changed from index -1 to 2, NON_VOTER 13534f4721a94c6187f9a805abd1e504 (127.23.11.196) added. New config: { opid_index: 2 OBSOLETE_local: false peers { permanent_uuid: "05a58f61152448878ecc497d73ee963a" member_type: VOTER last_known_addr { host: "127.23.11.193" port: 41263 } } peers { permanent_uuid: "b1654a9f1aa24f3abd7715c5f473e308" member_type: VOTER last_known_addr { host: "127.23.11.194" port: 46103 } attrs { replace: true } } peers { permanent_uuid: "37f78b9344c74d85a5a0066d9489eea4" member_type: VOTER last_known_addr { host: "127.23.11.195" port: 43107 } } peers { permanent_uuid: "13534f4721a94c6187f9a805abd1e504" member_type: NON_VOTER last_known_addr { host: "127.23.11.196" port: 41575 } attrs { promote: true } } }
I20260710 11:08:22.910018 24888 raft_consensus.cc:2955] T 75981e8e406747a38b2d60d0f6554359 P 37f78b9344c74d85a5a0066d9489eea4 [term 1 FOLLOWER]: Committing config change with OpId 1.2: config changed from index -1 to 2, NON_VOTER 13534f4721a94c6187f9a805abd1e504 (127.23.11.196) added. New config: { opid_index: 2 OBSOLETE_local: false peers { permanent_uuid: "05a58f61152448878ecc497d73ee963a" member_type: VOTER last_known_addr { host: "127.23.11.193" port: 41263 } } peers { permanent_uuid: "b1654a9f1aa24f3abd7715c5f473e308" member_type: VOTER last_known_addr { host: "127.23.11.194" port: 46103 } attrs { replace: true } } peers { permanent_uuid: "37f78b9344c74d85a5a0066d9489eea4" member_type: VOTER last_known_addr { host: "127.23.11.195" port: 43107 } } peers { permanent_uuid: "13534f4721a94c6187f9a805abd1e504" member_type: NON_VOTER last_known_addr { host: "127.23.11.196" port: 41575 } attrs { promote: true } } }
I20260710 11:08:22.926959 24635 catalog_manager.cc:5697] T 75981e8e406747a38b2d60d0f6554359 P b1654a9f1aa24f3abd7715c5f473e308 reported cstate change: config changed from index -1 to 2, NON_VOTER 13534f4721a94c6187f9a805abd1e504 (127.23.11.196) added. New cstate: current_term: 1 leader_uuid: "05a58f61152448878ecc497d73ee963a" committed_config { opid_index: 2 OBSOLETE_local: false peers { permanent_uuid: "05a58f61152448878ecc497d73ee963a" member_type: VOTER last_known_addr { host: "127.23.11.193" port: 41263 } } peers { permanent_uuid: "b1654a9f1aa24f3abd7715c5f473e308" member_type: VOTER last_known_addr { host: "127.23.11.194" port: 46103 } attrs { replace: true } } peers { permanent_uuid: "37f78b9344c74d85a5a0066d9489eea4" member_type: VOTER last_known_addr { host: "127.23.11.195" port: 43107 } } peers { permanent_uuid: "13534f4721a94c6187f9a805abd1e504" member_type: NON_VOTER last_known_addr { host: "127.23.11.196" port: 41575 } attrs { promote: true } } }
I20260710 11:08:22.931838 24888 consensus_queue.cc:237] T 607d2b161b824427932bdf6e1ac57285 P 37f78b9344c74d85a5a0066d9489eea4 [LEADER]: Queue going to LEADER mode. State: All replicated index: 0, Majority replicated index: 1, Committed index: 1, Last appended: 1.1, Last appended by leader: 0, Current term: 1, Majority size: 2, State: 0, Mode: LEADER, active raft config: opid_index: 2 OBSOLETE_local: false peers { permanent_uuid: "05a58f61152448878ecc497d73ee963a" member_type: VOTER last_known_addr { host: "127.23.11.193" port: 41263 } attrs { replace: true } } peers { permanent_uuid: "b1654a9f1aa24f3abd7715c5f473e308" member_type: VOTER last_known_addr { host: "127.23.11.194" port: 46103 } } peers { permanent_uuid: "37f78b9344c74d85a5a0066d9489eea4" member_type: VOTER last_known_addr { host: "127.23.11.195" port: 43107 } } peers { permanent_uuid: "13534f4721a94c6187f9a805abd1e504" member_type: NON_VOTER last_known_addr { host: "127.23.11.196" port: 41575 } attrs { promote: true } }
I20260710 11:08:22.938663 24814 raft_consensus.cc:1275] T 607d2b161b824427932bdf6e1ac57285 P b1654a9f1aa24f3abd7715c5f473e308 [term 1 FOLLOWER]: Refusing update from remote peer 37f78b9344c74d85a5a0066d9489eea4: Log matching property violated. Preceding OpId in replica: term: 1 index: 1. Preceding OpId from leader: term: 1 index: 2. (index mismatch)
W20260710 11:08:22.938871 24855 consensus_peers.cc:597] T 607d2b161b824427932bdf6e1ac57285 P 37f78b9344c74d85a5a0066d9489eea4 -> Peer 13534f4721a94c6187f9a805abd1e504 (127.23.11.196:41575): Couldn't send request to peer 13534f4721a94c6187f9a805abd1e504. Error code: TABLET_NOT_FOUND (6). Status: Not found: Tablet not found: 607d2b161b824427932bdf6e1ac57285. This is attempt 1: this message will repeat every 5th retry.
I20260710 11:08:22.940230 24740 raft_consensus.cc:1275] T 607d2b161b824427932bdf6e1ac57285 P 05a58f61152448878ecc497d73ee963a [term 1 FOLLOWER]: Refusing update from remote peer 37f78b9344c74d85a5a0066d9489eea4: Log matching property violated. Preceding OpId in replica: term: 1 index: 1. Preceding OpId from leader: term: 1 index: 2. (index mismatch)
I20260710 11:08:22.940274 25182 consensus_queue.cc:1048] T 607d2b161b824427932bdf6e1ac57285 P 37f78b9344c74d85a5a0066d9489eea4 [LEADER]: Connected to new peer: Peer: permanent_uuid: "b1654a9f1aa24f3abd7715c5f473e308" member_type: VOTER last_known_addr { host: "127.23.11.194" port: 46103 }, Status: LMP_MISMATCH, Last received: 0.0, Next index: 2, Last known committed idx: 1, Time since last communication: 0.001s
I20260710 11:08:22.942857 25178 consensus_queue.cc:1048] T 607d2b161b824427932bdf6e1ac57285 P 37f78b9344c74d85a5a0066d9489eea4 [LEADER]: Connected to new peer: Peer: permanent_uuid: "05a58f61152448878ecc497d73ee963a" member_type: VOTER last_known_addr { host: "127.23.11.193" port: 41263 } attrs { replace: true }, Status: LMP_MISMATCH, Last received: 0.0, Next index: 2, Last known committed idx: 1, Time since last communication: 0.000s
I20260710 11:08:22.954991 25182 raft_consensus.cc:2955] T 607d2b161b824427932bdf6e1ac57285 P 37f78b9344c74d85a5a0066d9489eea4 [term 1 LEADER]: Committing config change with OpId 1.2: config changed from index -1 to 2, NON_VOTER 13534f4721a94c6187f9a805abd1e504 (127.23.11.196) added. New config: { opid_index: 2 OBSOLETE_local: false peers { permanent_uuid: "05a58f61152448878ecc497d73ee963a" member_type: VOTER last_known_addr { host: "127.23.11.193" port: 41263 } attrs { replace: true } } peers { permanent_uuid: "b1654a9f1aa24f3abd7715c5f473e308" member_type: VOTER last_known_addr { host: "127.23.11.194" port: 46103 } } peers { permanent_uuid: "37f78b9344c74d85a5a0066d9489eea4" member_type: VOTER last_known_addr { host: "127.23.11.195" port: 43107 } } peers { permanent_uuid: "13534f4721a94c6187f9a805abd1e504" member_type: NON_VOTER last_known_addr { host: "127.23.11.196" port: 41575 } attrs { promote: true } } }
I20260710 11:08:22.957687 24814 raft_consensus.cc:2955] T 607d2b161b824427932bdf6e1ac57285 P b1654a9f1aa24f3abd7715c5f473e308 [term 1 FOLLOWER]: Committing config change with OpId 1.2: config changed from index -1 to 2, NON_VOTER 13534f4721a94c6187f9a805abd1e504 (127.23.11.196) added. New config: { opid_index: 2 OBSOLETE_local: false peers { permanent_uuid: "05a58f61152448878ecc497d73ee963a" member_type: VOTER last_known_addr { host: "127.23.11.193" port: 41263 } attrs { replace: true } } peers { permanent_uuid: "b1654a9f1aa24f3abd7715c5f473e308" member_type: VOTER last_known_addr { host: "127.23.11.194" port: 46103 } } peers { permanent_uuid: "37f78b9344c74d85a5a0066d9489eea4" member_type: VOTER last_known_addr { host: "127.23.11.195" port: 43107 } } peers { permanent_uuid: "13534f4721a94c6187f9a805abd1e504" member_type: NON_VOTER last_known_addr { host: "127.23.11.196" port: 41575 } attrs { promote: true } } }
I20260710 11:08:22.957687 24740 raft_consensus.cc:2955] T 607d2b161b824427932bdf6e1ac57285 P 05a58f61152448878ecc497d73ee963a [term 1 FOLLOWER]: Committing config change with OpId 1.2: config changed from index -1 to 2, NON_VOTER 13534f4721a94c6187f9a805abd1e504 (127.23.11.196) added. New config: { opid_index: 2 OBSOLETE_local: false peers { permanent_uuid: "05a58f61152448878ecc497d73ee963a" member_type: VOTER last_known_addr { host: "127.23.11.193" port: 41263 } attrs { replace: true } } peers { permanent_uuid: "b1654a9f1aa24f3abd7715c5f473e308" member_type: VOTER last_known_addr { host: "127.23.11.194" port: 46103 } } peers { permanent_uuid: "37f78b9344c74d85a5a0066d9489eea4" member_type: VOTER last_known_addr { host: "127.23.11.195" port: 43107 } } peers { permanent_uuid: "13534f4721a94c6187f9a805abd1e504" member_type: NON_VOTER last_known_addr { host: "127.23.11.196" port: 41575 } attrs { promote: true } } }
I20260710 11:08:22.970683 24634 catalog_manager.cc:5697] T 607d2b161b824427932bdf6e1ac57285 P b1654a9f1aa24f3abd7715c5f473e308 reported cstate change: config changed from index -1 to 2, NON_VOTER 13534f4721a94c6187f9a805abd1e504 (127.23.11.196) added. New cstate: current_term: 1 leader_uuid: "37f78b9344c74d85a5a0066d9489eea4" committed_config { opid_index: 2 OBSOLETE_local: false peers { permanent_uuid: "05a58f61152448878ecc497d73ee963a" member_type: VOTER last_known_addr { host: "127.23.11.193" port: 41263 } attrs { replace: true } } peers { permanent_uuid: "b1654a9f1aa24f3abd7715c5f473e308" member_type: VOTER last_known_addr { host: "127.23.11.194" port: 46103 } } peers { permanent_uuid: "37f78b9344c74d85a5a0066d9489eea4" member_type: VOTER last_known_addr { host: "127.23.11.195" port: 43107 } } peers { permanent_uuid: "13534f4721a94c6187f9a805abd1e504" member_type: NON_VOTER last_known_addr { host: "127.23.11.196" port: 41575 } attrs { promote: true } } }
I20260710 11:08:22.972886 24739 consensus_queue.cc:237] T 8bc39d1959294346b29490bb5f9694fc P 05a58f61152448878ecc497d73ee963a [LEADER]: Queue going to LEADER mode. State: All replicated index: 0, Majority replicated index: 1, Committed index: 1, Last appended: 1.1, Last appended by leader: 0, Current term: 1, Majority size: 2, State: 0, Mode: LEADER, active raft config: opid_index: 2 OBSOLETE_local: false peers { permanent_uuid: "05a58f61152448878ecc497d73ee963a" member_type: VOTER last_known_addr { host: "127.23.11.193" port: 41263 } } peers { permanent_uuid: "b1654a9f1aa24f3abd7715c5f473e308" member_type: VOTER last_known_addr { host: "127.23.11.194" port: 46103 } } peers { permanent_uuid: "37f78b9344c74d85a5a0066d9489eea4" member_type: VOTER last_known_addr { host: "127.23.11.195" port: 43107 } attrs { replace: true } } peers { permanent_uuid: "13534f4721a94c6187f9a805abd1e504" member_type: NON_VOTER last_known_addr { host: "127.23.11.196" port: 41575 } attrs { promote: true } }
I20260710 11:08:22.980667 24888 raft_consensus.cc:1275] T 8bc39d1959294346b29490bb5f9694fc P 37f78b9344c74d85a5a0066d9489eea4 [term 1 FOLLOWER]: Refusing update from remote peer 05a58f61152448878ecc497d73ee963a: Log matching property violated. Preceding OpId in replica: term: 1 index: 1. Preceding OpId from leader: term: 1 index: 2. (index mismatch)
W20260710 11:08:22.981370 24706 consensus_peers.cc:597] T 8bc39d1959294346b29490bb5f9694fc P 05a58f61152448878ecc497d73ee963a -> Peer 13534f4721a94c6187f9a805abd1e504 (127.23.11.196:41575): Couldn't send request to peer 13534f4721a94c6187f9a805abd1e504. Error code: TABLET_NOT_FOUND (6). Status: Not found: Tablet not found: 8bc39d1959294346b29490bb5f9694fc. This is attempt 1: this message will repeat every 5th retry.
I20260710 11:08:22.982204 25260 consensus_queue.cc:1048] T 8bc39d1959294346b29490bb5f9694fc P 05a58f61152448878ecc497d73ee963a [LEADER]: Connected to new peer: Peer: permanent_uuid: "37f78b9344c74d85a5a0066d9489eea4" member_type: VOTER last_known_addr { host: "127.23.11.195" port: 43107 } attrs { replace: true }, Status: LMP_MISMATCH, Last received: 0.0, Next index: 2, Last known committed idx: 1, Time since last communication: 0.000s
I20260710 11:08:22.984205 24814 raft_consensus.cc:1275] T 8bc39d1959294346b29490bb5f9694fc P b1654a9f1aa24f3abd7715c5f473e308 [term 1 FOLLOWER]: Refusing update from remote peer 05a58f61152448878ecc497d73ee963a: Log matching property violated. Preceding OpId in replica: term: 1 index: 1. Preceding OpId from leader: term: 1 index: 2. (index mismatch)
I20260710 11:08:22.985653 25260 consensus_queue.cc:1048] T 8bc39d1959294346b29490bb5f9694fc P 05a58f61152448878ecc497d73ee963a [LEADER]: Connected to new peer: Peer: permanent_uuid: "b1654a9f1aa24f3abd7715c5f473e308" member_type: VOTER last_known_addr { host: "127.23.11.194" port: 46103 }, Status: LMP_MISMATCH, Last received: 0.0, Next index: 2, Last known committed idx: 1, Time since last communication: 0.000s
I20260710 11:08:22.994192 25260 raft_consensus.cc:2955] T 8bc39d1959294346b29490bb5f9694fc P 05a58f61152448878ecc497d73ee963a [term 1 LEADER]: Committing config change with OpId 1.2: config changed from index -1 to 2, NON_VOTER 13534f4721a94c6187f9a805abd1e504 (127.23.11.196) added. New config: { opid_index: 2 OBSOLETE_local: false peers { permanent_uuid: "05a58f61152448878ecc497d73ee963a" member_type: VOTER last_known_addr { host: "127.23.11.193" port: 41263 } } peers { permanent_uuid: "b1654a9f1aa24f3abd7715c5f473e308" member_type: VOTER last_known_addr { host: "127.23.11.194" port: 46103 } } peers { permanent_uuid: "37f78b9344c74d85a5a0066d9489eea4" member_type: VOTER last_known_addr { host: "127.23.11.195" port: 43107 } attrs { replace: true } } peers { permanent_uuid: "13534f4721a94c6187f9a805abd1e504" member_type: NON_VOTER last_known_addr { host: "127.23.11.196" port: 41575 } attrs { promote: true } } }
I20260710 11:08:22.997467 24814 raft_consensus.cc:2955] T 8bc39d1959294346b29490bb5f9694fc P b1654a9f1aa24f3abd7715c5f473e308 [term 1 FOLLOWER]: Committing config change with OpId 1.2: config changed from index -1 to 2, NON_VOTER 13534f4721a94c6187f9a805abd1e504 (127.23.11.196) added. New config: { opid_index: 2 OBSOLETE_local: false peers { permanent_uuid: "05a58f61152448878ecc497d73ee963a" member_type: VOTER last_known_addr { host: "127.23.11.193" port: 41263 } } peers { permanent_uuid: "b1654a9f1aa24f3abd7715c5f473e308" member_type: VOTER last_known_addr { host: "127.23.11.194" port: 46103 } } peers { permanent_uuid: "37f78b9344c74d85a5a0066d9489eea4" member_type: VOTER last_known_addr { host: "127.23.11.195" port: 43107 } attrs { replace: true } } peers { permanent_uuid: "13534f4721a94c6187f9a805abd1e504" member_type: NON_VOTER last_known_addr { host: "127.23.11.196" port: 41575 } attrs { promote: true } } }
I20260710 11:08:23.006074 24888 raft_consensus.cc:2955] T 8bc39d1959294346b29490bb5f9694fc P 37f78b9344c74d85a5a0066d9489eea4 [term 1 FOLLOWER]: Committing config change with OpId 1.2: config changed from index -1 to 2, NON_VOTER 13534f4721a94c6187f9a805abd1e504 (127.23.11.196) added. New config: { opid_index: 2 OBSOLETE_local: false peers { permanent_uuid: "05a58f61152448878ecc497d73ee963a" member_type: VOTER last_known_addr { host: "127.23.11.193" port: 41263 } } peers { permanent_uuid: "b1654a9f1aa24f3abd7715c5f473e308" member_type: VOTER last_known_addr { host: "127.23.11.194" port: 46103 } } peers { permanent_uuid: "37f78b9344c74d85a5a0066d9489eea4" member_type: VOTER last_known_addr { host: "127.23.11.195" port: 43107 } attrs { replace: true } } peers { permanent_uuid: "13534f4721a94c6187f9a805abd1e504" member_type: NON_VOTER last_known_addr { host: "127.23.11.196" port: 41575 } attrs { promote: true } } }
I20260710 11:08:23.013127 24635 catalog_manager.cc:5697] T 8bc39d1959294346b29490bb5f9694fc P 05a58f61152448878ecc497d73ee963a reported cstate change: config changed from index -1 to 2, NON_VOTER 13534f4721a94c6187f9a805abd1e504 (127.23.11.196) added. New cstate: current_term: 1 leader_uuid: "05a58f61152448878ecc497d73ee963a" committed_config { opid_index: 2 OBSOLETE_local: false peers { permanent_uuid: "05a58f61152448878ecc497d73ee963a" member_type: VOTER last_known_addr { host: "127.23.11.193" port: 41263 } health_report { overall_health: HEALTHY } } peers { permanent_uuid: "b1654a9f1aa24f3abd7715c5f473e308" member_type: VOTER last_known_addr { host: "127.23.11.194" port: 46103 } health_report { overall_health: HEALTHY } } peers { permanent_uuid: "37f78b9344c74d85a5a0066d9489eea4" member_type: VOTER last_known_addr { host: "127.23.11.195" port: 43107 } attrs { replace: true } health_report { overall_health: HEALTHY } } peers { permanent_uuid: "13534f4721a94c6187f9a805abd1e504" member_type: NON_VOTER last_known_addr { host: "127.23.11.196" port: 41575 } attrs { promote: true } health_report { overall_health: UNKNOWN } } }
I20260710 11:08:23.365800 25277 ts_tablet_manager.cc:933] T 75981e8e406747a38b2d60d0f6554359 P 13534f4721a94c6187f9a805abd1e504: Initiating tablet copy from peer 05a58f61152448878ecc497d73ee963a (127.23.11.193:41263)
I20260710 11:08:23.367452 25277 tablet_copy_client.cc:323] T 75981e8e406747a38b2d60d0f6554359 P 13534f4721a94c6187f9a805abd1e504: tablet copy: Beginning tablet copy session from remote peer at address 127.23.11.193:41263
I20260710 11:08:23.369282 24750 tablet_copy_service.cc:140] P 05a58f61152448878ecc497d73ee963a: Received BeginTabletCopySession request for tablet 75981e8e406747a38b2d60d0f6554359 from peer 13534f4721a94c6187f9a805abd1e504 ({username='slave'} at 127.0.0.1:46494)
I20260710 11:08:23.369778 24750 tablet_copy_service.cc:161] P 05a58f61152448878ecc497d73ee963a: Beginning new tablet copy session on tablet 75981e8e406747a38b2d60d0f6554359 from peer 13534f4721a94c6187f9a805abd1e504 at {username='slave'} at 127.0.0.1:46494: session id = 13534f4721a94c6187f9a805abd1e504-75981e8e406747a38b2d60d0f6554359
I20260710 11:08:23.376276 24750 tablet_copy_source_session.cc:215] T 75981e8e406747a38b2d60d0f6554359 P 05a58f61152448878ecc497d73ee963a: Tablet Copy: opened 0 blocks and 1 log segments
I20260710 11:08:23.379200 25277 data_dirs.cc:400] Could only allocate 1 dirs of requested 3 for tablet 75981e8e406747a38b2d60d0f6554359. 1 dirs total, 0 dirs full, 0 dirs failed
I20260710 11:08:23.383104 25279 ts_tablet_manager.cc:933] T 45b76ee74b244961a1cb8b12adb7ff3c P 13534f4721a94c6187f9a805abd1e504: Initiating tablet copy from peer b1654a9f1aa24f3abd7715c5f473e308 (127.23.11.194:46103)
I20260710 11:08:23.385175 25279 tablet_copy_client.cc:323] T 45b76ee74b244961a1cb8b12adb7ff3c P 13534f4721a94c6187f9a805abd1e504: tablet copy: Beginning tablet copy session from remote peer at address 127.23.11.194:46103
I20260710 11:08:23.407407 25277 tablet_copy_client.cc:806] T 75981e8e406747a38b2d60d0f6554359 P 13534f4721a94c6187f9a805abd1e504: tablet copy: Starting download of 0 data blocks...
I20260710 11:08:23.408497 25277 tablet_copy_client.cc:670] T 75981e8e406747a38b2d60d0f6554359 P 13534f4721a94c6187f9a805abd1e504: tablet copy: Starting download of 1 WAL segments...
I20260710 11:08:23.413542 25277 tablet_copy_client.cc:538] T 75981e8e406747a38b2d60d0f6554359 P 13534f4721a94c6187f9a805abd1e504: tablet copy: Tablet Copy complete. Replacing tablet superblock.
I20260710 11:08:23.424561 25277 tablet_bootstrap.cc:492] T 75981e8e406747a38b2d60d0f6554359 P 13534f4721a94c6187f9a805abd1e504: Bootstrap starting.
I20260710 11:08:23.433585 24825 tablet_copy_service.cc:140] P b1654a9f1aa24f3abd7715c5f473e308: Received BeginTabletCopySession request for tablet 45b76ee74b244961a1cb8b12adb7ff3c from peer 13534f4721a94c6187f9a805abd1e504 ({username='slave'} at 127.0.0.1:42562)
I20260710 11:08:23.434267 24825 tablet_copy_service.cc:161] P b1654a9f1aa24f3abd7715c5f473e308: Beginning new tablet copy session on tablet 45b76ee74b244961a1cb8b12adb7ff3c from peer 13534f4721a94c6187f9a805abd1e504 at {username='slave'} at 127.0.0.1:42562: session id = 13534f4721a94c6187f9a805abd1e504-45b76ee74b244961a1cb8b12adb7ff3c
I20260710 11:08:23.442687 24825 tablet_copy_source_session.cc:215] T 45b76ee74b244961a1cb8b12adb7ff3c P b1654a9f1aa24f3abd7715c5f473e308: Tablet Copy: opened 0 blocks and 1 log segments
I20260710 11:08:23.446450 25279 data_dirs.cc:400] Could only allocate 1 dirs of requested 3 for tablet 45b76ee74b244961a1cb8b12adb7ff3c. 1 dirs total, 0 dirs full, 0 dirs failed
I20260710 11:08:23.450383 25277 tablet_bootstrap.cc:492] T 75981e8e406747a38b2d60d0f6554359 P 13534f4721a94c6187f9a805abd1e504: Bootstrap replayed 1/1 log segments. Stats: ops{read=2 overwritten=0 applied=2 ignored=0} inserts{seen=0 ignored=0} mutations{seen=0 ignored=0} orphaned_commits=0. Pending: 0 replicates
I20260710 11:08:23.451341 25277 tablet_bootstrap.cc:492] T 75981e8e406747a38b2d60d0f6554359 P 13534f4721a94c6187f9a805abd1e504: Bootstrap complete.
I20260710 11:08:23.452010 25277 ts_tablet_manager.cc:1403] T 75981e8e406747a38b2d60d0f6554359 P 13534f4721a94c6187f9a805abd1e504: Time spent bootstrapping tablet: real 0.028s	user 0.012s	sys 0.015s
I20260710 11:08:23.455032 25277 raft_consensus.cc:359] T 75981e8e406747a38b2d60d0f6554359 P 13534f4721a94c6187f9a805abd1e504 [term 1 LEARNER]: Replica starting. Triggering 0 pending ops. Active config: opid_index: 2 OBSOLETE_local: false peers { permanent_uuid: "05a58f61152448878ecc497d73ee963a" member_type: VOTER last_known_addr { host: "127.23.11.193" port: 41263 } } peers { permanent_uuid: "b1654a9f1aa24f3abd7715c5f473e308" member_type: VOTER last_known_addr { host: "127.23.11.194" port: 46103 } attrs { replace: true } } peers { permanent_uuid: "37f78b9344c74d85a5a0066d9489eea4" member_type: VOTER last_known_addr { host: "127.23.11.195" port: 43107 } } peers { permanent_uuid: "13534f4721a94c6187f9a805abd1e504" member_type: NON_VOTER last_known_addr { host: "127.23.11.196" port: 41575 } attrs { promote: true } }
I20260710 11:08:23.455853 25277 raft_consensus.cc:740] T 75981e8e406747a38b2d60d0f6554359 P 13534f4721a94c6187f9a805abd1e504 [term 1 LEARNER]: Becoming Follower/Learner. State: Replica: 13534f4721a94c6187f9a805abd1e504, State: Initialized, Role: LEARNER
I20260710 11:08:23.456578 25277 consensus_queue.cc:260] T 75981e8e406747a38b2d60d0f6554359 P 13534f4721a94c6187f9a805abd1e504 [NON_LEADER]: Queue going to NON_LEADER mode. State: All replicated index: 0, Majority replicated index: 0, Committed index: 2, Last appended: 1.2, Last appended by leader: 2, Current term: 0, Majority size: -1, State: 0, Mode: NON_LEADER, active raft config: opid_index: 2 OBSOLETE_local: false peers { permanent_uuid: "05a58f61152448878ecc497d73ee963a" member_type: VOTER last_known_addr { host: "127.23.11.193" port: 41263 } } peers { permanent_uuid: "b1654a9f1aa24f3abd7715c5f473e308" member_type: VOTER last_known_addr { host: "127.23.11.194" port: 46103 } attrs { replace: true } } peers { permanent_uuid: "37f78b9344c74d85a5a0066d9489eea4" member_type: VOTER last_known_addr { host: "127.23.11.195" port: 43107 } } peers { permanent_uuid: "13534f4721a94c6187f9a805abd1e504" member_type: NON_VOTER last_known_addr { host: "127.23.11.196" port: 41575 } attrs { promote: true } }
I20260710 11:08:23.463155 25277 ts_tablet_manager.cc:1434] T 75981e8e406747a38b2d60d0f6554359 P 13534f4721a94c6187f9a805abd1e504: Time spent starting tablet: real 0.011s	user 0.005s	sys 0.004s
I20260710 11:08:23.465408 24750 tablet_copy_service.cc:342] P 05a58f61152448878ecc497d73ee963a: Request end of tablet copy session 13534f4721a94c6187f9a805abd1e504-75981e8e406747a38b2d60d0f6554359 received from {username='slave'} at 127.0.0.1:46494
I20260710 11:08:23.465885 24750 tablet_copy_service.cc:434] P 05a58f61152448878ecc497d73ee963a: ending tablet copy session 13534f4721a94c6187f9a805abd1e504-75981e8e406747a38b2d60d0f6554359 on tablet 75981e8e406747a38b2d60d0f6554359 with peer 13534f4721a94c6187f9a805abd1e504
I20260710 11:08:23.467322 25279 tablet_copy_client.cc:806] T 45b76ee74b244961a1cb8b12adb7ff3c P 13534f4721a94c6187f9a805abd1e504: tablet copy: Starting download of 0 data blocks...
I20260710 11:08:23.469398 25279 tablet_copy_client.cc:670] T 45b76ee74b244961a1cb8b12adb7ff3c P 13534f4721a94c6187f9a805abd1e504: tablet copy: Starting download of 1 WAL segments...
I20260710 11:08:23.479180 25279 tablet_copy_client.cc:538] T 45b76ee74b244961a1cb8b12adb7ff3c P 13534f4721a94c6187f9a805abd1e504: tablet copy: Tablet Copy complete. Replacing tablet superblock.
I20260710 11:08:23.489024 25279 tablet_bootstrap.cc:492] T 45b76ee74b244961a1cb8b12adb7ff3c P 13534f4721a94c6187f9a805abd1e504: Bootstrap starting.
I20260710 11:08:23.511090 25279 tablet_bootstrap.cc:492] T 45b76ee74b244961a1cb8b12adb7ff3c P 13534f4721a94c6187f9a805abd1e504: Bootstrap replayed 1/1 log segments. Stats: ops{read=2 overwritten=0 applied=2 ignored=0} inserts{seen=0 ignored=0} mutations{seen=0 ignored=0} orphaned_commits=0. Pending: 0 replicates
I20260710 11:08:23.511909 25279 tablet_bootstrap.cc:492] T 45b76ee74b244961a1cb8b12adb7ff3c P 13534f4721a94c6187f9a805abd1e504: Bootstrap complete.
I20260710 11:08:23.512447 25279 ts_tablet_manager.cc:1403] T 45b76ee74b244961a1cb8b12adb7ff3c P 13534f4721a94c6187f9a805abd1e504: Time spent bootstrapping tablet: real 0.024s	user 0.018s	sys 0.005s
I20260710 11:08:23.514856 25279 raft_consensus.cc:359] T 45b76ee74b244961a1cb8b12adb7ff3c P 13534f4721a94c6187f9a805abd1e504 [term 1 LEARNER]: Replica starting. Triggering 0 pending ops. Active config: opid_index: 2 OBSOLETE_local: false peers { permanent_uuid: "37f78b9344c74d85a5a0066d9489eea4" member_type: VOTER last_known_addr { host: "127.23.11.195" port: 43107 } } peers { permanent_uuid: "05a58f61152448878ecc497d73ee963a" member_type: VOTER last_known_addr { host: "127.23.11.193" port: 41263 } attrs { replace: true } } peers { permanent_uuid: "b1654a9f1aa24f3abd7715c5f473e308" member_type: VOTER last_known_addr { host: "127.23.11.194" port: 46103 } } peers { permanent_uuid: "13534f4721a94c6187f9a805abd1e504" member_type: NON_VOTER last_known_addr { host: "127.23.11.196" port: 41575 } attrs { promote: true } }
I20260710 11:08:23.515715 25279 raft_consensus.cc:740] T 45b76ee74b244961a1cb8b12adb7ff3c P 13534f4721a94c6187f9a805abd1e504 [term 1 LEARNER]: Becoming Follower/Learner. State: Replica: 13534f4721a94c6187f9a805abd1e504, State: Initialized, Role: LEARNER
I20260710 11:08:23.516424 25279 consensus_queue.cc:260] T 45b76ee74b244961a1cb8b12adb7ff3c P 13534f4721a94c6187f9a805abd1e504 [NON_LEADER]: Queue going to NON_LEADER mode. State: All replicated index: 0, Majority replicated index: 0, Committed index: 2, Last appended: 1.2, Last appended by leader: 2, Current term: 0, Majority size: -1, State: 0, Mode: NON_LEADER, active raft config: opid_index: 2 OBSOLETE_local: false peers { permanent_uuid: "37f78b9344c74d85a5a0066d9489eea4" member_type: VOTER last_known_addr { host: "127.23.11.195" port: 43107 } } peers { permanent_uuid: "05a58f61152448878ecc497d73ee963a" member_type: VOTER last_known_addr { host: "127.23.11.193" port: 41263 } attrs { replace: true } } peers { permanent_uuid: "b1654a9f1aa24f3abd7715c5f473e308" member_type: VOTER last_known_addr { host: "127.23.11.194" port: 46103 } } peers { permanent_uuid: "13534f4721a94c6187f9a805abd1e504" member_type: NON_VOTER last_known_addr { host: "127.23.11.196" port: 41575 } attrs { promote: true } }
I20260710 11:08:23.518322 25279 ts_tablet_manager.cc:1434] T 45b76ee74b244961a1cb8b12adb7ff3c P 13534f4721a94c6187f9a805abd1e504: Time spent starting tablet: real 0.006s	user 0.000s	sys 0.004s
I20260710 11:08:23.520164 24825 tablet_copy_service.cc:342] P b1654a9f1aa24f3abd7715c5f473e308: Request end of tablet copy session 13534f4721a94c6187f9a805abd1e504-45b76ee74b244961a1cb8b12adb7ff3c received from {username='slave'} at 127.0.0.1:42562
I20260710 11:08:23.520586 24825 tablet_copy_service.cc:434] P b1654a9f1aa24f3abd7715c5f473e308: ending tablet copy session 13534f4721a94c6187f9a805abd1e504-45b76ee74b244961a1cb8b12adb7ff3c on tablet 45b76ee74b244961a1cb8b12adb7ff3c with peer 13534f4721a94c6187f9a805abd1e504
I20260710 11:08:23.529678 25279 ts_tablet_manager.cc:933] T 607d2b161b824427932bdf6e1ac57285 P 13534f4721a94c6187f9a805abd1e504: Initiating tablet copy from peer 37f78b9344c74d85a5a0066d9489eea4 (127.23.11.195:43107)
I20260710 11:08:23.531569 25279 tablet_copy_client.cc:323] T 607d2b161b824427932bdf6e1ac57285 P 13534f4721a94c6187f9a805abd1e504: tablet copy: Beginning tablet copy session from remote peer at address 127.23.11.195:43107
I20260710 11:08:23.533177 24899 tablet_copy_service.cc:140] P 37f78b9344c74d85a5a0066d9489eea4: Received BeginTabletCopySession request for tablet 607d2b161b824427932bdf6e1ac57285 from peer 13534f4721a94c6187f9a805abd1e504 ({username='slave'} at 127.0.0.1:51208)
I20260710 11:08:23.533598 24899 tablet_copy_service.cc:161] P 37f78b9344c74d85a5a0066d9489eea4: Beginning new tablet copy session on tablet 607d2b161b824427932bdf6e1ac57285 from peer 13534f4721a94c6187f9a805abd1e504 at {username='slave'} at 127.0.0.1:51208: session id = 13534f4721a94c6187f9a805abd1e504-607d2b161b824427932bdf6e1ac57285
I20260710 11:08:23.538470 24899 tablet_copy_source_session.cc:215] T 607d2b161b824427932bdf6e1ac57285 P 37f78b9344c74d85a5a0066d9489eea4: Tablet Copy: opened 0 blocks and 1 log segments
I20260710 11:08:23.541385 25279 data_dirs.cc:400] Could only allocate 1 dirs of requested 3 for tablet 607d2b161b824427932bdf6e1ac57285. 1 dirs total, 0 dirs full, 0 dirs failed
I20260710 11:08:23.556517 25279 tablet_copy_client.cc:806] T 607d2b161b824427932bdf6e1ac57285 P 13534f4721a94c6187f9a805abd1e504: tablet copy: Starting download of 0 data blocks...
I20260710 11:08:23.557058 25279 tablet_copy_client.cc:670] T 607d2b161b824427932bdf6e1ac57285 P 13534f4721a94c6187f9a805abd1e504: tablet copy: Starting download of 1 WAL segments...
I20260710 11:08:23.560702 25279 tablet_copy_client.cc:538] T 607d2b161b824427932bdf6e1ac57285 P 13534f4721a94c6187f9a805abd1e504: tablet copy: Tablet Copy complete. Replacing tablet superblock.
I20260710 11:08:23.569749 25279 tablet_bootstrap.cc:492] T 607d2b161b824427932bdf6e1ac57285 P 13534f4721a94c6187f9a805abd1e504: Bootstrap starting.
I20260710 11:08:23.583665 25277 ts_tablet_manager.cc:933] T 8bc39d1959294346b29490bb5f9694fc P 13534f4721a94c6187f9a805abd1e504: Initiating tablet copy from peer 05a58f61152448878ecc497d73ee963a (127.23.11.193:41263)
I20260710 11:08:23.588020 25277 tablet_copy_client.cc:323] T 8bc39d1959294346b29490bb5f9694fc P 13534f4721a94c6187f9a805abd1e504: tablet copy: Beginning tablet copy session from remote peer at address 127.23.11.193:41263
I20260710 11:08:23.590003 25279 tablet_bootstrap.cc:492] T 607d2b161b824427932bdf6e1ac57285 P 13534f4721a94c6187f9a805abd1e504: Bootstrap replayed 1/1 log segments. Stats: ops{read=2 overwritten=0 applied=2 ignored=0} inserts{seen=0 ignored=0} mutations{seen=0 ignored=0} orphaned_commits=0. Pending: 0 replicates
I20260710 11:08:23.589960 24750 tablet_copy_service.cc:140] P 05a58f61152448878ecc497d73ee963a: Received BeginTabletCopySession request for tablet 8bc39d1959294346b29490bb5f9694fc from peer 13534f4721a94c6187f9a805abd1e504 ({username='slave'} at 127.0.0.1:46494)
I20260710 11:08:23.590662 24750 tablet_copy_service.cc:161] P 05a58f61152448878ecc497d73ee963a: Beginning new tablet copy session on tablet 8bc39d1959294346b29490bb5f9694fc from peer 13534f4721a94c6187f9a805abd1e504 at {username='slave'} at 127.0.0.1:46494: session id = 13534f4721a94c6187f9a805abd1e504-8bc39d1959294346b29490bb5f9694fc
I20260710 11:08:23.591123 25279 tablet_bootstrap.cc:492] T 607d2b161b824427932bdf6e1ac57285 P 13534f4721a94c6187f9a805abd1e504: Bootstrap complete.
I20260710 11:08:23.591898 25279 ts_tablet_manager.cc:1403] T 607d2b161b824427932bdf6e1ac57285 P 13534f4721a94c6187f9a805abd1e504: Time spent bootstrapping tablet: real 0.022s	user 0.023s	sys 0.000s
I20260710 11:08:23.595134 25279 raft_consensus.cc:359] T 607d2b161b824427932bdf6e1ac57285 P 13534f4721a94c6187f9a805abd1e504 [term 1 LEARNER]: Replica starting. Triggering 0 pending ops. Active config: opid_index: 2 OBSOLETE_local: false peers { permanent_uuid: "05a58f61152448878ecc497d73ee963a" member_type: VOTER last_known_addr { host: "127.23.11.193" port: 41263 } attrs { replace: true } } peers { permanent_uuid: "b1654a9f1aa24f3abd7715c5f473e308" member_type: VOTER last_known_addr { host: "127.23.11.194" port: 46103 } } peers { permanent_uuid: "37f78b9344c74d85a5a0066d9489eea4" member_type: VOTER last_known_addr { host: "127.23.11.195" port: 43107 } } peers { permanent_uuid: "13534f4721a94c6187f9a805abd1e504" member_type: NON_VOTER last_known_addr { host: "127.23.11.196" port: 41575 } attrs { promote: true } }
I20260710 11:08:23.596052 25279 raft_consensus.cc:740] T 607d2b161b824427932bdf6e1ac57285 P 13534f4721a94c6187f9a805abd1e504 [term 1 LEARNER]: Becoming Follower/Learner. State: Replica: 13534f4721a94c6187f9a805abd1e504, State: Initialized, Role: LEARNER
I20260710 11:08:23.596781 25279 consensus_queue.cc:260] T 607d2b161b824427932bdf6e1ac57285 P 13534f4721a94c6187f9a805abd1e504 [NON_LEADER]: Queue going to NON_LEADER mode. State: All replicated index: 0, Majority replicated index: 0, Committed index: 2, Last appended: 1.2, Last appended by leader: 2, Current term: 0, Majority size: -1, State: 0, Mode: NON_LEADER, active raft config: opid_index: 2 OBSOLETE_local: false peers { permanent_uuid: "05a58f61152448878ecc497d73ee963a" member_type: VOTER last_known_addr { host: "127.23.11.193" port: 41263 } attrs { replace: true } } peers { permanent_uuid: "b1654a9f1aa24f3abd7715c5f473e308" member_type: VOTER last_known_addr { host: "127.23.11.194" port: 46103 } } peers { permanent_uuid: "37f78b9344c74d85a5a0066d9489eea4" member_type: VOTER last_known_addr { host: "127.23.11.195" port: 43107 } } peers { permanent_uuid: "13534f4721a94c6187f9a805abd1e504" member_type: NON_VOTER last_known_addr { host: "127.23.11.196" port: 41575 } attrs { promote: true } }
I20260710 11:08:23.599375 25279 ts_tablet_manager.cc:1434] T 607d2b161b824427932bdf6e1ac57285 P 13534f4721a94c6187f9a805abd1e504: Time spent starting tablet: real 0.007s	user 0.008s	sys 0.000s
I20260710 11:08:23.599572 24750 tablet_copy_source_session.cc:215] T 8bc39d1959294346b29490bb5f9694fc P 05a58f61152448878ecc497d73ee963a: Tablet Copy: opened 0 blocks and 1 log segments
I20260710 11:08:23.602844 24899 tablet_copy_service.cc:342] P 37f78b9344c74d85a5a0066d9489eea4: Request end of tablet copy session 13534f4721a94c6187f9a805abd1e504-607d2b161b824427932bdf6e1ac57285 received from {username='slave'} at 127.0.0.1:51208
I20260710 11:08:23.603401 24899 tablet_copy_service.cc:434] P 37f78b9344c74d85a5a0066d9489eea4: ending tablet copy session 13534f4721a94c6187f9a805abd1e504-607d2b161b824427932bdf6e1ac57285 on tablet 607d2b161b824427932bdf6e1ac57285 with peer 13534f4721a94c6187f9a805abd1e504
I20260710 11:08:23.606196 25277 data_dirs.cc:400] Could only allocate 1 dirs of requested 3 for tablet 8bc39d1959294346b29490bb5f9694fc. 1 dirs total, 0 dirs full, 0 dirs failed
I20260710 11:08:23.623201 25277 tablet_copy_client.cc:806] T 8bc39d1959294346b29490bb5f9694fc P 13534f4721a94c6187f9a805abd1e504: tablet copy: Starting download of 0 data blocks...
I20260710 11:08:23.623798 25277 tablet_copy_client.cc:670] T 8bc39d1959294346b29490bb5f9694fc P 13534f4721a94c6187f9a805abd1e504: tablet copy: Starting download of 1 WAL segments...
I20260710 11:08:23.627556 25277 tablet_copy_client.cc:538] T 8bc39d1959294346b29490bb5f9694fc P 13534f4721a94c6187f9a805abd1e504: tablet copy: Tablet Copy complete. Replacing tablet superblock.
I20260710 11:08:23.637120 25277 tablet_bootstrap.cc:492] T 8bc39d1959294346b29490bb5f9694fc P 13534f4721a94c6187f9a805abd1e504: Bootstrap starting.
I20260710 11:08:23.658988 25277 tablet_bootstrap.cc:492] T 8bc39d1959294346b29490bb5f9694fc P 13534f4721a94c6187f9a805abd1e504: Bootstrap replayed 1/1 log segments. Stats: ops{read=2 overwritten=0 applied=2 ignored=0} inserts{seen=0 ignored=0} mutations{seen=0 ignored=0} orphaned_commits=0. Pending: 0 replicates
I20260710 11:08:23.659958 25277 tablet_bootstrap.cc:492] T 8bc39d1959294346b29490bb5f9694fc P 13534f4721a94c6187f9a805abd1e504: Bootstrap complete.
I20260710 11:08:23.660658 25277 ts_tablet_manager.cc:1403] T 8bc39d1959294346b29490bb5f9694fc P 13534f4721a94c6187f9a805abd1e504: Time spent bootstrapping tablet: real 0.024s	user 0.015s	sys 0.008s
I20260710 11:08:23.663812 25277 raft_consensus.cc:359] T 8bc39d1959294346b29490bb5f9694fc P 13534f4721a94c6187f9a805abd1e504 [term 1 LEARNER]: Replica starting. Triggering 0 pending ops. Active config: opid_index: 2 OBSOLETE_local: false peers { permanent_uuid: "05a58f61152448878ecc497d73ee963a" member_type: VOTER last_known_addr { host: "127.23.11.193" port: 41263 } } peers { permanent_uuid: "b1654a9f1aa24f3abd7715c5f473e308" member_type: VOTER last_known_addr { host: "127.23.11.194" port: 46103 } } peers { permanent_uuid: "37f78b9344c74d85a5a0066d9489eea4" member_type: VOTER last_known_addr { host: "127.23.11.195" port: 43107 } attrs { replace: true } } peers { permanent_uuid: "13534f4721a94c6187f9a805abd1e504" member_type: NON_VOTER last_known_addr { host: "127.23.11.196" port: 41575 } attrs { promote: true } }
I20260710 11:08:23.664757 25277 raft_consensus.cc:740] T 8bc39d1959294346b29490bb5f9694fc P 13534f4721a94c6187f9a805abd1e504 [term 1 LEARNER]: Becoming Follower/Learner. State: Replica: 13534f4721a94c6187f9a805abd1e504, State: Initialized, Role: LEARNER
I20260710 11:08:23.665491 25277 consensus_queue.cc:260] T 8bc39d1959294346b29490bb5f9694fc P 13534f4721a94c6187f9a805abd1e504 [NON_LEADER]: Queue going to NON_LEADER mode. State: All replicated index: 0, Majority replicated index: 0, Committed index: 2, Last appended: 1.2, Last appended by leader: 2, Current term: 0, Majority size: -1, State: 0, Mode: NON_LEADER, active raft config: opid_index: 2 OBSOLETE_local: false peers { permanent_uuid: "05a58f61152448878ecc497d73ee963a" member_type: VOTER last_known_addr { host: "127.23.11.193" port: 41263 } } peers { permanent_uuid: "b1654a9f1aa24f3abd7715c5f473e308" member_type: VOTER last_known_addr { host: "127.23.11.194" port: 46103 } } peers { permanent_uuid: "37f78b9344c74d85a5a0066d9489eea4" member_type: VOTER last_known_addr { host: "127.23.11.195" port: 43107 } attrs { replace: true } } peers { permanent_uuid: "13534f4721a94c6187f9a805abd1e504" member_type: NON_VOTER last_known_addr { host: "127.23.11.196" port: 41575 } attrs { promote: true } }
I20260710 11:08:23.668182 25277 ts_tablet_manager.cc:1434] T 8bc39d1959294346b29490bb5f9694fc P 13534f4721a94c6187f9a805abd1e504: Time spent starting tablet: real 0.007s	user 0.008s	sys 0.000s
I20260710 11:08:23.670434 24750 tablet_copy_service.cc:342] P 05a58f61152448878ecc497d73ee963a: Request end of tablet copy session 13534f4721a94c6187f9a805abd1e504-8bc39d1959294346b29490bb5f9694fc received from {username='slave'} at 127.0.0.1:46494
I20260710 11:08:23.670943 24750 tablet_copy_service.cc:434] P 05a58f61152448878ecc497d73ee963a: ending tablet copy session 13534f4721a94c6187f9a805abd1e504-8bc39d1959294346b29490bb5f9694fc on tablet 8bc39d1959294346b29490bb5f9694fc with peer 13534f4721a94c6187f9a805abd1e504
I20260710 11:08:23.796511 25147 raft_consensus.cc:1217] T 75981e8e406747a38b2d60d0f6554359 P 13534f4721a94c6187f9a805abd1e504 [term 1 LEARNER]: Deduplicated request from leader. Original: 1.1->[1.2-1.2]   Dedup: 1.2->[]
I20260710 11:08:23.913971 25147 raft_consensus.cc:1217] T 45b76ee74b244961a1cb8b12adb7ff3c P 13534f4721a94c6187f9a805abd1e504 [term 1 LEARNER]: Deduplicated request from leader. Original: 1.1->[1.2-1.2]   Dedup: 1.2->[]
I20260710 11:08:23.924940 25147 raft_consensus.cc:1217] T 607d2b161b824427932bdf6e1ac57285 P 13534f4721a94c6187f9a805abd1e504 [term 1 LEARNER]: Deduplicated request from leader. Original: 1.1->[1.2-1.2]   Dedup: 1.2->[]
I20260710 11:08:24.038658 25147 raft_consensus.cc:1217] T 8bc39d1959294346b29490bb5f9694fc P 13534f4721a94c6187f9a805abd1e504 [term 1 LEARNER]: Deduplicated request from leader. Original: 1.1->[1.2-1.2]   Dedup: 1.2->[]
I20260710 11:08:24.210266 25268 raft_consensus.cc:1064] T 75981e8e406747a38b2d60d0f6554359 P 05a58f61152448878ecc497d73ee963a: attempting to promote NON_VOTER 13534f4721a94c6187f9a805abd1e504 to VOTER
I20260710 11:08:24.212807 25268 consensus_queue.cc:237] T 75981e8e406747a38b2d60d0f6554359 P 05a58f61152448878ecc497d73ee963a [LEADER]: Queue going to LEADER mode. State: All replicated index: 0, Majority replicated index: 2, Committed index: 2, Last appended: 1.2, Last appended by leader: 0, Current term: 1, Majority size: 3, State: 0, Mode: LEADER, active raft config: opid_index: 3 OBSOLETE_local: false peers { permanent_uuid: "05a58f61152448878ecc497d73ee963a" member_type: VOTER last_known_addr { host: "127.23.11.193" port: 41263 } } peers { permanent_uuid: "b1654a9f1aa24f3abd7715c5f473e308" member_type: VOTER last_known_addr { host: "127.23.11.194" port: 46103 } attrs { replace: true } } peers { permanent_uuid: "37f78b9344c74d85a5a0066d9489eea4" member_type: VOTER last_known_addr { host: "127.23.11.195" port: 43107 } } peers { permanent_uuid: "13534f4721a94c6187f9a805abd1e504" member_type: VOTER last_known_addr { host: "127.23.11.196" port: 41575 } attrs { promote: false } }
I20260710 11:08:24.219529 24888 raft_consensus.cc:1275] T 75981e8e406747a38b2d60d0f6554359 P 37f78b9344c74d85a5a0066d9489eea4 [term 1 FOLLOWER]: Refusing update from remote peer 05a58f61152448878ecc497d73ee963a: Log matching property violated. Preceding OpId in replica: term: 1 index: 2. Preceding OpId from leader: term: 1 index: 3. (index mismatch)
I20260710 11:08:24.219601 25147 raft_consensus.cc:1275] T 75981e8e406747a38b2d60d0f6554359 P 13534f4721a94c6187f9a805abd1e504 [term 1 LEARNER]: Refusing update from remote peer 05a58f61152448878ecc497d73ee963a: Log matching property violated. Preceding OpId in replica: term: 1 index: 2. Preceding OpId from leader: term: 1 index: 3. (index mismatch)
I20260710 11:08:24.220983 24937 consensus_queue.cc:1048] T 75981e8e406747a38b2d60d0f6554359 P 05a58f61152448878ecc497d73ee963a [LEADER]: Connected to new peer: Peer: permanent_uuid: "37f78b9344c74d85a5a0066d9489eea4" member_type: VOTER last_known_addr { host: "127.23.11.195" port: 43107 }, Status: LMP_MISMATCH, Last received: 0.0, Next index: 3, Last known committed idx: 2, Time since last communication: 0.000s
I20260710 11:08:24.222437 24937 consensus_queue.cc:1048] T 75981e8e406747a38b2d60d0f6554359 P 05a58f61152448878ecc497d73ee963a [LEADER]: Connected to new peer: Peer: permanent_uuid: "13534f4721a94c6187f9a805abd1e504" member_type: VOTER last_known_addr { host: "127.23.11.196" port: 41575 } attrs { promote: false }, Status: LMP_MISMATCH, Last received: 0.0, Next index: 3, Last known committed idx: 2, Time since last communication: 0.000s
I20260710 11:08:24.230743 24814 raft_consensus.cc:1275] T 75981e8e406747a38b2d60d0f6554359 P b1654a9f1aa24f3abd7715c5f473e308 [term 1 FOLLOWER]: Refusing update from remote peer 05a58f61152448878ecc497d73ee963a: Log matching property violated. Preceding OpId in replica: term: 1 index: 2. Preceding OpId from leader: term: 1 index: 3. (index mismatch)
I20260710 11:08:24.232244 25260 consensus_queue.cc:1048] T 75981e8e406747a38b2d60d0f6554359 P 05a58f61152448878ecc497d73ee963a [LEADER]: Connected to new peer: Peer: permanent_uuid: "b1654a9f1aa24f3abd7715c5f473e308" member_type: VOTER last_known_addr { host: "127.23.11.194" port: 46103 } attrs { replace: true }, Status: LMP_MISMATCH, Last received: 0.0, Next index: 3, Last known committed idx: 2, Time since last communication: 0.000s
I20260710 11:08:24.239365 25260 raft_consensus.cc:2955] T 75981e8e406747a38b2d60d0f6554359 P 05a58f61152448878ecc497d73ee963a [term 1 LEADER]: Committing config change with OpId 1.3: config changed from index 2 to 3, 13534f4721a94c6187f9a805abd1e504 (127.23.11.196) changed from NON_VOTER to VOTER. New config: { opid_index: 3 OBSOLETE_local: false peers { permanent_uuid: "05a58f61152448878ecc497d73ee963a" member_type: VOTER last_known_addr { host: "127.23.11.193" port: 41263 } } peers { permanent_uuid: "b1654a9f1aa24f3abd7715c5f473e308" member_type: VOTER last_known_addr { host: "127.23.11.194" port: 46103 } attrs { replace: true } } peers { permanent_uuid: "37f78b9344c74d85a5a0066d9489eea4" member_type: VOTER last_known_addr { host: "127.23.11.195" port: 43107 } } peers { permanent_uuid: "13534f4721a94c6187f9a805abd1e504" member_type: VOTER last_known_addr { host: "127.23.11.196" port: 41575 } attrs { promote: false } } }
I20260710 11:08:24.244571 25148 raft_consensus.cc:2955] T 75981e8e406747a38b2d60d0f6554359 P 13534f4721a94c6187f9a805abd1e504 [term 1 FOLLOWER]: Committing config change with OpId 1.3: config changed from index 2 to 3, 13534f4721a94c6187f9a805abd1e504 (127.23.11.196) changed from NON_VOTER to VOTER. New config: { opid_index: 3 OBSOLETE_local: false peers { permanent_uuid: "05a58f61152448878ecc497d73ee963a" member_type: VOTER last_known_addr { host: "127.23.11.193" port: 41263 } } peers { permanent_uuid: "b1654a9f1aa24f3abd7715c5f473e308" member_type: VOTER last_known_addr { host: "127.23.11.194" port: 46103 } attrs { replace: true } } peers { permanent_uuid: "37f78b9344c74d85a5a0066d9489eea4" member_type: VOTER last_known_addr { host: "127.23.11.195" port: 43107 } } peers { permanent_uuid: "13534f4721a94c6187f9a805abd1e504" member_type: VOTER last_known_addr { host: "127.23.11.196" port: 41575 } attrs { promote: false } } }
I20260710 11:08:24.252537 24813 raft_consensus.cc:2955] T 75981e8e406747a38b2d60d0f6554359 P b1654a9f1aa24f3abd7715c5f473e308 [term 1 FOLLOWER]: Committing config change with OpId 1.3: config changed from index 2 to 3, 13534f4721a94c6187f9a805abd1e504 (127.23.11.196) changed from NON_VOTER to VOTER. New config: { opid_index: 3 OBSOLETE_local: false peers { permanent_uuid: "05a58f61152448878ecc497d73ee963a" member_type: VOTER last_known_addr { host: "127.23.11.193" port: 41263 } } peers { permanent_uuid: "b1654a9f1aa24f3abd7715c5f473e308" member_type: VOTER last_known_addr { host: "127.23.11.194" port: 46103 } attrs { replace: true } } peers { permanent_uuid: "37f78b9344c74d85a5a0066d9489eea4" member_type: VOTER last_known_addr { host: "127.23.11.195" port: 43107 } } peers { permanent_uuid: "13534f4721a94c6187f9a805abd1e504" member_type: VOTER last_known_addr { host: "127.23.11.196" port: 41575 } attrs { promote: false } } }
I20260710 11:08:24.255692 24636 catalog_manager.cc:5697] T 75981e8e406747a38b2d60d0f6554359 P 05a58f61152448878ecc497d73ee963a reported cstate change: config changed from index 2 to 3, 13534f4721a94c6187f9a805abd1e504 (127.23.11.196) changed from NON_VOTER to VOTER. New cstate: current_term: 1 leader_uuid: "05a58f61152448878ecc497d73ee963a" committed_config { opid_index: 3 OBSOLETE_local: false peers { permanent_uuid: "05a58f61152448878ecc497d73ee963a" member_type: VOTER last_known_addr { host: "127.23.11.193" port: 41263 } health_report { overall_health: HEALTHY } } peers { permanent_uuid: "b1654a9f1aa24f3abd7715c5f473e308" member_type: VOTER last_known_addr { host: "127.23.11.194" port: 46103 } attrs { replace: true } health_report { overall_health: HEALTHY } } peers { permanent_uuid: "37f78b9344c74d85a5a0066d9489eea4" member_type: VOTER last_known_addr { host: "127.23.11.195" port: 43107 } health_report { overall_health: HEALTHY } } peers { permanent_uuid: "13534f4721a94c6187f9a805abd1e504" member_type: VOTER last_known_addr { host: "127.23.11.196" port: 41575 } attrs { promote: false } health_report { overall_health: HEALTHY } } }
