I20260710 11:08:05.645553  3818 leader_election.cc:304] T c5eb2cd598d54c0c9c0bef06b0e6bbe1 P 05fd4867aa714a1d894aa1fab6eee4c2 [CANDIDATE]: Term 2 election: Election decided. Result: candidate won. Election summary: received 2 responses out of 3 voters: 2 yes votes; 0 no votes. yes voters: 05fd4867aa714a1d894aa1fab6eee4c2, a0cbf2c48c004333989c37bd6017ee8a; no voters: 
I20260710 11:08:05.646347  3937 raft_consensus.cc:2804] T c5eb2cd598d54c0c9c0bef06b0e6bbe1 P 05fd4867aa714a1d894aa1fab6eee4c2 [term 2 FOLLOWER]: Leader election won for term 2
I20260710 11:08:05.646857  3937 raft_consensus.cc:697] T c5eb2cd598d54c0c9c0bef06b0e6bbe1 P 05fd4867aa714a1d894aa1fab6eee4c2 [term 2 LEADER]: Becoming Leader. State: Replica: 05fd4867aa714a1d894aa1fab6eee4c2, State: Running, Role: LEADER
I20260710 11:08:05.646948  3702 raft_consensus.cc:2468] T c5eb2cd598d54c0c9c0bef06b0e6bbe1 P b81a8ccf3585436f86cfe91e1b8caea5 [term 2 FOLLOWER]: Leader election vote request: Granting yes vote for candidate 05fd4867aa714a1d894aa1fab6eee4c2 in term 2.
I20260710 11:08:05.647651  3937 consensus_queue.cc:237] T c5eb2cd598d54c0c9c0bef06b0e6bbe1 P 05fd4867aa714a1d894aa1fab6eee4c2 [LEADER]: Queue going to LEADER mode. State: All replicated index: 0, Majority replicated index: 1, Committed index: 1, Last appended: 1.1, Last appended by leader: 1, Current term: 2, Majority size: 2, State: 0, Mode: LEADER, active raft config: opid_index: -1 OBSOLETE_local: false peers { permanent_uuid: "b81a8ccf3585436f86cfe91e1b8caea5" member_type: VOTER last_known_addr { host: "127.3.0.65" port: 39795 } } peers { permanent_uuid: "a0cbf2c48c004333989c37bd6017ee8a" member_type: VOTER last_known_addr { host: "127.3.0.66" port: 38597 } } peers { permanent_uuid: "05fd4867aa714a1d894aa1fab6eee4c2" member_type: VOTER last_known_addr { host: "127.3.0.67" port: 34185 } }
I20260710 11:08:05.654247  3598 catalog_manager.cc:5697] T c5eb2cd598d54c0c9c0bef06b0e6bbe1 P 05fd4867aa714a1d894aa1fab6eee4c2 reported cstate change: term changed from 1 to 2, leader changed from b81a8ccf3585436f86cfe91e1b8caea5 (127.3.0.65) to 05fd4867aa714a1d894aa1fab6eee4c2 (127.3.0.67). New cstate: current_term: 2 leader_uuid: "05fd4867aa714a1d894aa1fab6eee4c2" committed_config { opid_index: -1 OBSOLETE_local: false peers { permanent_uuid: "b81a8ccf3585436f86cfe91e1b8caea5" member_type: VOTER last_known_addr { host: "127.3.0.65" port: 39795 } health_report { overall_health: UNKNOWN } } peers { permanent_uuid: "a0cbf2c48c004333989c37bd6017ee8a" member_type: VOTER last_known_addr { host: "127.3.0.66" port: 38597 } health_report { overall_health: UNKNOWN } } peers { permanent_uuid: "05fd4867aa714a1d894aa1fab6eee4c2" member_type: VOTER last_known_addr { host: "127.3.0.67" port: 34185 } health_report { overall_health: HEALTHY } } }
I20260710 11:08:05.904000  3951 raft_consensus.cc:993] T eed0199bbdf3404996b157551135bdf9 P a0cbf2c48c004333989c37bd6017ee8a: : Instructing follower b81a8ccf3585436f86cfe91e1b8caea5 to start an election
I20260710 11:08:05.904543  3924 raft_consensus.cc:993] T a7066c347aed45e58ae3e063ff0f6a8a P b81a8ccf3585436f86cfe91e1b8caea5: : Instructing follower a0cbf2c48c004333989c37bd6017ee8a to start an election
I20260710 11:08:05.904503  3951 raft_consensus.cc:1081] T eed0199bbdf3404996b157551135bdf9 P a0cbf2c48c004333989c37bd6017ee8a [term 1 LEADER]: Signalling peer b81a8ccf3585436f86cfe91e1b8caea5 to start an election
I20260710 11:08:05.905130  3961 raft_consensus.cc:1081] T a7066c347aed45e58ae3e063ff0f6a8a P b81a8ccf3585436f86cfe91e1b8caea5 [term 1 LEADER]: Signalling peer a0cbf2c48c004333989c37bd6017ee8a to start an election
I20260710 11:08:05.906368  3702 tablet_service.cc:2044] Received Run Leader Election RPC: tablet_id: "eed0199bbdf3404996b157551135bdf9"
dest_uuid: "b81a8ccf3585436f86cfe91e1b8caea5"
 from {username='slave'} at 127.0.0.1:47472
I20260710 11:08:05.906991  3702 raft_consensus.cc:493] T eed0199bbdf3404996b157551135bdf9 P b81a8ccf3585436f86cfe91e1b8caea5 [term 1 FOLLOWER]: Starting forced leader election (received explicit request)
I20260710 11:08:05.907032  3777 tablet_service.cc:2044] Received Run Leader Election RPC: tablet_id: "a7066c347aed45e58ae3e063ff0f6a8a"
dest_uuid: "a0cbf2c48c004333989c37bd6017ee8a"
 from {username='slave'} at 127.0.0.1:49448
I20260710 11:08:05.907544  3702 raft_consensus.cc:3060] T eed0199bbdf3404996b157551135bdf9 P b81a8ccf3585436f86cfe91e1b8caea5 [term 1 FOLLOWER]: Advancing to term 2
I20260710 11:08:05.907683  3777 raft_consensus.cc:493] T a7066c347aed45e58ae3e063ff0f6a8a P a0cbf2c48c004333989c37bd6017ee8a [term 1 FOLLOWER]: Starting forced leader election (received explicit request)
I20260710 11:08:05.908095  3777 raft_consensus.cc:3060] T a7066c347aed45e58ae3e063ff0f6a8a P a0cbf2c48c004333989c37bd6017ee8a [term 1 FOLLOWER]: Advancing to term 2
I20260710 11:08:05.912829  3702 raft_consensus.cc:515] T eed0199bbdf3404996b157551135bdf9 P b81a8ccf3585436f86cfe91e1b8caea5 [term 2 FOLLOWER]: Starting forced leader election with config: opid_index: -1 OBSOLETE_local: false peers { permanent_uuid: "05fd4867aa714a1d894aa1fab6eee4c2" member_type: VOTER last_known_addr { host: "127.3.0.67" port: 34185 } } peers { permanent_uuid: "a0cbf2c48c004333989c37bd6017ee8a" member_type: VOTER last_known_addr { host: "127.3.0.66" port: 38597 } } peers { permanent_uuid: "b81a8ccf3585436f86cfe91e1b8caea5" member_type: VOTER last_known_addr { host: "127.3.0.65" port: 39795 } }
I20260710 11:08:05.913115  3777 raft_consensus.cc:515] T a7066c347aed45e58ae3e063ff0f6a8a P a0cbf2c48c004333989c37bd6017ee8a [term 2 FOLLOWER]: Starting forced leader election with config: opid_index: -1 OBSOLETE_local: false peers { permanent_uuid: "b81a8ccf3585436f86cfe91e1b8caea5" member_type: VOTER last_known_addr { host: "127.3.0.65" port: 39795 } } peers { permanent_uuid: "a0cbf2c48c004333989c37bd6017ee8a" member_type: VOTER last_known_addr { host: "127.3.0.66" port: 38597 } } peers { permanent_uuid: "05fd4867aa714a1d894aa1fab6eee4c2" member_type: VOTER last_known_addr { host: "127.3.0.67" port: 34185 } }
I20260710 11:08:05.914628  3702 leader_election.cc:290] T eed0199bbdf3404996b157551135bdf9 P b81a8ccf3585436f86cfe91e1b8caea5 [CANDIDATE]: Term 2 election: Requested vote from peers 05fd4867aa714a1d894aa1fab6eee4c2 (127.3.0.67:34185), a0cbf2c48c004333989c37bd6017ee8a (127.3.0.66:38597)
I20260710 11:08:05.915124  3777 leader_election.cc:290] T a7066c347aed45e58ae3e063ff0f6a8a P a0cbf2c48c004333989c37bd6017ee8a [CANDIDATE]: Term 2 election: Requested vote from peers b81a8ccf3585436f86cfe91e1b8caea5 (127.3.0.65:39795), 05fd4867aa714a1d894aa1fab6eee4c2 (127.3.0.67:34185)
I20260710 11:08:05.916121  3702 tablet_service.cc:1917] Received RequestConsensusVote() RPC: tablet_id: "a7066c347aed45e58ae3e063ff0f6a8a" candidate_uuid: "a0cbf2c48c004333989c37bd6017ee8a" candidate_term: 2 candidate_status { last_received { term: 1 index: 1 } } ignore_live_leader: true dest_uuid: "b81a8ccf3585436f86cfe91e1b8caea5"
I20260710 11:08:05.916113  3851 tablet_service.cc:1917] Received RequestConsensusVote() RPC: tablet_id: "eed0199bbdf3404996b157551135bdf9" candidate_uuid: "b81a8ccf3585436f86cfe91e1b8caea5" candidate_term: 2 candidate_status { last_received { term: 1 index: 1 } } ignore_live_leader: true dest_uuid: "05fd4867aa714a1d894aa1fab6eee4c2"
I20260710 11:08:05.916859  3851 raft_consensus.cc:3060] T eed0199bbdf3404996b157551135bdf9 P 05fd4867aa714a1d894aa1fab6eee4c2 [term 1 FOLLOWER]: Advancing to term 2
I20260710 11:08:05.917053  3847 tablet_service.cc:1917] Received RequestConsensusVote() RPC: tablet_id: "a7066c347aed45e58ae3e063ff0f6a8a" candidate_uuid: "a0cbf2c48c004333989c37bd6017ee8a" candidate_term: 2 candidate_status { last_received { term: 1 index: 1 } } ignore_live_leader: true dest_uuid: "05fd4867aa714a1d894aa1fab6eee4c2"
I20260710 11:08:05.918004  3847 raft_consensus.cc:3060] T a7066c347aed45e58ae3e063ff0f6a8a P 05fd4867aa714a1d894aa1fab6eee4c2 [term 1 FOLLOWER]: Advancing to term 2
I20260710 11:08:05.918871  3777 tablet_service.cc:1917] Received RequestConsensusVote() RPC: tablet_id: "eed0199bbdf3404996b157551135bdf9" candidate_uuid: "b81a8ccf3585436f86cfe91e1b8caea5" candidate_term: 2 candidate_status { last_received { term: 1 index: 1 } } ignore_live_leader: true dest_uuid: "a0cbf2c48c004333989c37bd6017ee8a"
I20260710 11:08:05.916843  3702 raft_consensus.cc:3055] T a7066c347aed45e58ae3e063ff0f6a8a P b81a8ccf3585436f86cfe91e1b8caea5 [term 1 LEADER]: Stepping down as leader of term 1
I20260710 11:08:05.919869  3702 raft_consensus.cc:740] T a7066c347aed45e58ae3e063ff0f6a8a P b81a8ccf3585436f86cfe91e1b8caea5 [term 1 LEADER]: Becoming Follower/Learner. State: Replica: b81a8ccf3585436f86cfe91e1b8caea5, State: Running, Role: LEADER
I20260710 11:08:05.919463  3777 raft_consensus.cc:3055] T eed0199bbdf3404996b157551135bdf9 P a0cbf2c48c004333989c37bd6017ee8a [term 1 LEADER]: Stepping down as leader of term 1
I20260710 11:08:05.920447  3777 raft_consensus.cc:740] T eed0199bbdf3404996b157551135bdf9 P a0cbf2c48c004333989c37bd6017ee8a [term 1 LEADER]: Becoming Follower/Learner. State: Replica: a0cbf2c48c004333989c37bd6017ee8a, State: Running, Role: LEADER
I20260710 11:08:05.920919  3702 consensus_queue.cc:260] T a7066c347aed45e58ae3e063ff0f6a8a P b81a8ccf3585436f86cfe91e1b8caea5 [NON_LEADER]: Queue going to NON_LEADER mode. State: All replicated index: 0, Majority replicated index: 1, Committed index: 1, Last appended: 1.1, Last appended by leader: 1, Current term: 1, Majority size: -1, State: 0, Mode: NON_LEADER, active raft config: opid_index: -1 OBSOLETE_local: false peers { permanent_uuid: "b81a8ccf3585436f86cfe91e1b8caea5" member_type: VOTER last_known_addr { host: "127.3.0.65" port: 39795 } } peers { permanent_uuid: "a0cbf2c48c004333989c37bd6017ee8a" member_type: VOTER last_known_addr { host: "127.3.0.66" port: 38597 } } peers { permanent_uuid: "05fd4867aa714a1d894aa1fab6eee4c2" member_type: VOTER last_known_addr { host: "127.3.0.67" port: 34185 } }
I20260710 11:08:05.921250  3777 consensus_queue.cc:260] T eed0199bbdf3404996b157551135bdf9 P a0cbf2c48c004333989c37bd6017ee8a [NON_LEADER]: Queue going to NON_LEADER mode. State: All replicated index: 0, Majority replicated index: 1, Committed index: 1, Last appended: 1.1, Last appended by leader: 1, Current term: 1, Majority size: -1, State: 0, Mode: NON_LEADER, active raft config: opid_index: -1 OBSOLETE_local: false peers { permanent_uuid: "05fd4867aa714a1d894aa1fab6eee4c2" member_type: VOTER last_known_addr { host: "127.3.0.67" port: 34185 } } peers { permanent_uuid: "a0cbf2c48c004333989c37bd6017ee8a" member_type: VOTER last_known_addr { host: "127.3.0.66" port: 38597 } } peers { permanent_uuid: "b81a8ccf3585436f86cfe91e1b8caea5" member_type: VOTER last_known_addr { host: "127.3.0.65" port: 39795 } }
I20260710 11:08:05.922343  3702 raft_consensus.cc:3060] T a7066c347aed45e58ae3e063ff0f6a8a P b81a8ccf3585436f86cfe91e1b8caea5 [term 1 FOLLOWER]: Advancing to term 2
I20260710 11:08:05.922861  3777 raft_consensus.cc:3060] T eed0199bbdf3404996b157551135bdf9 P a0cbf2c48c004333989c37bd6017ee8a [term 1 FOLLOWER]: Advancing to term 2
W20260710 11:08:05.924185  3873 debug-util.cc:398] Leaking SignalData structure 0x7b08001896c0 after lost signal to thread 3076
W20260710 11:08:05.925150  3873 debug-util.cc:398] Leaking SignalData structure 0x7b080006f560 after lost signal to thread 3635
I20260710 11:08:05.925835  3847 raft_consensus.cc:2468] T a7066c347aed45e58ae3e063ff0f6a8a P 05fd4867aa714a1d894aa1fab6eee4c2 [term 2 FOLLOWER]: Leader election vote request: Granting yes vote for candidate a0cbf2c48c004333989c37bd6017ee8a in term 2.
I20260710 11:08:05.927156  3744 leader_election.cc:304] T a7066c347aed45e58ae3e063ff0f6a8a P a0cbf2c48c004333989c37bd6017ee8a [CANDIDATE]: Term 2 election: Election decided. Result: candidate won. Election summary: received 2 responses out of 3 voters: 2 yes votes; 0 no votes. yes voters: 05fd4867aa714a1d894aa1fab6eee4c2, a0cbf2c48c004333989c37bd6017ee8a; no voters: 
I20260710 11:08:05.928006  3951 raft_consensus.cc:2804] T a7066c347aed45e58ae3e063ff0f6a8a P a0cbf2c48c004333989c37bd6017ee8a [term 2 FOLLOWER]: Leader election won for term 2
I20260710 11:08:05.928488  3951 raft_consensus.cc:697] T a7066c347aed45e58ae3e063ff0f6a8a P a0cbf2c48c004333989c37bd6017ee8a [term 2 LEADER]: Becoming Leader. State: Replica: a0cbf2c48c004333989c37bd6017ee8a, State: Running, Role: LEADER
I20260710 11:08:05.929317  3951 consensus_queue.cc:237] T a7066c347aed45e58ae3e063ff0f6a8a P a0cbf2c48c004333989c37bd6017ee8a [LEADER]: Queue going to LEADER mode. State: All replicated index: 0, Majority replicated index: 1, Committed index: 1, Last appended: 1.1, Last appended by leader: 1, Current term: 2, Majority size: 2, State: 0, Mode: LEADER, active raft config: opid_index: -1 OBSOLETE_local: false peers { permanent_uuid: "b81a8ccf3585436f86cfe91e1b8caea5" member_type: VOTER last_known_addr { host: "127.3.0.65" port: 39795 } } peers { permanent_uuid: "a0cbf2c48c004333989c37bd6017ee8a" member_type: VOTER last_known_addr { host: "127.3.0.66" port: 38597 } } peers { permanent_uuid: "05fd4867aa714a1d894aa1fab6eee4c2" member_type: VOTER last_known_addr { host: "127.3.0.67" port: 34185 } }
I20260710 11:08:05.930116  3777 raft_consensus.cc:2468] T eed0199bbdf3404996b157551135bdf9 P a0cbf2c48c004333989c37bd6017ee8a [term 2 FOLLOWER]: Leader election vote request: Granting yes vote for candidate b81a8ccf3585436f86cfe91e1b8caea5 in term 2.
I20260710 11:08:05.930428  3702 raft_consensus.cc:2468] T a7066c347aed45e58ae3e063ff0f6a8a P b81a8ccf3585436f86cfe91e1b8caea5 [term 2 FOLLOWER]: Leader election vote request: Granting yes vote for candidate a0cbf2c48c004333989c37bd6017ee8a in term 2.
I20260710 11:08:05.931665  3851 raft_consensus.cc:2468] T eed0199bbdf3404996b157551135bdf9 P 05fd4867aa714a1d894aa1fab6eee4c2 [term 2 FOLLOWER]: Leader election vote request: Granting yes vote for candidate b81a8ccf3585436f86cfe91e1b8caea5 in term 2.
I20260710 11:08:05.932088  3669 leader_election.cc:304] T eed0199bbdf3404996b157551135bdf9 P b81a8ccf3585436f86cfe91e1b8caea5 [CANDIDATE]: Term 2 election: Election decided. Result: candidate won. Election summary: received 2 responses out of 3 voters: 2 yes votes; 0 no votes. yes voters: a0cbf2c48c004333989c37bd6017ee8a, b81a8ccf3585436f86cfe91e1b8caea5; no voters: 
I20260710 11:08:05.933111  3961 raft_consensus.cc:2804] T eed0199bbdf3404996b157551135bdf9 P b81a8ccf3585436f86cfe91e1b8caea5 [term 2 FOLLOWER]: Leader election won for term 2
I20260710 11:08:05.933600  3961 raft_consensus.cc:697] T eed0199bbdf3404996b157551135bdf9 P b81a8ccf3585436f86cfe91e1b8caea5 [term 2 LEADER]: Becoming Leader. State: Replica: b81a8ccf3585436f86cfe91e1b8caea5, State: Running, Role: LEADER
I20260710 11:08:05.934376  3961 consensus_queue.cc:237] T eed0199bbdf3404996b157551135bdf9 P b81a8ccf3585436f86cfe91e1b8caea5 [LEADER]: Queue going to LEADER mode. State: All replicated index: 0, Majority replicated index: 1, Committed index: 1, Last appended: 1.1, Last appended by leader: 1, Current term: 2, Majority size: 2, State: 0, Mode: LEADER, active raft config: opid_index: -1 OBSOLETE_local: false peers { permanent_uuid: "05fd4867aa714a1d894aa1fab6eee4c2" member_type: VOTER last_known_addr { host: "127.3.0.67" port: 34185 } } peers { permanent_uuid: "a0cbf2c48c004333989c37bd6017ee8a" member_type: VOTER last_known_addr { host: "127.3.0.66" port: 38597 } } peers { permanent_uuid: "b81a8ccf3585436f86cfe91e1b8caea5" member_type: VOTER last_known_addr { host: "127.3.0.65" port: 39795 } }
I20260710 11:08:05.942869  3601 catalog_manager.cc:5697] T eed0199bbdf3404996b157551135bdf9 P b81a8ccf3585436f86cfe91e1b8caea5 reported cstate change: term changed from 1 to 2, leader changed from a0cbf2c48c004333989c37bd6017ee8a (127.3.0.66) to b81a8ccf3585436f86cfe91e1b8caea5 (127.3.0.65). New cstate: current_term: 2 leader_uuid: "b81a8ccf3585436f86cfe91e1b8caea5" committed_config { opid_index: -1 OBSOLETE_local: false peers { permanent_uuid: "05fd4867aa714a1d894aa1fab6eee4c2" member_type: VOTER last_known_addr { host: "127.3.0.67" port: 34185 } health_report { overall_health: UNKNOWN } } peers { permanent_uuid: "a0cbf2c48c004333989c37bd6017ee8a" member_type: VOTER last_known_addr { host: "127.3.0.66" port: 38597 } health_report { overall_health: UNKNOWN } } peers { permanent_uuid: "b81a8ccf3585436f86cfe91e1b8caea5" member_type: VOTER last_known_addr { host: "127.3.0.65" port: 39795 } health_report { overall_health: HEALTHY } } }
I20260710 11:08:05.943423  3598 catalog_manager.cc:5697] T a7066c347aed45e58ae3e063ff0f6a8a P a0cbf2c48c004333989c37bd6017ee8a reported cstate change: term changed from 1 to 2, leader changed from b81a8ccf3585436f86cfe91e1b8caea5 (127.3.0.65) to a0cbf2c48c004333989c37bd6017ee8a (127.3.0.66). New cstate: current_term: 2 leader_uuid: "a0cbf2c48c004333989c37bd6017ee8a" committed_config { opid_index: -1 OBSOLETE_local: false peers { permanent_uuid: "b81a8ccf3585436f86cfe91e1b8caea5" member_type: VOTER last_known_addr { host: "127.3.0.65" port: 39795 } health_report { overall_health: UNKNOWN } } peers { permanent_uuid: "a0cbf2c48c004333989c37bd6017ee8a" member_type: VOTER last_known_addr { host: "127.3.0.66" port: 38597 } health_report { overall_health: HEALTHY } } peers { permanent_uuid: "05fd4867aa714a1d894aa1fab6eee4c2" member_type: VOTER last_known_addr { host: "127.3.0.67" port: 34185 } health_report { overall_health: UNKNOWN } } }
I20260710 11:08:06.021883  3847 raft_consensus.cc:1275] T 100c4fec192d416787c6023e0d538d37 P 05fd4867aa714a1d894aa1fab6eee4c2 [term 2 FOLLOWER]: Refusing update from remote peer b81a8ccf3585436f86cfe91e1b8caea5: Log matching property violated. Preceding OpId in replica: term: 1 index: 1. Preceding OpId from leader: term: 2 index: 2. (index mismatch)
I20260710 11:08:06.023366  3961 consensus_queue.cc:1048] T 100c4fec192d416787c6023e0d538d37 P b81a8ccf3585436f86cfe91e1b8caea5 [LEADER]: Connected to new peer: Peer: permanent_uuid: "05fd4867aa714a1d894aa1fab6eee4c2" member_type: VOTER last_known_addr { host: "127.3.0.67" port: 34185 }, Status: LMP_MISMATCH, Last received: 0.0, Next index: 2, Last known committed idx: 1, Time since last communication: 0.000s
I20260710 11:08:06.041411  3777 raft_consensus.cc:1275] T 100c4fec192d416787c6023e0d538d37 P a0cbf2c48c004333989c37bd6017ee8a [term 2 FOLLOWER]: Refusing update from remote peer b81a8ccf3585436f86cfe91e1b8caea5: Log matching property violated. Preceding OpId in replica: term: 1 index: 1. Preceding OpId from leader: term: 2 index: 2. (index mismatch)
I20260710 11:08:06.045888  3987 consensus_queue.cc:1048] T 100c4fec192d416787c6023e0d538d37 P b81a8ccf3585436f86cfe91e1b8caea5 [LEADER]: Connected to new peer: Peer: permanent_uuid: "a0cbf2c48c004333989c37bd6017ee8a" member_type: VOTER last_known_addr { host: "127.3.0.66" port: 38597 }, Status: LMP_MISMATCH, Last received: 0.0, Next index: 2, Last known committed idx: 1, Time since last communication: 0.001s
I20260710 11:08:06.071393  3702 raft_consensus.cc:1275] T c5eb2cd598d54c0c9c0bef06b0e6bbe1 P b81a8ccf3585436f86cfe91e1b8caea5 [term 2 FOLLOWER]: Refusing update from remote peer 05fd4867aa714a1d894aa1fab6eee4c2: Log matching property violated. Preceding OpId in replica: term: 1 index: 1. Preceding OpId from leader: term: 2 index: 2. (index mismatch)
I20260710 11:08:06.072876  3937 consensus_queue.cc:1048] T c5eb2cd598d54c0c9c0bef06b0e6bbe1 P 05fd4867aa714a1d894aa1fab6eee4c2 [LEADER]: Connected to new peer: Peer: permanent_uuid: "b81a8ccf3585436f86cfe91e1b8caea5" member_type: VOTER last_known_addr { host: "127.3.0.65" port: 39795 }, Status: LMP_MISMATCH, Last received: 0.0, Next index: 2, Last known committed idx: 1, Time since last communication: 0.000s
I20260710 11:08:06.074103  3777 raft_consensus.cc:1275] T 49e00a24943c46cebccf9b53861983a6 P a0cbf2c48c004333989c37bd6017ee8a [term 2 FOLLOWER]: Refusing update from remote peer b81a8ccf3585436f86cfe91e1b8caea5: Log matching property violated. Preceding OpId in replica: term: 1 index: 1. Preceding OpId from leader: term: 2 index: 2. (index mismatch)
I20260710 11:08:06.076138  3987 consensus_queue.cc:1048] T 49e00a24943c46cebccf9b53861983a6 P b81a8ccf3585436f86cfe91e1b8caea5 [LEADER]: Connected to new peer: Peer: permanent_uuid: "a0cbf2c48c004333989c37bd6017ee8a" member_type: VOTER last_known_addr { host: "127.3.0.66" port: 38597 }, Status: LMP_MISMATCH, Last received: 0.0, Next index: 2, Last known committed idx: 1, Time since last communication: 0.000s
I20260710 11:08:06.086148  3776 raft_consensus.cc:1275] T c5eb2cd598d54c0c9c0bef06b0e6bbe1 P a0cbf2c48c004333989c37bd6017ee8a [term 2 FOLLOWER]: Refusing update from remote peer 05fd4867aa714a1d894aa1fab6eee4c2: Log matching property violated. Preceding OpId in replica: term: 1 index: 1. Preceding OpId from leader: term: 2 index: 2. (index mismatch)
I20260710 11:08:06.089668  3944 consensus_queue.cc:1048] T c5eb2cd598d54c0c9c0bef06b0e6bbe1 P 05fd4867aa714a1d894aa1fab6eee4c2 [LEADER]: Connected to new peer: Peer: permanent_uuid: "a0cbf2c48c004333989c37bd6017ee8a" member_type: VOTER last_known_addr { host: "127.3.0.66" port: 38597 }, Status: LMP_MISMATCH, Last received: 0.0, Next index: 2, Last known committed idx: 1, Time since last communication: 0.000s
I20260710 11:08:06.106789  3847 raft_consensus.cc:1275] T 49e00a24943c46cebccf9b53861983a6 P 05fd4867aa714a1d894aa1fab6eee4c2 [term 2 FOLLOWER]: Refusing update from remote peer b81a8ccf3585436f86cfe91e1b8caea5: Log matching property violated. Preceding OpId in replica: term: 1 index: 1. Preceding OpId from leader: term: 2 index: 2. (index mismatch)
I20260710 11:08:06.109874  3987 consensus_queue.cc:1048] T 49e00a24943c46cebccf9b53861983a6 P b81a8ccf3585436f86cfe91e1b8caea5 [LEADER]: Connected to new peer: Peer: permanent_uuid: "05fd4867aa714a1d894aa1fab6eee4c2" member_type: VOTER last_known_addr { host: "127.3.0.67" port: 34185 }, Status: LMP_MISMATCH, Last received: 0.0, Next index: 2, Last known committed idx: 1, Time since last communication: 0.000s
I20260710 11:08:06.140724  3702 raft_consensus.cc:1275] T 7eeb0bd622eb4a3cba03e7626299c072 P b81a8ccf3585436f86cfe91e1b8caea5 [term 2 FOLLOWER]: Refusing update from remote peer a0cbf2c48c004333989c37bd6017ee8a: Log matching property violated. Preceding OpId in replica: term: 1 index: 1. Preceding OpId from leader: term: 2 index: 2. (index mismatch)
I20260710 11:08:06.142086  3951 consensus_queue.cc:1048] T 7eeb0bd622eb4a3cba03e7626299c072 P a0cbf2c48c004333989c37bd6017ee8a [LEADER]: Connected to new peer: Peer: permanent_uuid: "b81a8ccf3585436f86cfe91e1b8caea5" member_type: VOTER last_known_addr { host: "127.3.0.65" port: 39795 }, Status: LMP_MISMATCH, Last received: 0.0, Next index: 2, Last known committed idx: 1, Time since last communication: 0.000s
I20260710 11:08:06.152022  3847 raft_consensus.cc:1275] T 7eeb0bd622eb4a3cba03e7626299c072 P 05fd4867aa714a1d894aa1fab6eee4c2 [term 2 FOLLOWER]: Refusing update from remote peer a0cbf2c48c004333989c37bd6017ee8a: Log matching property violated. Preceding OpId in replica: term: 1 index: 1. Preceding OpId from leader: term: 2 index: 2. (index mismatch)
I20260710 11:08:06.153906  3983 consensus_queue.cc:1048] T 7eeb0bd622eb4a3cba03e7626299c072 P a0cbf2c48c004333989c37bd6017ee8a [LEADER]: Connected to new peer: Peer: permanent_uuid: "05fd4867aa714a1d894aa1fab6eee4c2" member_type: VOTER last_known_addr { host: "127.3.0.67" port: 34185 }, Status: LMP_MISMATCH, Last received: 0.0, Next index: 2, Last known committed idx: 1, Time since last communication: 0.001s
I20260710 11:08:06.400137  3847 raft_consensus.cc:1275] T a7066c347aed45e58ae3e063ff0f6a8a P 05fd4867aa714a1d894aa1fab6eee4c2 [term 2 FOLLOWER]: Refusing update from remote peer a0cbf2c48c004333989c37bd6017ee8a: Log matching property violated. Preceding OpId in replica: term: 1 index: 1. Preceding OpId from leader: term: 2 index: 2. (index mismatch)
I20260710 11:08:06.401597  3983 consensus_queue.cc:1048] T a7066c347aed45e58ae3e063ff0f6a8a P a0cbf2c48c004333989c37bd6017ee8a [LEADER]: Connected to new peer: Peer: permanent_uuid: "05fd4867aa714a1d894aa1fab6eee4c2" member_type: VOTER last_known_addr { host: "127.3.0.67" port: 34185 }, Status: LMP_MISMATCH, Last received: 0.0, Next index: 2, Last known committed idx: 1, Time since last communication: 0.000s
I20260710 11:08:06.411945  3702 raft_consensus.cc:1275] T a7066c347aed45e58ae3e063ff0f6a8a P b81a8ccf3585436f86cfe91e1b8caea5 [term 2 FOLLOWER]: Refusing update from remote peer a0cbf2c48c004333989c37bd6017ee8a: Log matching property violated. Preceding OpId in replica: term: 1 index: 1. Preceding OpId from leader: term: 2 index: 2. (index mismatch)
I20260710 11:08:06.413951  3899 consensus_queue.cc:1048] T a7066c347aed45e58ae3e063ff0f6a8a P a0cbf2c48c004333989c37bd6017ee8a [LEADER]: Connected to new peer: Peer: permanent_uuid: "b81a8ccf3585436f86cfe91e1b8caea5" member_type: VOTER last_known_addr { host: "127.3.0.65" port: 39795 }, Status: LMP_MISMATCH, Last received: 0.0, Next index: 2, Last known committed idx: 1, Time since last communication: 0.000s
I20260710 11:08:06.482216  3776 raft_consensus.cc:1275] T eed0199bbdf3404996b157551135bdf9 P a0cbf2c48c004333989c37bd6017ee8a [term 2 FOLLOWER]: Refusing update from remote peer b81a8ccf3585436f86cfe91e1b8caea5: Log matching property violated. Preceding OpId in replica: term: 1 index: 1. Preceding OpId from leader: term: 2 index: 2. (index mismatch)
I20260710 11:08:06.483942  3987 consensus_queue.cc:1048] T eed0199bbdf3404996b157551135bdf9 P b81a8ccf3585436f86cfe91e1b8caea5 [LEADER]: Connected to new peer: Peer: permanent_uuid: "a0cbf2c48c004333989c37bd6017ee8a" member_type: VOTER last_known_addr { host: "127.3.0.66" port: 38597 }, Status: LMP_MISMATCH, Last received: 0.0, Next index: 2, Last known committed idx: 1, Time since last communication: 0.000s
I20260710 11:08:06.495472  3847 raft_consensus.cc:1275] T eed0199bbdf3404996b157551135bdf9 P 05fd4867aa714a1d894aa1fab6eee4c2 [term 2 FOLLOWER]: Refusing update from remote peer b81a8ccf3585436f86cfe91e1b8caea5: Log matching property violated. Preceding OpId in replica: term: 1 index: 1. Preceding OpId from leader: term: 2 index: 2. (index mismatch)
I20260710 11:08:06.498914  3924 consensus_queue.cc:1048] T eed0199bbdf3404996b157551135bdf9 P b81a8ccf3585436f86cfe91e1b8caea5 [LEADER]: Connected to new peer: Peer: permanent_uuid: "05fd4867aa714a1d894aa1fab6eee4c2" member_type: VOTER last_known_addr { host: "127.3.0.67" port: 34185 }, Status: LMP_MISMATCH, Last received: 0.0, Next index: 2, Last known committed idx: 1, Time since last communication: 0.000s
I20260710 11:08:06.528549  3944 raft_consensus.cc:493] T 5e81c8f2246a4e8586900cc4e55e7651 P 05fd4867aa714a1d894aa1fab6eee4c2 [term 1 FOLLOWER]: Starting pre-election (detected failure of leader b81a8ccf3585436f86cfe91e1b8caea5)
I20260710 11:08:06.529161  3944 raft_consensus.cc:515] T 5e81c8f2246a4e8586900cc4e55e7651 P 05fd4867aa714a1d894aa1fab6eee4c2 [term 1 FOLLOWER]: Starting pre-election with config: opid_index: -1 OBSOLETE_local: false peers { permanent_uuid: "b81a8ccf3585436f86cfe91e1b8caea5" member_type: VOTER last_known_addr { host: "127.3.0.65" port: 39795 } } peers { permanent_uuid: "a0cbf2c48c004333989c37bd6017ee8a" member_type: VOTER last_known_addr { host: "127.3.0.66" port: 38597 } } peers { permanent_uuid: "05fd4867aa714a1d894aa1fab6eee4c2" member_type: VOTER last_known_addr { host: "127.3.0.67" port: 34185 } }
I20260710 11:08:06.530987  3944 leader_election.cc:290] T 5e81c8f2246a4e8586900cc4e55e7651 P 05fd4867aa714a1d894aa1fab6eee4c2 [CANDIDATE]: Term 2 pre-election: Requested pre-vote from peers b81a8ccf3585436f86cfe91e1b8caea5 (127.3.0.65:39795), a0cbf2c48c004333989c37bd6017ee8a (127.3.0.66:38597)
I20260710 11:08:06.532363  3776 tablet_service.cc:1917] Received RequestConsensusVote() RPC: tablet_id: "5e81c8f2246a4e8586900cc4e55e7651" candidate_uuid: "05fd4867aa714a1d894aa1fab6eee4c2" candidate_term: 2 candidate_status { last_received { term: 1 index: 1 } } ignore_live_leader: false dest_uuid: "a0cbf2c48c004333989c37bd6017ee8a" is_pre_election: true
I20260710 11:08:06.532193  3701 tablet_service.cc:1917] Received RequestConsensusVote() RPC: tablet_id: "5e81c8f2246a4e8586900cc4e55e7651" candidate_uuid: "05fd4867aa714a1d894aa1fab6eee4c2" candidate_term: 2 candidate_status { last_received { term: 1 index: 1 } } ignore_live_leader: false dest_uuid: "b81a8ccf3585436f86cfe91e1b8caea5" is_pre_election: true
I20260710 11:08:06.533188  3776 raft_consensus.cc:2393] T 5e81c8f2246a4e8586900cc4e55e7651 P a0cbf2c48c004333989c37bd6017ee8a [term 2 FOLLOWER]: Leader pre-election vote request: Denying vote to candidate 05fd4867aa714a1d894aa1fab6eee4c2 in current term 2: Already voted for candidate a0cbf2c48c004333989c37bd6017ee8a in this term.
I20260710 11:08:06.533041  3701 raft_consensus.cc:2468] T 5e81c8f2246a4e8586900cc4e55e7651 P b81a8ccf3585436f86cfe91e1b8caea5 [term 2 FOLLOWER]: Leader pre-election vote request: Granting yes vote for candidate 05fd4867aa714a1d894aa1fab6eee4c2 in term 2.
I20260710 11:08:06.534402  3818 leader_election.cc:304] T 5e81c8f2246a4e8586900cc4e55e7651 P 05fd4867aa714a1d894aa1fab6eee4c2 [CANDIDATE]: Term 2 pre-election: Election decided. Result: candidate won. Election summary: received 2 responses out of 3 voters: 2 yes votes; 0 no votes. yes voters: 05fd4867aa714a1d894aa1fab6eee4c2, b81a8ccf3585436f86cfe91e1b8caea5; no voters: 
I20260710 11:08:06.535183  3944 raft_consensus.cc:2804] T 5e81c8f2246a4e8586900cc4e55e7651 P 05fd4867aa714a1d894aa1fab6eee4c2 [term 1 FOLLOWER]: Leader pre-election won for term 2
I20260710 11:08:06.535614  3944 raft_consensus.cc:493] T 5e81c8f2246a4e8586900cc4e55e7651 P 05fd4867aa714a1d894aa1fab6eee4c2 [term 1 FOLLOWER]: Starting leader election (detected failure of leader b81a8ccf3585436f86cfe91e1b8caea5)
I20260710 11:08:06.536019  3944 raft_consensus.cc:3060] T 5e81c8f2246a4e8586900cc4e55e7651 P 05fd4867aa714a1d894aa1fab6eee4c2 [term 1 FOLLOWER]: Advancing to term 2
I20260710 11:08:06.544999  3944 raft_consensus.cc:515] T 5e81c8f2246a4e8586900cc4e55e7651 P 05fd4867aa714a1d894aa1fab6eee4c2 [term 2 FOLLOWER]: Starting leader election with config: opid_index: -1 OBSOLETE_local: false peers { permanent_uuid: "b81a8ccf3585436f86cfe91e1b8caea5" member_type: VOTER last_known_addr { host: "127.3.0.65" port: 39795 } } peers { permanent_uuid: "a0cbf2c48c004333989c37bd6017ee8a" member_type: VOTER last_known_addr { host: "127.3.0.66" port: 38597 } } peers { permanent_uuid: "05fd4867aa714a1d894aa1fab6eee4c2" member_type: VOTER last_known_addr { host: "127.3.0.67" port: 34185 } }
I20260710 11:08:06.547390  3944 leader_election.cc:290] T 5e81c8f2246a4e8586900cc4e55e7651 P 05fd4867aa714a1d894aa1fab6eee4c2 [CANDIDATE]: Term 2 election: Requested vote from peers b81a8ccf3585436f86cfe91e1b8caea5 (127.3.0.65:39795), a0cbf2c48c004333989c37bd6017ee8a (127.3.0.66:38597)
I20260710 11:08:06.548139  3701 tablet_service.cc:1917] Received RequestConsensusVote() RPC: tablet_id: "5e81c8f2246a4e8586900cc4e55e7651" candidate_uuid: "05fd4867aa714a1d894aa1fab6eee4c2" candidate_term: 2 candidate_status { last_received { term: 1 index: 1 } } ignore_live_leader: false dest_uuid: "b81a8ccf3585436f86cfe91e1b8caea5"
I20260710 11:08:06.548378  3776 tablet_service.cc:1917] Received RequestConsensusVote() RPC: tablet_id: "5e81c8f2246a4e8586900cc4e55e7651" candidate_uuid: "05fd4867aa714a1d894aa1fab6eee4c2" candidate_term: 2 candidate_status { last_received { term: 1 index: 1 } } ignore_live_leader: false dest_uuid: "a0cbf2c48c004333989c37bd6017ee8a"
I20260710 11:08:06.549266  3776 raft_consensus.cc:2393] T 5e81c8f2246a4e8586900cc4e55e7651 P a0cbf2c48c004333989c37bd6017ee8a [term 2 FOLLOWER]: Leader election vote request: Denying vote to candidate 05fd4867aa714a1d894aa1fab6eee4c2 in current term 2: Already voted for candidate a0cbf2c48c004333989c37bd6017ee8a in this term.
I20260710 11:08:06.553818  3701 raft_consensus.cc:2468] T 5e81c8f2246a4e8586900cc4e55e7651 P b81a8ccf3585436f86cfe91e1b8caea5 [term 2 FOLLOWER]: Leader election vote request: Granting yes vote for candidate 05fd4867aa714a1d894aa1fab6eee4c2 in term 2.
I20260710 11:08:06.555080  3818 leader_election.cc:304] T 5e81c8f2246a4e8586900cc4e55e7651 P 05fd4867aa714a1d894aa1fab6eee4c2 [CANDIDATE]: Term 2 election: Election decided. Result: candidate won. Election summary: received 3 responses out of 3 voters: 2 yes votes; 1 no votes. yes voters: 05fd4867aa714a1d894aa1fab6eee4c2, b81a8ccf3585436f86cfe91e1b8caea5; no voters: a0cbf2c48c004333989c37bd6017ee8a
I20260710 11:08:06.556097  3944 raft_consensus.cc:2804] T 5e81c8f2246a4e8586900cc4e55e7651 P 05fd4867aa714a1d894aa1fab6eee4c2 [term 2 FOLLOWER]: Leader election won for term 2
I20260710 11:08:06.556645  3944 raft_consensus.cc:697] T 5e81c8f2246a4e8586900cc4e55e7651 P 05fd4867aa714a1d894aa1fab6eee4c2 [term 2 LEADER]: Becoming Leader. State: Replica: 05fd4867aa714a1d894aa1fab6eee4c2, State: Running, Role: LEADER
I20260710 11:08:06.557608  3944 consensus_queue.cc:237] T 5e81c8f2246a4e8586900cc4e55e7651 P 05fd4867aa714a1d894aa1fab6eee4c2 [LEADER]: Queue going to LEADER mode. State: All replicated index: 0, Majority replicated index: 0, Committed index: 0, Last appended: 1.1, Last appended by leader: 1, Current term: 2, Majority size: 2, State: 0, Mode: LEADER, active raft config: opid_index: -1 OBSOLETE_local: false peers { permanent_uuid: "b81a8ccf3585436f86cfe91e1b8caea5" member_type: VOTER last_known_addr { host: "127.3.0.65" port: 39795 } } peers { permanent_uuid: "a0cbf2c48c004333989c37bd6017ee8a" member_type: VOTER last_known_addr { host: "127.3.0.66" port: 38597 } } peers { permanent_uuid: "05fd4867aa714a1d894aa1fab6eee4c2" member_type: VOTER last_known_addr { host: "127.3.0.67" port: 34185 } }
I20260710 11:08:06.567013  3599 catalog_manager.cc:5697] T 5e81c8f2246a4e8586900cc4e55e7651 P 05fd4867aa714a1d894aa1fab6eee4c2 reported cstate change: term changed from 1 to 2, leader changed from b81a8ccf3585436f86cfe91e1b8caea5 (127.3.0.65) to 05fd4867aa714a1d894aa1fab6eee4c2 (127.3.0.67). New cstate: current_term: 2 leader_uuid: "05fd4867aa714a1d894aa1fab6eee4c2" committed_config { opid_index: -1 OBSOLETE_local: false peers { permanent_uuid: "b81a8ccf3585436f86cfe91e1b8caea5" member_type: VOTER last_known_addr { host: "127.3.0.65" port: 39795 } health_report { overall_health: UNKNOWN } } peers { permanent_uuid: "a0cbf2c48c004333989c37bd6017ee8a" member_type: VOTER last_known_addr { host: "127.3.0.66" port: 38597 } health_report { overall_health: UNKNOWN } } peers { permanent_uuid: "05fd4867aa714a1d894aa1fab6eee4c2" member_type: VOTER last_known_addr { host: "127.3.0.67" port: 34185 } health_report { overall_health: HEALTHY } } }
I20260710 11:08:06.949807  3951 raft_consensus.cc:493] T 5e81c8f2246a4e8586900cc4e55e7651 P a0cbf2c48c004333989c37bd6017ee8a [term 2 FOLLOWER]: Starting pre-election (no leader contacted us within the election timeout)
I20260710 11:08:06.950320  3951 raft_consensus.cc:515] T 5e81c8f2246a4e8586900cc4e55e7651 P a0cbf2c48c004333989c37bd6017ee8a [term 2 FOLLOWER]: Starting pre-election with config: opid_index: -1 OBSOLETE_local: false peers { permanent_uuid: "b81a8ccf3585436f86cfe91e1b8caea5" member_type: VOTER last_known_addr { host: "127.3.0.65" port: 39795 } } peers { permanent_uuid: "a0cbf2c48c004333989c37bd6017ee8a" member_type: VOTER last_known_addr { host: "127.3.0.66" port: 38597 } } peers { permanent_uuid: "05fd4867aa714a1d894aa1fab6eee4c2" member_type: VOTER last_known_addr { host: "127.3.0.67" port: 34185 } }
I20260710 11:08:06.952158  3951 leader_election.cc:290] T 5e81c8f2246a4e8586900cc4e55e7651 P a0cbf2c48c004333989c37bd6017ee8a [CANDIDATE]: Term 3 pre-election: Requested pre-vote from peers b81a8ccf3585436f86cfe91e1b8caea5 (127.3.0.65:39795), 05fd4867aa714a1d894aa1fab6eee4c2 (127.3.0.67:34185)
I20260710 11:08:06.953130  3701 tablet_service.cc:1917] Received RequestConsensusVote() RPC: tablet_id: "5e81c8f2246a4e8586900cc4e55e7651" candidate_uuid: "a0cbf2c48c004333989c37bd6017ee8a" candidate_term: 3 candidate_status { last_received { term: 0 index: 0 } } ignore_live_leader: false dest_uuid: "b81a8ccf3585436f86cfe91e1b8caea5" is_pre_election: true
I20260710 11:08:06.953482  3847 tablet_service.cc:1917] Received RequestConsensusVote() RPC: tablet_id: "5e81c8f2246a4e8586900cc4e55e7651" candidate_uuid: "a0cbf2c48c004333989c37bd6017ee8a" candidate_term: 3 candidate_status { last_received { term: 0 index: 0 } } ignore_live_leader: false dest_uuid: "05fd4867aa714a1d894aa1fab6eee4c2" is_pre_election: true
I20260710 11:08:06.954066  3701 raft_consensus.cc:2410] T 5e81c8f2246a4e8586900cc4e55e7651 P b81a8ccf3585436f86cfe91e1b8caea5 [term 2 FOLLOWER]: Leader pre-election vote request: Denying vote to candidate a0cbf2c48c004333989c37bd6017ee8a for term 3 because replica has last-logged OpId of term: 1 index: 1, which is greater than that of the candidate, which has last-logged OpId of term: 0 index: 0.
I20260710 11:08:06.955577  3744 leader_election.cc:304] T 5e81c8f2246a4e8586900cc4e55e7651 P a0cbf2c48c004333989c37bd6017ee8a [CANDIDATE]: Term 3 pre-election: Election decided. Result: candidate lost. Election summary: received 3 responses out of 3 voters: 1 yes votes; 2 no votes. yes voters: a0cbf2c48c004333989c37bd6017ee8a; no voters: 05fd4867aa714a1d894aa1fab6eee4c2, b81a8ccf3585436f86cfe91e1b8caea5
I20260710 11:08:06.956530  3951 raft_consensus.cc:2749] T 5e81c8f2246a4e8586900cc4e55e7651 P a0cbf2c48c004333989c37bd6017ee8a [term 2 FOLLOWER]: Leader pre-election lost for term 3. Reason: could not achieve majority
I20260710 11:08:07.065822  3776 raft_consensus.cc:1275] T 5e81c8f2246a4e8586900cc4e55e7651 P a0cbf2c48c004333989c37bd6017ee8a [term 2 FOLLOWER]: Refusing update from remote peer 05fd4867aa714a1d894aa1fab6eee4c2: Log matching property violated. Preceding OpId in replica: term: 0 index: 0. Preceding OpId from leader: term: 2 index: 2. (index mismatch)
I20260710 11:08:07.068120  4002 consensus_queue.cc:1048] T 5e81c8f2246a4e8586900cc4e55e7651 P 05fd4867aa714a1d894aa1fab6eee4c2 [LEADER]: Connected to new peer: Peer: permanent_uuid: "a0cbf2c48c004333989c37bd6017ee8a" member_type: VOTER last_known_addr { host: "127.3.0.66" port: 38597 }, Status: LMP_MISMATCH, Last received: 0.0, Next index: 2, Last known committed idx: 0, Time since last communication: 0.001s
I20260710 11:08:07.086927  3701 raft_consensus.cc:1275] T 5e81c8f2246a4e8586900cc4e55e7651 P b81a8ccf3585436f86cfe91e1b8caea5 [term 2 FOLLOWER]: Refusing update from remote peer 05fd4867aa714a1d894aa1fab6eee4c2: Log matching property violated. Preceding OpId in replica: term: 1 index: 1. Preceding OpId from leader: term: 2 index: 2. (index mismatch)
I20260710 11:08:07.090330  3937 consensus_queue.cc:1048] T 5e81c8f2246a4e8586900cc4e55e7651 P 05fd4867aa714a1d894aa1fab6eee4c2 [LEADER]: Connected to new peer: Peer: permanent_uuid: "b81a8ccf3585436f86cfe91e1b8caea5" member_type: VOTER last_known_addr { host: "127.3.0.65" port: 39795 }, Status: LMP_MISMATCH, Last received: 0.0, Next index: 2, Last known committed idx: 0, Time since last communication: 0.001s
I20260710 11:08:08.605078  3073 auto_leader_rebalancer-test.cc:348] The leader distribution is 
I20260710 11:08:08.606412  3073 auto_leader_rebalancer.cc:141] leader rebalance for table test-workload
I20260710 11:08:08.634565  3701 tablet_service.cc:2072] Received LeaderStepDown RPC: tablet_id: "49e00a24943c46cebccf9b53861983a6"
dest_uuid: "b81a8ccf3585436f86cfe91e1b8caea5"
mode: GRACEFUL
new_leader_uuid: "05fd4867aa714a1d894aa1fab6eee4c2"
 from {username='slave'} at 127.0.0.1:58090
I20260710 11:08:08.635222  3701 raft_consensus.cc:606] T 49e00a24943c46cebccf9b53861983a6 P b81a8ccf3585436f86cfe91e1b8caea5 [term 2 LEADER]: Received request to transfer leadership to TS 05fd4867aa714a1d894aa1fab6eee4c2
I20260710 11:08:08.636507  3073 auto_leader_rebalancer.cc:452] table: test-workload, leader rebalance finish, leader transfer count: 1
I20260710 11:08:08.637120  3073 auto_leader_rebalancer.cc:527] All tables' leader rebalancing finished this round
I20260710 11:08:08.888463  4013 raft_consensus.cc:993] T 49e00a24943c46cebccf9b53861983a6 P b81a8ccf3585436f86cfe91e1b8caea5: : Instructing follower 05fd4867aa714a1d894aa1fab6eee4c2 to start an election
I20260710 11:08:08.888933  3931 raft_consensus.cc:1081] T 49e00a24943c46cebccf9b53861983a6 P b81a8ccf3585436f86cfe91e1b8caea5 [term 2 LEADER]: Signalling peer 05fd4867aa714a1d894aa1fab6eee4c2 to start an election
I20260710 11:08:08.890506  3847 tablet_service.cc:2044] Received Run Leader Election RPC: tablet_id: "49e00a24943c46cebccf9b53861983a6"
dest_uuid: "05fd4867aa714a1d894aa1fab6eee4c2"
 from {username='slave'} at 127.0.0.1:39832
I20260710 11:08:08.891008  3847 raft_consensus.cc:493] T 49e00a24943c46cebccf9b53861983a6 P 05fd4867aa714a1d894aa1fab6eee4c2 [term 2 FOLLOWER]: Starting forced leader election (received explicit request)
I20260710 11:08:08.891382  3847 raft_consensus.cc:3060] T 49e00a24943c46cebccf9b53861983a6 P 05fd4867aa714a1d894aa1fab6eee4c2 [term 2 FOLLOWER]: Advancing to term 3
I20260710 11:08:08.897279  3847 raft_consensus.cc:515] T 49e00a24943c46cebccf9b53861983a6 P 05fd4867aa714a1d894aa1fab6eee4c2 [term 3 FOLLOWER]: Starting forced leader election with config: opid_index: -1 OBSOLETE_local: false peers { permanent_uuid: "b81a8ccf3585436f86cfe91e1b8caea5" member_type: VOTER last_known_addr { host: "127.3.0.65" port: 39795 } } peers { permanent_uuid: "a0cbf2c48c004333989c37bd6017ee8a" member_type: VOTER last_known_addr { host: "127.3.0.66" port: 38597 } } peers { permanent_uuid: "05fd4867aa714a1d894aa1fab6eee4c2" member_type: VOTER last_known_addr { host: "127.3.0.67" port: 34185 } }
I20260710 11:08:08.899160  3847 leader_election.cc:290] T 49e00a24943c46cebccf9b53861983a6 P 05fd4867aa714a1d894aa1fab6eee4c2 [CANDIDATE]: Term 3 election: Requested vote from peers b81a8ccf3585436f86cfe91e1b8caea5 (127.3.0.65:39795), a0cbf2c48c004333989c37bd6017ee8a (127.3.0.66:38597)
I20260710 11:08:08.899968  3701 tablet_service.cc:1917] Received RequestConsensusVote() RPC: tablet_id: "49e00a24943c46cebccf9b53861983a6" candidate_uuid: "05fd4867aa714a1d894aa1fab6eee4c2" candidate_term: 3 candidate_status { last_received { term: 2 index: 2 } } ignore_live_leader: true dest_uuid: "b81a8ccf3585436f86cfe91e1b8caea5"
I20260710 11:08:08.900861  3777 tablet_service.cc:1917] Received RequestConsensusVote() RPC: tablet_id: "49e00a24943c46cebccf9b53861983a6" candidate_uuid: "05fd4867aa714a1d894aa1fab6eee4c2" candidate_term: 3 candidate_status { last_received { term: 2 index: 2 } } ignore_live_leader: true dest_uuid: "a0cbf2c48c004333989c37bd6017ee8a"
I20260710 11:08:08.901630  3777 raft_consensus.cc:3060] T 49e00a24943c46cebccf9b53861983a6 P a0cbf2c48c004333989c37bd6017ee8a [term 2 FOLLOWER]: Advancing to term 3
I20260710 11:08:08.901544  3701 raft_consensus.cc:3055] T 49e00a24943c46cebccf9b53861983a6 P b81a8ccf3585436f86cfe91e1b8caea5 [term 2 LEADER]: Stepping down as leader of term 2
I20260710 11:08:08.902149  3701 raft_consensus.cc:740] T 49e00a24943c46cebccf9b53861983a6 P b81a8ccf3585436f86cfe91e1b8caea5 [term 2 LEADER]: Becoming Follower/Learner. State: Replica: b81a8ccf3585436f86cfe91e1b8caea5, State: Running, Role: LEADER
I20260710 11:08:08.903060  3701 consensus_queue.cc:260] T 49e00a24943c46cebccf9b53861983a6 P b81a8ccf3585436f86cfe91e1b8caea5 [NON_LEADER]: Queue going to NON_LEADER mode. State: All replicated index: 0, Majority replicated index: 2, Committed index: 2, Last appended: 2.2, Last appended by leader: 2, Current term: 2, Majority size: -1, State: 0, Mode: NON_LEADER, active raft config: opid_index: -1 OBSOLETE_local: false peers { permanent_uuid: "b81a8ccf3585436f86cfe91e1b8caea5" member_type: VOTER last_known_addr { host: "127.3.0.65" port: 39795 } } peers { permanent_uuid: "a0cbf2c48c004333989c37bd6017ee8a" member_type: VOTER last_known_addr { host: "127.3.0.66" port: 38597 } } peers { permanent_uuid: "05fd4867aa714a1d894aa1fab6eee4c2" member_type: VOTER last_known_addr { host: "127.3.0.67" port: 34185 } }
I20260710 11:08:08.904425  3701 raft_consensus.cc:3060] T 49e00a24943c46cebccf9b53861983a6 P b81a8ccf3585436f86cfe91e1b8caea5 [term 2 FOLLOWER]: Advancing to term 3
I20260710 11:08:08.906409  3777 raft_consensus.cc:2468] T 49e00a24943c46cebccf9b53861983a6 P a0cbf2c48c004333989c37bd6017ee8a [term 3 FOLLOWER]: Leader election vote request: Granting yes vote for candidate 05fd4867aa714a1d894aa1fab6eee4c2 in term 3.
I20260710 11:08:08.907783  3818 leader_election.cc:304] T 49e00a24943c46cebccf9b53861983a6 P 05fd4867aa714a1d894aa1fab6eee4c2 [CANDIDATE]: Term 3 election: Election decided. Result: candidate won. Election summary: received 2 responses out of 3 voters: 2 yes votes; 0 no votes. yes voters: 05fd4867aa714a1d894aa1fab6eee4c2, a0cbf2c48c004333989c37bd6017ee8a; no voters: 
I20260710 11:08:08.908638  3937 raft_consensus.cc:2804] T 49e00a24943c46cebccf9b53861983a6 P 05fd4867aa714a1d894aa1fab6eee4c2 [term 3 FOLLOWER]: Leader election won for term 3
I20260710 11:08:08.909768  3937 raft_consensus.cc:697] T 49e00a24943c46cebccf9b53861983a6 P 05fd4867aa714a1d894aa1fab6eee4c2 [term 3 LEADER]: Becoming Leader. State: Replica: 05fd4867aa714a1d894aa1fab6eee4c2, State: Running, Role: LEADER
I20260710 11:08:08.910642  3937 consensus_queue.cc:237] T 49e00a24943c46cebccf9b53861983a6 P 05fd4867aa714a1d894aa1fab6eee4c2 [LEADER]: Queue going to LEADER mode. State: All replicated index: 0, Majority replicated index: 2, Committed index: 2, Last appended: 2.2, Last appended by leader: 2, Current term: 3, Majority size: 2, State: 0, Mode: LEADER, active raft config: opid_index: -1 OBSOLETE_local: false peers { permanent_uuid: "b81a8ccf3585436f86cfe91e1b8caea5" member_type: VOTER last_known_addr { host: "127.3.0.65" port: 39795 } } peers { permanent_uuid: "a0cbf2c48c004333989c37bd6017ee8a" member_type: VOTER last_known_addr { host: "127.3.0.66" port: 38597 } } peers { permanent_uuid: "05fd4867aa714a1d894aa1fab6eee4c2" member_type: VOTER last_known_addr { host: "127.3.0.67" port: 34185 } }
I20260710 11:08:08.912132  3701 raft_consensus.cc:2468] T 49e00a24943c46cebccf9b53861983a6 P b81a8ccf3585436f86cfe91e1b8caea5 [term 3 FOLLOWER]: Leader election vote request: Granting yes vote for candidate 05fd4867aa714a1d894aa1fab6eee4c2 in term 3.
I20260710 11:08:08.919235  3598 catalog_manager.cc:5697] T 49e00a24943c46cebccf9b53861983a6 P 05fd4867aa714a1d894aa1fab6eee4c2 reported cstate change: term changed from 2 to 3, leader changed from b81a8ccf3585436f86cfe91e1b8caea5 (127.3.0.65) to 05fd4867aa714a1d894aa1fab6eee4c2 (127.3.0.67). New cstate: current_term: 3 leader_uuid: "05fd4867aa714a1d894aa1fab6eee4c2" committed_config { opid_index: -1 OBSOLETE_local: false peers { permanent_uuid: "b81a8ccf3585436f86cfe91e1b8caea5" member_type: VOTER last_known_addr { host: "127.3.0.65" port: 39795 } health_report { overall_health: UNKNOWN } } peers { permanent_uuid: "a0cbf2c48c004333989c37bd6017ee8a" member_type: VOTER last_known_addr { host: "127.3.0.66" port: 38597 } health_report { overall_health: UNKNOWN } } peers { permanent_uuid: "05fd4867aa714a1d894aa1fab6eee4c2" member_type: VOTER last_known_addr { host: "127.3.0.67" port: 34185 } health_report { overall_health: HEALTHY } } }
I20260710 11:08:09.499835  3777 raft_consensus.cc:1275] T 49e00a24943c46cebccf9b53861983a6 P a0cbf2c48c004333989c37bd6017ee8a [term 3 FOLLOWER]: Refusing update from remote peer 05fd4867aa714a1d894aa1fab6eee4c2: Log matching property violated. Preceding OpId in replica: term: 2 index: 2. Preceding OpId from leader: term: 3 index: 3. (index mismatch)
I20260710 11:08:09.501223  3937 consensus_queue.cc:1048] T 49e00a24943c46cebccf9b53861983a6 P 05fd4867aa714a1d894aa1fab6eee4c2 [LEADER]: Connected to new peer: Peer: permanent_uuid: "a0cbf2c48c004333989c37bd6017ee8a" member_type: VOTER last_known_addr { host: "127.3.0.66" port: 38597 }, Status: LMP_MISMATCH, Last received: 0.0, Next index: 3, Last known committed idx: 2, Time since last communication: 0.000s
I20260710 11:08:09.512295  3701 raft_consensus.cc:1275] T 49e00a24943c46cebccf9b53861983a6 P b81a8ccf3585436f86cfe91e1b8caea5 [term 3 FOLLOWER]: Refusing update from remote peer 05fd4867aa714a1d894aa1fab6eee4c2: Log matching property violated. Preceding OpId in replica: term: 2 index: 2. Preceding OpId from leader: term: 3 index: 3. (index mismatch)
I20260710 11:08:09.514472  4021 consensus_queue.cc:1048] T 49e00a24943c46cebccf9b53861983a6 P 05fd4867aa714a1d894aa1fab6eee4c2 [LEADER]: Connected to new peer: Peer: permanent_uuid: "b81a8ccf3585436f86cfe91e1b8caea5" member_type: VOTER last_known_addr { host: "127.3.0.65" port: 39795 }, Status: LMP_MISMATCH, Last received: 0.0, Next index: 3, Last known committed idx: 2, Time since last communication: 0.000s
I20260710 11:08:09.637992  3073 auto_leader_rebalancer.cc:141] leader rebalance for table test-workload
I20260710 11:08:09.651268  3851 tablet_service.cc:2072] Received LeaderStepDown RPC: tablet_id: "49e00a24943c46cebccf9b53861983a6"
dest_uuid: "05fd4867aa714a1d894aa1fab6eee4c2"
mode: GRACEFUL
new_leader_uuid: "b81a8ccf3585436f86cfe91e1b8caea5"
 from {username='slave'} at 127.0.0.1:39846
I20260710 11:08:09.651880  3851 raft_consensus.cc:606] T 49e00a24943c46cebccf9b53861983a6 P 05fd4867aa714a1d894aa1fab6eee4c2 [term 3 LEADER]: Received request to transfer leadership to TS b81a8ccf3585436f86cfe91e1b8caea5
I20260710 11:08:09.665573  3777 tablet_service.cc:2072] Received LeaderStepDown RPC: tablet_id: "7eeb0bd622eb4a3cba03e7626299c072"
dest_uuid: "a0cbf2c48c004333989c37bd6017ee8a"
mode: GRACEFUL
new_leader_uuid: "b81a8ccf3585436f86cfe91e1b8caea5"
 from {username='slave'} at 127.0.0.1:49464
I20260710 11:08:09.666071  3777 raft_consensus.cc:606] T 7eeb0bd622eb4a3cba03e7626299c072 P a0cbf2c48c004333989c37bd6017ee8a [term 2 LEADER]: Received request to transfer leadership to TS b81a8ccf3585436f86cfe91e1b8caea5
