I20260710 11:08:25.736562  4802 raft_consensus.cc:2955] T 566f3bd91c6549c4a3edcec521e3c8a1 P 35e15c4222f54902898d37282c7637be [term 1 LEADER]: Committing config change with OpId 1.2: config changed from index -1 to 2, NON_VOTER f4b7bc28eee14fd0a4b1c4ee11987d4f (127.3.0.68) added. New config: { opid_index: 2 OBSOLETE_local: false peers { permanent_uuid: "5a8b3ae0dbcb475587fa8f8f649687b2" member_type: VOTER last_known_addr { host: "127.3.0.65" port: 41343 } attrs { replace: true } } peers { permanent_uuid: "78bf19bf12b1492090ffed834f9e3608" member_type: VOTER last_known_addr { host: "127.3.0.66" port: 38521 } } peers { permanent_uuid: "35e15c4222f54902898d37282c7637be" member_type: VOTER last_known_addr { host: "127.3.0.67" port: 38341 } } peers { permanent_uuid: "f4b7bc28eee14fd0a4b1c4ee11987d4f" member_type: NON_VOTER last_known_addr { host: "127.3.0.68" port: 32921 } attrs { promote: true } } }
I20260710 11:08:25.738548  4204 raft_consensus.cc:2955] T 566f3bd91c6549c4a3edcec521e3c8a1 P 5a8b3ae0dbcb475587fa8f8f649687b2 [term 1 FOLLOWER]: Committing config change with OpId 1.2: config changed from index -1 to 2, NON_VOTER f4b7bc28eee14fd0a4b1c4ee11987d4f (127.3.0.68) added. New config: { opid_index: 2 OBSOLETE_local: false peers { permanent_uuid: "5a8b3ae0dbcb475587fa8f8f649687b2" member_type: VOTER last_known_addr { host: "127.3.0.65" port: 41343 } attrs { replace: true } } peers { permanent_uuid: "78bf19bf12b1492090ffed834f9e3608" member_type: VOTER last_known_addr { host: "127.3.0.66" port: 38521 } } peers { permanent_uuid: "35e15c4222f54902898d37282c7637be" member_type: VOTER last_known_addr { host: "127.3.0.67" port: 38341 } } peers { permanent_uuid: "f4b7bc28eee14fd0a4b1c4ee11987d4f" member_type: NON_VOTER last_known_addr { host: "127.3.0.68" port: 32921 } attrs { promote: true } } }
I20260710 11:08:25.741691  4278 raft_consensus.cc:2955] T 566f3bd91c6549c4a3edcec521e3c8a1 P 78bf19bf12b1492090ffed834f9e3608 [term 1 FOLLOWER]: Committing config change with OpId 1.2: config changed from index -1 to 2, NON_VOTER f4b7bc28eee14fd0a4b1c4ee11987d4f (127.3.0.68) added. New config: { opid_index: 2 OBSOLETE_local: false peers { permanent_uuid: "5a8b3ae0dbcb475587fa8f8f649687b2" member_type: VOTER last_known_addr { host: "127.3.0.65" port: 41343 } attrs { replace: true } } peers { permanent_uuid: "78bf19bf12b1492090ffed834f9e3608" member_type: VOTER last_known_addr { host: "127.3.0.66" port: 38521 } } peers { permanent_uuid: "35e15c4222f54902898d37282c7637be" member_type: VOTER last_known_addr { host: "127.3.0.67" port: 38341 } } peers { permanent_uuid: "f4b7bc28eee14fd0a4b1c4ee11987d4f" member_type: NON_VOTER last_known_addr { host: "127.3.0.68" port: 32921 } attrs { promote: true } } }
I20260710 11:08:25.753286  4101 catalog_manager.cc:5697] T 566f3bd91c6549c4a3edcec521e3c8a1 P 78bf19bf12b1492090ffed834f9e3608 reported cstate change: config changed from index -1 to 2, NON_VOTER f4b7bc28eee14fd0a4b1c4ee11987d4f (127.3.0.68) added. New cstate: current_term: 1 leader_uuid: "35e15c4222f54902898d37282c7637be" committed_config { opid_index: 2 OBSOLETE_local: false peers { permanent_uuid: "5a8b3ae0dbcb475587fa8f8f649687b2" member_type: VOTER last_known_addr { host: "127.3.0.65" port: 41343 } attrs { replace: true } } peers { permanent_uuid: "78bf19bf12b1492090ffed834f9e3608" member_type: VOTER last_known_addr { host: "127.3.0.66" port: 38521 } } peers { permanent_uuid: "35e15c4222f54902898d37282c7637be" member_type: VOTER last_known_addr { host: "127.3.0.67" port: 38341 } } peers { permanent_uuid: "f4b7bc28eee14fd0a4b1c4ee11987d4f" member_type: NON_VOTER last_known_addr { host: "127.3.0.68" port: 32921 } attrs { promote: true } } }
I20260710 11:08:25.753822  4278 consensus_queue.cc:237] T 45645532eac7411fb6f7f68ea9618249 P 78bf19bf12b1492090ffed834f9e3608 [LEADER]: Queue going to LEADER mode. State: All replicated index: 0, Majority replicated index: 1, Committed index: 1, Last appended: 1.1, Last appended by leader: 0, Current term: 1, Majority size: 2, State: 0, Mode: LEADER, active raft config: opid_index: 2 OBSOLETE_local: false peers { permanent_uuid: "5a8b3ae0dbcb475587fa8f8f649687b2" member_type: VOTER last_known_addr { host: "127.3.0.65" port: 41343 } } peers { permanent_uuid: "78bf19bf12b1492090ffed834f9e3608" member_type: VOTER last_known_addr { host: "127.3.0.66" port: 38521 } } peers { permanent_uuid: "35e15c4222f54902898d37282c7637be" member_type: VOTER last_known_addr { host: "127.3.0.67" port: 38341 } attrs { replace: true } } peers { permanent_uuid: "f4b7bc28eee14fd0a4b1c4ee11987d4f" member_type: NON_VOTER last_known_addr { host: "127.3.0.68" port: 32921 } attrs { promote: true } }
W20260710 11:08:25.762697  4245 consensus_peers.cc:597] T 45645532eac7411fb6f7f68ea9618249 P 78bf19bf12b1492090ffed834f9e3608 -> Peer f4b7bc28eee14fd0a4b1c4ee11987d4f (127.3.0.68:32921): Couldn't send request to peer f4b7bc28eee14fd0a4b1c4ee11987d4f. Error code: TABLET_NOT_FOUND (6). Status: Not found: Tablet not found: 45645532eac7411fb6f7f68ea9618249. This is attempt 1: this message will repeat every 5th retry.
I20260710 11:08:25.763216  4351 raft_consensus.cc:1275] T 45645532eac7411fb6f7f68ea9618249 P 35e15c4222f54902898d37282c7637be [term 1 FOLLOWER]: Refusing update from remote peer 78bf19bf12b1492090ffed834f9e3608: Log matching property violated. Preceding OpId in replica: term: 1 index: 1. Preceding OpId from leader: term: 1 index: 2. (index mismatch)
I20260710 11:08:25.763365  4204 raft_consensus.cc:1275] T 45645532eac7411fb6f7f68ea9618249 P 5a8b3ae0dbcb475587fa8f8f649687b2 [term 1 FOLLOWER]: Refusing update from remote peer 78bf19bf12b1492090ffed834f9e3608: Log matching property violated. Preceding OpId in replica: term: 1 index: 1. Preceding OpId from leader: term: 1 index: 2. (index mismatch)
I20260710 11:08:25.764770  4813 consensus_queue.cc:1048] T 45645532eac7411fb6f7f68ea9618249 P 78bf19bf12b1492090ffed834f9e3608 [LEADER]: Connected to new peer: Peer: permanent_uuid: "35e15c4222f54902898d37282c7637be" member_type: VOTER last_known_addr { host: "127.3.0.67" port: 38341 } attrs { replace: true }, Status: LMP_MISMATCH, Last received: 0.0, Next index: 2, Last known committed idx: 1, Time since last communication: 0.000s
I20260710 11:08:25.765769  4797 consensus_queue.cc:1048] T 45645532eac7411fb6f7f68ea9618249 P 78bf19bf12b1492090ffed834f9e3608 [LEADER]: Connected to new peer: Peer: permanent_uuid: "5a8b3ae0dbcb475587fa8f8f649687b2" member_type: VOTER last_known_addr { host: "127.3.0.65" port: 41343 }, Status: LMP_MISMATCH, Last received: 0.0, Next index: 2, Last known committed idx: 1, Time since last communication: 0.000s
I20260710 11:08:25.774457  4813 raft_consensus.cc:2955] T 45645532eac7411fb6f7f68ea9618249 P 78bf19bf12b1492090ffed834f9e3608 [term 1 LEADER]: Committing config change with OpId 1.2: config changed from index -1 to 2, NON_VOTER f4b7bc28eee14fd0a4b1c4ee11987d4f (127.3.0.68) added. New config: { opid_index: 2 OBSOLETE_local: false peers { permanent_uuid: "5a8b3ae0dbcb475587fa8f8f649687b2" member_type: VOTER last_known_addr { host: "127.3.0.65" port: 41343 } } peers { permanent_uuid: "78bf19bf12b1492090ffed834f9e3608" member_type: VOTER last_known_addr { host: "127.3.0.66" port: 38521 } } peers { permanent_uuid: "35e15c4222f54902898d37282c7637be" member_type: VOTER last_known_addr { host: "127.3.0.67" port: 38341 } attrs { replace: true } } peers { permanent_uuid: "f4b7bc28eee14fd0a4b1c4ee11987d4f" member_type: NON_VOTER last_known_addr { host: "127.3.0.68" port: 32921 } attrs { promote: true } } }
I20260710 11:08:25.776441  4351 raft_consensus.cc:2955] T 45645532eac7411fb6f7f68ea9618249 P 35e15c4222f54902898d37282c7637be [term 1 FOLLOWER]: Committing config change with OpId 1.2: config changed from index -1 to 2, NON_VOTER f4b7bc28eee14fd0a4b1c4ee11987d4f (127.3.0.68) added. New config: { opid_index: 2 OBSOLETE_local: false peers { permanent_uuid: "5a8b3ae0dbcb475587fa8f8f649687b2" member_type: VOTER last_known_addr { host: "127.3.0.65" port: 41343 } } peers { permanent_uuid: "78bf19bf12b1492090ffed834f9e3608" member_type: VOTER last_known_addr { host: "127.3.0.66" port: 38521 } } peers { permanent_uuid: "35e15c4222f54902898d37282c7637be" member_type: VOTER last_known_addr { host: "127.3.0.67" port: 38341 } attrs { replace: true } } peers { permanent_uuid: "f4b7bc28eee14fd0a4b1c4ee11987d4f" member_type: NON_VOTER last_known_addr { host: "127.3.0.68" port: 32921 } attrs { promote: true } } }
I20260710 11:08:25.776194  4204 raft_consensus.cc:2955] T 45645532eac7411fb6f7f68ea9618249 P 5a8b3ae0dbcb475587fa8f8f649687b2 [term 1 FOLLOWER]: Committing config change with OpId 1.2: config changed from index -1 to 2, NON_VOTER f4b7bc28eee14fd0a4b1c4ee11987d4f (127.3.0.68) added. New config: { opid_index: 2 OBSOLETE_local: false peers { permanent_uuid: "5a8b3ae0dbcb475587fa8f8f649687b2" member_type: VOTER last_known_addr { host: "127.3.0.65" port: 41343 } } peers { permanent_uuid: "78bf19bf12b1492090ffed834f9e3608" member_type: VOTER last_known_addr { host: "127.3.0.66" port: 38521 } } peers { permanent_uuid: "35e15c4222f54902898d37282c7637be" member_type: VOTER last_known_addr { host: "127.3.0.67" port: 38341 } attrs { replace: true } } peers { permanent_uuid: "f4b7bc28eee14fd0a4b1c4ee11987d4f" member_type: NON_VOTER last_known_addr { host: "127.3.0.68" port: 32921 } attrs { promote: true } } }
I20260710 11:08:25.792614  4102 catalog_manager.cc:5697] T 45645532eac7411fb6f7f68ea9618249 P 35e15c4222f54902898d37282c7637be reported cstate change: config changed from index -1 to 2, NON_VOTER f4b7bc28eee14fd0a4b1c4ee11987d4f (127.3.0.68) added. New cstate: current_term: 1 leader_uuid: "78bf19bf12b1492090ffed834f9e3608" committed_config { opid_index: 2 OBSOLETE_local: false peers { permanent_uuid: "5a8b3ae0dbcb475587fa8f8f649687b2" member_type: VOTER last_known_addr { host: "127.3.0.65" port: 41343 } } peers { permanent_uuid: "78bf19bf12b1492090ffed834f9e3608" member_type: VOTER last_known_addr { host: "127.3.0.66" port: 38521 } } peers { permanent_uuid: "35e15c4222f54902898d37282c7637be" member_type: VOTER last_known_addr { host: "127.3.0.67" port: 38341 } attrs { replace: true } } peers { permanent_uuid: "f4b7bc28eee14fd0a4b1c4ee11987d4f" member_type: NON_VOTER last_known_addr { host: "127.3.0.68" port: 32921 } attrs { promote: true } } }
I20260710 11:08:25.793610  4204 consensus_queue.cc:237] T de3367187928436ea11e42849608603f P 5a8b3ae0dbcb475587fa8f8f649687b2 [LEADER]: Queue going to LEADER mode. State: All replicated index: 0, Majority replicated index: 1, Committed index: 1, Last appended: 1.1, Last appended by leader: 0, Current term: 1, Majority size: 2, State: 0, Mode: LEADER, active raft config: opid_index: 2 OBSOLETE_local: false peers { permanent_uuid: "5a8b3ae0dbcb475587fa8f8f649687b2" member_type: VOTER last_known_addr { host: "127.3.0.65" port: 41343 } } peers { permanent_uuid: "78bf19bf12b1492090ffed834f9e3608" member_type: VOTER last_known_addr { host: "127.3.0.66" port: 38521 } attrs { replace: true } } peers { permanent_uuid: "35e15c4222f54902898d37282c7637be" member_type: VOTER last_known_addr { host: "127.3.0.67" port: 38341 } } peers { permanent_uuid: "f4b7bc28eee14fd0a4b1c4ee11987d4f" member_type: NON_VOTER last_known_addr { host: "127.3.0.68" port: 32921 } attrs { promote: true } }
I20260710 11:08:25.807478  4351 raft_consensus.cc:1275] T de3367187928436ea11e42849608603f P 35e15c4222f54902898d37282c7637be [term 1 FOLLOWER]: Refusing update from remote peer 5a8b3ae0dbcb475587fa8f8f649687b2: Log matching property violated. Preceding OpId in replica: term: 1 index: 1. Preceding OpId from leader: term: 1 index: 2. (index mismatch)
I20260710 11:08:25.808602  4278 raft_consensus.cc:1275] T de3367187928436ea11e42849608603f P 78bf19bf12b1492090ffed834f9e3608 [term 1 FOLLOWER]: Refusing update from remote peer 5a8b3ae0dbcb475587fa8f8f649687b2: Log matching property violated. Preceding OpId in replica: term: 1 index: 1. Preceding OpId from leader: term: 1 index: 2. (index mismatch)
W20260710 11:08:25.807503  4170 consensus_peers.cc:597] T de3367187928436ea11e42849608603f P 5a8b3ae0dbcb475587fa8f8f649687b2 -> Peer f4b7bc28eee14fd0a4b1c4ee11987d4f (127.3.0.68:32921): Couldn't send request to peer f4b7bc28eee14fd0a4b1c4ee11987d4f. Error code: TABLET_NOT_FOUND (6). Status: Not found: Tablet not found: de3367187928436ea11e42849608603f. This is attempt 1: this message will repeat every 5th retry.
I20260710 11:08:25.810076  4741 consensus_queue.cc:1048] T de3367187928436ea11e42849608603f P 5a8b3ae0dbcb475587fa8f8f649687b2 [LEADER]: Connected to new peer: Peer: permanent_uuid: "35e15c4222f54902898d37282c7637be" member_type: VOTER last_known_addr { host: "127.3.0.67" port: 38341 }, Status: LMP_MISMATCH, Last received: 0.0, Next index: 2, Last known committed idx: 1, Time since last communication: 0.000s
I20260710 11:08:25.811991  4741 consensus_queue.cc:1048] T de3367187928436ea11e42849608603f P 5a8b3ae0dbcb475587fa8f8f649687b2 [LEADER]: Connected to new peer: Peer: permanent_uuid: "78bf19bf12b1492090ffed834f9e3608" member_type: VOTER last_known_addr { host: "127.3.0.66" port: 38521 } attrs { replace: true }, Status: LMP_MISMATCH, Last received: 0.0, Next index: 2, Last known committed idx: 1, Time since last communication: 0.000s
I20260710 11:08:25.819656  4817 raft_consensus.cc:2955] T de3367187928436ea11e42849608603f P 5a8b3ae0dbcb475587fa8f8f649687b2 [term 1 LEADER]: Committing config change with OpId 1.2: config changed from index -1 to 2, NON_VOTER f4b7bc28eee14fd0a4b1c4ee11987d4f (127.3.0.68) added. New config: { opid_index: 2 OBSOLETE_local: false peers { permanent_uuid: "5a8b3ae0dbcb475587fa8f8f649687b2" member_type: VOTER last_known_addr { host: "127.3.0.65" port: 41343 } } peers { permanent_uuid: "78bf19bf12b1492090ffed834f9e3608" member_type: VOTER last_known_addr { host: "127.3.0.66" port: 38521 } attrs { replace: true } } peers { permanent_uuid: "35e15c4222f54902898d37282c7637be" member_type: VOTER last_known_addr { host: "127.3.0.67" port: 38341 } } peers { permanent_uuid: "f4b7bc28eee14fd0a4b1c4ee11987d4f" member_type: NON_VOTER last_known_addr { host: "127.3.0.68" port: 32921 } attrs { promote: true } } }
I20260710 11:08:25.822954  4351 raft_consensus.cc:2955] T de3367187928436ea11e42849608603f P 35e15c4222f54902898d37282c7637be [term 1 FOLLOWER]: Committing config change with OpId 1.2: config changed from index -1 to 2, NON_VOTER f4b7bc28eee14fd0a4b1c4ee11987d4f (127.3.0.68) added. New config: { opid_index: 2 OBSOLETE_local: false peers { permanent_uuid: "5a8b3ae0dbcb475587fa8f8f649687b2" member_type: VOTER last_known_addr { host: "127.3.0.65" port: 41343 } } peers { permanent_uuid: "78bf19bf12b1492090ffed834f9e3608" member_type: VOTER last_known_addr { host: "127.3.0.66" port: 38521 } attrs { replace: true } } peers { permanent_uuid: "35e15c4222f54902898d37282c7637be" member_type: VOTER last_known_addr { host: "127.3.0.67" port: 38341 } } peers { permanent_uuid: "f4b7bc28eee14fd0a4b1c4ee11987d4f" member_type: NON_VOTER last_known_addr { host: "127.3.0.68" port: 32921 } attrs { promote: true } } }
I20260710 11:08:25.825789  4280 raft_consensus.cc:2955] T de3367187928436ea11e42849608603f P 78bf19bf12b1492090ffed834f9e3608 [term 1 FOLLOWER]: Committing config change with OpId 1.2: config changed from index -1 to 2, NON_VOTER f4b7bc28eee14fd0a4b1c4ee11987d4f (127.3.0.68) added. New config: { opid_index: 2 OBSOLETE_local: false peers { permanent_uuid: "5a8b3ae0dbcb475587fa8f8f649687b2" member_type: VOTER last_known_addr { host: "127.3.0.65" port: 41343 } } peers { permanent_uuid: "78bf19bf12b1492090ffed834f9e3608" member_type: VOTER last_known_addr { host: "127.3.0.66" port: 38521 } attrs { replace: true } } peers { permanent_uuid: "35e15c4222f54902898d37282c7637be" member_type: VOTER last_known_addr { host: "127.3.0.67" port: 38341 } } peers { permanent_uuid: "f4b7bc28eee14fd0a4b1c4ee11987d4f" member_type: NON_VOTER last_known_addr { host: "127.3.0.68" port: 32921 } attrs { promote: true } } }
I20260710 11:08:25.839684  4103 catalog_manager.cc:5697] T de3367187928436ea11e42849608603f P 35e15c4222f54902898d37282c7637be reported cstate change: config changed from index -1 to 2, NON_VOTER f4b7bc28eee14fd0a4b1c4ee11987d4f (127.3.0.68) added. New cstate: current_term: 1 leader_uuid: "5a8b3ae0dbcb475587fa8f8f649687b2" committed_config { opid_index: 2 OBSOLETE_local: false peers { permanent_uuid: "5a8b3ae0dbcb475587fa8f8f649687b2" member_type: VOTER last_known_addr { host: "127.3.0.65" port: 41343 } } peers { permanent_uuid: "78bf19bf12b1492090ffed834f9e3608" member_type: VOTER last_known_addr { host: "127.3.0.66" port: 38521 } attrs { replace: true } } peers { permanent_uuid: "35e15c4222f54902898d37282c7637be" member_type: VOTER last_known_addr { host: "127.3.0.67" port: 38341 } } peers { permanent_uuid: "f4b7bc28eee14fd0a4b1c4ee11987d4f" member_type: NON_VOTER last_known_addr { host: "127.3.0.68" port: 32921 } attrs { promote: true } } }
I20260710 11:08:26.077169  4822 ts_tablet_manager.cc:933] T 911d35c8b3e8430f8148cc85cb7ea799 P f4b7bc28eee14fd0a4b1c4ee11987d4f: Initiating tablet copy from peer 35e15c4222f54902898d37282c7637be (127.3.0.67:38341)
I20260710 11:08:26.079141  4822 tablet_copy_client.cc:323] T 911d35c8b3e8430f8148cc85cb7ea799 P f4b7bc28eee14fd0a4b1c4ee11987d4f: tablet copy: Beginning tablet copy session from remote peer at address 127.3.0.67:38341
I20260710 11:08:26.080856  4363 tablet_copy_service.cc:140] P 35e15c4222f54902898d37282c7637be: Received BeginTabletCopySession request for tablet 911d35c8b3e8430f8148cc85cb7ea799 from peer f4b7bc28eee14fd0a4b1c4ee11987d4f ({username='slave'} at 127.0.0.1:51536)
I20260710 11:08:26.081408  4363 tablet_copy_service.cc:161] P 35e15c4222f54902898d37282c7637be: Beginning new tablet copy session on tablet 911d35c8b3e8430f8148cc85cb7ea799 from peer f4b7bc28eee14fd0a4b1c4ee11987d4f at {username='slave'} at 127.0.0.1:51536: session id = f4b7bc28eee14fd0a4b1c4ee11987d4f-911d35c8b3e8430f8148cc85cb7ea799
I20260710 11:08:26.089126  4363 tablet_copy_source_session.cc:215] T 911d35c8b3e8430f8148cc85cb7ea799 P 35e15c4222f54902898d37282c7637be: Tablet Copy: opened 0 blocks and 1 log segments
I20260710 11:08:26.092543  4822 data_dirs.cc:400] Could only allocate 1 dirs of requested 3 for tablet 911d35c8b3e8430f8148cc85cb7ea799. 1 dirs total, 0 dirs full, 0 dirs failed
I20260710 11:08:26.109097  4822 tablet_copy_client.cc:806] T 911d35c8b3e8430f8148cc85cb7ea799 P f4b7bc28eee14fd0a4b1c4ee11987d4f: tablet copy: Starting download of 0 data blocks...
I20260710 11:08:26.109751  4822 tablet_copy_client.cc:670] T 911d35c8b3e8430f8148cc85cb7ea799 P f4b7bc28eee14fd0a4b1c4ee11987d4f: tablet copy: Starting download of 1 WAL segments...
I20260710 11:08:26.113348  4822 tablet_copy_client.cc:538] T 911d35c8b3e8430f8148cc85cb7ea799 P f4b7bc28eee14fd0a4b1c4ee11987d4f: tablet copy: Tablet Copy complete. Replacing tablet superblock.
I20260710 11:08:26.123107  4824 ts_tablet_manager.cc:933] T 566f3bd91c6549c4a3edcec521e3c8a1 P f4b7bc28eee14fd0a4b1c4ee11987d4f: Initiating tablet copy from peer 35e15c4222f54902898d37282c7637be (127.3.0.67:38341)
I20260710 11:08:26.125090  4822 tablet_bootstrap.cc:492] T 911d35c8b3e8430f8148cc85cb7ea799 P f4b7bc28eee14fd0a4b1c4ee11987d4f: Bootstrap starting.
I20260710 11:08:26.125113  4824 tablet_copy_client.cc:323] T 566f3bd91c6549c4a3edcec521e3c8a1 P f4b7bc28eee14fd0a4b1c4ee11987d4f: tablet copy: Beginning tablet copy session from remote peer at address 127.3.0.67:38341
I20260710 11:08:26.126995  4363 tablet_copy_service.cc:140] P 35e15c4222f54902898d37282c7637be: Received BeginTabletCopySession request for tablet 566f3bd91c6549c4a3edcec521e3c8a1 from peer f4b7bc28eee14fd0a4b1c4ee11987d4f ({username='slave'} at 127.0.0.1:51536)
I20260710 11:08:26.127537  4363 tablet_copy_service.cc:161] P 35e15c4222f54902898d37282c7637be: Beginning new tablet copy session on tablet 566f3bd91c6549c4a3edcec521e3c8a1 from peer f4b7bc28eee14fd0a4b1c4ee11987d4f at {username='slave'} at 127.0.0.1:51536: session id = f4b7bc28eee14fd0a4b1c4ee11987d4f-566f3bd91c6549c4a3edcec521e3c8a1
I20260710 11:08:26.135282  4363 tablet_copy_source_session.cc:215] T 566f3bd91c6549c4a3edcec521e3c8a1 P 35e15c4222f54902898d37282c7637be: Tablet Copy: opened 0 blocks and 1 log segments
I20260710 11:08:26.142833  4824 data_dirs.cc:400] Could only allocate 1 dirs of requested 3 for tablet 566f3bd91c6549c4a3edcec521e3c8a1. 1 dirs total, 0 dirs full, 0 dirs failed
I20260710 11:08:26.151981  4822 tablet_bootstrap.cc:492] T 911d35c8b3e8430f8148cc85cb7ea799 P f4b7bc28eee14fd0a4b1c4ee11987d4f: Bootstrap replayed 1/1 log segments. Stats: ops{read=2 overwritten=0 applied=2 ignored=0} inserts{seen=0 ignored=0} mutations{seen=0 ignored=0} orphaned_commits=0. Pending: 0 replicates
I20260710 11:08:26.153561  4822 tablet_bootstrap.cc:492] T 911d35c8b3e8430f8148cc85cb7ea799 P f4b7bc28eee14fd0a4b1c4ee11987d4f: Bootstrap complete.
I20260710 11:08:26.154275  4822 ts_tablet_manager.cc:1403] T 911d35c8b3e8430f8148cc85cb7ea799 P f4b7bc28eee14fd0a4b1c4ee11987d4f: Time spent bootstrapping tablet: real 0.029s	user 0.024s	sys 0.004s
I20260710 11:08:26.157471  4822 raft_consensus.cc:359] T 911d35c8b3e8430f8148cc85cb7ea799 P f4b7bc28eee14fd0a4b1c4ee11987d4f [term 1 LEARNER]: Replica starting. Triggering 0 pending ops. Active config: opid_index: 2 OBSOLETE_local: false peers { permanent_uuid: "5a8b3ae0dbcb475587fa8f8f649687b2" member_type: VOTER last_known_addr { host: "127.3.0.65" port: 41343 } } peers { permanent_uuid: "78bf19bf12b1492090ffed834f9e3608" member_type: VOTER last_known_addr { host: "127.3.0.66" port: 38521 } attrs { replace: true } } peers { permanent_uuid: "35e15c4222f54902898d37282c7637be" member_type: VOTER last_known_addr { host: "127.3.0.67" port: 38341 } } peers { permanent_uuid: "f4b7bc28eee14fd0a4b1c4ee11987d4f" member_type: NON_VOTER last_known_addr { host: "127.3.0.68" port: 32921 } attrs { promote: true } }
I20260710 11:08:26.158326  4822 raft_consensus.cc:740] T 911d35c8b3e8430f8148cc85cb7ea799 P f4b7bc28eee14fd0a4b1c4ee11987d4f [term 1 LEARNER]: Becoming Follower/Learner. State: Replica: f4b7bc28eee14fd0a4b1c4ee11987d4f, State: Initialized, Role: LEARNER
I20260710 11:08:26.159104  4822 consensus_queue.cc:260] T 911d35c8b3e8430f8148cc85cb7ea799 P f4b7bc28eee14fd0a4b1c4ee11987d4f [NON_LEADER]: Queue going to NON_LEADER mode. State: All replicated index: 0, Majority replicated index: 0, Committed index: 2, Last appended: 1.2, Last appended by leader: 2, Current term: 0, Majority size: -1, State: 0, Mode: NON_LEADER, active raft config: opid_index: 2 OBSOLETE_local: false peers { permanent_uuid: "5a8b3ae0dbcb475587fa8f8f649687b2" member_type: VOTER last_known_addr { host: "127.3.0.65" port: 41343 } } peers { permanent_uuid: "78bf19bf12b1492090ffed834f9e3608" member_type: VOTER last_known_addr { host: "127.3.0.66" port: 38521 } attrs { replace: true } } peers { permanent_uuid: "35e15c4222f54902898d37282c7637be" member_type: VOTER last_known_addr { host: "127.3.0.67" port: 38341 } } peers { permanent_uuid: "f4b7bc28eee14fd0a4b1c4ee11987d4f" member_type: NON_VOTER last_known_addr { host: "127.3.0.68" port: 32921 } attrs { promote: true } }
I20260710 11:08:26.164057  4822 ts_tablet_manager.cc:1434] T 911d35c8b3e8430f8148cc85cb7ea799 P f4b7bc28eee14fd0a4b1c4ee11987d4f: Time spent starting tablet: real 0.009s	user 0.009s	sys 0.000s
I20260710 11:08:26.164965  4824 tablet_copy_client.cc:806] T 566f3bd91c6549c4a3edcec521e3c8a1 P f4b7bc28eee14fd0a4b1c4ee11987d4f: tablet copy: Starting download of 0 data blocks...
I20260710 11:08:26.166286  4824 tablet_copy_client.cc:670] T 566f3bd91c6549c4a3edcec521e3c8a1 P f4b7bc28eee14fd0a4b1c4ee11987d4f: tablet copy: Starting download of 1 WAL segments...
I20260710 11:08:26.166311  4363 tablet_copy_service.cc:342] P 35e15c4222f54902898d37282c7637be: Request end of tablet copy session f4b7bc28eee14fd0a4b1c4ee11987d4f-911d35c8b3e8430f8148cc85cb7ea799 received from {username='slave'} at 127.0.0.1:51536
I20260710 11:08:26.166896  4363 tablet_copy_service.cc:434] P 35e15c4222f54902898d37282c7637be: ending tablet copy session f4b7bc28eee14fd0a4b1c4ee11987d4f-911d35c8b3e8430f8148cc85cb7ea799 on tablet 911d35c8b3e8430f8148cc85cb7ea799 with peer f4b7bc28eee14fd0a4b1c4ee11987d4f
I20260710 11:08:26.170137  4824 tablet_copy_client.cc:538] T 566f3bd91c6549c4a3edcec521e3c8a1 P f4b7bc28eee14fd0a4b1c4ee11987d4f: tablet copy: Tablet Copy complete. Replacing tablet superblock.
I20260710 11:08:26.178018  4824 tablet_bootstrap.cc:492] T 566f3bd91c6549c4a3edcec521e3c8a1 P f4b7bc28eee14fd0a4b1c4ee11987d4f: Bootstrap starting.
I20260710 11:08:26.194271  4824 tablet_bootstrap.cc:492] T 566f3bd91c6549c4a3edcec521e3c8a1 P f4b7bc28eee14fd0a4b1c4ee11987d4f: Bootstrap replayed 1/1 log segments. Stats: ops{read=2 overwritten=0 applied=2 ignored=0} inserts{seen=0 ignored=0} mutations{seen=0 ignored=0} orphaned_commits=0. Pending: 0 replicates
I20260710 11:08:26.195098  4824 tablet_bootstrap.cc:492] T 566f3bd91c6549c4a3edcec521e3c8a1 P f4b7bc28eee14fd0a4b1c4ee11987d4f: Bootstrap complete.
I20260710 11:08:26.195715  4824 ts_tablet_manager.cc:1403] T 566f3bd91c6549c4a3edcec521e3c8a1 P f4b7bc28eee14fd0a4b1c4ee11987d4f: Time spent bootstrapping tablet: real 0.018s	user 0.011s	sys 0.005s
I20260710 11:08:26.198379  4824 raft_consensus.cc:359] T 566f3bd91c6549c4a3edcec521e3c8a1 P f4b7bc28eee14fd0a4b1c4ee11987d4f [term 1 LEARNER]: Replica starting. Triggering 0 pending ops. Active config: opid_index: 2 OBSOLETE_local: false peers { permanent_uuid: "5a8b3ae0dbcb475587fa8f8f649687b2" member_type: VOTER last_known_addr { host: "127.3.0.65" port: 41343 } attrs { replace: true } } peers { permanent_uuid: "78bf19bf12b1492090ffed834f9e3608" member_type: VOTER last_known_addr { host: "127.3.0.66" port: 38521 } } peers { permanent_uuid: "35e15c4222f54902898d37282c7637be" member_type: VOTER last_known_addr { host: "127.3.0.67" port: 38341 } } peers { permanent_uuid: "f4b7bc28eee14fd0a4b1c4ee11987d4f" member_type: NON_VOTER last_known_addr { host: "127.3.0.68" port: 32921 } attrs { promote: true } }
I20260710 11:08:26.199188  4824 raft_consensus.cc:740] T 566f3bd91c6549c4a3edcec521e3c8a1 P f4b7bc28eee14fd0a4b1c4ee11987d4f [term 1 LEARNER]: Becoming Follower/Learner. State: Replica: f4b7bc28eee14fd0a4b1c4ee11987d4f, State: Initialized, Role: LEARNER
I20260710 11:08:26.199898  4822 ts_tablet_manager.cc:933] T 45645532eac7411fb6f7f68ea9618249 P f4b7bc28eee14fd0a4b1c4ee11987d4f: Initiating tablet copy from peer 78bf19bf12b1492090ffed834f9e3608 (127.3.0.66:38521)
I20260710 11:08:26.199941  4824 consensus_queue.cc:260] T 566f3bd91c6549c4a3edcec521e3c8a1 P f4b7bc28eee14fd0a4b1c4ee11987d4f [NON_LEADER]: Queue going to NON_LEADER mode. State: All replicated index: 0, Majority replicated index: 0, Committed index: 2, Last appended: 1.2, Last appended by leader: 2, Current term: 0, Majority size: -1, State: 0, Mode: NON_LEADER, active raft config: opid_index: 2 OBSOLETE_local: false peers { permanent_uuid: "5a8b3ae0dbcb475587fa8f8f649687b2" member_type: VOTER last_known_addr { host: "127.3.0.65" port: 41343 } attrs { replace: true } } peers { permanent_uuid: "78bf19bf12b1492090ffed834f9e3608" member_type: VOTER last_known_addr { host: "127.3.0.66" port: 38521 } } peers { permanent_uuid: "35e15c4222f54902898d37282c7637be" member_type: VOTER last_known_addr { host: "127.3.0.67" port: 38341 } } peers { permanent_uuid: "f4b7bc28eee14fd0a4b1c4ee11987d4f" member_type: NON_VOTER last_known_addr { host: "127.3.0.68" port: 32921 } attrs { promote: true } }
I20260710 11:08:26.202548  4824 ts_tablet_manager.cc:1434] T 566f3bd91c6549c4a3edcec521e3c8a1 P f4b7bc28eee14fd0a4b1c4ee11987d4f: Time spent starting tablet: real 0.006s	user 0.008s	sys 0.000s
I20260710 11:08:26.204028  4822 tablet_copy_client.cc:323] T 45645532eac7411fb6f7f68ea9618249 P f4b7bc28eee14fd0a4b1c4ee11987d4f: tablet copy: Beginning tablet copy session from remote peer at address 127.3.0.66:38521
I20260710 11:08:26.204667  4363 tablet_copy_service.cc:342] P 35e15c4222f54902898d37282c7637be: Request end of tablet copy session f4b7bc28eee14fd0a4b1c4ee11987d4f-566f3bd91c6549c4a3edcec521e3c8a1 received from {username='slave'} at 127.0.0.1:51536
I20260710 11:08:26.205071  4363 tablet_copy_service.cc:434] P 35e15c4222f54902898d37282c7637be: ending tablet copy session f4b7bc28eee14fd0a4b1c4ee11987d4f-566f3bd91c6549c4a3edcec521e3c8a1 on tablet 566f3bd91c6549c4a3edcec521e3c8a1 with peer f4b7bc28eee14fd0a4b1c4ee11987d4f
I20260710 11:08:26.207980  4290 tablet_copy_service.cc:140] P 78bf19bf12b1492090ffed834f9e3608: Received BeginTabletCopySession request for tablet 45645532eac7411fb6f7f68ea9618249 from peer f4b7bc28eee14fd0a4b1c4ee11987d4f ({username='slave'} at 127.0.0.1:50732)
I20260710 11:08:26.208561  4290 tablet_copy_service.cc:161] P 78bf19bf12b1492090ffed834f9e3608: Beginning new tablet copy session on tablet 45645532eac7411fb6f7f68ea9618249 from peer f4b7bc28eee14fd0a4b1c4ee11987d4f at {username='slave'} at 127.0.0.1:50732: session id = f4b7bc28eee14fd0a4b1c4ee11987d4f-45645532eac7411fb6f7f68ea9618249
I20260710 11:08:26.216322  4290 tablet_copy_source_session.cc:215] T 45645532eac7411fb6f7f68ea9618249 P 78bf19bf12b1492090ffed834f9e3608: Tablet Copy: opened 0 blocks and 1 log segments
I20260710 11:08:26.219295  4822 data_dirs.cc:400] Could only allocate 1 dirs of requested 3 for tablet 45645532eac7411fb6f7f68ea9618249. 1 dirs total, 0 dirs full, 0 dirs failed
I20260710 11:08:26.236737  4822 tablet_copy_client.cc:806] T 45645532eac7411fb6f7f68ea9618249 P f4b7bc28eee14fd0a4b1c4ee11987d4f: tablet copy: Starting download of 0 data blocks...
I20260710 11:08:26.237262  4822 tablet_copy_client.cc:670] T 45645532eac7411fb6f7f68ea9618249 P f4b7bc28eee14fd0a4b1c4ee11987d4f: tablet copy: Starting download of 1 WAL segments...
I20260710 11:08:26.240998  4822 tablet_copy_client.cc:538] T 45645532eac7411fb6f7f68ea9618249 P f4b7bc28eee14fd0a4b1c4ee11987d4f: tablet copy: Tablet Copy complete. Replacing tablet superblock.
I20260710 11:08:26.247062  4822 tablet_bootstrap.cc:492] T 45645532eac7411fb6f7f68ea9618249 P f4b7bc28eee14fd0a4b1c4ee11987d4f: Bootstrap starting.
I20260710 11:08:26.263526  4822 tablet_bootstrap.cc:492] T 45645532eac7411fb6f7f68ea9618249 P f4b7bc28eee14fd0a4b1c4ee11987d4f: Bootstrap replayed 1/1 log segments. Stats: ops{read=2 overwritten=0 applied=2 ignored=0} inserts{seen=0 ignored=0} mutations{seen=0 ignored=0} orphaned_commits=0. Pending: 0 replicates
I20260710 11:08:26.264292  4822 tablet_bootstrap.cc:492] T 45645532eac7411fb6f7f68ea9618249 P f4b7bc28eee14fd0a4b1c4ee11987d4f: Bootstrap complete.
I20260710 11:08:26.264880  4822 ts_tablet_manager.cc:1403] T 45645532eac7411fb6f7f68ea9618249 P f4b7bc28eee14fd0a4b1c4ee11987d4f: Time spent bootstrapping tablet: real 0.018s	user 0.012s	sys 0.004s
I20260710 11:08:26.267295  4822 raft_consensus.cc:359] T 45645532eac7411fb6f7f68ea9618249 P f4b7bc28eee14fd0a4b1c4ee11987d4f [term 1 LEARNER]: Replica starting. Triggering 0 pending ops. Active config: opid_index: 2 OBSOLETE_local: false peers { permanent_uuid: "5a8b3ae0dbcb475587fa8f8f649687b2" member_type: VOTER last_known_addr { host: "127.3.0.65" port: 41343 } } peers { permanent_uuid: "78bf19bf12b1492090ffed834f9e3608" member_type: VOTER last_known_addr { host: "127.3.0.66" port: 38521 } } peers { permanent_uuid: "35e15c4222f54902898d37282c7637be" member_type: VOTER last_known_addr { host: "127.3.0.67" port: 38341 } attrs { replace: true } } peers { permanent_uuid: "f4b7bc28eee14fd0a4b1c4ee11987d4f" member_type: NON_VOTER last_known_addr { host: "127.3.0.68" port: 32921 } attrs { promote: true } }
I20260710 11:08:26.267971  4822 raft_consensus.cc:740] T 45645532eac7411fb6f7f68ea9618249 P f4b7bc28eee14fd0a4b1c4ee11987d4f [term 1 LEARNER]: Becoming Follower/Learner. State: Replica: f4b7bc28eee14fd0a4b1c4ee11987d4f, State: Initialized, Role: LEARNER
I20260710 11:08:26.268646  4822 consensus_queue.cc:260] T 45645532eac7411fb6f7f68ea9618249 P f4b7bc28eee14fd0a4b1c4ee11987d4f [NON_LEADER]: Queue going to NON_LEADER mode. State: All replicated index: 0, Majority replicated index: 0, Committed index: 2, Last appended: 1.2, Last appended by leader: 2, Current term: 0, Majority size: -1, State: 0, Mode: NON_LEADER, active raft config: opid_index: 2 OBSOLETE_local: false peers { permanent_uuid: "5a8b3ae0dbcb475587fa8f8f649687b2" member_type: VOTER last_known_addr { host: "127.3.0.65" port: 41343 } } peers { permanent_uuid: "78bf19bf12b1492090ffed834f9e3608" member_type: VOTER last_known_addr { host: "127.3.0.66" port: 38521 } } peers { permanent_uuid: "35e15c4222f54902898d37282c7637be" member_type: VOTER last_known_addr { host: "127.3.0.67" port: 38341 } attrs { replace: true } } peers { permanent_uuid: "f4b7bc28eee14fd0a4b1c4ee11987d4f" member_type: NON_VOTER last_known_addr { host: "127.3.0.68" port: 32921 } attrs { promote: true } }
I20260710 11:08:26.271037  4822 ts_tablet_manager.cc:1434] T 45645532eac7411fb6f7f68ea9618249 P f4b7bc28eee14fd0a4b1c4ee11987d4f: Time spent starting tablet: real 0.006s	user 0.008s	sys 0.000s
I20260710 11:08:26.273000  4290 tablet_copy_service.cc:342] P 78bf19bf12b1492090ffed834f9e3608: Request end of tablet copy session f4b7bc28eee14fd0a4b1c4ee11987d4f-45645532eac7411fb6f7f68ea9618249 received from {username='slave'} at 127.0.0.1:50732
I20260710 11:08:26.273428  4290 tablet_copy_service.cc:434] P 78bf19bf12b1492090ffed834f9e3608: ending tablet copy session f4b7bc28eee14fd0a4b1c4ee11987d4f-45645532eac7411fb6f7f68ea9618249 on tablet 45645532eac7411fb6f7f68ea9618249 with peer f4b7bc28eee14fd0a4b1c4ee11987d4f
I20260710 11:08:26.418812  4822 ts_tablet_manager.cc:933] T de3367187928436ea11e42849608603f P f4b7bc28eee14fd0a4b1c4ee11987d4f: Initiating tablet copy from peer 5a8b3ae0dbcb475587fa8f8f649687b2 (127.3.0.65:41343)
I20260710 11:08:26.420887  4822 tablet_copy_client.cc:323] T de3367187928436ea11e42849608603f P f4b7bc28eee14fd0a4b1c4ee11987d4f: tablet copy: Beginning tablet copy session from remote peer at address 127.3.0.65:41343
I20260710 11:08:26.422508  4215 tablet_copy_service.cc:140] P 5a8b3ae0dbcb475587fa8f8f649687b2: Received BeginTabletCopySession request for tablet de3367187928436ea11e42849608603f from peer f4b7bc28eee14fd0a4b1c4ee11987d4f ({username='slave'} at 127.0.0.1:49372)
I20260710 11:08:26.423072  4215 tablet_copy_service.cc:161] P 5a8b3ae0dbcb475587fa8f8f649687b2: Beginning new tablet copy session on tablet de3367187928436ea11e42849608603f from peer f4b7bc28eee14fd0a4b1c4ee11987d4f at {username='slave'} at 127.0.0.1:49372: session id = f4b7bc28eee14fd0a4b1c4ee11987d4f-de3367187928436ea11e42849608603f
I20260710 11:08:26.430981  4215 tablet_copy_source_session.cc:215] T de3367187928436ea11e42849608603f P 5a8b3ae0dbcb475587fa8f8f649687b2: Tablet Copy: opened 0 blocks and 1 log segments
I20260710 11:08:26.434633  4822 data_dirs.cc:400] Could only allocate 1 dirs of requested 3 for tablet de3367187928436ea11e42849608603f. 1 dirs total, 0 dirs full, 0 dirs failed
I20260710 11:08:26.453869  4822 tablet_copy_client.cc:806] T de3367187928436ea11e42849608603f P f4b7bc28eee14fd0a4b1c4ee11987d4f: tablet copy: Starting download of 0 data blocks...
I20260710 11:08:26.454617  4822 tablet_copy_client.cc:670] T de3367187928436ea11e42849608603f P f4b7bc28eee14fd0a4b1c4ee11987d4f: tablet copy: Starting download of 1 WAL segments...
I20260710 11:08:26.459179  4822 tablet_copy_client.cc:538] T de3367187928436ea11e42849608603f P f4b7bc28eee14fd0a4b1c4ee11987d4f: tablet copy: Tablet Copy complete. Replacing tablet superblock.
I20260710 11:08:26.466099  4822 tablet_bootstrap.cc:492] T de3367187928436ea11e42849608603f P f4b7bc28eee14fd0a4b1c4ee11987d4f: Bootstrap starting.
I20260710 11:08:26.482100  4822 tablet_bootstrap.cc:492] T de3367187928436ea11e42849608603f P f4b7bc28eee14fd0a4b1c4ee11987d4f: Bootstrap replayed 1/1 log segments. Stats: ops{read=2 overwritten=0 applied=2 ignored=0} inserts{seen=0 ignored=0} mutations{seen=0 ignored=0} orphaned_commits=0. Pending: 0 replicates
I20260710 11:08:26.482947  4822 tablet_bootstrap.cc:492] T de3367187928436ea11e42849608603f P f4b7bc28eee14fd0a4b1c4ee11987d4f: Bootstrap complete.
I20260710 11:08:26.483548  4822 ts_tablet_manager.cc:1403] T de3367187928436ea11e42849608603f P f4b7bc28eee14fd0a4b1c4ee11987d4f: Time spent bootstrapping tablet: real 0.018s	user 0.015s	sys 0.000s
I20260710 11:08:26.486234  4822 raft_consensus.cc:359] T de3367187928436ea11e42849608603f P f4b7bc28eee14fd0a4b1c4ee11987d4f [term 1 LEARNER]: Replica starting. Triggering 0 pending ops. Active config: opid_index: 2 OBSOLETE_local: false peers { permanent_uuid: "5a8b3ae0dbcb475587fa8f8f649687b2" member_type: VOTER last_known_addr { host: "127.3.0.65" port: 41343 } } peers { permanent_uuid: "78bf19bf12b1492090ffed834f9e3608" member_type: VOTER last_known_addr { host: "127.3.0.66" port: 38521 } attrs { replace: true } } peers { permanent_uuid: "35e15c4222f54902898d37282c7637be" member_type: VOTER last_known_addr { host: "127.3.0.67" port: 38341 } } peers { permanent_uuid: "f4b7bc28eee14fd0a4b1c4ee11987d4f" member_type: NON_VOTER last_known_addr { host: "127.3.0.68" port: 32921 } attrs { promote: true } }
I20260710 11:08:26.486956  4822 raft_consensus.cc:740] T de3367187928436ea11e42849608603f P f4b7bc28eee14fd0a4b1c4ee11987d4f [term 1 LEARNER]: Becoming Follower/Learner. State: Replica: f4b7bc28eee14fd0a4b1c4ee11987d4f, State: Initialized, Role: LEARNER
I20260710 11:08:26.487444  4822 consensus_queue.cc:260] T de3367187928436ea11e42849608603f P f4b7bc28eee14fd0a4b1c4ee11987d4f [NON_LEADER]: Queue going to NON_LEADER mode. State: All replicated index: 0, Majority replicated index: 0, Committed index: 2, Last appended: 1.2, Last appended by leader: 2, Current term: 0, Majority size: -1, State: 0, Mode: NON_LEADER, active raft config: opid_index: 2 OBSOLETE_local: false peers { permanent_uuid: "5a8b3ae0dbcb475587fa8f8f649687b2" member_type: VOTER last_known_addr { host: "127.3.0.65" port: 41343 } } peers { permanent_uuid: "78bf19bf12b1492090ffed834f9e3608" member_type: VOTER last_known_addr { host: "127.3.0.66" port: 38521 } attrs { replace: true } } peers { permanent_uuid: "35e15c4222f54902898d37282c7637be" member_type: VOTER last_known_addr { host: "127.3.0.67" port: 38341 } } peers { permanent_uuid: "f4b7bc28eee14fd0a4b1c4ee11987d4f" member_type: NON_VOTER last_known_addr { host: "127.3.0.68" port: 32921 } attrs { promote: true } }
I20260710 11:08:26.489573  4822 ts_tablet_manager.cc:1434] T de3367187928436ea11e42849608603f P f4b7bc28eee14fd0a4b1c4ee11987d4f: Time spent starting tablet: real 0.006s	user 0.004s	sys 0.000s
I20260710 11:08:26.491451  4215 tablet_copy_service.cc:342] P 5a8b3ae0dbcb475587fa8f8f649687b2: Request end of tablet copy session f4b7bc28eee14fd0a4b1c4ee11987d4f-de3367187928436ea11e42849608603f received from {username='slave'} at 127.0.0.1:49372
I20260710 11:08:26.491940  4215 tablet_copy_service.cc:434] P 5a8b3ae0dbcb475587fa8f8f649687b2: ending tablet copy session f4b7bc28eee14fd0a4b1c4ee11987d4f-de3367187928436ea11e42849608603f on tablet de3367187928436ea11e42849608603f with peer f4b7bc28eee14fd0a4b1c4ee11987d4f
I20260710 11:08:26.521409  4625 raft_consensus.cc:1217] T 911d35c8b3e8430f8148cc85cb7ea799 P f4b7bc28eee14fd0a4b1c4ee11987d4f [term 1 LEARNER]: Deduplicated request from leader. Original: 1.1->[1.2-1.2]   Dedup: 1.2->[]
I20260710 11:08:26.694465  4625 raft_consensus.cc:1217] T 45645532eac7411fb6f7f68ea9618249 P f4b7bc28eee14fd0a4b1c4ee11987d4f [term 1 LEARNER]: Deduplicated request from leader. Original: 1.1->[1.2-1.2]   Dedup: 1.2->[]
I20260710 11:08:26.747910  4625 raft_consensus.cc:1217] T 566f3bd91c6549c4a3edcec521e3c8a1 P f4b7bc28eee14fd0a4b1c4ee11987d4f [term 1 LEARNER]: Deduplicated request from leader. Original: 1.1->[1.2-1.2]   Dedup: 1.2->[]
I20260710 11:08:26.973058  4624 raft_consensus.cc:1217] T de3367187928436ea11e42849608603f P f4b7bc28eee14fd0a4b1c4ee11987d4f [term 1 LEARNER]: Deduplicated request from leader. Original: 1.1->[1.2-1.2]   Dedup: 1.2->[]
I20260710 11:08:27.030293  4835 raft_consensus.cc:1064] T 911d35c8b3e8430f8148cc85cb7ea799 P 35e15c4222f54902898d37282c7637be: attempting to promote NON_VOTER f4b7bc28eee14fd0a4b1c4ee11987d4f to VOTER
I20260710 11:08:27.032969  4835 consensus_queue.cc:237] T 911d35c8b3e8430f8148cc85cb7ea799 P 35e15c4222f54902898d37282c7637be [LEADER]: Queue going to LEADER mode. State: All replicated index: 0, Majority replicated index: 2, Committed index: 2, Last appended: 1.2, Last appended by leader: 0, Current term: 1, Majority size: 3, State: 0, Mode: LEADER, active raft config: opid_index: 3 OBSOLETE_local: false peers { permanent_uuid: "5a8b3ae0dbcb475587fa8f8f649687b2" member_type: VOTER last_known_addr { host: "127.3.0.65" port: 41343 } } peers { permanent_uuid: "78bf19bf12b1492090ffed834f9e3608" member_type: VOTER last_known_addr { host: "127.3.0.66" port: 38521 } attrs { replace: true } } peers { permanent_uuid: "35e15c4222f54902898d37282c7637be" member_type: VOTER last_known_addr { host: "127.3.0.67" port: 38341 } } peers { permanent_uuid: "f4b7bc28eee14fd0a4b1c4ee11987d4f" member_type: VOTER last_known_addr { host: "127.3.0.68" port: 32921 } attrs { promote: false } }
I20260710 11:08:27.041788  4204 raft_consensus.cc:1275] T 911d35c8b3e8430f8148cc85cb7ea799 P 5a8b3ae0dbcb475587fa8f8f649687b2 [term 1 FOLLOWER]: Refusing update from remote peer 35e15c4222f54902898d37282c7637be: Log matching property violated. Preceding OpId in replica: term: 1 index: 2. Preceding OpId from leader: term: 1 index: 3. (index mismatch)
I20260710 11:08:27.041791  4624 raft_consensus.cc:1275] T 911d35c8b3e8430f8148cc85cb7ea799 P f4b7bc28eee14fd0a4b1c4ee11987d4f [term 1 LEARNER]: Refusing update from remote peer 35e15c4222f54902898d37282c7637be: Log matching property violated. Preceding OpId in replica: term: 1 index: 2. Preceding OpId from leader: term: 1 index: 3. (index mismatch)
I20260710 11:08:27.042954  4278 raft_consensus.cc:1275] T 911d35c8b3e8430f8148cc85cb7ea799 P 78bf19bf12b1492090ffed834f9e3608 [term 1 FOLLOWER]: Refusing update from remote peer 35e15c4222f54902898d37282c7637be: Log matching property violated. Preceding OpId in replica: term: 1 index: 2. Preceding OpId from leader: term: 1 index: 3. (index mismatch)
I20260710 11:08:27.043817  4835 consensus_queue.cc:1048] T 911d35c8b3e8430f8148cc85cb7ea799 P 35e15c4222f54902898d37282c7637be [LEADER]: Connected to new peer: Peer: permanent_uuid: "5a8b3ae0dbcb475587fa8f8f649687b2" member_type: VOTER last_known_addr { host: "127.3.0.65" port: 41343 }, Status: LMP_MISMATCH, Last received: 0.0, Next index: 3, Last known committed idx: 2, Time since last communication: 0.000s
I20260710 11:08:27.044713  4801 consensus_queue.cc:1048] T 911d35c8b3e8430f8148cc85cb7ea799 P 35e15c4222f54902898d37282c7637be [LEADER]: Connected to new peer: Peer: permanent_uuid: "f4b7bc28eee14fd0a4b1c4ee11987d4f" member_type: VOTER last_known_addr { host: "127.3.0.68" port: 32921 } attrs { promote: false }, Status: LMP_MISMATCH, Last received: 0.0, Next index: 3, Last known committed idx: 2, Time since last communication: 0.000s
I20260710 11:08:27.045756  4779 consensus_queue.cc:1048] T 911d35c8b3e8430f8148cc85cb7ea799 P 35e15c4222f54902898d37282c7637be [LEADER]: Connected to new peer: Peer: permanent_uuid: "78bf19bf12b1492090ffed834f9e3608" member_type: VOTER last_known_addr { host: "127.3.0.66" port: 38521 } attrs { replace: true }, Status: LMP_MISMATCH, Last received: 0.0, Next index: 3, Last known committed idx: 2, Time since last communication: 0.000s
I20260710 11:08:27.057088  4779 raft_consensus.cc:2955] T 911d35c8b3e8430f8148cc85cb7ea799 P 35e15c4222f54902898d37282c7637be [term 1 LEADER]: Committing config change with OpId 1.3: config changed from index 2 to 3, f4b7bc28eee14fd0a4b1c4ee11987d4f (127.3.0.68) changed from NON_VOTER to VOTER. New config: { opid_index: 3 OBSOLETE_local: false peers { permanent_uuid: "5a8b3ae0dbcb475587fa8f8f649687b2" member_type: VOTER last_known_addr { host: "127.3.0.65" port: 41343 } } peers { permanent_uuid: "78bf19bf12b1492090ffed834f9e3608" member_type: VOTER last_known_addr { host: "127.3.0.66" port: 38521 } attrs { replace: true } } peers { permanent_uuid: "35e15c4222f54902898d37282c7637be" member_type: VOTER last_known_addr { host: "127.3.0.67" port: 38341 } } peers { permanent_uuid: "f4b7bc28eee14fd0a4b1c4ee11987d4f" member_type: VOTER last_known_addr { host: "127.3.0.68" port: 32921 } attrs { promote: false } } }
I20260710 11:08:27.058864  4278 raft_consensus.cc:2955] T 911d35c8b3e8430f8148cc85cb7ea799 P 78bf19bf12b1492090ffed834f9e3608 [term 1 FOLLOWER]: Committing config change with OpId 1.3: config changed from index 2 to 3, f4b7bc28eee14fd0a4b1c4ee11987d4f (127.3.0.68) changed from NON_VOTER to VOTER. New config: { opid_index: 3 OBSOLETE_local: false peers { permanent_uuid: "5a8b3ae0dbcb475587fa8f8f649687b2" member_type: VOTER last_known_addr { host: "127.3.0.65" port: 41343 } } peers { permanent_uuid: "78bf19bf12b1492090ffed834f9e3608" member_type: VOTER last_known_addr { host: "127.3.0.66" port: 38521 } attrs { replace: true } } peers { permanent_uuid: "35e15c4222f54902898d37282c7637be" member_type: VOTER last_known_addr { host: "127.3.0.67" port: 38341 } } peers { permanent_uuid: "f4b7bc28eee14fd0a4b1c4ee11987d4f" member_type: VOTER last_known_addr { host: "127.3.0.68" port: 32921 } attrs { promote: false } } }
I20260710 11:08:27.072600  4204 raft_consensus.cc:2955] T 911d35c8b3e8430f8148cc85cb7ea799 P 5a8b3ae0dbcb475587fa8f8f649687b2 [term 1 FOLLOWER]: Committing config change with OpId 1.3: config changed from index 2 to 3, f4b7bc28eee14fd0a4b1c4ee11987d4f (127.3.0.68) changed from NON_VOTER to VOTER. New config: { opid_index: 3 OBSOLETE_local: false peers { permanent_uuid: "5a8b3ae0dbcb475587fa8f8f649687b2" member_type: VOTER last_known_addr { host: "127.3.0.65" port: 41343 } } peers { permanent_uuid: "78bf19bf12b1492090ffed834f9e3608" member_type: VOTER last_known_addr { host: "127.3.0.66" port: 38521 } attrs { replace: true } } peers { permanent_uuid: "35e15c4222f54902898d37282c7637be" member_type: VOTER last_known_addr { host: "127.3.0.67" port: 38341 } } peers { permanent_uuid: "f4b7bc28eee14fd0a4b1c4ee11987d4f" member_type: VOTER last_known_addr { host: "127.3.0.68" port: 32921 } attrs { promote: false } } }
I20260710 11:08:27.075501  4101 catalog_manager.cc:5697] T 911d35c8b3e8430f8148cc85cb7ea799 P 78bf19bf12b1492090ffed834f9e3608 reported cstate change: config changed from index 2 to 3, f4b7bc28eee14fd0a4b1c4ee11987d4f (127.3.0.68) changed from NON_VOTER to VOTER. New cstate: current_term: 1 leader_uuid: "35e15c4222f54902898d37282c7637be" committed_config { opid_index: 3 OBSOLETE_local: false peers { permanent_uuid: "5a8b3ae0dbcb475587fa8f8f649687b2" member_type: VOTER last_known_addr { host: "127.3.0.65" port: 41343 } } peers { permanent_uuid: "78bf19bf12b1492090ffed834f9e3608" member_type: VOTER last_known_addr { host: "127.3.0.66" port: 38521 } attrs { replace: true } } peers { permanent_uuid: "35e15c4222f54902898d37282c7637be" member_type: VOTER last_known_addr { host: "127.3.0.67" port: 38341 } } peers { permanent_uuid: "f4b7bc28eee14fd0a4b1c4ee11987d4f" member_type: VOTER last_known_addr { host: "127.3.0.68" port: 32921 } attrs { promote: false } } }
I20260710 11:08:27.083843  4624 raft_consensus.cc:2955] T 911d35c8b3e8430f8148cc85cb7ea799 P f4b7bc28eee14fd0a4b1c4ee11987d4f [term 1 FOLLOWER]: Committing config change with OpId 1.3: config changed from index 2 to 3, f4b7bc28eee14fd0a4b1c4ee11987d4f (127.3.0.68) changed from NON_VOTER to VOTER. New config: { opid_index: 3 OBSOLETE_local: false peers { permanent_uuid: "5a8b3ae0dbcb475587fa8f8f649687b2" member_type: VOTER last_known_addr { host: "127.3.0.65" port: 41343 } } peers { permanent_uuid: "78bf19bf12b1492090ffed834f9e3608" member_type: VOTER last_known_addr { host: "127.3.0.66" port: 38521 } attrs { replace: true } } peers { permanent_uuid: "35e15c4222f54902898d37282c7637be" member_type: VOTER last_known_addr { host: "127.3.0.67" port: 38341 } } peers { permanent_uuid: "f4b7bc28eee14fd0a4b1c4ee11987d4f" member_type: VOTER last_known_addr { host: "127.3.0.68" port: 32921 } attrs { promote: false } } }
I20260710 11:08:27.111871  4348 consensus_queue.cc:237] T 911d35c8b3e8430f8148cc85cb7ea799 P 35e15c4222f54902898d37282c7637be [LEADER]: Queue going to LEADER mode. State: All replicated index: 0, Majority replicated index: 3, Committed index: 3, Last appended: 1.3, Last appended by leader: 0, Current term: 1, Majority size: 2, State: 0, Mode: LEADER, active raft config: opid_index: 4 OBSOLETE_local: false peers { permanent_uuid: "5a8b3ae0dbcb475587fa8f8f649687b2" member_type: VOTER last_known_addr { host: "127.3.0.65" port: 41343 } } peers { permanent_uuid: "35e15c4222f54902898d37282c7637be" member_type: VOTER last_known_addr { host: "127.3.0.67" port: 38341 } } peers { permanent_uuid: "f4b7bc28eee14fd0a4b1c4ee11987d4f" member_type: VOTER last_known_addr { host: "127.3.0.68" port: 32921 } attrs { promote: false } }
I20260710 11:08:27.119697  4624 raft_consensus.cc:1275] T 911d35c8b3e8430f8148cc85cb7ea799 P f4b7bc28eee14fd0a4b1c4ee11987d4f [term 1 FOLLOWER]: Refusing update from remote peer 35e15c4222f54902898d37282c7637be: Log matching property violated. Preceding OpId in replica: term: 1 index: 3. Preceding OpId from leader: term: 1 index: 4. (index mismatch)
I20260710 11:08:27.123004  4204 raft_consensus.cc:1275] T 911d35c8b3e8430f8148cc85cb7ea799 P 5a8b3ae0dbcb475587fa8f8f649687b2 [term 1 FOLLOWER]: Refusing update from remote peer 35e15c4222f54902898d37282c7637be: Log matching property violated. Preceding OpId in replica: term: 1 index: 3. Preceding OpId from leader: term: 1 index: 4. (index mismatch)
