I20260710 11:08:08.434796 30347 tablet_service.cc:2044] Received Run Leader Election RPC: tablet_id: "332347bc58f64591a0914b48214618f0"
dest_uuid: "f8083285dce1454d8dbe7427104b707a"
 from {username='slave'} at 127.0.0.1:54494
I20260710 11:08:08.435281 30347 raft_consensus.cc:493] T 332347bc58f64591a0914b48214618f0 P f8083285dce1454d8dbe7427104b707a [term 3 FOLLOWER]: Starting forced leader election (received explicit request)
I20260710 11:08:08.435606 30347 raft_consensus.cc:3060] T 332347bc58f64591a0914b48214618f0 P f8083285dce1454d8dbe7427104b707a [term 3 FOLLOWER]: Advancing to term 4
I20260710 11:08:08.440202 30347 raft_consensus.cc:515] T 332347bc58f64591a0914b48214618f0 P f8083285dce1454d8dbe7427104b707a [term 4 FOLLOWER]: Starting forced leader election with config: opid_index: -1 OBSOLETE_local: false peers { permanent_uuid: "f8083285dce1454d8dbe7427104b707a" member_type: VOTER last_known_addr { host: "127.29.4.129" port: 46207 } } peers { permanent_uuid: "3c6454a2ae514df8892c2fb5ba6484f7" member_type: VOTER last_known_addr { host: "127.29.4.130" port: 38793 } } peers { permanent_uuid: "a1f1c47a96d4459eb86c000b4cdce900" member_type: VOTER last_known_addr { host: "127.29.4.131" port: 42821 } }
I20260710 11:08:08.441848 30347 leader_election.cc:290] T 332347bc58f64591a0914b48214618f0 P f8083285dce1454d8dbe7427104b707a [CANDIDATE]: Term 4 election: Requested vote from peers 3c6454a2ae514df8892c2fb5ba6484f7 (127.29.4.130:38793), a1f1c47a96d4459eb86c000b4cdce900 (127.29.4.131:42821)
I20260710 11:08:08.442770 30422 tablet_service.cc:1917] Received RequestConsensusVote() RPC: tablet_id: "332347bc58f64591a0914b48214618f0" candidate_uuid: "f8083285dce1454d8dbe7427104b707a" candidate_term: 4 candidate_status { last_received { term: 3 index: 3 } } ignore_live_leader: true dest_uuid: "3c6454a2ae514df8892c2fb5ba6484f7"
I20260710 11:08:08.443385 30422 raft_consensus.cc:3060] T 332347bc58f64591a0914b48214618f0 P 3c6454a2ae514df8892c2fb5ba6484f7 [term 3 FOLLOWER]: Advancing to term 4
I20260710 11:08:08.443372 30496 tablet_service.cc:1917] Received RequestConsensusVote() RPC: tablet_id: "332347bc58f64591a0914b48214618f0" candidate_uuid: "f8083285dce1454d8dbe7427104b707a" candidate_term: 4 candidate_status { last_received { term: 3 index: 3 } } ignore_live_leader: true dest_uuid: "a1f1c47a96d4459eb86c000b4cdce900"
I20260710 11:08:08.444062 30496 raft_consensus.cc:3055] T 332347bc58f64591a0914b48214618f0 P a1f1c47a96d4459eb86c000b4cdce900 [term 3 LEADER]: Stepping down as leader of term 3
I20260710 11:08:08.444391 30496 raft_consensus.cc:740] T 332347bc58f64591a0914b48214618f0 P a1f1c47a96d4459eb86c000b4cdce900 [term 3 LEADER]: Becoming Follower/Learner. State: Replica: a1f1c47a96d4459eb86c000b4cdce900, State: Running, Role: LEADER
I20260710 11:08:08.445182 30496 consensus_queue.cc:260] T 332347bc58f64591a0914b48214618f0 P a1f1c47a96d4459eb86c000b4cdce900 [NON_LEADER]: Queue going to NON_LEADER mode. State: All replicated index: 0, Majority replicated index: 3, Committed index: 3, Last appended: 3.3, Last appended by leader: 3, Current term: 3, Majority size: -1, State: 0, Mode: NON_LEADER, active raft config: opid_index: -1 OBSOLETE_local: false peers { permanent_uuid: "f8083285dce1454d8dbe7427104b707a" member_type: VOTER last_known_addr { host: "127.29.4.129" port: 46207 } } peers { permanent_uuid: "3c6454a2ae514df8892c2fb5ba6484f7" member_type: VOTER last_known_addr { host: "127.29.4.130" port: 38793 } } peers { permanent_uuid: "a1f1c47a96d4459eb86c000b4cdce900" member_type: VOTER last_known_addr { host: "127.29.4.131" port: 42821 } }
I20260710 11:08:08.446509 30496 raft_consensus.cc:3060] T 332347bc58f64591a0914b48214618f0 P a1f1c47a96d4459eb86c000b4cdce900 [term 3 FOLLOWER]: Advancing to term 4
I20260710 11:08:08.450649 30422 raft_consensus.cc:2468] T 332347bc58f64591a0914b48214618f0 P 3c6454a2ae514df8892c2fb5ba6484f7 [term 4 FOLLOWER]: Leader election vote request: Granting yes vote for candidate f8083285dce1454d8dbe7427104b707a in term 4.
I20260710 11:08:08.451982 30314 leader_election.cc:304] T 332347bc58f64591a0914b48214618f0 P f8083285dce1454d8dbe7427104b707a [CANDIDATE]: Term 4 election: Election decided. Result: candidate won. Election summary: received 2 responses out of 3 voters: 2 yes votes; 0 no votes. yes voters: 3c6454a2ae514df8892c2fb5ba6484f7, f8083285dce1454d8dbe7427104b707a; no voters: 
I20260710 11:08:08.452699 30637 raft_consensus.cc:2804] T 332347bc58f64591a0914b48214618f0 P f8083285dce1454d8dbe7427104b707a [term 4 FOLLOWER]: Leader election won for term 4
I20260710 11:08:08.453069 30496 raft_consensus.cc:2468] T 332347bc58f64591a0914b48214618f0 P a1f1c47a96d4459eb86c000b4cdce900 [term 4 FOLLOWER]: Leader election vote request: Granting yes vote for candidate f8083285dce1454d8dbe7427104b707a in term 4.
I20260710 11:08:08.453209 30637 raft_consensus.cc:697] T 332347bc58f64591a0914b48214618f0 P f8083285dce1454d8dbe7427104b707a [term 4 LEADER]: Becoming Leader. State: Replica: f8083285dce1454d8dbe7427104b707a, State: Running, Role: LEADER
I20260710 11:08:08.454079 30637 consensus_queue.cc:237] T 332347bc58f64591a0914b48214618f0 P f8083285dce1454d8dbe7427104b707a [LEADER]: Queue going to LEADER mode. State: All replicated index: 0, Majority replicated index: 3, Committed index: 3, Last appended: 3.3, Last appended by leader: 3, Current term: 4, Majority size: 2, State: 0, Mode: LEADER, active raft config: opid_index: -1 OBSOLETE_local: false peers { permanent_uuid: "f8083285dce1454d8dbe7427104b707a" member_type: VOTER last_known_addr { host: "127.29.4.129" port: 46207 } } peers { permanent_uuid: "3c6454a2ae514df8892c2fb5ba6484f7" member_type: VOTER last_known_addr { host: "127.29.4.130" port: 38793 } } peers { permanent_uuid: "a1f1c47a96d4459eb86c000b4cdce900" member_type: VOTER last_known_addr { host: "127.29.4.131" port: 42821 } }
I20260710 11:08:08.459597 30243 catalog_manager.cc:5697] T 332347bc58f64591a0914b48214618f0 P f8083285dce1454d8dbe7427104b707a reported cstate change: term changed from 3 to 4, leader changed from a1f1c47a96d4459eb86c000b4cdce900 (127.29.4.131) to f8083285dce1454d8dbe7427104b707a (127.29.4.129). New cstate: current_term: 4 leader_uuid: "f8083285dce1454d8dbe7427104b707a" committed_config { opid_index: -1 OBSOLETE_local: false peers { permanent_uuid: "f8083285dce1454d8dbe7427104b707a" member_type: VOTER last_known_addr { host: "127.29.4.129" port: 46207 } health_report { overall_health: HEALTHY } } peers { permanent_uuid: "3c6454a2ae514df8892c2fb5ba6484f7" member_type: VOTER last_known_addr { host: "127.29.4.130" port: 38793 } health_report { overall_health: UNKNOWN } } peers { permanent_uuid: "a1f1c47a96d4459eb86c000b4cdce900" member_type: VOTER last_known_addr { host: "127.29.4.131" port: 42821 } health_report { overall_health: UNKNOWN } } }
I20260710 11:08:08.489257 30665 raft_consensus.cc:993] T 42590e1eae9a45fd9ebfe206972d85da P a1f1c47a96d4459eb86c000b4cdce900: : Instructing follower f8083285dce1454d8dbe7427104b707a to start an election
I20260710 11:08:08.489799 30666 raft_consensus.cc:1081] T 42590e1eae9a45fd9ebfe206972d85da P a1f1c47a96d4459eb86c000b4cdce900 [term 2 LEADER]: Signalling peer f8083285dce1454d8dbe7427104b707a to start an election
I20260710 11:08:08.491436 30347 tablet_service.cc:2044] Received Run Leader Election RPC: tablet_id: "42590e1eae9a45fd9ebfe206972d85da"
dest_uuid: "f8083285dce1454d8dbe7427104b707a"
 from {username='slave'} at 127.0.0.1:54494
I20260710 11:08:08.491937 30347 raft_consensus.cc:493] T 42590e1eae9a45fd9ebfe206972d85da P f8083285dce1454d8dbe7427104b707a [term 2 FOLLOWER]: Starting forced leader election (received explicit request)
I20260710 11:08:08.492265 30347 raft_consensus.cc:3060] T 42590e1eae9a45fd9ebfe206972d85da P f8083285dce1454d8dbe7427104b707a [term 2 FOLLOWER]: Advancing to term 3
I20260710 11:08:08.496635 30347 raft_consensus.cc:515] T 42590e1eae9a45fd9ebfe206972d85da P f8083285dce1454d8dbe7427104b707a [term 3 FOLLOWER]: Starting forced leader election with config: opid_index: -1 OBSOLETE_local: false peers { permanent_uuid: "f8083285dce1454d8dbe7427104b707a" member_type: VOTER last_known_addr { host: "127.29.4.129" port: 46207 } } peers { permanent_uuid: "3c6454a2ae514df8892c2fb5ba6484f7" member_type: VOTER last_known_addr { host: "127.29.4.130" port: 38793 } } peers { permanent_uuid: "a1f1c47a96d4459eb86c000b4cdce900" member_type: VOTER last_known_addr { host: "127.29.4.131" port: 42821 } }
I20260710 11:08:08.498123 30347 leader_election.cc:290] T 42590e1eae9a45fd9ebfe206972d85da P f8083285dce1454d8dbe7427104b707a [CANDIDATE]: Term 3 election: Requested vote from peers 3c6454a2ae514df8892c2fb5ba6484f7 (127.29.4.130:38793), a1f1c47a96d4459eb86c000b4cdce900 (127.29.4.131:42821)
I20260710 11:08:08.499116 30422 tablet_service.cc:1917] Received RequestConsensusVote() RPC: tablet_id: "42590e1eae9a45fd9ebfe206972d85da" candidate_uuid: "f8083285dce1454d8dbe7427104b707a" candidate_term: 3 candidate_status { last_received { term: 2 index: 2 } } ignore_live_leader: true dest_uuid: "3c6454a2ae514df8892c2fb5ba6484f7"
I20260710 11:08:08.499225 30496 tablet_service.cc:1917] Received RequestConsensusVote() RPC: tablet_id: "42590e1eae9a45fd9ebfe206972d85da" candidate_uuid: "f8083285dce1454d8dbe7427104b707a" candidate_term: 3 candidate_status { last_received { term: 2 index: 2 } } ignore_live_leader: true dest_uuid: "a1f1c47a96d4459eb86c000b4cdce900"
I20260710 11:08:08.499651 30422 raft_consensus.cc:3060] T 42590e1eae9a45fd9ebfe206972d85da P 3c6454a2ae514df8892c2fb5ba6484f7 [term 2 FOLLOWER]: Advancing to term 3
I20260710 11:08:08.499755 30496 raft_consensus.cc:3055] T 42590e1eae9a45fd9ebfe206972d85da P a1f1c47a96d4459eb86c000b4cdce900 [term 2 LEADER]: Stepping down as leader of term 2
I20260710 11:08:08.500151 30496 raft_consensus.cc:740] T 42590e1eae9a45fd9ebfe206972d85da P a1f1c47a96d4459eb86c000b4cdce900 [term 2 LEADER]: Becoming Follower/Learner. State: Replica: a1f1c47a96d4459eb86c000b4cdce900, State: Running, Role: LEADER
I20260710 11:08:08.500829 30496 consensus_queue.cc:260] T 42590e1eae9a45fd9ebfe206972d85da P a1f1c47a96d4459eb86c000b4cdce900 [NON_LEADER]: Queue going to NON_LEADER mode. State: All replicated index: 0, Majority replicated index: 2, Committed index: 2, Last appended: 2.2, Last appended by leader: 2, Current term: 2, Majority size: -1, State: 0, Mode: NON_LEADER, active raft config: opid_index: -1 OBSOLETE_local: false peers { permanent_uuid: "f8083285dce1454d8dbe7427104b707a" member_type: VOTER last_known_addr { host: "127.29.4.129" port: 46207 } } peers { permanent_uuid: "3c6454a2ae514df8892c2fb5ba6484f7" member_type: VOTER last_known_addr { host: "127.29.4.130" port: 38793 } } peers { permanent_uuid: "a1f1c47a96d4459eb86c000b4cdce900" member_type: VOTER last_known_addr { host: "127.29.4.131" port: 42821 } }
I20260710 11:08:08.501880 30496 raft_consensus.cc:3060] T 42590e1eae9a45fd9ebfe206972d85da P a1f1c47a96d4459eb86c000b4cdce900 [term 2 FOLLOWER]: Advancing to term 3
I20260710 11:08:08.504581 30422 raft_consensus.cc:2468] T 42590e1eae9a45fd9ebfe206972d85da P 3c6454a2ae514df8892c2fb5ba6484f7 [term 3 FOLLOWER]: Leader election vote request: Granting yes vote for candidate f8083285dce1454d8dbe7427104b707a in term 3.
I20260710 11:08:08.505587 30314 leader_election.cc:304] T 42590e1eae9a45fd9ebfe206972d85da P f8083285dce1454d8dbe7427104b707a [CANDIDATE]: Term 3 election: Election decided. Result: candidate won. Election summary: received 2 responses out of 3 voters: 2 yes votes; 0 no votes. yes voters: 3c6454a2ae514df8892c2fb5ba6484f7, f8083285dce1454d8dbe7427104b707a; no voters: 
I20260710 11:08:08.506296 30637 raft_consensus.cc:2804] T 42590e1eae9a45fd9ebfe206972d85da P f8083285dce1454d8dbe7427104b707a [term 3 FOLLOWER]: Leader election won for term 3
I20260710 11:08:08.506649 30496 raft_consensus.cc:2468] T 42590e1eae9a45fd9ebfe206972d85da P a1f1c47a96d4459eb86c000b4cdce900 [term 3 FOLLOWER]: Leader election vote request: Granting yes vote for candidate f8083285dce1454d8dbe7427104b707a in term 3.
I20260710 11:08:08.506681 30637 raft_consensus.cc:697] T 42590e1eae9a45fd9ebfe206972d85da P f8083285dce1454d8dbe7427104b707a [term 3 LEADER]: Becoming Leader. State: Replica: f8083285dce1454d8dbe7427104b707a, State: Running, Role: LEADER
I20260710 11:08:08.507665 30637 consensus_queue.cc:237] T 42590e1eae9a45fd9ebfe206972d85da P f8083285dce1454d8dbe7427104b707a [LEADER]: Queue going to LEADER mode. State: All replicated index: 0, Majority replicated index: 2, Committed index: 2, Last appended: 2.2, Last appended by leader: 2, Current term: 3, Majority size: 2, State: 0, Mode: LEADER, active raft config: opid_index: -1 OBSOLETE_local: false peers { permanent_uuid: "f8083285dce1454d8dbe7427104b707a" member_type: VOTER last_known_addr { host: "127.29.4.129" port: 46207 } } peers { permanent_uuid: "3c6454a2ae514df8892c2fb5ba6484f7" member_type: VOTER last_known_addr { host: "127.29.4.130" port: 38793 } } peers { permanent_uuid: "a1f1c47a96d4459eb86c000b4cdce900" member_type: VOTER last_known_addr { host: "127.29.4.131" port: 42821 } }
I20260710 11:08:08.513846 30243 catalog_manager.cc:5697] T 42590e1eae9a45fd9ebfe206972d85da P f8083285dce1454d8dbe7427104b707a reported cstate change: term changed from 2 to 3, leader changed from a1f1c47a96d4459eb86c000b4cdce900 (127.29.4.131) to f8083285dce1454d8dbe7427104b707a (127.29.4.129). New cstate: current_term: 3 leader_uuid: "f8083285dce1454d8dbe7427104b707a" committed_config { opid_index: -1 OBSOLETE_local: false peers { permanent_uuid: "f8083285dce1454d8dbe7427104b707a" member_type: VOTER last_known_addr { host: "127.29.4.129" port: 46207 } health_report { overall_health: HEALTHY } } peers { permanent_uuid: "3c6454a2ae514df8892c2fb5ba6484f7" member_type: VOTER last_known_addr { host: "127.29.4.130" port: 38793 } health_report { overall_health: UNKNOWN } } peers { permanent_uuid: "a1f1c47a96d4459eb86c000b4cdce900" member_type: VOTER last_known_addr { host: "127.29.4.131" port: 42821 } health_report { overall_health: UNKNOWN } } }
I20260710 11:08:08.612095 30636 raft_consensus.cc:993] T 59e3a530485546d8b38245818e202b2c P 3c6454a2ae514df8892c2fb5ba6484f7: : Instructing follower f8083285dce1454d8dbe7427104b707a to start an election
I20260710 11:08:08.612545 30658 raft_consensus.cc:1081] T 59e3a530485546d8b38245818e202b2c P 3c6454a2ae514df8892c2fb5ba6484f7 [term 1 LEADER]: Signalling peer f8083285dce1454d8dbe7427104b707a to start an election
I20260710 11:08:08.613997 30347 tablet_service.cc:2044] Received Run Leader Election RPC: tablet_id: "59e3a530485546d8b38245818e202b2c"
dest_uuid: "f8083285dce1454d8dbe7427104b707a"
 from {username='slave'} at 127.0.0.1:54492
I20260710 11:08:08.614480 30347 raft_consensus.cc:493] T 59e3a530485546d8b38245818e202b2c P f8083285dce1454d8dbe7427104b707a [term 1 FOLLOWER]: Starting forced leader election (received explicit request)
I20260710 11:08:08.614717 30347 raft_consensus.cc:3060] T 59e3a530485546d8b38245818e202b2c P f8083285dce1454d8dbe7427104b707a [term 1 FOLLOWER]: Advancing to term 2
I20260710 11:08:08.618681 30347 raft_consensus.cc:515] T 59e3a530485546d8b38245818e202b2c P f8083285dce1454d8dbe7427104b707a [term 2 FOLLOWER]: Starting forced leader election with config: opid_index: -1 OBSOLETE_local: false peers { permanent_uuid: "f8083285dce1454d8dbe7427104b707a" member_type: VOTER last_known_addr { host: "127.29.4.129" port: 46207 } } peers { permanent_uuid: "3c6454a2ae514df8892c2fb5ba6484f7" member_type: VOTER last_known_addr { host: "127.29.4.130" port: 38793 } } peers { permanent_uuid: "a1f1c47a96d4459eb86c000b4cdce900" member_type: VOTER last_known_addr { host: "127.29.4.131" port: 42821 } }
I20260710 11:08:08.620096 30347 leader_election.cc:290] T 59e3a530485546d8b38245818e202b2c P f8083285dce1454d8dbe7427104b707a [CANDIDATE]: Term 2 election: Requested vote from peers 3c6454a2ae514df8892c2fb5ba6484f7 (127.29.4.130:38793), a1f1c47a96d4459eb86c000b4cdce900 (127.29.4.131:42821)
I20260710 11:08:08.621039 30422 tablet_service.cc:1917] Received RequestConsensusVote() RPC: tablet_id: "59e3a530485546d8b38245818e202b2c" candidate_uuid: "f8083285dce1454d8dbe7427104b707a" candidate_term: 2 candidate_status { last_received { term: 1 index: 1 } } ignore_live_leader: true dest_uuid: "3c6454a2ae514df8892c2fb5ba6484f7"
I20260710 11:08:08.621418 30496 tablet_service.cc:1917] Received RequestConsensusVote() RPC: tablet_id: "59e3a530485546d8b38245818e202b2c" candidate_uuid: "f8083285dce1454d8dbe7427104b707a" candidate_term: 2 candidate_status { last_received { term: 1 index: 1 } } ignore_live_leader: true dest_uuid: "a1f1c47a96d4459eb86c000b4cdce900"
I20260710 11:08:08.621685 30422 raft_consensus.cc:3055] T 59e3a530485546d8b38245818e202b2c P 3c6454a2ae514df8892c2fb5ba6484f7 [term 1 LEADER]: Stepping down as leader of term 1
I20260710 11:08:08.621968 30496 raft_consensus.cc:3060] T 59e3a530485546d8b38245818e202b2c P a1f1c47a96d4459eb86c000b4cdce900 [term 1 FOLLOWER]: Advancing to term 2
I20260710 11:08:08.622045 30422 raft_consensus.cc:740] T 59e3a530485546d8b38245818e202b2c P 3c6454a2ae514df8892c2fb5ba6484f7 [term 1 LEADER]: Becoming Follower/Learner. State: Replica: 3c6454a2ae514df8892c2fb5ba6484f7, State: Running, Role: LEADER
I20260710 11:08:08.622916 30422 consensus_queue.cc:260] T 59e3a530485546d8b38245818e202b2c P 3c6454a2ae514df8892c2fb5ba6484f7 [NON_LEADER]: Queue going to NON_LEADER mode. State: All replicated index: 0, Majority replicated index: 1, Committed index: 1, Last appended: 1.1, Last appended by leader: 1, Current term: 1, Majority size: -1, State: 0, Mode: NON_LEADER, active raft config: opid_index: -1 OBSOLETE_local: false peers { permanent_uuid: "f8083285dce1454d8dbe7427104b707a" member_type: VOTER last_known_addr { host: "127.29.4.129" port: 46207 } } peers { permanent_uuid: "3c6454a2ae514df8892c2fb5ba6484f7" member_type: VOTER last_known_addr { host: "127.29.4.130" port: 38793 } } peers { permanent_uuid: "a1f1c47a96d4459eb86c000b4cdce900" member_type: VOTER last_known_addr { host: "127.29.4.131" port: 42821 } }
I20260710 11:08:08.624118 30422 raft_consensus.cc:3060] T 59e3a530485546d8b38245818e202b2c P 3c6454a2ae514df8892c2fb5ba6484f7 [term 1 FOLLOWER]: Advancing to term 2
I20260710 11:08:08.628446 30496 raft_consensus.cc:2468] T 59e3a530485546d8b38245818e202b2c P a1f1c47a96d4459eb86c000b4cdce900 [term 2 FOLLOWER]: Leader election vote request: Granting yes vote for candidate f8083285dce1454d8dbe7427104b707a in term 2.
I20260710 11:08:08.629561 30314 leader_election.cc:304] T 59e3a530485546d8b38245818e202b2c P f8083285dce1454d8dbe7427104b707a [CANDIDATE]: Term 2 election: Election decided. Result: candidate won. Election summary: received 2 responses out of 3 voters: 2 yes votes; 0 no votes. yes voters: a1f1c47a96d4459eb86c000b4cdce900, f8083285dce1454d8dbe7427104b707a; no voters: 
I20260710 11:08:08.630357 30637 raft_consensus.cc:2804] T 59e3a530485546d8b38245818e202b2c P f8083285dce1454d8dbe7427104b707a [term 2 FOLLOWER]: Leader election won for term 2
I20260710 11:08:08.630692 30422 raft_consensus.cc:2468] T 59e3a530485546d8b38245818e202b2c P 3c6454a2ae514df8892c2fb5ba6484f7 [term 2 FOLLOWER]: Leader election vote request: Granting yes vote for candidate f8083285dce1454d8dbe7427104b707a in term 2.
I20260710 11:08:08.630810 30637 raft_consensus.cc:697] T 59e3a530485546d8b38245818e202b2c P f8083285dce1454d8dbe7427104b707a [term 2 LEADER]: Becoming Leader. State: Replica: f8083285dce1454d8dbe7427104b707a, State: Running, Role: LEADER
I20260710 11:08:08.631721 30637 consensus_queue.cc:237] T 59e3a530485546d8b38245818e202b2c P f8083285dce1454d8dbe7427104b707a [LEADER]: Queue going to LEADER mode. State: All replicated index: 0, Majority replicated index: 1, Committed index: 1, Last appended: 1.1, Last appended by leader: 1, Current term: 2, Majority size: 2, State: 0, Mode: LEADER, active raft config: opid_index: -1 OBSOLETE_local: false peers { permanent_uuid: "f8083285dce1454d8dbe7427104b707a" member_type: VOTER last_known_addr { host: "127.29.4.129" port: 46207 } } peers { permanent_uuid: "3c6454a2ae514df8892c2fb5ba6484f7" member_type: VOTER last_known_addr { host: "127.29.4.130" port: 38793 } } peers { permanent_uuid: "a1f1c47a96d4459eb86c000b4cdce900" member_type: VOTER last_known_addr { host: "127.29.4.131" port: 42821 } }
I20260710 11:08:08.638934 30243 catalog_manager.cc:5697] T 59e3a530485546d8b38245818e202b2c P f8083285dce1454d8dbe7427104b707a reported cstate change: term changed from 1 to 2, leader changed from 3c6454a2ae514df8892c2fb5ba6484f7 (127.29.4.130) to f8083285dce1454d8dbe7427104b707a (127.29.4.129). New cstate: current_term: 2 leader_uuid: "f8083285dce1454d8dbe7427104b707a" committed_config { opid_index: -1 OBSOLETE_local: false peers { permanent_uuid: "f8083285dce1454d8dbe7427104b707a" member_type: VOTER last_known_addr { host: "127.29.4.129" port: 46207 } health_report { overall_health: HEALTHY } } peers { permanent_uuid: "3c6454a2ae514df8892c2fb5ba6484f7" member_type: VOTER last_known_addr { host: "127.29.4.130" port: 38793 } health_report { overall_health: UNKNOWN } } peers { permanent_uuid: "a1f1c47a96d4459eb86c000b4cdce900" member_type: VOTER last_known_addr { host: "127.29.4.131" port: 42821 } health_report { overall_health: UNKNOWN } } }
I20260710 11:08:08.686197 30496 raft_consensus.cc:1275] T 6c8111237feb4f6586462d1585e82bc2 P a1f1c47a96d4459eb86c000b4cdce900 [term 3 FOLLOWER]: Refusing update from remote peer f8083285dce1454d8dbe7427104b707a: Log matching property violated. Preceding OpId in replica: term: 2 index: 2. Preceding OpId from leader: term: 3 index: 3. (index mismatch)
I20260710 11:08:08.687366 30637 consensus_queue.cc:1048] T 6c8111237feb4f6586462d1585e82bc2 P f8083285dce1454d8dbe7427104b707a [LEADER]: Connected to new peer: Peer: permanent_uuid: "a1f1c47a96d4459eb86c000b4cdce900" member_type: VOTER last_known_addr { host: "127.29.4.131" port: 42821 }, Status: LMP_MISMATCH, Last received: 0.0, Next index: 3, Last known committed idx: 2, Time since last communication: 0.000s
I20260710 11:08:08.698704 30422 raft_consensus.cc:1275] T 6c8111237feb4f6586462d1585e82bc2 P 3c6454a2ae514df8892c2fb5ba6484f7 [term 3 FOLLOWER]: Refusing update from remote peer f8083285dce1454d8dbe7427104b707a: Log matching property violated. Preceding OpId in replica: term: 2 index: 2. Preceding OpId from leader: term: 3 index: 3. (index mismatch)
I20260710 11:08:08.700465 30657 consensus_queue.cc:1048] T 6c8111237feb4f6586462d1585e82bc2 P f8083285dce1454d8dbe7427104b707a [LEADER]: Connected to new peer: Peer: permanent_uuid: "3c6454a2ae514df8892c2fb5ba6484f7" member_type: VOTER last_known_addr { host: "127.29.4.130" port: 38793 }, Status: LMP_MISMATCH, Last received: 0.0, Next index: 3, Last known committed idx: 2, Time since last communication: 0.000s
I20260710 11:08:08.707597 30496 raft_consensus.cc:1275] T b9354e66da3941a68d58a8627141ed23 P a1f1c47a96d4459eb86c000b4cdce900 [term 3 FOLLOWER]: Refusing update from remote peer f8083285dce1454d8dbe7427104b707a: Log matching property violated. Preceding OpId in replica: term: 2 index: 2. Preceding OpId from leader: term: 3 index: 3. (index mismatch)
I20260710 11:08:08.708830 30657 consensus_queue.cc:1048] T b9354e66da3941a68d58a8627141ed23 P f8083285dce1454d8dbe7427104b707a [LEADER]: Connected to new peer: Peer: permanent_uuid: "a1f1c47a96d4459eb86c000b4cdce900" member_type: VOTER last_known_addr { host: "127.29.4.131" port: 42821 }, Status: LMP_MISMATCH, Last received: 0.0, Next index: 3, Last known committed idx: 2, Time since last communication: 0.000s
I20260710 11:08:08.721519 30422 raft_consensus.cc:1275] T b9354e66da3941a68d58a8627141ed23 P 3c6454a2ae514df8892c2fb5ba6484f7 [term 3 FOLLOWER]: Refusing update from remote peer f8083285dce1454d8dbe7427104b707a: Log matching property violated. Preceding OpId in replica: term: 2 index: 2. Preceding OpId from leader: term: 3 index: 3. (index mismatch)
I20260710 11:08:08.723296 30657 consensus_queue.cc:1048] T b9354e66da3941a68d58a8627141ed23 P f8083285dce1454d8dbe7427104b707a [LEADER]: Connected to new peer: Peer: permanent_uuid: "3c6454a2ae514df8892c2fb5ba6484f7" member_type: VOTER last_known_addr { host: "127.29.4.130" port: 38793 }, Status: LMP_MISMATCH, Last received: 0.0, Next index: 3, Last known committed idx: 2, Time since last communication: 0.000s
I20260710 11:08:08.862094 30496 raft_consensus.cc:1275] T 332347bc58f64591a0914b48214618f0 P a1f1c47a96d4459eb86c000b4cdce900 [term 4 FOLLOWER]: Refusing update from remote peer f8083285dce1454d8dbe7427104b707a: Log matching property violated. Preceding OpId in replica: term: 3 index: 3. Preceding OpId from leader: term: 4 index: 4. (index mismatch)
I20260710 11:08:08.863482 30657 consensus_queue.cc:1048] T 332347bc58f64591a0914b48214618f0 P f8083285dce1454d8dbe7427104b707a [LEADER]: Connected to new peer: Peer: permanent_uuid: "a1f1c47a96d4459eb86c000b4cdce900" member_type: VOTER last_known_addr { host: "127.29.4.131" port: 42821 }, Status: LMP_MISMATCH, Last received: 0.0, Next index: 4, Last known committed idx: 3, Time since last communication: 0.000s
I20260710 11:08:08.871459 30421 raft_consensus.cc:1275] T 332347bc58f64591a0914b48214618f0 P 3c6454a2ae514df8892c2fb5ba6484f7 [term 4 FOLLOWER]: Refusing update from remote peer f8083285dce1454d8dbe7427104b707a: Log matching property violated. Preceding OpId in replica: term: 3 index: 3. Preceding OpId from leader: term: 4 index: 4. (index mismatch)
I20260710 11:08:08.873517 30659 consensus_queue.cc:1048] T 332347bc58f64591a0914b48214618f0 P f8083285dce1454d8dbe7427104b707a [LEADER]: Connected to new peer: Peer: permanent_uuid: "3c6454a2ae514df8892c2fb5ba6484f7" member_type: VOTER last_known_addr { host: "127.29.4.130" port: 38793 }, Status: LMP_MISMATCH, Last received: 0.0, Next index: 4, Last known committed idx: 3, Time since last communication: 0.000s
I20260710 11:08:09.003656 30496 raft_consensus.cc:1275] T 42590e1eae9a45fd9ebfe206972d85da P a1f1c47a96d4459eb86c000b4cdce900 [term 3 FOLLOWER]: Refusing update from remote peer f8083285dce1454d8dbe7427104b707a: Log matching property violated. Preceding OpId in replica: term: 2 index: 2. Preceding OpId from leader: term: 3 index: 3. (index mismatch)
I20260710 11:08:09.004753 30659 consensus_queue.cc:1048] T 42590e1eae9a45fd9ebfe206972d85da P f8083285dce1454d8dbe7427104b707a [LEADER]: Connected to new peer: Peer: permanent_uuid: "a1f1c47a96d4459eb86c000b4cdce900" member_type: VOTER last_known_addr { host: "127.29.4.131" port: 42821 }, Status: LMP_MISMATCH, Last received: 0.0, Next index: 3, Last known committed idx: 2, Time since last communication: 0.000s
I20260710 11:08:09.014349 30421 raft_consensus.cc:1275] T 42590e1eae9a45fd9ebfe206972d85da P 3c6454a2ae514df8892c2fb5ba6484f7 [term 3 FOLLOWER]: Refusing update from remote peer f8083285dce1454d8dbe7427104b707a: Log matching property violated. Preceding OpId in replica: term: 2 index: 2. Preceding OpId from leader: term: 3 index: 3. (index mismatch)
I20260710 11:08:09.015625 30677 consensus_queue.cc:1048] T 42590e1eae9a45fd9ebfe206972d85da P f8083285dce1454d8dbe7427104b707a [LEADER]: Connected to new peer: Peer: permanent_uuid: "3c6454a2ae514df8892c2fb5ba6484f7" member_type: VOTER last_known_addr { host: "127.29.4.130" port: 38793 }, Status: LMP_MISMATCH, Last received: 0.0, Next index: 3, Last known committed idx: 2, Time since last communication: 0.000s
I20260710 11:08:09.179216 30421 raft_consensus.cc:1275] T 59e3a530485546d8b38245818e202b2c P 3c6454a2ae514df8892c2fb5ba6484f7 [term 2 FOLLOWER]: Refusing update from remote peer f8083285dce1454d8dbe7427104b707a: Log matching property violated. Preceding OpId in replica: term: 1 index: 1. Preceding OpId from leader: term: 2 index: 2. (index mismatch)
I20260710 11:08:09.180433 30677 consensus_queue.cc:1048] T 59e3a530485546d8b38245818e202b2c P f8083285dce1454d8dbe7427104b707a [LEADER]: Connected to new peer: Peer: permanent_uuid: "3c6454a2ae514df8892c2fb5ba6484f7" member_type: VOTER last_known_addr { host: "127.29.4.130" port: 38793 }, Status: LMP_MISMATCH, Last received: 0.0, Next index: 2, Last known committed idx: 1, Time since last communication: 0.000s
I20260710 11:08:09.181665 30496 raft_consensus.cc:1275] T 59e3a530485546d8b38245818e202b2c P a1f1c47a96d4459eb86c000b4cdce900 [term 2 FOLLOWER]: Refusing update from remote peer f8083285dce1454d8dbe7427104b707a: Log matching property violated. Preceding OpId in replica: term: 1 index: 1. Preceding OpId from leader: term: 2 index: 2. (index mismatch)
I20260710 11:08:09.183143 30677 consensus_queue.cc:1048] T 59e3a530485546d8b38245818e202b2c P f8083285dce1454d8dbe7427104b707a [LEADER]: Connected to new peer: Peer: permanent_uuid: "a1f1c47a96d4459eb86c000b4cdce900" member_type: VOTER last_known_addr { host: "127.29.4.131" port: 42821 }, Status: LMP_MISMATCH, Last received: 0.0, Next index: 2, Last known committed idx: 1, Time since last communication: 0.000s
I20260710 11:08:11.021139 29714 auto_leader_rebalancer.cc:141] leader rebalance for table test-workload
I20260710 11:08:11.029719 30347 tablet_service.cc:2072] Received LeaderStepDown RPC: tablet_id: "3ea54c52c7194dcdac73d82bb609f651"
dest_uuid: "f8083285dce1454d8dbe7427104b707a"
mode: GRACEFUL
new_leader_uuid: "3c6454a2ae514df8892c2fb5ba6484f7"
 from {username='slave'} at 127.0.0.1:54514
I20260710 11:08:11.030381 30347 raft_consensus.cc:606] T 3ea54c52c7194dcdac73d82bb609f651 P f8083285dce1454d8dbe7427104b707a [term 2 LEADER]: Received request to transfer leadership to TS 3c6454a2ae514df8892c2fb5ba6484f7
I20260710 11:08:11.032950 30347 tablet_service.cc:2072] Received LeaderStepDown RPC: tablet_id: "6c8111237feb4f6586462d1585e82bc2"
dest_uuid: "f8083285dce1454d8dbe7427104b707a"
mode: GRACEFUL
new_leader_uuid: "a1f1c47a96d4459eb86c000b4cdce900"
 from {username='slave'} at 127.0.0.1:54514
I20260710 11:08:11.033424 30347 raft_consensus.cc:606] T 6c8111237feb4f6586462d1585e82bc2 P f8083285dce1454d8dbe7427104b707a [term 3 LEADER]: Received request to transfer leadership to TS a1f1c47a96d4459eb86c000b4cdce900
I20260710 11:08:11.035620 30347 tablet_service.cc:2072] Received LeaderStepDown RPC: tablet_id: "b9354e66da3941a68d58a8627141ed23"
dest_uuid: "f8083285dce1454d8dbe7427104b707a"
mode: GRACEFUL
new_leader_uuid: "a1f1c47a96d4459eb86c000b4cdce900"
 from {username='slave'} at 127.0.0.1:54514
I20260710 11:08:11.036058 30347 raft_consensus.cc:606] T b9354e66da3941a68d58a8627141ed23 P f8083285dce1454d8dbe7427104b707a [term 3 LEADER]: Received request to transfer leadership to TS a1f1c47a96d4459eb86c000b4cdce900
I20260710 11:08:11.038237 30347 tablet_service.cc:2072] Received LeaderStepDown RPC: tablet_id: "bc0a9a7c8904484b9df3b870733ba01d"
dest_uuid: "f8083285dce1454d8dbe7427104b707a"
mode: GRACEFUL
new_leader_uuid: "3c6454a2ae514df8892c2fb5ba6484f7"
 from {username='slave'} at 127.0.0.1:54514
I20260710 11:08:11.038658 30347 raft_consensus.cc:606] T bc0a9a7c8904484b9df3b870733ba01d P f8083285dce1454d8dbe7427104b707a [term 2 LEADER]: Received request to transfer leadership to TS 3c6454a2ae514df8892c2fb5ba6484f7
I20260710 11:08:11.039569 29714 auto_leader_rebalancer.cc:452] table: test-workload, leader rebalance finish, leader transfer count: 4
I20260710 11:08:11.040016 29714 auto_leader_rebalancer.cc:527] All tables' leader rebalancing finished this round
I20260710 11:08:11.111963 30685 raft_consensus.cc:993] T 3ea54c52c7194dcdac73d82bb609f651 P f8083285dce1454d8dbe7427104b707a: : Instructing follower 3c6454a2ae514df8892c2fb5ba6484f7 to start an election
I20260710 11:08:11.112568 30686 raft_consensus.cc:1081] T 3ea54c52c7194dcdac73d82bb609f651 P f8083285dce1454d8dbe7427104b707a [term 2 LEADER]: Signalling peer 3c6454a2ae514df8892c2fb5ba6484f7 to start an election
I20260710 11:08:11.114287 30422 tablet_service.cc:2044] Received Run Leader Election RPC: tablet_id: "3ea54c52c7194dcdac73d82bb609f651"
dest_uuid: "3c6454a2ae514df8892c2fb5ba6484f7"
 from {username='slave'} at 127.0.0.1:37336
I20260710 11:08:11.114912 30422 raft_consensus.cc:493] T 3ea54c52c7194dcdac73d82bb609f651 P 3c6454a2ae514df8892c2fb5ba6484f7 [term 2 FOLLOWER]: Starting forced leader election (received explicit request)
I20260710 11:08:11.115348 30422 raft_consensus.cc:3060] T 3ea54c52c7194dcdac73d82bb609f651 P 3c6454a2ae514df8892c2fb5ba6484f7 [term 2 FOLLOWER]: Advancing to term 3
I20260710 11:08:11.121538 30422 raft_consensus.cc:515] T 3ea54c52c7194dcdac73d82bb609f651 P 3c6454a2ae514df8892c2fb5ba6484f7 [term 3 FOLLOWER]: Starting forced leader election with config: opid_index: -1 OBSOLETE_local: false peers { permanent_uuid: "f8083285dce1454d8dbe7427104b707a" member_type: VOTER last_known_addr { host: "127.29.4.129" port: 46207 } } peers { permanent_uuid: "3c6454a2ae514df8892c2fb5ba6484f7" member_type: VOTER last_known_addr { host: "127.29.4.130" port: 38793 } } peers { permanent_uuid: "a1f1c47a96d4459eb86c000b4cdce900" member_type: VOTER last_known_addr { host: "127.29.4.131" port: 42821 } }
I20260710 11:08:11.123662 30422 leader_election.cc:290] T 3ea54c52c7194dcdac73d82bb609f651 P 3c6454a2ae514df8892c2fb5ba6484f7 [CANDIDATE]: Term 3 election: Requested vote from peers f8083285dce1454d8dbe7427104b707a (127.29.4.129:46207), a1f1c47a96d4459eb86c000b4cdce900 (127.29.4.131:42821)
I20260710 11:08:11.124449 30347 tablet_service.cc:1917] Received RequestConsensusVote() RPC: tablet_id: "3ea54c52c7194dcdac73d82bb609f651" candidate_uuid: "3c6454a2ae514df8892c2fb5ba6484f7" candidate_term: 3 candidate_status { last_received { term: 2 index: 2 } } ignore_live_leader: true dest_uuid: "f8083285dce1454d8dbe7427104b707a"
I20260710 11:08:11.125089 30495 tablet_service.cc:1917] Received RequestConsensusVote() RPC: tablet_id: "3ea54c52c7194dcdac73d82bb609f651" candidate_uuid: "3c6454a2ae514df8892c2fb5ba6484f7" candidate_term: 3 candidate_status { last_received { term: 2 index: 2 } } ignore_live_leader: true dest_uuid: "a1f1c47a96d4459eb86c000b4cdce900"
I20260710 11:08:11.125403 30347 raft_consensus.cc:3055] T 3ea54c52c7194dcdac73d82bb609f651 P f8083285dce1454d8dbe7427104b707a [term 2 LEADER]: Stepping down as leader of term 2
I20260710 11:08:11.125660 30495 raft_consensus.cc:3060] T 3ea54c52c7194dcdac73d82bb609f651 P a1f1c47a96d4459eb86c000b4cdce900 [term 2 FOLLOWER]: Advancing to term 3
I20260710 11:08:11.125737 30347 raft_consensus.cc:740] T 3ea54c52c7194dcdac73d82bb609f651 P f8083285dce1454d8dbe7427104b707a [term 2 LEADER]: Becoming Follower/Learner. State: Replica: f8083285dce1454d8dbe7427104b707a, State: Running, Role: LEADER
I20260710 11:08:11.126667 30347 consensus_queue.cc:260] T 3ea54c52c7194dcdac73d82bb609f651 P f8083285dce1454d8dbe7427104b707a [NON_LEADER]: Queue going to NON_LEADER mode. State: All replicated index: 0, Majority replicated index: 2, Committed index: 2, Last appended: 2.2, Last appended by leader: 2, Current term: 2, Majority size: -1, State: 0, Mode: NON_LEADER, active raft config: opid_index: -1 OBSOLETE_local: false peers { permanent_uuid: "f8083285dce1454d8dbe7427104b707a" member_type: VOTER last_known_addr { host: "127.29.4.129" port: 46207 } } peers { permanent_uuid: "3c6454a2ae514df8892c2fb5ba6484f7" member_type: VOTER last_known_addr { host: "127.29.4.130" port: 38793 } } peers { permanent_uuid: "a1f1c47a96d4459eb86c000b4cdce900" member_type: VOTER last_known_addr { host: "127.29.4.131" port: 42821 } }
I20260710 11:08:11.127990 30347 raft_consensus.cc:3060] T 3ea54c52c7194dcdac73d82bb609f651 P f8083285dce1454d8dbe7427104b707a [term 2 FOLLOWER]: Advancing to term 3
I20260710 11:08:11.133248 30495 raft_consensus.cc:2468] T 3ea54c52c7194dcdac73d82bb609f651 P a1f1c47a96d4459eb86c000b4cdce900 [term 3 FOLLOWER]: Leader election vote request: Granting yes vote for candidate 3c6454a2ae514df8892c2fb5ba6484f7 in term 3.
I20260710 11:08:11.134642 30389 leader_election.cc:304] T 3ea54c52c7194dcdac73d82bb609f651 P 3c6454a2ae514df8892c2fb5ba6484f7 [CANDIDATE]: Term 3 election: Election decided. Result: candidate won. Election summary: received 2 responses out of 3 voters: 2 yes votes; 0 no votes. yes voters: 3c6454a2ae514df8892c2fb5ba6484f7, a1f1c47a96d4459eb86c000b4cdce900; no voters: 
I20260710 11:08:11.135087 30347 raft_consensus.cc:2468] T 3ea54c52c7194dcdac73d82bb609f651 P f8083285dce1454d8dbe7427104b707a [term 3 FOLLOWER]: Leader election vote request: Granting yes vote for candidate 3c6454a2ae514df8892c2fb5ba6484f7 in term 3.
I20260710 11:08:11.135504 30658 raft_consensus.cc:2804] T 3ea54c52c7194dcdac73d82bb609f651 P 3c6454a2ae514df8892c2fb5ba6484f7 [term 3 FOLLOWER]: Leader election won for term 3
I20260710 11:08:11.136605 30658 raft_consensus.cc:697] T 3ea54c52c7194dcdac73d82bb609f651 P 3c6454a2ae514df8892c2fb5ba6484f7 [term 3 LEADER]: Becoming Leader. State: Replica: 3c6454a2ae514df8892c2fb5ba6484f7, State: Running, Role: LEADER
I20260710 11:08:11.137681 30658 consensus_queue.cc:237] T 3ea54c52c7194dcdac73d82bb609f651 P 3c6454a2ae514df8892c2fb5ba6484f7 [LEADER]: Queue going to LEADER mode. State: All replicated index: 0, Majority replicated index: 2, Committed index: 2, Last appended: 2.2, Last appended by leader: 2, Current term: 3, Majority size: 2, State: 0, Mode: LEADER, active raft config: opid_index: -1 OBSOLETE_local: false peers { permanent_uuid: "f8083285dce1454d8dbe7427104b707a" member_type: VOTER last_known_addr { host: "127.29.4.129" port: 46207 } } peers { permanent_uuid: "3c6454a2ae514df8892c2fb5ba6484f7" member_type: VOTER last_known_addr { host: "127.29.4.130" port: 38793 } } peers { permanent_uuid: "a1f1c47a96d4459eb86c000b4cdce900" member_type: VOTER last_known_addr { host: "127.29.4.131" port: 42821 } }
I20260710 11:08:11.144783 30243 catalog_manager.cc:5697] T 3ea54c52c7194dcdac73d82bb609f651 P 3c6454a2ae514df8892c2fb5ba6484f7 reported cstate change: term changed from 2 to 3, leader changed from f8083285dce1454d8dbe7427104b707a (127.29.4.129) to 3c6454a2ae514df8892c2fb5ba6484f7 (127.29.4.130). New cstate: current_term: 3 leader_uuid: "3c6454a2ae514df8892c2fb5ba6484f7" committed_config { opid_index: -1 OBSOLETE_local: false peers { permanent_uuid: "f8083285dce1454d8dbe7427104b707a" member_type: VOTER last_known_addr { host: "127.29.4.129" port: 46207 } health_report { overall_health: UNKNOWN } } peers { permanent_uuid: "3c6454a2ae514df8892c2fb5ba6484f7" member_type: VOTER last_known_addr { host: "127.29.4.130" port: 38793 } health_report { overall_health: HEALTHY } } peers { permanent_uuid: "a1f1c47a96d4459eb86c000b4cdce900" member_type: VOTER last_known_addr { host: "127.29.4.131" port: 42821 } health_report { overall_health: UNKNOWN } } }
I20260710 11:08:11.229400 30685 raft_consensus.cc:993] T b9354e66da3941a68d58a8627141ed23 P f8083285dce1454d8dbe7427104b707a: : Instructing follower a1f1c47a96d4459eb86c000b4cdce900 to start an election
I20260710 11:08:11.229923 30686 raft_consensus.cc:1081] T b9354e66da3941a68d58a8627141ed23 P f8083285dce1454d8dbe7427104b707a [term 3 LEADER]: Signalling peer a1f1c47a96d4459eb86c000b4cdce900 to start an election
I20260710 11:08:11.231529 30495 tablet_service.cc:2044] Received Run Leader Election RPC: tablet_id: "b9354e66da3941a68d58a8627141ed23"
dest_uuid: "a1f1c47a96d4459eb86c000b4cdce900"
 from {username='slave'} at 127.0.0.1:46214
I20260710 11:08:11.232008 30495 raft_consensus.cc:493] T b9354e66da3941a68d58a8627141ed23 P a1f1c47a96d4459eb86c000b4cdce900 [term 3 FOLLOWER]: Starting forced leader election (received explicit request)
I20260710 11:08:11.232272 30495 raft_consensus.cc:3060] T b9354e66da3941a68d58a8627141ed23 P a1f1c47a96d4459eb86c000b4cdce900 [term 3 FOLLOWER]: Advancing to term 4
I20260710 11:08:11.236972 30495 raft_consensus.cc:515] T b9354e66da3941a68d58a8627141ed23 P a1f1c47a96d4459eb86c000b4cdce900 [term 4 FOLLOWER]: Starting forced leader election with config: opid_index: -1 OBSOLETE_local: false peers { permanent_uuid: "f8083285dce1454d8dbe7427104b707a" member_type: VOTER last_known_addr { host: "127.29.4.129" port: 46207 } } peers { permanent_uuid: "3c6454a2ae514df8892c2fb5ba6484f7" member_type: VOTER last_known_addr { host: "127.29.4.130" port: 38793 } } peers { permanent_uuid: "a1f1c47a96d4459eb86c000b4cdce900" member_type: VOTER last_known_addr { host: "127.29.4.131" port: 42821 } }
I20260710 11:08:11.238619 30495 leader_election.cc:290] T b9354e66da3941a68d58a8627141ed23 P a1f1c47a96d4459eb86c000b4cdce900 [CANDIDATE]: Term 4 election: Requested vote from peers f8083285dce1454d8dbe7427104b707a (127.29.4.129:46207), 3c6454a2ae514df8892c2fb5ba6484f7 (127.29.4.130:38793)
I20260710 11:08:11.239370 30347 tablet_service.cc:1917] Received RequestConsensusVote() RPC: tablet_id: "b9354e66da3941a68d58a8627141ed23" candidate_uuid: "a1f1c47a96d4459eb86c000b4cdce900" candidate_term: 4 candidate_status { last_received { term: 3 index: 3 } } ignore_live_leader: true dest_uuid: "f8083285dce1454d8dbe7427104b707a"
I20260710 11:08:11.239751 30422 tablet_service.cc:1917] Received RequestConsensusVote() RPC: tablet_id: "b9354e66da3941a68d58a8627141ed23" candidate_uuid: "a1f1c47a96d4459eb86c000b4cdce900" candidate_term: 4 candidate_status { last_received { term: 3 index: 3 } } ignore_live_leader: true dest_uuid: "3c6454a2ae514df8892c2fb5ba6484f7"
I20260710 11:08:11.239940 30347 raft_consensus.cc:3055] T b9354e66da3941a68d58a8627141ed23 P f8083285dce1454d8dbe7427104b707a [term 3 LEADER]: Stepping down as leader of term 3
I20260710 11:08:11.240248 30347 raft_consensus.cc:740] T b9354e66da3941a68d58a8627141ed23 P f8083285dce1454d8dbe7427104b707a [term 3 LEADER]: Becoming Follower/Learner. State: Replica: f8083285dce1454d8dbe7427104b707a, State: Running, Role: LEADER
I20260710 11:08:11.240262 30422 raft_consensus.cc:3060] T b9354e66da3941a68d58a8627141ed23 P 3c6454a2ae514df8892c2fb5ba6484f7 [term 3 FOLLOWER]: Advancing to term 4
I20260710 11:08:11.240869 30347 consensus_queue.cc:260] T b9354e66da3941a68d58a8627141ed23 P f8083285dce1454d8dbe7427104b707a [NON_LEADER]: Queue going to NON_LEADER mode. State: All replicated index: 0, Majority replicated index: 3, Committed index: 3, Last appended: 3.3, Last appended by leader: 3, Current term: 3, Majority size: -1, State: 0, Mode: NON_LEADER, active raft config: opid_index: -1 OBSOLETE_local: false peers { permanent_uuid: "f8083285dce1454d8dbe7427104b707a" member_type: VOTER last_known_addr { host: "127.29.4.129" port: 46207 } } peers { permanent_uuid: "3c6454a2ae514df8892c2fb5ba6484f7" member_type: VOTER last_known_addr { host: "127.29.4.130" port: 38793 } } peers { permanent_uuid: "a1f1c47a96d4459eb86c000b4cdce900" member_type: VOTER last_known_addr { host: "127.29.4.131" port: 42821 } }
I20260710 11:08:11.241766 30347 raft_consensus.cc:3060] T b9354e66da3941a68d58a8627141ed23 P f8083285dce1454d8dbe7427104b707a [term 3 FOLLOWER]: Advancing to term 4
I20260710 11:08:11.244473 30422 raft_consensus.cc:2468] T b9354e66da3941a68d58a8627141ed23 P 3c6454a2ae514df8892c2fb5ba6484f7 [term 4 FOLLOWER]: Leader election vote request: Granting yes vote for candidate a1f1c47a96d4459eb86c000b4cdce900 in term 4.
I20260710 11:08:11.245584 30463 leader_election.cc:304] T b9354e66da3941a68d58a8627141ed23 P a1f1c47a96d4459eb86c000b4cdce900 [CANDIDATE]: Term 4 election: Election decided. Result: candidate won. Election summary: received 2 responses out of 3 voters: 2 yes votes; 0 no votes. yes voters: 3c6454a2ae514df8892c2fb5ba6484f7, a1f1c47a96d4459eb86c000b4cdce900; no voters: 
I20260710 11:08:11.246025 30347 raft_consensus.cc:2468] T b9354e66da3941a68d58a8627141ed23 P f8083285dce1454d8dbe7427104b707a [term 4 FOLLOWER]: Leader election vote request: Granting yes vote for candidate a1f1c47a96d4459eb86c000b4cdce900 in term 4.
I20260710 11:08:11.246512 30666 raft_consensus.cc:2804] T b9354e66da3941a68d58a8627141ed23 P a1f1c47a96d4459eb86c000b4cdce900 [term 4 FOLLOWER]: Leader election won for term 4
I20260710 11:08:11.247802 30666 raft_consensus.cc:697] T b9354e66da3941a68d58a8627141ed23 P a1f1c47a96d4459eb86c000b4cdce900 [term 4 LEADER]: Becoming Leader. State: Replica: a1f1c47a96d4459eb86c000b4cdce900, State: Running, Role: LEADER
I20260710 11:08:11.248660 30666 consensus_queue.cc:237] T b9354e66da3941a68d58a8627141ed23 P a1f1c47a96d4459eb86c000b4cdce900 [LEADER]: Queue going to LEADER mode. State: All replicated index: 0, Majority replicated index: 3, Committed index: 3, Last appended: 3.3, Last appended by leader: 3, Current term: 4, Majority size: 2, State: 0, Mode: LEADER, active raft config: opid_index: -1 OBSOLETE_local: false peers { permanent_uuid: "f8083285dce1454d8dbe7427104b707a" member_type: VOTER last_known_addr { host: "127.29.4.129" port: 46207 } } peers { permanent_uuid: "3c6454a2ae514df8892c2fb5ba6484f7" member_type: VOTER last_known_addr { host: "127.29.4.130" port: 38793 } } peers { permanent_uuid: "a1f1c47a96d4459eb86c000b4cdce900" member_type: VOTER last_known_addr { host: "127.29.4.131" port: 42821 } }
I20260710 11:08:11.255970 30243 catalog_manager.cc:5697] T b9354e66da3941a68d58a8627141ed23 P a1f1c47a96d4459eb86c000b4cdce900 reported cstate change: term changed from 3 to 4, leader changed from f8083285dce1454d8dbe7427104b707a (127.29.4.129) to a1f1c47a96d4459eb86c000b4cdce900 (127.29.4.131). New cstate: current_term: 4 leader_uuid: "a1f1c47a96d4459eb86c000b4cdce900" committed_config { opid_index: -1 OBSOLETE_local: false peers { permanent_uuid: "f8083285dce1454d8dbe7427104b707a" member_type: VOTER last_known_addr { host: "127.29.4.129" port: 46207 } health_report { overall_health: UNKNOWN } } peers { permanent_uuid: "3c6454a2ae514df8892c2fb5ba6484f7" member_type: VOTER last_known_addr { host: "127.29.4.130" port: 38793 } health_report { overall_health: UNKNOWN } } peers { permanent_uuid: "a1f1c47a96d4459eb86c000b4cdce900" member_type: VOTER last_known_addr { host: "127.29.4.131" port: 42821 } health_report { overall_health: HEALTHY } } }
I20260710 11:08:11.421778 30685 raft_consensus.cc:993] T bc0a9a7c8904484b9df3b870733ba01d P f8083285dce1454d8dbe7427104b707a: : Instructing follower 3c6454a2ae514df8892c2fb5ba6484f7 to start an election
I20260710 11:08:11.422279 30686 raft_consensus.cc:1081] T bc0a9a7c8904484b9df3b870733ba01d P f8083285dce1454d8dbe7427104b707a [term 2 LEADER]: Signalling peer 3c6454a2ae514df8892c2fb5ba6484f7 to start an election
I20260710 11:08:11.423666 30422 tablet_service.cc:2044] Received Run Leader Election RPC: tablet_id: "bc0a9a7c8904484b9df3b870733ba01d"
dest_uuid: "3c6454a2ae514df8892c2fb5ba6484f7"
 from {username='slave'} at 127.0.0.1:37336
I20260710 11:08:11.424046 30422 raft_consensus.cc:493] T bc0a9a7c8904484b9df3b870733ba01d P 3c6454a2ae514df8892c2fb5ba6484f7 [term 2 FOLLOWER]: Starting forced leader election (received explicit request)
I20260710 11:08:11.424263 30422 raft_consensus.cc:3060] T bc0a9a7c8904484b9df3b870733ba01d P 3c6454a2ae514df8892c2fb5ba6484f7 [term 2 FOLLOWER]: Advancing to term 3
I20260710 11:08:11.429494 30422 raft_consensus.cc:515] T bc0a9a7c8904484b9df3b870733ba01d P 3c6454a2ae514df8892c2fb5ba6484f7 [term 3 FOLLOWER]: Starting forced leader election with config: opid_index: -1 OBSOLETE_local: false peers { permanent_uuid: "f8083285dce1454d8dbe7427104b707a" member_type: VOTER last_known_addr { host: "127.29.4.129" port: 46207 } } peers { permanent_uuid: "3c6454a2ae514df8892c2fb5ba6484f7" member_type: VOTER last_known_addr { host: "127.29.4.130" port: 38793 } } peers { permanent_uuid: "a1f1c47a96d4459eb86c000b4cdce900" member_type: VOTER last_known_addr { host: "127.29.4.131" port: 42821 } }
I20260710 11:08:11.430845 30422 leader_election.cc:290] T bc0a9a7c8904484b9df3b870733ba01d P 3c6454a2ae514df8892c2fb5ba6484f7 [CANDIDATE]: Term 3 election: Requested vote from peers f8083285dce1454d8dbe7427104b707a (127.29.4.129:46207), a1f1c47a96d4459eb86c000b4cdce900 (127.29.4.131:42821)
I20260710 11:08:11.431957 30347 tablet_service.cc:1917] Received RequestConsensusVote() RPC: tablet_id: "bc0a9a7c8904484b9df3b870733ba01d" candidate_uuid: "3c6454a2ae514df8892c2fb5ba6484f7" candidate_term: 3 candidate_status { last_received { term: 2 index: 2 } } ignore_live_leader: true dest_uuid: "f8083285dce1454d8dbe7427104b707a"
I20260710 11:08:11.432099 30495 tablet_service.cc:1917] Received RequestConsensusVote() RPC: tablet_id: "bc0a9a7c8904484b9df3b870733ba01d" candidate_uuid: "3c6454a2ae514df8892c2fb5ba6484f7" candidate_term: 3 candidate_status { last_received { term: 2 index: 2 } } ignore_live_leader: true dest_uuid: "a1f1c47a96d4459eb86c000b4cdce900"
I20260710 11:08:11.432443 30347 raft_consensus.cc:3055] T bc0a9a7c8904484b9df3b870733ba01d P f8083285dce1454d8dbe7427104b707a [term 2 LEADER]: Stepping down as leader of term 2
I20260710 11:08:11.432606 30495 raft_consensus.cc:3060] T bc0a9a7c8904484b9df3b870733ba01d P a1f1c47a96d4459eb86c000b4cdce900 [term 2 FOLLOWER]: Advancing to term 3
I20260710 11:08:11.432853 30347 raft_consensus.cc:740] T bc0a9a7c8904484b9df3b870733ba01d P f8083285dce1454d8dbe7427104b707a [term 2 LEADER]: Becoming Follower/Learner. State: Replica: f8083285dce1454d8dbe7427104b707a, State: Running, Role: LEADER
I20260710 11:08:11.433648 30347 consensus_queue.cc:260] T bc0a9a7c8904484b9df3b870733ba01d P f8083285dce1454d8dbe7427104b707a [NON_LEADER]: Queue going to NON_LEADER mode. State: All replicated index: 0, Majority replicated index: 2, Committed index: 2, Last appended: 2.2, Last appended by leader: 2, Current term: 2, Majority size: -1, State: 0, Mode: NON_LEADER, active raft config: opid_index: -1 OBSOLETE_local: false peers { permanent_uuid: "f8083285dce1454d8dbe7427104b707a" member_type: VOTER last_known_addr { host: "127.29.4.129" port: 46207 } } peers { permanent_uuid: "3c6454a2ae514df8892c2fb5ba6484f7" member_type: VOTER last_known_addr { host: "127.29.4.130" port: 38793 } } peers { permanent_uuid: "a1f1c47a96d4459eb86c000b4cdce900" member_type: VOTER last_known_addr { host: "127.29.4.131" port: 42821 } }
I20260710 11:08:11.434499 30347 raft_consensus.cc:3060] T bc0a9a7c8904484b9df3b870733ba01d P f8083285dce1454d8dbe7427104b707a [term 2 FOLLOWER]: Advancing to term 3
