I20260710 11:08:35.045663 12480 tablet_bootstrap.cc:492] T 6e0a588f240e4b409732bf586137ea38 P 896f5b67c0f94c7fb494132b7b023fd6: Bootstrap starting.
I20260710 11:08:35.065848 12480 tablet_bootstrap.cc:492] T 6e0a588f240e4b409732bf586137ea38 P 896f5b67c0f94c7fb494132b7b023fd6: Bootstrap replayed 1/1 log segments. Stats: ops{read=2 overwritten=0 applied=2 ignored=0} inserts{seen=0 ignored=0} mutations{seen=0 ignored=0} orphaned_commits=0. Pending: 0 replicates
I20260710 11:08:35.066727 12480 tablet_bootstrap.cc:492] T 6e0a588f240e4b409732bf586137ea38 P 896f5b67c0f94c7fb494132b7b023fd6: Bootstrap complete.
I20260710 11:08:35.067317 12480 ts_tablet_manager.cc:1403] T 6e0a588f240e4b409732bf586137ea38 P 896f5b67c0f94c7fb494132b7b023fd6: Time spent bootstrapping tablet: real 0.022s	user 0.008s	sys 0.011s
I20260710 11:08:35.069882 12480 raft_consensus.cc:359] T 6e0a588f240e4b409732bf586137ea38 P 896f5b67c0f94c7fb494132b7b023fd6 [term 1 LEARNER]: Replica starting. Triggering 0 pending ops. Active config: opid_index: 2 OBSOLETE_local: false peers { permanent_uuid: "d03943c27c3542ae9fa44b53577eb5a1" member_type: VOTER last_known_addr { host: "127.10.83.65" port: 43787 } } peers { permanent_uuid: "62562535c16548049f585a0e6d39963a" member_type: VOTER last_known_addr { host: "127.10.83.66" port: 44043 } attrs { replace: true } } peers { permanent_uuid: "d708b8b5645248a7969e3e74c1232c5d" member_type: VOTER last_known_addr { host: "127.10.83.67" port: 46085 } } peers { permanent_uuid: "896f5b67c0f94c7fb494132b7b023fd6" member_type: NON_VOTER last_known_addr { host: "127.10.83.68" port: 35659 } attrs { promote: true } }
I20260710 11:08:35.070655 12480 raft_consensus.cc:740] T 6e0a588f240e4b409732bf586137ea38 P 896f5b67c0f94c7fb494132b7b023fd6 [term 1 LEARNER]: Becoming Follower/Learner. State: Replica: 896f5b67c0f94c7fb494132b7b023fd6, State: Initialized, Role: LEARNER
I20260710 11:08:35.071347 12480 consensus_queue.cc:260] T 6e0a588f240e4b409732bf586137ea38 P 896f5b67c0f94c7fb494132b7b023fd6 [NON_LEADER]: Queue going to NON_LEADER mode. State: All replicated index: 0, Majority replicated index: 0, Committed index: 2, Last appended: 1.2, Last appended by leader: 2, Current term: 0, Majority size: -1, State: 0, Mode: NON_LEADER, active raft config: opid_index: 2 OBSOLETE_local: false peers { permanent_uuid: "d03943c27c3542ae9fa44b53577eb5a1" member_type: VOTER last_known_addr { host: "127.10.83.65" port: 43787 } } peers { permanent_uuid: "62562535c16548049f585a0e6d39963a" member_type: VOTER last_known_addr { host: "127.10.83.66" port: 44043 } attrs { replace: true } } peers { permanent_uuid: "d708b8b5645248a7969e3e74c1232c5d" member_type: VOTER last_known_addr { host: "127.10.83.67" port: 46085 } } peers { permanent_uuid: "896f5b67c0f94c7fb494132b7b023fd6" member_type: NON_VOTER last_known_addr { host: "127.10.83.68" port: 35659 } attrs { promote: true } }
I20260710 11:08:35.076493 12480 ts_tablet_manager.cc:1434] T 6e0a588f240e4b409732bf586137ea38 P 896f5b67c0f94c7fb494132b7b023fd6: Time spent starting tablet: real 0.008s	user 0.006s	sys 0.005s
I20260710 11:08:35.078392 11744 tablet_copy_service.cc:342] P d03943c27c3542ae9fa44b53577eb5a1: Request end of tablet copy session 896f5b67c0f94c7fb494132b7b023fd6-6e0a588f240e4b409732bf586137ea38 received from {username='slave'} at 127.0.0.1:60334
I20260710 11:08:35.078881 11744 tablet_copy_service.cc:434] P d03943c27c3542ae9fa44b53577eb5a1: ending tablet copy session 896f5b67c0f94c7fb494132b7b023fd6-6e0a588f240e4b409732bf586137ea38 on tablet 6e0a588f240e4b409732bf586137ea38 with peer 896f5b67c0f94c7fb494132b7b023fd6
I20260710 11:08:35.185899 12480 ts_tablet_manager.cc:933] T fad49ef5e94b4f9b87a06fa2e33946aa P 896f5b67c0f94c7fb494132b7b023fd6: Initiating tablet copy from peer 62562535c16548049f585a0e6d39963a (127.10.83.66:44043)
I20260710 11:08:35.187582 12480 tablet_copy_client.cc:323] T fad49ef5e94b4f9b87a06fa2e33946aa P 896f5b67c0f94c7fb494132b7b023fd6: tablet copy: Beginning tablet copy session from remote peer at address 127.10.83.66:44043
I20260710 11:08:35.189553 11820 tablet_copy_service.cc:140] P 62562535c16548049f585a0e6d39963a: Received BeginTabletCopySession request for tablet fad49ef5e94b4f9b87a06fa2e33946aa from peer 896f5b67c0f94c7fb494132b7b023fd6 ({username='slave'} at 127.0.0.1:47076)
I20260710 11:08:35.190125 11820 tablet_copy_service.cc:161] P 62562535c16548049f585a0e6d39963a: Beginning new tablet copy session on tablet fad49ef5e94b4f9b87a06fa2e33946aa from peer 896f5b67c0f94c7fb494132b7b023fd6 at {username='slave'} at 127.0.0.1:47076: session id = 896f5b67c0f94c7fb494132b7b023fd6-fad49ef5e94b4f9b87a06fa2e33946aa
I20260710 11:08:35.197781 11820 tablet_copy_source_session.cc:215] T fad49ef5e94b4f9b87a06fa2e33946aa P 62562535c16548049f585a0e6d39963a: Tablet Copy: opened 0 blocks and 1 log segments
I20260710 11:08:35.200999 12480 data_dirs.cc:400] Could only allocate 1 dirs of requested 3 for tablet fad49ef5e94b4f9b87a06fa2e33946aa. 1 dirs total, 0 dirs full, 0 dirs failed
I20260710 11:08:35.213428 12480 tablet_copy_client.cc:806] T fad49ef5e94b4f9b87a06fa2e33946aa P 896f5b67c0f94c7fb494132b7b023fd6: tablet copy: Starting download of 0 data blocks...
I20260710 11:08:35.214128 12480 tablet_copy_client.cc:670] T fad49ef5e94b4f9b87a06fa2e33946aa P 896f5b67c0f94c7fb494132b7b023fd6: tablet copy: Starting download of 1 WAL segments...
I20260710 11:08:35.218016 12480 tablet_copy_client.cc:538] T fad49ef5e94b4f9b87a06fa2e33946aa P 896f5b67c0f94c7fb494132b7b023fd6: tablet copy: Tablet Copy complete. Replacing tablet superblock.
I20260710 11:08:35.226128 12480 tablet_bootstrap.cc:492] T fad49ef5e94b4f9b87a06fa2e33946aa P 896f5b67c0f94c7fb494132b7b023fd6: Bootstrap starting.
I20260710 11:08:35.243700 12480 tablet_bootstrap.cc:492] T fad49ef5e94b4f9b87a06fa2e33946aa P 896f5b67c0f94c7fb494132b7b023fd6: Bootstrap replayed 1/1 log segments. Stats: ops{read=2 overwritten=0 applied=2 ignored=0} inserts{seen=0 ignored=0} mutations{seen=0 ignored=0} orphaned_commits=0. Pending: 0 replicates
I20260710 11:08:35.244830 12480 tablet_bootstrap.cc:492] T fad49ef5e94b4f9b87a06fa2e33946aa P 896f5b67c0f94c7fb494132b7b023fd6: Bootstrap complete.
I20260710 11:08:35.245636 12480 ts_tablet_manager.cc:1403] T fad49ef5e94b4f9b87a06fa2e33946aa P 896f5b67c0f94c7fb494132b7b023fd6: Time spent bootstrapping tablet: real 0.020s	user 0.012s	sys 0.008s
I20260710 11:08:35.248951 12480 raft_consensus.cc:359] T fad49ef5e94b4f9b87a06fa2e33946aa P 896f5b67c0f94c7fb494132b7b023fd6 [term 1 LEARNER]: Replica starting. Triggering 0 pending ops. Active config: opid_index: 2 OBSOLETE_local: false peers { permanent_uuid: "d03943c27c3542ae9fa44b53577eb5a1" member_type: VOTER last_known_addr { host: "127.10.83.65" port: 43787 } } peers { permanent_uuid: "62562535c16548049f585a0e6d39963a" member_type: VOTER last_known_addr { host: "127.10.83.66" port: 44043 } } peers { permanent_uuid: "d708b8b5645248a7969e3e74c1232c5d" member_type: VOTER last_known_addr { host: "127.10.83.67" port: 46085 } attrs { replace: true } } peers { permanent_uuid: "896f5b67c0f94c7fb494132b7b023fd6" member_type: NON_VOTER last_known_addr { host: "127.10.83.68" port: 35659 } attrs { promote: true } }
I20260710 11:08:35.249792 12480 raft_consensus.cc:740] T fad49ef5e94b4f9b87a06fa2e33946aa P 896f5b67c0f94c7fb494132b7b023fd6 [term 1 LEARNER]: Becoming Follower/Learner. State: Replica: 896f5b67c0f94c7fb494132b7b023fd6, State: Initialized, Role: LEARNER
I20260710 11:08:35.250476 12480 consensus_queue.cc:260] T fad49ef5e94b4f9b87a06fa2e33946aa P 896f5b67c0f94c7fb494132b7b023fd6 [NON_LEADER]: Queue going to NON_LEADER mode. State: All replicated index: 0, Majority replicated index: 0, Committed index: 2, Last appended: 1.2, Last appended by leader: 2, Current term: 0, Majority size: -1, State: 0, Mode: NON_LEADER, active raft config: opid_index: 2 OBSOLETE_local: false peers { permanent_uuid: "d03943c27c3542ae9fa44b53577eb5a1" member_type: VOTER last_known_addr { host: "127.10.83.65" port: 43787 } } peers { permanent_uuid: "62562535c16548049f585a0e6d39963a" member_type: VOTER last_known_addr { host: "127.10.83.66" port: 44043 } } peers { permanent_uuid: "d708b8b5645248a7969e3e74c1232c5d" member_type: VOTER last_known_addr { host: "127.10.83.67" port: 46085 } attrs { replace: true } } peers { permanent_uuid: "896f5b67c0f94c7fb494132b7b023fd6" member_type: NON_VOTER last_known_addr { host: "127.10.83.68" port: 35659 } attrs { promote: true } }
I20260710 11:08:35.252731 12480 ts_tablet_manager.cc:1434] T fad49ef5e94b4f9b87a06fa2e33946aa P 896f5b67c0f94c7fb494132b7b023fd6: Time spent starting tablet: real 0.007s	user 0.003s	sys 0.003s
I20260710 11:08:35.254488 11820 tablet_copy_service.cc:342] P 62562535c16548049f585a0e6d39963a: Request end of tablet copy session 896f5b67c0f94c7fb494132b7b023fd6-fad49ef5e94b4f9b87a06fa2e33946aa received from {username='slave'} at 127.0.0.1:47076
I20260710 11:08:35.254908 11820 tablet_copy_service.cc:434] P 62562535c16548049f585a0e6d39963a: ending tablet copy session 896f5b67c0f94c7fb494132b7b023fd6-fad49ef5e94b4f9b87a06fa2e33946aa on tablet fad49ef5e94b4f9b87a06fa2e33946aa with peer 896f5b67c0f94c7fb494132b7b023fd6
I20260710 11:08:35.625546 12159 raft_consensus.cc:1217] T 6e0a588f240e4b409732bf586137ea38 P 896f5b67c0f94c7fb494132b7b023fd6 [term 1 LEARNER]: Deduplicated request from leader. Original: 1.1->[1.2-1.2]   Dedup: 1.2->[]
I20260710 11:08:35.707005 12159 raft_consensus.cc:1217] T fad49ef5e94b4f9b87a06fa2e33946aa P 896f5b67c0f94c7fb494132b7b023fd6 [term 1 LEARNER]: Deduplicated request from leader. Original: 1.1->[1.2-1.2]   Dedup: 1.2->[]
I20260710 11:08:36.162997 12493 raft_consensus.cc:1064] T 6e0a588f240e4b409732bf586137ea38 P d03943c27c3542ae9fa44b53577eb5a1: attempting to promote NON_VOTER 896f5b67c0f94c7fb494132b7b023fd6 to VOTER
I20260710 11:08:36.165866 12493 consensus_queue.cc:237] T 6e0a588f240e4b409732bf586137ea38 P d03943c27c3542ae9fa44b53577eb5a1 [LEADER]: Queue going to LEADER mode. State: All replicated index: 0, Majority replicated index: 2, Committed index: 2, Last appended: 1.2, Last appended by leader: 0, Current term: 1, Majority size: 3, State: 0, Mode: LEADER, active raft config: opid_index: 3 OBSOLETE_local: false peers { permanent_uuid: "d03943c27c3542ae9fa44b53577eb5a1" member_type: VOTER last_known_addr { host: "127.10.83.65" port: 43787 } } peers { permanent_uuid: "62562535c16548049f585a0e6d39963a" member_type: VOTER last_known_addr { host: "127.10.83.66" port: 44043 } attrs { replace: true } } peers { permanent_uuid: "d708b8b5645248a7969e3e74c1232c5d" member_type: VOTER last_known_addr { host: "127.10.83.67" port: 46085 } } peers { permanent_uuid: "896f5b67c0f94c7fb494132b7b023fd6" member_type: VOTER last_known_addr { host: "127.10.83.68" port: 35659 } attrs { promote: false } }
I20260710 11:08:36.173018 11808 raft_consensus.cc:1275] T 6e0a588f240e4b409732bf586137ea38 P 62562535c16548049f585a0e6d39963a [term 1 FOLLOWER]: Refusing update from remote peer d03943c27c3542ae9fa44b53577eb5a1: Log matching property violated. Preceding OpId in replica: term: 1 index: 2. Preceding OpId from leader: term: 1 index: 3. (index mismatch)
I20260710 11:08:36.174535 11882 raft_consensus.cc:1275] T 6e0a588f240e4b409732bf586137ea38 P d708b8b5645248a7969e3e74c1232c5d [term 1 FOLLOWER]: Refusing update from remote peer d03943c27c3542ae9fa44b53577eb5a1: Log matching property violated. Preceding OpId in replica: term: 1 index: 2. Preceding OpId from leader: term: 1 index: 3. (index mismatch)
I20260710 11:08:36.174495 12496 consensus_queue.cc:1048] T 6e0a588f240e4b409732bf586137ea38 P d03943c27c3542ae9fa44b53577eb5a1 [LEADER]: Connected to new peer: Peer: permanent_uuid: "62562535c16548049f585a0e6d39963a" member_type: VOTER last_known_addr { host: "127.10.83.66" port: 44043 } attrs { replace: true }, Status: LMP_MISMATCH, Last received: 0.0, Next index: 3, Last known committed idx: 2, Time since last communication: 0.000s
I20260710 11:08:36.173067 12159 raft_consensus.cc:1275] T 6e0a588f240e4b409732bf586137ea38 P 896f5b67c0f94c7fb494132b7b023fd6 [term 1 LEARNER]: Refusing update from remote peer d03943c27c3542ae9fa44b53577eb5a1: Log matching property violated. Preceding OpId in replica: term: 1 index: 2. Preceding OpId from leader: term: 1 index: 3. (index mismatch)
I20260710 11:08:36.176076 12493 consensus_queue.cc:1048] T 6e0a588f240e4b409732bf586137ea38 P d03943c27c3542ae9fa44b53577eb5a1 [LEADER]: Connected to new peer: Peer: permanent_uuid: "d708b8b5645248a7969e3e74c1232c5d" member_type: VOTER last_known_addr { host: "127.10.83.67" port: 46085 }, Status: LMP_MISMATCH, Last received: 0.0, Next index: 3, Last known committed idx: 2, Time since last communication: 0.001s
I20260710 11:08:36.177970 12496 consensus_queue.cc:1048] T 6e0a588f240e4b409732bf586137ea38 P d03943c27c3542ae9fa44b53577eb5a1 [LEADER]: Connected to new peer: Peer: permanent_uuid: "896f5b67c0f94c7fb494132b7b023fd6" member_type: VOTER last_known_addr { host: "127.10.83.68" port: 35659 } attrs { promote: false }, Status: LMP_MISMATCH, Last received: 0.0, Next index: 3, Last known committed idx: 2, Time since last communication: 0.000s
I20260710 11:08:36.192117 12424 raft_consensus.cc:1064] T fad49ef5e94b4f9b87a06fa2e33946aa P 62562535c16548049f585a0e6d39963a: attempting to promote NON_VOTER 896f5b67c0f94c7fb494132b7b023fd6 to VOTER
I20260710 11:08:36.194502 12424 consensus_queue.cc:237] T fad49ef5e94b4f9b87a06fa2e33946aa P 62562535c16548049f585a0e6d39963a [LEADER]: Queue going to LEADER mode. State: All replicated index: 0, Majority replicated index: 2, Committed index: 2, Last appended: 1.2, Last appended by leader: 0, Current term: 1, Majority size: 3, State: 0, Mode: LEADER, active raft config: opid_index: 3 OBSOLETE_local: false peers { permanent_uuid: "d03943c27c3542ae9fa44b53577eb5a1" member_type: VOTER last_known_addr { host: "127.10.83.65" port: 43787 } } peers { permanent_uuid: "62562535c16548049f585a0e6d39963a" member_type: VOTER last_known_addr { host: "127.10.83.66" port: 44043 } } peers { permanent_uuid: "d708b8b5645248a7969e3e74c1232c5d" member_type: VOTER last_known_addr { host: "127.10.83.67" port: 46085 } attrs { replace: true } } peers { permanent_uuid: "896f5b67c0f94c7fb494132b7b023fd6" member_type: VOTER last_known_addr { host: "127.10.83.68" port: 35659 } attrs { promote: false } }
I20260710 11:08:36.209849 11882 raft_consensus.cc:1275] T fad49ef5e94b4f9b87a06fa2e33946aa P d708b8b5645248a7969e3e74c1232c5d [term 1 FOLLOWER]: Refusing update from remote peer 62562535c16548049f585a0e6d39963a: Log matching property violated. Preceding OpId in replica: term: 1 index: 2. Preceding OpId from leader: term: 1 index: 3. (index mismatch)
I20260710 11:08:36.212584 12487 consensus_queue.cc:1048] T fad49ef5e94b4f9b87a06fa2e33946aa P 62562535c16548049f585a0e6d39963a [LEADER]: Connected to new peer: Peer: permanent_uuid: "d708b8b5645248a7969e3e74c1232c5d" member_type: VOTER last_known_addr { host: "127.10.83.67" port: 46085 } attrs { replace: true }, Status: LMP_MISMATCH, Last received: 0.0, Next index: 3, Last known committed idx: 2, Time since last communication: 0.000s
I20260710 11:08:36.219903 11881 raft_consensus.cc:2955] T 6e0a588f240e4b409732bf586137ea38 P d708b8b5645248a7969e3e74c1232c5d [term 1 FOLLOWER]: Committing config change with OpId 1.3: config changed from index 2 to 3, 896f5b67c0f94c7fb494132b7b023fd6 (127.10.83.68) changed from NON_VOTER to VOTER. New config: { opid_index: 3 OBSOLETE_local: false peers { permanent_uuid: "d03943c27c3542ae9fa44b53577eb5a1" member_type: VOTER last_known_addr { host: "127.10.83.65" port: 43787 } } peers { permanent_uuid: "62562535c16548049f585a0e6d39963a" member_type: VOTER last_known_addr { host: "127.10.83.66" port: 44043 } attrs { replace: true } } peers { permanent_uuid: "d708b8b5645248a7969e3e74c1232c5d" member_type: VOTER last_known_addr { host: "127.10.83.67" port: 46085 } } peers { permanent_uuid: "896f5b67c0f94c7fb494132b7b023fd6" member_type: VOTER last_known_addr { host: "127.10.83.68" port: 35659 } attrs { promote: false } } }
I20260710 11:08:36.221769 11808 raft_consensus.cc:2955] T 6e0a588f240e4b409732bf586137ea38 P 62562535c16548049f585a0e6d39963a [term 1 FOLLOWER]: Committing config change with OpId 1.3: config changed from index 2 to 3, 896f5b67c0f94c7fb494132b7b023fd6 (127.10.83.68) changed from NON_VOTER to VOTER. New config: { opid_index: 3 OBSOLETE_local: false peers { permanent_uuid: "d03943c27c3542ae9fa44b53577eb5a1" member_type: VOTER last_known_addr { host: "127.10.83.65" port: 43787 } } peers { permanent_uuid: "62562535c16548049f585a0e6d39963a" member_type: VOTER last_known_addr { host: "127.10.83.66" port: 44043 } attrs { replace: true } } peers { permanent_uuid: "d708b8b5645248a7969e3e74c1232c5d" member_type: VOTER last_known_addr { host: "127.10.83.67" port: 46085 } } peers { permanent_uuid: "896f5b67c0f94c7fb494132b7b023fd6" member_type: VOTER last_known_addr { host: "127.10.83.68" port: 35659 } attrs { promote: false } } }
I20260710 11:08:36.221746 12494 raft_consensus.cc:2955] T 6e0a588f240e4b409732bf586137ea38 P d03943c27c3542ae9fa44b53577eb5a1 [term 1 LEADER]: Committing config change with OpId 1.3: config changed from index 2 to 3, 896f5b67c0f94c7fb494132b7b023fd6 (127.10.83.68) changed from NON_VOTER to VOTER. New config: { opid_index: 3 OBSOLETE_local: false peers { permanent_uuid: "d03943c27c3542ae9fa44b53577eb5a1" member_type: VOTER last_known_addr { host: "127.10.83.65" port: 43787 } } peers { permanent_uuid: "62562535c16548049f585a0e6d39963a" member_type: VOTER last_known_addr { host: "127.10.83.66" port: 44043 } attrs { replace: true } } peers { permanent_uuid: "d708b8b5645248a7969e3e74c1232c5d" member_type: VOTER last_known_addr { host: "127.10.83.67" port: 46085 } } peers { permanent_uuid: "896f5b67c0f94c7fb494132b7b023fd6" member_type: VOTER last_known_addr { host: "127.10.83.68" port: 35659 } attrs { promote: false } } }
I20260710 11:08:36.242846 11629 catalog_manager.cc:5697] T 6e0a588f240e4b409732bf586137ea38 P d708b8b5645248a7969e3e74c1232c5d reported cstate change: config changed from index 2 to 3, 896f5b67c0f94c7fb494132b7b023fd6 (127.10.83.68) changed from NON_VOTER to VOTER. New cstate: current_term: 1 leader_uuid: "d03943c27c3542ae9fa44b53577eb5a1" committed_config { opid_index: 3 OBSOLETE_local: false peers { permanent_uuid: "d03943c27c3542ae9fa44b53577eb5a1" member_type: VOTER last_known_addr { host: "127.10.83.65" port: 43787 } } peers { permanent_uuid: "62562535c16548049f585a0e6d39963a" member_type: VOTER last_known_addr { host: "127.10.83.66" port: 44043 } attrs { replace: true } } peers { permanent_uuid: "d708b8b5645248a7969e3e74c1232c5d" member_type: VOTER last_known_addr { host: "127.10.83.67" port: 46085 } } peers { permanent_uuid: "896f5b67c0f94c7fb494132b7b023fd6" member_type: VOTER last_known_addr { host: "127.10.83.68" port: 35659 } attrs { promote: false } } }
I20260710 11:08:36.257872 12159 raft_consensus.cc:2955] T 6e0a588f240e4b409732bf586137ea38 P 896f5b67c0f94c7fb494132b7b023fd6 [term 1 FOLLOWER]: Committing config change with OpId 1.3: config changed from index 2 to 3, 896f5b67c0f94c7fb494132b7b023fd6 (127.10.83.68) changed from NON_VOTER to VOTER. New config: { opid_index: 3 OBSOLETE_local: false peers { permanent_uuid: "d03943c27c3542ae9fa44b53577eb5a1" member_type: VOTER last_known_addr { host: "127.10.83.65" port: 43787 } } peers { permanent_uuid: "62562535c16548049f585a0e6d39963a" member_type: VOTER last_known_addr { host: "127.10.83.66" port: 44043 } attrs { replace: true } } peers { permanent_uuid: "d708b8b5645248a7969e3e74c1232c5d" member_type: VOTER last_known_addr { host: "127.10.83.67" port: 46085 } } peers { permanent_uuid: "896f5b67c0f94c7fb494132b7b023fd6" member_type: VOTER last_known_addr { host: "127.10.83.68" port: 35659 } attrs { promote: false } } }
W20260710 11:08:36.269382 11773 outbound_call.cc:321] RPC callback for RPC call kudu.consensus.ConsensusService.UpdateConsensus -> {remote=127.10.83.65:43787, user_credentials={real_user=slave}} blocked reactor thread for 62050us
I20260710 11:08:36.273042 12158 raft_consensus.cc:1275] T fad49ef5e94b4f9b87a06fa2e33946aa P 896f5b67c0f94c7fb494132b7b023fd6 [term 1 LEARNER]: Refusing update from remote peer 62562535c16548049f585a0e6d39963a: Log matching property violated. Preceding OpId in replica: term: 1 index: 2. Preceding OpId from leader: term: 1 index: 3. (index mismatch)
I20260710 11:08:36.276748 11734 raft_consensus.cc:1275] T fad49ef5e94b4f9b87a06fa2e33946aa P d03943c27c3542ae9fa44b53577eb5a1 [term 1 FOLLOWER]: Refusing update from remote peer 62562535c16548049f585a0e6d39963a: Log matching property violated. Preceding OpId in replica: term: 1 index: 2. Preceding OpId from leader: term: 1 index: 3. (index mismatch)
I20260710 11:08:36.281445 12490 consensus_queue.cc:1048] T fad49ef5e94b4f9b87a06fa2e33946aa P 62562535c16548049f585a0e6d39963a [LEADER]: Connected to new peer: Peer: permanent_uuid: "896f5b67c0f94c7fb494132b7b023fd6" member_type: VOTER last_known_addr { host: "127.10.83.68" port: 35659 } attrs { promote: false }, Status: LMP_MISMATCH, Last received: 0.0, Next index: 3, Last known committed idx: 2, Time since last communication: 0.000s
I20260710 11:08:36.283860 12502 consensus_queue.cc:1048] T fad49ef5e94b4f9b87a06fa2e33946aa P 62562535c16548049f585a0e6d39963a [LEADER]: Connected to new peer: Peer: permanent_uuid: "d03943c27c3542ae9fa44b53577eb5a1" member_type: VOTER last_known_addr { host: "127.10.83.65" port: 43787 }, Status: LMP_MISMATCH, Last received: 0.0, Next index: 3, Last known committed idx: 2, Time since last communication: 0.000s
I20260710 11:08:36.310316 12490 raft_consensus.cc:2955] T fad49ef5e94b4f9b87a06fa2e33946aa P 62562535c16548049f585a0e6d39963a [term 1 LEADER]: Committing config change with OpId 1.3: config changed from index 2 to 3, 896f5b67c0f94c7fb494132b7b023fd6 (127.10.83.68) changed from NON_VOTER to VOTER. New config: { opid_index: 3 OBSOLETE_local: false peers { permanent_uuid: "d03943c27c3542ae9fa44b53577eb5a1" member_type: VOTER last_known_addr { host: "127.10.83.65" port: 43787 } } peers { permanent_uuid: "62562535c16548049f585a0e6d39963a" member_type: VOTER last_known_addr { host: "127.10.83.66" port: 44043 } } peers { permanent_uuid: "d708b8b5645248a7969e3e74c1232c5d" member_type: VOTER last_known_addr { host: "127.10.83.67" port: 46085 } attrs { replace: true } } peers { permanent_uuid: "896f5b67c0f94c7fb494132b7b023fd6" member_type: VOTER last_known_addr { host: "127.10.83.68" port: 35659 } attrs { promote: false } } }
I20260710 11:08:36.315940 12158 raft_consensus.cc:2955] T fad49ef5e94b4f9b87a06fa2e33946aa P 896f5b67c0f94c7fb494132b7b023fd6 [term 1 FOLLOWER]: Committing config change with OpId 1.3: config changed from index 2 to 3, 896f5b67c0f94c7fb494132b7b023fd6 (127.10.83.68) changed from NON_VOTER to VOTER. New config: { opid_index: 3 OBSOLETE_local: false peers { permanent_uuid: "d03943c27c3542ae9fa44b53577eb5a1" member_type: VOTER last_known_addr { host: "127.10.83.65" port: 43787 } } peers { permanent_uuid: "62562535c16548049f585a0e6d39963a" member_type: VOTER last_known_addr { host: "127.10.83.66" port: 44043 } } peers { permanent_uuid: "d708b8b5645248a7969e3e74c1232c5d" member_type: VOTER last_known_addr { host: "127.10.83.67" port: 46085 } attrs { replace: true } } peers { permanent_uuid: "896f5b67c0f94c7fb494132b7b023fd6" member_type: VOTER last_known_addr { host: "127.10.83.68" port: 35659 } attrs { promote: false } } }
I20260710 11:08:36.316710 11732 raft_consensus.cc:2955] T fad49ef5e94b4f9b87a06fa2e33946aa P d03943c27c3542ae9fa44b53577eb5a1 [term 1 FOLLOWER]: Committing config change with OpId 1.3: config changed from index 2 to 3, 896f5b67c0f94c7fb494132b7b023fd6 (127.10.83.68) changed from NON_VOTER to VOTER. New config: { opid_index: 3 OBSOLETE_local: false peers { permanent_uuid: "d03943c27c3542ae9fa44b53577eb5a1" member_type: VOTER last_known_addr { host: "127.10.83.65" port: 43787 } } peers { permanent_uuid: "62562535c16548049f585a0e6d39963a" member_type: VOTER last_known_addr { host: "127.10.83.66" port: 44043 } } peers { permanent_uuid: "d708b8b5645248a7969e3e74c1232c5d" member_type: VOTER last_known_addr { host: "127.10.83.67" port: 46085 } attrs { replace: true } } peers { permanent_uuid: "896f5b67c0f94c7fb494132b7b023fd6" member_type: VOTER last_known_addr { host: "127.10.83.68" port: 35659 } attrs { promote: false } } }
I20260710 11:08:36.324209 11730 consensus_queue.cc:237] T 6e0a588f240e4b409732bf586137ea38 P d03943c27c3542ae9fa44b53577eb5a1 [LEADER]: Queue going to LEADER mode. State: All replicated index: 0, Majority replicated index: 3, Committed index: 3, Last appended: 1.3, Last appended by leader: 0, Current term: 1, Majority size: 2, State: 0, Mode: LEADER, active raft config: opid_index: 4 OBSOLETE_local: false peers { permanent_uuid: "d03943c27c3542ae9fa44b53577eb5a1" member_type: VOTER last_known_addr { host: "127.10.83.65" port: 43787 } } peers { permanent_uuid: "d708b8b5645248a7969e3e74c1232c5d" member_type: VOTER last_known_addr { host: "127.10.83.67" port: 46085 } } peers { permanent_uuid: "896f5b67c0f94c7fb494132b7b023fd6" member_type: VOTER last_known_addr { host: "127.10.83.68" port: 35659 } attrs { promote: false } }
I20260710 11:08:36.332759 11632 catalog_manager.cc:5697] T fad49ef5e94b4f9b87a06fa2e33946aa P 896f5b67c0f94c7fb494132b7b023fd6 reported cstate change: config changed from index 2 to 3, 896f5b67c0f94c7fb494132b7b023fd6 (127.10.83.68) changed from NON_VOTER to VOTER. New cstate: current_term: 1 leader_uuid: "62562535c16548049f585a0e6d39963a" committed_config { opid_index: 3 OBSOLETE_local: false peers { permanent_uuid: "d03943c27c3542ae9fa44b53577eb5a1" member_type: VOTER last_known_addr { host: "127.10.83.65" port: 43787 } } peers { permanent_uuid: "62562535c16548049f585a0e6d39963a" member_type: VOTER last_known_addr { host: "127.10.83.66" port: 44043 } } peers { permanent_uuid: "d708b8b5645248a7969e3e74c1232c5d" member_type: VOTER last_known_addr { host: "127.10.83.67" port: 46085 } attrs { replace: true } } peers { permanent_uuid: "896f5b67c0f94c7fb494132b7b023fd6" member_type: VOTER last_known_addr { host: "127.10.83.68" port: 35659 } attrs { promote: false } } }
I20260710 11:08:36.336328 11881 raft_consensus.cc:1275] T 6e0a588f240e4b409732bf586137ea38 P d708b8b5645248a7969e3e74c1232c5d [term 1 FOLLOWER]: Refusing update from remote peer d03943c27c3542ae9fa44b53577eb5a1: Log matching property violated. Preceding OpId in replica: term: 1 index: 3. Preceding OpId from leader: term: 1 index: 4. (index mismatch)
I20260710 11:08:36.338274 12494 consensus_queue.cc:1048] T 6e0a588f240e4b409732bf586137ea38 P d03943c27c3542ae9fa44b53577eb5a1 [LEADER]: Connected to new peer: Peer: permanent_uuid: "d708b8b5645248a7969e3e74c1232c5d" member_type: VOTER last_known_addr { host: "127.10.83.67" port: 46085 }, Status: LMP_MISMATCH, Last received: 0.0, Next index: 4, Last known committed idx: 3, Time since last communication: 0.000s
I20260710 11:08:36.338020 11881 raft_consensus.cc:2955] T fad49ef5e94b4f9b87a06fa2e33946aa P d708b8b5645248a7969e3e74c1232c5d [term 1 FOLLOWER]: Committing config change with OpId 1.3: config changed from index 2 to 3, 896f5b67c0f94c7fb494132b7b023fd6 (127.10.83.68) changed from NON_VOTER to VOTER. New config: { opid_index: 3 OBSOLETE_local: false peers { permanent_uuid: "d03943c27c3542ae9fa44b53577eb5a1" member_type: VOTER last_known_addr { host: "127.10.83.65" port: 43787 } } peers { permanent_uuid: "62562535c16548049f585a0e6d39963a" member_type: VOTER last_known_addr { host: "127.10.83.66" port: 44043 } } peers { permanent_uuid: "d708b8b5645248a7969e3e74c1232c5d" member_type: VOTER last_known_addr { host: "127.10.83.67" port: 46085 } attrs { replace: true } } peers { permanent_uuid: "896f5b67c0f94c7fb494132b7b023fd6" member_type: VOTER last_known_addr { host: "127.10.83.68" port: 35659 } attrs { promote: false } } }
I20260710 11:08:36.342056 12158 raft_consensus.cc:1275] T 6e0a588f240e4b409732bf586137ea38 P 896f5b67c0f94c7fb494132b7b023fd6 [term 1 FOLLOWER]: Refusing update from remote peer d03943c27c3542ae9fa44b53577eb5a1: Log matching property violated. Preceding OpId in replica: term: 1 index: 3. Preceding OpId from leader: term: 1 index: 4. (index mismatch)
I20260710 11:08:36.343600 12494 consensus_queue.cc:1048] T 6e0a588f240e4b409732bf586137ea38 P d03943c27c3542ae9fa44b53577eb5a1 [LEADER]: Connected to new peer: Peer: permanent_uuid: "896f5b67c0f94c7fb494132b7b023fd6" member_type: VOTER last_known_addr { host: "127.10.83.68" port: 35659 } attrs { promote: false }, Status: LMP_MISMATCH, Last received: 0.0, Next index: 4, Last known committed idx: 3, Time since last communication: 0.000s
I20260710 11:08:36.345274 12496 raft_consensus.cc:2955] T 6e0a588f240e4b409732bf586137ea38 P d03943c27c3542ae9fa44b53577eb5a1 [term 1 LEADER]: Committing config change with OpId 1.4: config changed from index 3 to 4, VOTER 62562535c16548049f585a0e6d39963a (127.10.83.66) evicted. New config: { opid_index: 4 OBSOLETE_local: false peers { permanent_uuid: "d03943c27c3542ae9fa44b53577eb5a1" member_type: VOTER last_known_addr { host: "127.10.83.65" port: 43787 } } peers { permanent_uuid: "d708b8b5645248a7969e3e74c1232c5d" member_type: VOTER last_known_addr { host: "127.10.83.67" port: 46085 } } peers { permanent_uuid: "896f5b67c0f94c7fb494132b7b023fd6" member_type: VOTER last_known_addr { host: "127.10.83.68" port: 35659 } attrs { promote: false } } }
I20260710 11:08:36.346973 11882 raft_consensus.cc:2955] T 6e0a588f240e4b409732bf586137ea38 P d708b8b5645248a7969e3e74c1232c5d [term 1 FOLLOWER]: Committing config change with OpId 1.4: config changed from index 3 to 4, VOTER 62562535c16548049f585a0e6d39963a (127.10.83.66) evicted. New config: { opid_index: 4 OBSOLETE_local: false peers { permanent_uuid: "d03943c27c3542ae9fa44b53577eb5a1" member_type: VOTER last_known_addr { host: "127.10.83.65" port: 43787 } } peers { permanent_uuid: "d708b8b5645248a7969e3e74c1232c5d" member_type: VOTER last_known_addr { host: "127.10.83.67" port: 46085 } } peers { permanent_uuid: "896f5b67c0f94c7fb494132b7b023fd6" member_type: VOTER last_known_addr { host: "127.10.83.68" port: 35659 } attrs { promote: false } } }
I20260710 11:08:36.357229 11617 catalog_manager.cc:5210] ChangeConfig:REMOVE_PEER RPC for tablet 6e0a588f240e4b409732bf586137ea38 with cas_config_opid_index 3: ChangeConfig:REMOVE_PEER succeeded (attempt 1)
I20260710 11:08:36.359609 11808 consensus_queue.cc:237] T fad49ef5e94b4f9b87a06fa2e33946aa P 62562535c16548049f585a0e6d39963a [LEADER]: Queue going to LEADER mode. State: All replicated index: 0, Majority replicated index: 3, Committed index: 3, Last appended: 1.3, Last appended by leader: 0, Current term: 1, Majority size: 2, State: 0, Mode: LEADER, active raft config: opid_index: 4 OBSOLETE_local: false peers { permanent_uuid: "d03943c27c3542ae9fa44b53577eb5a1" member_type: VOTER last_known_addr { host: "127.10.83.65" port: 43787 } } peers { permanent_uuid: "62562535c16548049f585a0e6d39963a" member_type: VOTER last_known_addr { host: "127.10.83.66" port: 44043 } } peers { permanent_uuid: "896f5b67c0f94c7fb494132b7b023fd6" member_type: VOTER last_known_addr { host: "127.10.83.68" port: 35659 } attrs { promote: false } }
I20260710 11:08:36.374343 11632 catalog_manager.cc:5697] T 6e0a588f240e4b409732bf586137ea38 P d03943c27c3542ae9fa44b53577eb5a1 reported cstate change: config changed from index 3 to 4, VOTER 62562535c16548049f585a0e6d39963a (127.10.83.66) evicted. New cstate: current_term: 1 leader_uuid: "d03943c27c3542ae9fa44b53577eb5a1" committed_config { opid_index: 4 OBSOLETE_local: false peers { permanent_uuid: "d03943c27c3542ae9fa44b53577eb5a1" member_type: VOTER last_known_addr { host: "127.10.83.65" port: 43787 } health_report { overall_health: HEALTHY } } peers { permanent_uuid: "d708b8b5645248a7969e3e74c1232c5d" member_type: VOTER last_known_addr { host: "127.10.83.67" port: 46085 } health_report { overall_health: HEALTHY } } peers { permanent_uuid: "896f5b67c0f94c7fb494132b7b023fd6" member_type: VOTER last_known_addr { host: "127.10.83.68" port: 35659 } attrs { promote: false } health_report { overall_health: UNKNOWN } } }
I20260710 11:08:36.377388 12158 raft_consensus.cc:2955] T 6e0a588f240e4b409732bf586137ea38 P 896f5b67c0f94c7fb494132b7b023fd6 [term 1 FOLLOWER]: Committing config change with OpId 1.4: config changed from index 3 to 4, VOTER 62562535c16548049f585a0e6d39963a (127.10.83.66) evicted. New config: { opid_index: 4 OBSOLETE_local: false peers { permanent_uuid: "d03943c27c3542ae9fa44b53577eb5a1" member_type: VOTER last_known_addr { host: "127.10.83.65" port: 43787 } } peers { permanent_uuid: "d708b8b5645248a7969e3e74c1232c5d" member_type: VOTER last_known_addr { host: "127.10.83.67" port: 46085 } } peers { permanent_uuid: "896f5b67c0f94c7fb494132b7b023fd6" member_type: VOTER last_known_addr { host: "127.10.83.68" port: 35659 } attrs { promote: false } } }
I20260710 11:08:36.382355 12159 raft_consensus.cc:1275] T fad49ef5e94b4f9b87a06fa2e33946aa P 896f5b67c0f94c7fb494132b7b023fd6 [term 1 FOLLOWER]: Refusing update from remote peer 62562535c16548049f585a0e6d39963a: Log matching property violated. Preceding OpId in replica: term: 1 index: 3. Preceding OpId from leader: term: 1 index: 4. (index mismatch)
I20260710 11:08:36.384342 12490 consensus_queue.cc:1048] T fad49ef5e94b4f9b87a06fa2e33946aa P 62562535c16548049f585a0e6d39963a [LEADER]: Connected to new peer: Peer: permanent_uuid: "896f5b67c0f94c7fb494132b7b023fd6" member_type: VOTER last_known_addr { host: "127.10.83.68" port: 35659 } attrs { promote: false }, Status: LMP_MISMATCH, Last received: 0.0, Next index: 4, Last known committed idx: 3, Time since last communication: 0.000s
I20260710 11:08:36.385178 11730 raft_consensus.cc:1275] T fad49ef5e94b4f9b87a06fa2e33946aa P d03943c27c3542ae9fa44b53577eb5a1 [term 1 FOLLOWER]: Refusing update from remote peer 62562535c16548049f585a0e6d39963a: Log matching property violated. Preceding OpId in replica: term: 1 index: 3. Preceding OpId from leader: term: 1 index: 4. (index mismatch)
I20260710 11:08:36.387251 12490 consensus_queue.cc:1048] T fad49ef5e94b4f9b87a06fa2e33946aa P 62562535c16548049f585a0e6d39963a [LEADER]: Connected to new peer: Peer: permanent_uuid: "d03943c27c3542ae9fa44b53577eb5a1" member_type: VOTER last_known_addr { host: "127.10.83.65" port: 43787 }, Status: LMP_MISMATCH, Last received: 0.0, Next index: 4, Last known committed idx: 3, Time since last communication: 0.000s
I20260710 11:08:36.389246 11798 tablet_service.cc:1558] Processing DeleteTablet for tablet 6e0a588f240e4b409732bf586137ea38 with delete_type TABLET_DATA_TOMBSTONED (TS 62562535c16548049f585a0e6d39963a not found in new config with opid_index 4) from {username='slave'} at 127.0.0.1:36366
I20260710 11:08:36.391211 12511 tablet_replica.cc:333] T 6e0a588f240e4b409732bf586137ea38 P 62562535c16548049f585a0e6d39963a: stopping tablet replica
I20260710 11:08:36.392287 12511 raft_consensus.cc:2243] T 6e0a588f240e4b409732bf586137ea38 P 62562535c16548049f585a0e6d39963a [term 1 FOLLOWER]: Raft consensus shutting down.
I20260710 11:08:36.393092 12511 raft_consensus.cc:2272] T 6e0a588f240e4b409732bf586137ea38 P 62562535c16548049f585a0e6d39963a [term 1 FOLLOWER]: Raft consensus is shut down!
I20260710 11:08:36.393759 12490 raft_consensus.cc:2955] T fad49ef5e94b4f9b87a06fa2e33946aa P 62562535c16548049f585a0e6d39963a [term 1 LEADER]: Committing config change with OpId 1.4: config changed from index 3 to 4, VOTER d708b8b5645248a7969e3e74c1232c5d (127.10.83.67) evicted. New config: { opid_index: 4 OBSOLETE_local: false peers { permanent_uuid: "d03943c27c3542ae9fa44b53577eb5a1" member_type: VOTER last_known_addr { host: "127.10.83.65" port: 43787 } } peers { permanent_uuid: "62562535c16548049f585a0e6d39963a" member_type: VOTER last_known_addr { host: "127.10.83.66" port: 44043 } } peers { permanent_uuid: "896f5b67c0f94c7fb494132b7b023fd6" member_type: VOTER last_known_addr { host: "127.10.83.68" port: 35659 } attrs { promote: false } } }
I20260710 11:08:36.398488 12160 raft_consensus.cc:2955] T fad49ef5e94b4f9b87a06fa2e33946aa P 896f5b67c0f94c7fb494132b7b023fd6 [term 1 FOLLOWER]: Committing config change with OpId 1.4: config changed from index 3 to 4, VOTER d708b8b5645248a7969e3e74c1232c5d (127.10.83.67) evicted. New config: { opid_index: 4 OBSOLETE_local: false peers { permanent_uuid: "d03943c27c3542ae9fa44b53577eb5a1" member_type: VOTER last_known_addr { host: "127.10.83.65" port: 43787 } } peers { permanent_uuid: "62562535c16548049f585a0e6d39963a" member_type: VOTER last_known_addr { host: "127.10.83.66" port: 44043 } } peers { permanent_uuid: "896f5b67c0f94c7fb494132b7b023fd6" member_type: VOTER last_known_addr { host: "127.10.83.68" port: 35659 } attrs { promote: false } } }
I20260710 11:08:36.403927 12511 ts_tablet_manager.cc:1916] T 6e0a588f240e4b409732bf586137ea38 P 62562535c16548049f585a0e6d39963a: Deleting tablet data with delete state TABLET_DATA_TOMBSTONED
I20260710 11:08:36.403896 11730 raft_consensus.cc:2955] T fad49ef5e94b4f9b87a06fa2e33946aa P d03943c27c3542ae9fa44b53577eb5a1 [term 1 FOLLOWER]: Committing config change with OpId 1.4: config changed from index 3 to 4, VOTER d708b8b5645248a7969e3e74c1232c5d (127.10.83.67) evicted. New config: { opid_index: 4 OBSOLETE_local: false peers { permanent_uuid: "d03943c27c3542ae9fa44b53577eb5a1" member_type: VOTER last_known_addr { host: "127.10.83.65" port: 43787 } } peers { permanent_uuid: "62562535c16548049f585a0e6d39963a" member_type: VOTER last_known_addr { host: "127.10.83.66" port: 44043 } } peers { permanent_uuid: "896f5b67c0f94c7fb494132b7b023fd6" member_type: VOTER last_known_addr { host: "127.10.83.68" port: 35659 } attrs { promote: false } } }
I20260710 11:08:36.420644 12511 ts_tablet_manager.cc:1929] T 6e0a588f240e4b409732bf586137ea38 P 62562535c16548049f585a0e6d39963a: tablet deleted with delete type TABLET_DATA_TOMBSTONED: last-logged OpId 1.3
I20260710 11:08:36.421202 12511 log.cc:1199] T 6e0a588f240e4b409732bf586137ea38 P 62562535c16548049f585a0e6d39963a: Deleting WAL directory at /tmp/dist-test-taskVmILUX/test-tmp/auto_leader_rebalancer-test.0.LeaderRebalancerTest.AddTserver.1783681668922629-10573-0/minicluster-data/ts-1-root/wals/6e0a588f240e4b409732bf586137ea38
I20260710 11:08:36.422320 11630 catalog_manager.cc:5697] T fad49ef5e94b4f9b87a06fa2e33946aa P d03943c27c3542ae9fa44b53577eb5a1 reported cstate change: config changed from index 3 to 4, VOTER d708b8b5645248a7969e3e74c1232c5d (127.10.83.67) evicted. New cstate: current_term: 1 leader_uuid: "62562535c16548049f585a0e6d39963a" committed_config { opid_index: 4 OBSOLETE_local: false peers { permanent_uuid: "d03943c27c3542ae9fa44b53577eb5a1" member_type: VOTER last_known_addr { host: "127.10.83.65" port: 43787 } } peers { permanent_uuid: "62562535c16548049f585a0e6d39963a" member_type: VOTER last_known_addr { host: "127.10.83.66" port: 44043 } } peers { permanent_uuid: "896f5b67c0f94c7fb494132b7b023fd6" member_type: VOTER last_known_addr { host: "127.10.83.68" port: 35659 } attrs { promote: false } } }
I20260710 11:08:36.423027 11620 catalog_manager.cc:5028] TS 62562535c16548049f585a0e6d39963a (127.10.83.66:44043): tablet 6e0a588f240e4b409732bf586137ea38 (table test-workload [id=ad053c70884940f68ecc193058e07ff0]) successfully deleted
I20260710 11:08:36.431303 11620 catalog_manager.cc:5210] ChangeConfig:REMOVE_PEER RPC for tablet fad49ef5e94b4f9b87a06fa2e33946aa with cas_config_opid_index 3: ChangeConfig:REMOVE_PEER succeeded (attempt 1)
I20260710 11:08:36.437043 11868 tablet_service.cc:1558] Processing DeleteTablet for tablet fad49ef5e94b4f9b87a06fa2e33946aa with delete_type TABLET_DATA_TOMBSTONED (TS d708b8b5645248a7969e3e74c1232c5d not found in new config with opid_index 4) from {username='slave'} at 127.0.0.1:58590
I20260710 11:08:36.438808 12512 tablet_replica.cc:333] T fad49ef5e94b4f9b87a06fa2e33946aa P d708b8b5645248a7969e3e74c1232c5d: stopping tablet replica
I20260710 11:08:36.444492 12512 raft_consensus.cc:2243] T fad49ef5e94b4f9b87a06fa2e33946aa P d708b8b5645248a7969e3e74c1232c5d [term 1 FOLLOWER]: Raft consensus shutting down.
I20260710 11:08:36.445180 12512 raft_consensus.cc:2272] T fad49ef5e94b4f9b87a06fa2e33946aa P d708b8b5645248a7969e3e74c1232c5d [term 1 FOLLOWER]: Raft consensus is shut down!
I20260710 11:08:36.447743 12512 ts_tablet_manager.cc:1916] T fad49ef5e94b4f9b87a06fa2e33946aa P d708b8b5645248a7969e3e74c1232c5d: Deleting tablet data with delete state TABLET_DATA_TOMBSTONED
I20260710 11:08:36.458722 12512 ts_tablet_manager.cc:1929] T fad49ef5e94b4f9b87a06fa2e33946aa P d708b8b5645248a7969e3e74c1232c5d: tablet deleted with delete type TABLET_DATA_TOMBSTONED: last-logged OpId 1.3
I20260710 11:08:36.459076 12512 log.cc:1199] T fad49ef5e94b4f9b87a06fa2e33946aa P d708b8b5645248a7969e3e74c1232c5d: Deleting WAL directory at /tmp/dist-test-taskVmILUX/test-tmp/auto_leader_rebalancer-test.0.LeaderRebalancerTest.AddTserver.1783681668922629-10573-0/minicluster-data/ts-2-root/wals/fad49ef5e94b4f9b87a06fa2e33946aa
I20260710 11:08:36.460634 11620 catalog_manager.cc:5028] TS d708b8b5645248a7969e3e74c1232c5d (127.10.83.67:46085): tablet fad49ef5e94b4f9b87a06fa2e33946aa (table test-workload [id=ad053c70884940f68ecc193058e07ff0]) successfully deleted
I20260710 11:08:42.054524 10573 auto_leader_rebalancer.cc:141] leader rebalance for table test-workload
I20260710 11:08:42.086190 11808 tablet_service.cc:2072] Received LeaderStepDown RPC: tablet_id: "01d3e6c7642c4a509275b6eaf2b08fe7"
dest_uuid: "62562535c16548049f585a0e6d39963a"
mode: GRACEFUL
new_leader_uuid: "d03943c27c3542ae9fa44b53577eb5a1"
 from {username='slave'} at 127.0.0.1:54006
I20260710 11:08:42.086957 11808 raft_consensus.cc:606] T 01d3e6c7642c4a509275b6eaf2b08fe7 P 62562535c16548049f585a0e6d39963a [term 1 LEADER]: Received request to transfer leadership to TS d03943c27c3542ae9fa44b53577eb5a1
I20260710 11:08:42.099713 11881 tablet_service.cc:2072] Received LeaderStepDown RPC: tablet_id: "6e5b341ee6bc4bf0bcdbab8b1cf6ff01"
dest_uuid: "d708b8b5645248a7969e3e74c1232c5d"
mode: GRACEFUL
new_leader_uuid: "62562535c16548049f585a0e6d39963a"
 from {username='slave'} at 127.0.0.1:45842
I20260710 11:08:42.100301 11881 raft_consensus.cc:606] T 6e5b341ee6bc4bf0bcdbab8b1cf6ff01 P d708b8b5645248a7969e3e74c1232c5d [term 1 LEADER]: Received request to transfer leadership to TS 62562535c16548049f585a0e6d39963a
I20260710 11:08:42.103511 11808 tablet_service.cc:2072] Received LeaderStepDown RPC: tablet_id: "83fffe991e58449c86fc41c480034047"
dest_uuid: "62562535c16548049f585a0e6d39963a"
mode: GRACEFUL
new_leader_uuid: "896f5b67c0f94c7fb494132b7b023fd6"
 from {username='slave'} at 127.0.0.1:54006
I20260710 11:08:42.104009 11808 raft_consensus.cc:606] T 83fffe991e58449c86fc41c480034047 P 62562535c16548049f585a0e6d39963a [term 1 LEADER]: Received request to transfer leadership to TS 896f5b67c0f94c7fb494132b7b023fd6
I20260710 11:08:42.106295 11808 tablet_service.cc:2072] Received LeaderStepDown RPC: tablet_id: "84f98fb2829143b48b90e4b2c599d040"
dest_uuid: "62562535c16548049f585a0e6d39963a"
mode: GRACEFUL
new_leader_uuid: "896f5b67c0f94c7fb494132b7b023fd6"
 from {username='slave'} at 127.0.0.1:54006
I20260710 11:08:42.106753 11808 raft_consensus.cc:606] T 84f98fb2829143b48b90e4b2c599d040 P 62562535c16548049f585a0e6d39963a [term 1 LEADER]: Received request to transfer leadership to TS 896f5b67c0f94c7fb494132b7b023fd6
I20260710 11:08:42.109591 11808 tablet_service.cc:2072] Received LeaderStepDown RPC: tablet_id: "fad49ef5e94b4f9b87a06fa2e33946aa"
dest_uuid: "62562535c16548049f585a0e6d39963a"
mode: GRACEFUL
new_leader_uuid: "896f5b67c0f94c7fb494132b7b023fd6"
 from {username='slave'} at 127.0.0.1:54006
I20260710 11:08:42.110095 11808 raft_consensus.cc:606] T fad49ef5e94b4f9b87a06fa2e33946aa P 62562535c16548049f585a0e6d39963a [term 1 LEADER]: Received request to transfer leadership to TS 896f5b67c0f94c7fb494132b7b023fd6
I20260710 11:08:42.111299 10573 auto_leader_rebalancer.cc:452] table: test-workload, leader rebalance finish, leader transfer count: 5
I20260710 11:08:42.111948 10573 auto_leader_rebalancer.cc:527] All tables' leader rebalancing finished this round
I20260710 11:08:42.137144 12525 raft_consensus.cc:993] T 84f98fb2829143b48b90e4b2c599d040 P 62562535c16548049f585a0e6d39963a: : Instructing follower 896f5b67c0f94c7fb494132b7b023fd6 to start an election
I20260710 11:08:42.137892 12490 raft_consensus.cc:1081] T 84f98fb2829143b48b90e4b2c599d040 P 62562535c16548049f585a0e6d39963a [term 1 LEADER]: Signalling peer 896f5b67c0f94c7fb494132b7b023fd6 to start an election
I20260710 11:08:42.139669 12160 tablet_service.cc:2044] Received Run Leader Election RPC: tablet_id: "84f98fb2829143b48b90e4b2c599d040"
dest_uuid: "896f5b67c0f94c7fb494132b7b023fd6"
 from {username='slave'} at 127.0.0.1:55682
I20260710 11:08:42.140103 12160 raft_consensus.cc:493] T 84f98fb2829143b48b90e4b2c599d040 P 896f5b67c0f94c7fb494132b7b023fd6 [term 1 FOLLOWER]: Starting forced leader election (received explicit request)
I20260710 11:08:42.140399 12160 raft_consensus.cc:3060] T 84f98fb2829143b48b90e4b2c599d040 P 896f5b67c0f94c7fb494132b7b023fd6 [term 1 FOLLOWER]: Advancing to term 2
I20260710 11:08:42.145913 12160 raft_consensus.cc:515] T 84f98fb2829143b48b90e4b2c599d040 P 896f5b67c0f94c7fb494132b7b023fd6 [term 2 FOLLOWER]: Starting forced leader election with config: opid_index: 4 OBSOLETE_local: false peers { permanent_uuid: "d03943c27c3542ae9fa44b53577eb5a1" member_type: VOTER last_known_addr { host: "127.10.83.65" port: 43787 } } peers { permanent_uuid: "62562535c16548049f585a0e6d39963a" member_type: VOTER last_known_addr { host: "127.10.83.66" port: 44043 } } peers { permanent_uuid: "896f5b67c0f94c7fb494132b7b023fd6" member_type: VOTER last_known_addr { host: "127.10.83.68" port: 35659 } attrs { promote: false } }
I20260710 11:08:42.148016 12160 leader_election.cc:290] T 84f98fb2829143b48b90e4b2c599d040 P 896f5b67c0f94c7fb494132b7b023fd6 [CANDIDATE]: Term 2 election: Requested vote from peers d03943c27c3542ae9fa44b53577eb5a1 (127.10.83.65:43787), 62562535c16548049f585a0e6d39963a (127.10.83.66:44043)
I20260710 11:08:42.149158 11732 tablet_service.cc:1917] Received RequestConsensusVote() RPC: tablet_id: "84f98fb2829143b48b90e4b2c599d040" candidate_uuid: "896f5b67c0f94c7fb494132b7b023fd6" candidate_term: 2 candidate_status { last_received { term: 1 index: 4 } } ignore_live_leader: true dest_uuid: "d03943c27c3542ae9fa44b53577eb5a1"
I20260710 11:08:42.149417 11808 tablet_service.cc:1917] Received RequestConsensusVote() RPC: tablet_id: "84f98fb2829143b48b90e4b2c599d040" candidate_uuid: "896f5b67c0f94c7fb494132b7b023fd6" candidate_term: 2 candidate_status { last_received { term: 1 index: 4 } } ignore_live_leader: true dest_uuid: "62562535c16548049f585a0e6d39963a"
I20260710 11:08:42.149971 11732 raft_consensus.cc:3060] T 84f98fb2829143b48b90e4b2c599d040 P d03943c27c3542ae9fa44b53577eb5a1 [term 1 FOLLOWER]: Advancing to term 2
I20260710 11:08:42.150028 11808 raft_consensus.cc:3055] T 84f98fb2829143b48b90e4b2c599d040 P 62562535c16548049f585a0e6d39963a [term 1 LEADER]: Stepping down as leader of term 1
I20260710 11:08:42.150585 11808 raft_consensus.cc:740] T 84f98fb2829143b48b90e4b2c599d040 P 62562535c16548049f585a0e6d39963a [term 1 LEADER]: Becoming Follower/Learner. State: Replica: 62562535c16548049f585a0e6d39963a, State: Running, Role: LEADER
I20260710 11:08:42.151345 11808 consensus_queue.cc:260] T 84f98fb2829143b48b90e4b2c599d040 P 62562535c16548049f585a0e6d39963a [NON_LEADER]: Queue going to NON_LEADER mode. State: All replicated index: 0, Majority replicated index: 4, Committed index: 4, Last appended: 1.4, Last appended by leader: 4, Current term: 1, Majority size: -1, State: 0, Mode: NON_LEADER, active raft config: opid_index: 4 OBSOLETE_local: false peers { permanent_uuid: "d03943c27c3542ae9fa44b53577eb5a1" member_type: VOTER last_known_addr { host: "127.10.83.65" port: 43787 } } peers { permanent_uuid: "62562535c16548049f585a0e6d39963a" member_type: VOTER last_known_addr { host: "127.10.83.66" port: 44043 } } peers { permanent_uuid: "896f5b67c0f94c7fb494132b7b023fd6" member_type: VOTER last_known_addr { host: "127.10.83.68" port: 35659 } attrs { promote: false } }
I20260710 11:08:42.152348 11808 raft_consensus.cc:3060] T 84f98fb2829143b48b90e4b2c599d040 P 62562535c16548049f585a0e6d39963a [term 1 FOLLOWER]: Advancing to term 2
I20260710 11:08:42.156339 11732 raft_consensus.cc:2468] T 84f98fb2829143b48b90e4b2c599d040 P d03943c27c3542ae9fa44b53577eb5a1 [term 2 FOLLOWER]: Leader election vote request: Granting yes vote for candidate 896f5b67c0f94c7fb494132b7b023fd6 in term 2.
I20260710 11:08:42.157878 11808 raft_consensus.cc:2468] T 84f98fb2829143b48b90e4b2c599d040 P 62562535c16548049f585a0e6d39963a [term 2 FOLLOWER]: Leader election vote request: Granting yes vote for candidate 896f5b67c0f94c7fb494132b7b023fd6 in term 2.
I20260710 11:08:42.158512 12123 leader_election.cc:304] T 84f98fb2829143b48b90e4b2c599d040 P 896f5b67c0f94c7fb494132b7b023fd6 [CANDIDATE]: Term 2 election: Election decided. Result: candidate won. Election summary: received 2 responses out of 3 voters: 2 yes votes; 0 no votes. yes voters: 896f5b67c0f94c7fb494132b7b023fd6, d03943c27c3542ae9fa44b53577eb5a1; no voters: 
I20260710 11:08:42.160825 12526 raft_consensus.cc:2804] T 84f98fb2829143b48b90e4b2c599d040 P 896f5b67c0f94c7fb494132b7b023fd6 [term 2 FOLLOWER]: Leader election won for term 2
I20260710 11:08:42.162129 12526 raft_consensus.cc:697] T 84f98fb2829143b48b90e4b2c599d040 P 896f5b67c0f94c7fb494132b7b023fd6 [term 2 LEADER]: Becoming Leader. State: Replica: 896f5b67c0f94c7fb494132b7b023fd6, State: Running, Role: LEADER
