I20260710 11:08:03.049888 11390 ts_tablet_manager.cc:1403] T 260f641158314625bbfa786e224f5a10 P 2da55bbe4bda4ed5a4b43c98d8e1eea3: Time spent bootstrapping tablet: real 0.025s	user 0.008s	sys 0.006s
I20260710 11:08:03.053114 11390 raft_consensus.cc:359] T 260f641158314625bbfa786e224f5a10 P 2da55bbe4bda4ed5a4b43c98d8e1eea3 [term 0 FOLLOWER]: Replica starting. Triggering 0 pending ops. Active config: opid_index: -1 OBSOLETE_local: false peers { permanent_uuid: "2da55bbe4bda4ed5a4b43c98d8e1eea3" member_type: VOTER last_known_addr { host: "127.10.83.65" port: 34431 } } peers { permanent_uuid: "087f4039ad3d4dc386ad2ace4321d4a6" member_type: VOTER last_known_addr { host: "127.10.83.66" port: 34253 } } peers { permanent_uuid: "f0c552bbff9244cf82160455384b4b7a" member_type: VOTER last_known_addr { host: "127.10.83.67" port: 39511 } }
I20260710 11:08:03.053898 11390 raft_consensus.cc:385] T 260f641158314625bbfa786e224f5a10 P 2da55bbe4bda4ed5a4b43c98d8e1eea3 [term 0 FOLLOWER]: Consensus starting up: Expiring failure detector timer to make a prompt election more likely
I20260710 11:08:03.053825 11388 raft_consensus.cc:359] T e66a4cd98b164172be73b5c77d3ab9f6 P 087f4039ad3d4dc386ad2ace4321d4a6 [term 0 FOLLOWER]: Replica starting. Triggering 0 pending ops. Active config: opid_index: -1 OBSOLETE_local: false peers { permanent_uuid: "f0c552bbff9244cf82160455384b4b7a" member_type: VOTER last_known_addr { host: "127.10.83.67" port: 39511 } } peers { permanent_uuid: "2da55bbe4bda4ed5a4b43c98d8e1eea3" member_type: VOTER last_known_addr { host: "127.10.83.65" port: 34431 } } peers { permanent_uuid: "087f4039ad3d4dc386ad2ace4321d4a6" member_type: VOTER last_known_addr { host: "127.10.83.66" port: 34253 } }
I20260710 11:08:03.054680 11390 raft_consensus.cc:740] T 260f641158314625bbfa786e224f5a10 P 2da55bbe4bda4ed5a4b43c98d8e1eea3 [term 0 FOLLOWER]: Becoming Follower/Learner. State: Replica: 2da55bbe4bda4ed5a4b43c98d8e1eea3, State: Initialized, Role: FOLLOWER
I20260710 11:08:03.055044 11388 raft_consensus.cc:385] T e66a4cd98b164172be73b5c77d3ab9f6 P 087f4039ad3d4dc386ad2ace4321d4a6 [term 0 FOLLOWER]: Consensus starting up: Expiring failure detector timer to make a prompt election more likely
I20260710 11:08:03.055363 11388 raft_consensus.cc:740] T e66a4cd98b164172be73b5c77d3ab9f6 P 087f4039ad3d4dc386ad2ace4321d4a6 [term 0 FOLLOWER]: Becoming Follower/Learner. State: Replica: 087f4039ad3d4dc386ad2ace4321d4a6, State: Initialized, Role: FOLLOWER
I20260710 11:08:03.055605 11390 consensus_queue.cc:260] T 260f641158314625bbfa786e224f5a10 P 2da55bbe4bda4ed5a4b43c98d8e1eea3 [NON_LEADER]: Queue going to NON_LEADER mode. State: All replicated index: 0, Majority replicated index: 0, Committed index: 0, Last appended: 0.0, Last appended by leader: 0, Current term: 0, Majority size: -1, State: 0, Mode: NON_LEADER, active raft config: opid_index: -1 OBSOLETE_local: false peers { permanent_uuid: "2da55bbe4bda4ed5a4b43c98d8e1eea3" member_type: VOTER last_known_addr { host: "127.10.83.65" port: 34431 } } peers { permanent_uuid: "087f4039ad3d4dc386ad2ace4321d4a6" member_type: VOTER last_known_addr { host: "127.10.83.66" port: 34253 } } peers { permanent_uuid: "f0c552bbff9244cf82160455384b4b7a" member_type: VOTER last_known_addr { host: "127.10.83.67" port: 39511 } }
I20260710 11:08:03.060621 11390 ts_tablet_manager.cc:1434] T 260f641158314625bbfa786e224f5a10 P 2da55bbe4bda4ed5a4b43c98d8e1eea3: Time spent starting tablet: real 0.010s	user 0.009s	sys 0.001s
I20260710 11:08:03.061762 11390 tablet_bootstrap.cc:492] T 089fd80713b24be2b359e91592fc2813 P 2da55bbe4bda4ed5a4b43c98d8e1eea3: Bootstrap starting.
I20260710 11:08:03.066056 11387 tablet_bootstrap.cc:492] T 0caf177b17924901be347e68c0d59542 P f0c552bbff9244cf82160455384b4b7a: No bootstrap required, opened a new log
I20260710 11:08:03.067061 11387 ts_tablet_manager.cc:1403] T 0caf177b17924901be347e68c0d59542 P f0c552bbff9244cf82160455384b4b7a: Time spent bootstrapping tablet: real 0.041s	user 0.019s	sys 0.004s
I20260710 11:08:03.068650 11388 consensus_queue.cc:260] T e66a4cd98b164172be73b5c77d3ab9f6 P 087f4039ad3d4dc386ad2ace4321d4a6 [NON_LEADER]: Queue going to NON_LEADER mode. State: All replicated index: 0, Majority replicated index: 0, Committed index: 0, Last appended: 0.0, Last appended by leader: 0, Current term: 0, Majority size: -1, State: 0, Mode: NON_LEADER, active raft config: opid_index: -1 OBSOLETE_local: false peers { permanent_uuid: "f0c552bbff9244cf82160455384b4b7a" member_type: VOTER last_known_addr { host: "127.10.83.67" port: 39511 } } peers { permanent_uuid: "2da55bbe4bda4ed5a4b43c98d8e1eea3" member_type: VOTER last_known_addr { host: "127.10.83.65" port: 34431 } } peers { permanent_uuid: "087f4039ad3d4dc386ad2ace4321d4a6" member_type: VOTER last_known_addr { host: "127.10.83.66" port: 34253 } }
I20260710 11:08:03.071115 11388 ts_tablet_manager.cc:1434] T e66a4cd98b164172be73b5c77d3ab9f6 P 087f4039ad3d4dc386ad2ace4321d4a6: Time spent starting tablet: real 0.029s	user 0.002s	sys 0.003s
I20260710 11:08:03.072202 11388 tablet_bootstrap.cc:492] T 37c2d5e153a74719b73c18ad63ce07fd P 087f4039ad3d4dc386ad2ace4321d4a6: Bootstrap starting.
I20260710 11:08:03.073671 11387 raft_consensus.cc:359] T 0caf177b17924901be347e68c0d59542 P f0c552bbff9244cf82160455384b4b7a [term 0 FOLLOWER]: Replica starting. Triggering 0 pending ops. Active config: opid_index: -1 OBSOLETE_local: false peers { permanent_uuid: "2da55bbe4bda4ed5a4b43c98d8e1eea3" member_type: VOTER last_known_addr { host: "127.10.83.65" port: 34431 } } peers { permanent_uuid: "087f4039ad3d4dc386ad2ace4321d4a6" member_type: VOTER last_known_addr { host: "127.10.83.66" port: 34253 } } peers { permanent_uuid: "f0c552bbff9244cf82160455384b4b7a" member_type: VOTER last_known_addr { host: "127.10.83.67" port: 39511 } }
I20260710 11:08:03.074402 11395 raft_consensus.cc:493] T 0caf177b17924901be347e68c0d59542 P 087f4039ad3d4dc386ad2ace4321d4a6 [term 0 FOLLOWER]: Starting pre-election (no leader contacted us within the election timeout)
I20260710 11:08:03.076402 11347 tablet_service.cc:1917] Received RequestConsensusVote() RPC: tablet_id: "e66a4cd98b164172be73b5c77d3ab9f6" candidate_uuid: "2da55bbe4bda4ed5a4b43c98d8e1eea3" candidate_term: 1 candidate_status { last_received { term: 0 index: 0 } } ignore_live_leader: false dest_uuid: "f0c552bbff9244cf82160455384b4b7a" is_pre_election: true
I20260710 11:08:03.080227 11395 raft_consensus.cc:515] T 0caf177b17924901be347e68c0d59542 P 087f4039ad3d4dc386ad2ace4321d4a6 [term 0 FOLLOWER]: Starting pre-election with config: opid_index: -1 OBSOLETE_local: false peers { permanent_uuid: "2da55bbe4bda4ed5a4b43c98d8e1eea3" member_type: VOTER last_known_addr { host: "127.10.83.65" port: 34431 } } peers { permanent_uuid: "087f4039ad3d4dc386ad2ace4321d4a6" member_type: VOTER last_known_addr { host: "127.10.83.66" port: 34253 } } peers { permanent_uuid: "f0c552bbff9244cf82160455384b4b7a" member_type: VOTER last_known_addr { host: "127.10.83.67" port: 39511 } }
I20260710 11:08:03.081933 11388 tablet_bootstrap.cc:654] T 37c2d5e153a74719b73c18ad63ce07fd P 087f4039ad3d4dc386ad2ace4321d4a6: Neither blocks nor log segments found. Creating new log.
I20260710 11:08:03.083062 11395 leader_election.cc:290] T 0caf177b17924901be347e68c0d59542 P 087f4039ad3d4dc386ad2ace4321d4a6 [CANDIDATE]: Term 1 pre-election: Requested pre-vote from peers 2da55bbe4bda4ed5a4b43c98d8e1eea3 (127.10.83.65:34431), f0c552bbff9244cf82160455384b4b7a (127.10.83.67:39511)
W20260710 11:08:03.089097 11164 leader_election.cc:343] T e66a4cd98b164172be73b5c77d3ab9f6 P 2da55bbe4bda4ed5a4b43c98d8e1eea3 [CANDIDATE]: Term 1 pre-election: Tablet error from VoteRequest() call to peer f0c552bbff9244cf82160455384b4b7a (127.10.83.67:39511): Illegal state: must be running to vote when last-logged opid is not known
I20260710 11:08:03.078896 11387 raft_consensus.cc:385] T 0caf177b17924901be347e68c0d59542 P f0c552bbff9244cf82160455384b4b7a [term 0 FOLLOWER]: Consensus starting up: Expiring failure detector timer to make a prompt election more likely
I20260710 11:08:03.090641 11387 raft_consensus.cc:740] T 0caf177b17924901be347e68c0d59542 P f0c552bbff9244cf82160455384b4b7a [term 0 FOLLOWER]: Becoming Follower/Learner. State: Replica: f0c552bbff9244cf82160455384b4b7a, State: Initialized, Role: FOLLOWER
I20260710 11:08:03.091589 11387 consensus_queue.cc:260] T 0caf177b17924901be347e68c0d59542 P f0c552bbff9244cf82160455384b4b7a [NON_LEADER]: Queue going to NON_LEADER mode. State: All replicated index: 0, Majority replicated index: 0, Committed index: 0, Last appended: 0.0, Last appended by leader: 0, Current term: 0, Majority size: -1, State: 0, Mode: NON_LEADER, active raft config: opid_index: -1 OBSOLETE_local: false peers { permanent_uuid: "2da55bbe4bda4ed5a4b43c98d8e1eea3" member_type: VOTER last_known_addr { host: "127.10.83.65" port: 34431 } } peers { permanent_uuid: "087f4039ad3d4dc386ad2ace4321d4a6" member_type: VOTER last_known_addr { host: "127.10.83.66" port: 34253 } } peers { permanent_uuid: "f0c552bbff9244cf82160455384b4b7a" member_type: VOTER last_known_addr { host: "127.10.83.67" port: 39511 } }
I20260710 11:08:03.095713 11387 ts_tablet_manager.cc:1434] T 0caf177b17924901be347e68c0d59542 P f0c552bbff9244cf82160455384b4b7a: Time spent starting tablet: real 0.028s	user 0.006s	sys 0.000s
I20260710 11:08:03.096822 11387 tablet_bootstrap.cc:492] T 37048e8a08f94d2da9eb88af85373d98 P f0c552bbff9244cf82160455384b4b7a: Bootstrap starting.
I20260710 11:08:03.095748 11390 tablet_bootstrap.cc:654] T 089fd80713b24be2b359e91592fc2813 P 2da55bbe4bda4ed5a4b43c98d8e1eea3: Neither blocks nor log segments found. Creating new log.
I20260710 11:08:03.097431 11388 tablet_bootstrap.cc:492] T 37c2d5e153a74719b73c18ad63ce07fd P 087f4039ad3d4dc386ad2ace4321d4a6: No bootstrap required, opened a new log
I20260710 11:08:03.104653 11388 ts_tablet_manager.cc:1403] T 37c2d5e153a74719b73c18ad63ce07fd P 087f4039ad3d4dc386ad2ace4321d4a6: Time spent bootstrapping tablet: real 0.033s	user 0.007s	sys 0.010s
I20260710 11:08:03.103693 11273 tablet_service.cc:1917] Received RequestConsensusVote() RPC: tablet_id: "e66a4cd98b164172be73b5c77d3ab9f6" candidate_uuid: "2da55bbe4bda4ed5a4b43c98d8e1eea3" candidate_term: 1 candidate_status { last_received { term: 0 index: 0 } } ignore_live_leader: false dest_uuid: "087f4039ad3d4dc386ad2ace4321d4a6" is_pre_election: true
I20260710 11:08:03.107717 11388 raft_consensus.cc:359] T 37c2d5e153a74719b73c18ad63ce07fd P 087f4039ad3d4dc386ad2ace4321d4a6 [term 0 FOLLOWER]: Replica starting. Triggering 0 pending ops. Active config: opid_index: -1 OBSOLETE_local: false peers { permanent_uuid: "2da55bbe4bda4ed5a4b43c98d8e1eea3" member_type: VOTER last_known_addr { host: "127.10.83.65" port: 34431 } } peers { permanent_uuid: "087f4039ad3d4dc386ad2ace4321d4a6" member_type: VOTER last_known_addr { host: "127.10.83.66" port: 34253 } } peers { permanent_uuid: "f0c552bbff9244cf82160455384b4b7a" member_type: VOTER last_known_addr { host: "127.10.83.67" port: 39511 } }
I20260710 11:08:03.108309 11273 raft_consensus.cc:2468] T e66a4cd98b164172be73b5c77d3ab9f6 P 087f4039ad3d4dc386ad2ace4321d4a6 [term 0 FOLLOWER]: Leader pre-election vote request: Granting yes vote for candidate 2da55bbe4bda4ed5a4b43c98d8e1eea3 in term 0.
I20260710 11:08:03.108552 11347 tablet_service.cc:1917] Received RequestConsensusVote() RPC: tablet_id: "0caf177b17924901be347e68c0d59542" candidate_uuid: "087f4039ad3d4dc386ad2ace4321d4a6" candidate_term: 1 candidate_status { last_received { term: 0 index: 0 } } ignore_live_leader: false dest_uuid: "f0c552bbff9244cf82160455384b4b7a" is_pre_election: true
I20260710 11:08:03.108819 11388 raft_consensus.cc:385] T 37c2d5e153a74719b73c18ad63ce07fd P 087f4039ad3d4dc386ad2ace4321d4a6 [term 0 FOLLOWER]: Consensus starting up: Expiring failure detector timer to make a prompt election more likely
I20260710 11:08:03.109126 11388 raft_consensus.cc:740] T 37c2d5e153a74719b73c18ad63ce07fd P 087f4039ad3d4dc386ad2ace4321d4a6 [term 0 FOLLOWER]: Becoming Follower/Learner. State: Replica: 087f4039ad3d4dc386ad2ace4321d4a6, State: Initialized, Role: FOLLOWER
I20260710 11:08:03.109319 11347 raft_consensus.cc:2468] T 0caf177b17924901be347e68c0d59542 P f0c552bbff9244cf82160455384b4b7a [term 0 FOLLOWER]: Leader pre-election vote request: Granting yes vote for candidate 087f4039ad3d4dc386ad2ace4321d4a6 in term 0.
I20260710 11:08:03.110131 11396 raft_consensus.cc:493] T be668257b68544769e9db546a43c3603 P 2da55bbe4bda4ed5a4b43c98d8e1eea3 [term 0 FOLLOWER]: Starting pre-election (no leader contacted us within the election timeout)
I20260710 11:08:03.109823 11388 consensus_queue.cc:260] T 37c2d5e153a74719b73c18ad63ce07fd P 087f4039ad3d4dc386ad2ace4321d4a6 [NON_LEADER]: Queue going to NON_LEADER mode. State: All replicated index: 0, Majority replicated index: 0, Committed index: 0, Last appended: 0.0, Last appended by leader: 0, Current term: 0, Majority size: -1, State: 0, Mode: NON_LEADER, active raft config: opid_index: -1 OBSOLETE_local: false peers { permanent_uuid: "2da55bbe4bda4ed5a4b43c98d8e1eea3" member_type: VOTER last_known_addr { host: "127.10.83.65" port: 34431 } } peers { permanent_uuid: "087f4039ad3d4dc386ad2ace4321d4a6" member_type: VOTER last_known_addr { host: "127.10.83.66" port: 34253 } } peers { permanent_uuid: "f0c552bbff9244cf82160455384b4b7a" member_type: VOTER last_known_addr { host: "127.10.83.67" port: 39511 } }
I20260710 11:08:03.110307 11162 leader_election.cc:304] T e66a4cd98b164172be73b5c77d3ab9f6 P 2da55bbe4bda4ed5a4b43c98d8e1eea3 [CANDIDATE]: Term 1 pre-election: Election decided. Result: candidate won. Election summary: received 3 responses out of 3 voters: 2 yes votes; 1 no votes. yes voters: 087f4039ad3d4dc386ad2ace4321d4a6, 2da55bbe4bda4ed5a4b43c98d8e1eea3; no voters: f0c552bbff9244cf82160455384b4b7a
I20260710 11:08:03.110602 11396 raft_consensus.cc:515] T be668257b68544769e9db546a43c3603 P 2da55bbe4bda4ed5a4b43c98d8e1eea3 [term 0 FOLLOWER]: Starting pre-election with config: opid_index: -1 OBSOLETE_local: false peers { permanent_uuid: "2da55bbe4bda4ed5a4b43c98d8e1eea3" member_type: VOTER last_known_addr { host: "127.10.83.65" port: 34431 } } peers { permanent_uuid: "087f4039ad3d4dc386ad2ace4321d4a6" member_type: VOTER last_known_addr { host: "127.10.83.66" port: 34253 } } peers { permanent_uuid: "f0c552bbff9244cf82160455384b4b7a" member_type: VOTER last_known_addr { host: "127.10.83.67" port: 39511 } }
I20260710 11:08:03.112162 11411 raft_consensus.cc:2804] T e66a4cd98b164172be73b5c77d3ab9f6 P 2da55bbe4bda4ed5a4b43c98d8e1eea3 [term 0 FOLLOWER]: Leader pre-election won for term 1
I20260710 11:08:03.112599 11411 raft_consensus.cc:493] T e66a4cd98b164172be73b5c77d3ab9f6 P 2da55bbe4bda4ed5a4b43c98d8e1eea3 [term 0 FOLLOWER]: Starting leader election (no leader contacted us within the election timeout)
I20260710 11:08:03.113421 11198 tablet_service.cc:1917] Received RequestConsensusVote() RPC: tablet_id: "0caf177b17924901be347e68c0d59542" candidate_uuid: "087f4039ad3d4dc386ad2ace4321d4a6" candidate_term: 1 candidate_status { last_received { term: 0 index: 0 } } ignore_live_leader: false dest_uuid: "2da55bbe4bda4ed5a4b43c98d8e1eea3" is_pre_election: true
I20260710 11:08:03.114249 11396 leader_election.cc:290] T be668257b68544769e9db546a43c3603 P 2da55bbe4bda4ed5a4b43c98d8e1eea3 [CANDIDATE]: Term 1 pre-election: Requested pre-vote from peers 087f4039ad3d4dc386ad2ace4321d4a6 (127.10.83.66:34253), f0c552bbff9244cf82160455384b4b7a (127.10.83.67:39511)
I20260710 11:08:03.115250 11239 leader_election.cc:304] T 0caf177b17924901be347e68c0d59542 P 087f4039ad3d4dc386ad2ace4321d4a6 [CANDIDATE]: Term 1 pre-election: Election decided. Result: candidate won. Election summary: received 2 responses out of 3 voters: 2 yes votes; 0 no votes. yes voters: 087f4039ad3d4dc386ad2ace4321d4a6, f0c552bbff9244cf82160455384b4b7a; no voters: 
I20260710 11:08:03.115789 11347 tablet_service.cc:1917] Received RequestConsensusVote() RPC: tablet_id: "be668257b68544769e9db546a43c3603" candidate_uuid: "2da55bbe4bda4ed5a4b43c98d8e1eea3" candidate_term: 1 candidate_status { last_received { term: 0 index: 0 } } ignore_live_leader: false dest_uuid: "f0c552bbff9244cf82160455384b4b7a" is_pre_election: true
I20260710 11:08:03.116446 11395 raft_consensus.cc:2804] T 0caf177b17924901be347e68c0d59542 P 087f4039ad3d4dc386ad2ace4321d4a6 [term 0 FOLLOWER]: Leader pre-election won for term 1
I20260710 11:08:03.116951 11395 raft_consensus.cc:493] T 0caf177b17924901be347e68c0d59542 P 087f4039ad3d4dc386ad2ace4321d4a6 [term 0 FOLLOWER]: Starting leader election (no leader contacted us within the election timeout)
W20260710 11:08:03.117286 11164 leader_election.cc:343] T be668257b68544769e9db546a43c3603 P 2da55bbe4bda4ed5a4b43c98d8e1eea3 [CANDIDATE]: Term 1 pre-election: Tablet error from VoteRequest() call to peer f0c552bbff9244cf82160455384b4b7a (127.10.83.67:39511): Illegal state: must be running to vote when last-logged opid is not known
I20260710 11:08:03.117403 11395 raft_consensus.cc:3060] T 0caf177b17924901be347e68c0d59542 P 087f4039ad3d4dc386ad2ace4321d4a6 [term 0 FOLLOWER]: Advancing to term 1
I20260710 11:08:03.112968 11411 raft_consensus.cc:3060] T e66a4cd98b164172be73b5c77d3ab9f6 P 2da55bbe4bda4ed5a4b43c98d8e1eea3 [term 0 FOLLOWER]: Advancing to term 1
I20260710 11:08:03.121299 11273 tablet_service.cc:1917] Received RequestConsensusVote() RPC: tablet_id: "be668257b68544769e9db546a43c3603" candidate_uuid: "2da55bbe4bda4ed5a4b43c98d8e1eea3" candidate_term: 1 candidate_status { last_received { term: 0 index: 0 } } ignore_live_leader: false dest_uuid: "087f4039ad3d4dc386ad2ace4321d4a6" is_pre_election: true
W20260710 11:08:03.122537 11236 leader_election.cc:343] T 0caf177b17924901be347e68c0d59542 P 087f4039ad3d4dc386ad2ace4321d4a6 [CANDIDATE]: Term 1 pre-election: Tablet error from VoteRequest() call to peer 2da55bbe4bda4ed5a4b43c98d8e1eea3 (127.10.83.65:34431): Illegal state: must be running to vote when last-logged opid is not known
W20260710 11:08:03.123517 11162 leader_election.cc:343] T be668257b68544769e9db546a43c3603 P 2da55bbe4bda4ed5a4b43c98d8e1eea3 [CANDIDATE]: Term 1 pre-election: Tablet error from VoteRequest() call to peer 087f4039ad3d4dc386ad2ace4321d4a6 (127.10.83.66:34253): Illegal state: must be running to vote when last-logged opid is not known
I20260710 11:08:03.124078 11387 tablet_bootstrap.cc:654] T 37048e8a08f94d2da9eb88af85373d98 P f0c552bbff9244cf82160455384b4b7a: Neither blocks nor log segments found. Creating new log.
I20260710 11:08:03.124083 11162 leader_election.cc:304] T be668257b68544769e9db546a43c3603 P 2da55bbe4bda4ed5a4b43c98d8e1eea3 [CANDIDATE]: Term 1 pre-election: Election decided. Result: candidate lost. Election summary: received 3 responses out of 3 voters: 1 yes votes; 2 no votes. yes voters: 2da55bbe4bda4ed5a4b43c98d8e1eea3; no voters: 087f4039ad3d4dc386ad2ace4321d4a6, f0c552bbff9244cf82160455384b4b7a
I20260710 11:08:03.125656 11396 raft_consensus.cc:2749] T be668257b68544769e9db546a43c3603 P 2da55bbe4bda4ed5a4b43c98d8e1eea3 [term 0 FOLLOWER]: Leader pre-election lost for term 1. Reason: could not achieve majority
W20260710 11:08:03.127278 11144 auto_rebalancer.cc:288] Could not retrieve cluster info: Service unavailable: Tablet not running
I20260710 11:08:03.127712 11395 raft_consensus.cc:515] T 0caf177b17924901be347e68c0d59542 P 087f4039ad3d4dc386ad2ace4321d4a6 [term 1 FOLLOWER]: Starting leader election with config: opid_index: -1 OBSOLETE_local: false peers { permanent_uuid: "2da55bbe4bda4ed5a4b43c98d8e1eea3" member_type: VOTER last_known_addr { host: "127.10.83.65" port: 34431 } } peers { permanent_uuid: "087f4039ad3d4dc386ad2ace4321d4a6" member_type: VOTER last_known_addr { host: "127.10.83.66" port: 34253 } } peers { permanent_uuid: "f0c552bbff9244cf82160455384b4b7a" member_type: VOTER last_known_addr { host: "127.10.83.67" port: 39511 } }
I20260710 11:08:03.129802 11411 raft_consensus.cc:515] T e66a4cd98b164172be73b5c77d3ab9f6 P 2da55bbe4bda4ed5a4b43c98d8e1eea3 [term 1 FOLLOWER]: Starting leader election with config: opid_index: -1 OBSOLETE_local: false peers { permanent_uuid: "f0c552bbff9244cf82160455384b4b7a" member_type: VOTER last_known_addr { host: "127.10.83.67" port: 39511 } } peers { permanent_uuid: "2da55bbe4bda4ed5a4b43c98d8e1eea3" member_type: VOTER last_known_addr { host: "127.10.83.65" port: 34431 } } peers { permanent_uuid: "087f4039ad3d4dc386ad2ace4321d4a6" member_type: VOTER last_known_addr { host: "127.10.83.66" port: 34253 } }
I20260710 11:08:03.115258 11388 ts_tablet_manager.cc:1434] T 37c2d5e153a74719b73c18ad63ce07fd P 087f4039ad3d4dc386ad2ace4321d4a6: Time spent starting tablet: real 0.010s	user 0.007s	sys 0.000s
I20260710 11:08:03.132929 11347 tablet_service.cc:1917] Received RequestConsensusVote() RPC: tablet_id: "0caf177b17924901be347e68c0d59542" candidate_uuid: "087f4039ad3d4dc386ad2ace4321d4a6" candidate_term: 1 candidate_status { last_received { term: 0 index: 0 } } ignore_live_leader: false dest_uuid: "f0c552bbff9244cf82160455384b4b7a"
I20260710 11:08:03.133502 11347 raft_consensus.cc:3060] T 0caf177b17924901be347e68c0d59542 P f0c552bbff9244cf82160455384b4b7a [term 0 FOLLOWER]: Advancing to term 1
I20260710 11:08:03.133826 11388 tablet_bootstrap.cc:492] T 37048e8a08f94d2da9eb88af85373d98 P 087f4039ad3d4dc386ad2ace4321d4a6: Bootstrap starting.
I20260710 11:08:03.131902 11198 tablet_service.cc:1917] Received RequestConsensusVote() RPC: tablet_id: "0caf177b17924901be347e68c0d59542" candidate_uuid: "087f4039ad3d4dc386ad2ace4321d4a6" candidate_term: 1 candidate_status { last_received { term: 0 index: 0 } } ignore_live_leader: false dest_uuid: "2da55bbe4bda4ed5a4b43c98d8e1eea3"
I20260710 11:08:03.137774 11395 leader_election.cc:290] T 0caf177b17924901be347e68c0d59542 P 087f4039ad3d4dc386ad2ace4321d4a6 [CANDIDATE]: Term 1 election: Requested vote from peers 2da55bbe4bda4ed5a4b43c98d8e1eea3 (127.10.83.65:34431), f0c552bbff9244cf82160455384b4b7a (127.10.83.67:39511)
W20260710 11:08:03.140617 11236 leader_election.cc:343] T 0caf177b17924901be347e68c0d59542 P 087f4039ad3d4dc386ad2ace4321d4a6 [CANDIDATE]: Term 1 election: Tablet error from VoteRequest() call to peer 2da55bbe4bda4ed5a4b43c98d8e1eea3 (127.10.83.65:34431): Illegal state: must be running to vote when last-logged opid is not known
I20260710 11:08:03.141296 11390 tablet_bootstrap.cc:492] T 089fd80713b24be2b359e91592fc2813 P 2da55bbe4bda4ed5a4b43c98d8e1eea3: No bootstrap required, opened a new log
I20260710 11:08:03.141816 11390 ts_tablet_manager.cc:1403] T 089fd80713b24be2b359e91592fc2813 P 2da55bbe4bda4ed5a4b43c98d8e1eea3: Time spent bootstrapping tablet: real 0.080s	user 0.013s	sys 0.023s
I20260710 11:08:03.142479 11347 raft_consensus.cc:2468] T 0caf177b17924901be347e68c0d59542 P f0c552bbff9244cf82160455384b4b7a [term 1 FOLLOWER]: Leader election vote request: Granting yes vote for candidate 087f4039ad3d4dc386ad2ace4321d4a6 in term 1.
I20260710 11:08:03.143757 11239 leader_election.cc:304] T 0caf177b17924901be347e68c0d59542 P 087f4039ad3d4dc386ad2ace4321d4a6 [CANDIDATE]: Term 1 election: Election decided. Result: candidate won. Election summary: received 3 responses out of 3 voters: 2 yes votes; 1 no votes. yes voters: 087f4039ad3d4dc386ad2ace4321d4a6, f0c552bbff9244cf82160455384b4b7a; no voters: 2da55bbe4bda4ed5a4b43c98d8e1eea3
I20260710 11:08:03.144848 11388 tablet_bootstrap.cc:654] T 37048e8a08f94d2da9eb88af85373d98 P 087f4039ad3d4dc386ad2ace4321d4a6: Neither blocks nor log segments found. Creating new log.
I20260710 11:08:03.145196 11395 raft_consensus.cc:2804] T 0caf177b17924901be347e68c0d59542 P 087f4039ad3d4dc386ad2ace4321d4a6 [term 1 FOLLOWER]: Leader election won for term 1
I20260710 11:08:03.144863 11390 raft_consensus.cc:359] T 089fd80713b24be2b359e91592fc2813 P 2da55bbe4bda4ed5a4b43c98d8e1eea3 [term 0 FOLLOWER]: Replica starting. Triggering 0 pending ops. Active config: opid_index: -1 OBSOLETE_local: false peers { permanent_uuid: "2da55bbe4bda4ed5a4b43c98d8e1eea3" member_type: VOTER last_known_addr { host: "127.10.83.65" port: 34431 } } peers { permanent_uuid: "087f4039ad3d4dc386ad2ace4321d4a6" member_type: VOTER last_known_addr { host: "127.10.83.66" port: 34253 } } peers { permanent_uuid: "f0c552bbff9244cf82160455384b4b7a" member_type: VOTER last_known_addr { host: "127.10.83.67" port: 39511 } }
I20260710 11:08:03.145843 11390 raft_consensus.cc:385] T 089fd80713b24be2b359e91592fc2813 P 2da55bbe4bda4ed5a4b43c98d8e1eea3 [term 0 FOLLOWER]: Consensus starting up: Expiring failure detector timer to make a prompt election more likely
I20260710 11:08:03.146200 11390 raft_consensus.cc:740] T 089fd80713b24be2b359e91592fc2813 P 2da55bbe4bda4ed5a4b43c98d8e1eea3 [term 0 FOLLOWER]: Becoming Follower/Learner. State: Replica: 2da55bbe4bda4ed5a4b43c98d8e1eea3, State: Initialized, Role: FOLLOWER
I20260710 11:08:03.146687 11395 raft_consensus.cc:697] T 0caf177b17924901be347e68c0d59542 P 087f4039ad3d4dc386ad2ace4321d4a6 [term 1 LEADER]: Becoming Leader. State: Replica: 087f4039ad3d4dc386ad2ace4321d4a6, State: Running, Role: LEADER
I20260710 11:08:03.147079 11390 consensus_queue.cc:260] T 089fd80713b24be2b359e91592fc2813 P 2da55bbe4bda4ed5a4b43c98d8e1eea3 [NON_LEADER]: Queue going to NON_LEADER mode. State: All replicated index: 0, Majority replicated index: 0, Committed index: 0, Last appended: 0.0, Last appended by leader: 0, Current term: 0, Majority size: -1, State: 0, Mode: NON_LEADER, active raft config: opid_index: -1 OBSOLETE_local: false peers { permanent_uuid: "2da55bbe4bda4ed5a4b43c98d8e1eea3" member_type: VOTER last_known_addr { host: "127.10.83.65" port: 34431 } } peers { permanent_uuid: "087f4039ad3d4dc386ad2ace4321d4a6" member_type: VOTER last_known_addr { host: "127.10.83.66" port: 34253 } } peers { permanent_uuid: "f0c552bbff9244cf82160455384b4b7a" member_type: VOTER last_known_addr { host: "127.10.83.67" port: 39511 } }
I20260710 11:08:03.147662 11395 consensus_queue.cc:237] T 0caf177b17924901be347e68c0d59542 P 087f4039ad3d4dc386ad2ace4321d4a6 [LEADER]: Queue going to LEADER mode. State: All replicated index: 0, Majority replicated index: 0, Committed index: 0, Last appended: 0.0, Last appended by leader: 0, Current term: 1, Majority size: 2, State: 0, Mode: LEADER, active raft config: opid_index: -1 OBSOLETE_local: false peers { permanent_uuid: "2da55bbe4bda4ed5a4b43c98d8e1eea3" member_type: VOTER last_known_addr { host: "127.10.83.65" port: 34431 } } peers { permanent_uuid: "087f4039ad3d4dc386ad2ace4321d4a6" member_type: VOTER last_known_addr { host: "127.10.83.66" port: 34253 } } peers { permanent_uuid: "f0c552bbff9244cf82160455384b4b7a" member_type: VOTER last_known_addr { host: "127.10.83.67" port: 39511 } }
I20260710 11:08:03.154820 11346 tablet_service.cc:1917] Received RequestConsensusVote() RPC: tablet_id: "e66a4cd98b164172be73b5c77d3ab9f6" candidate_uuid: "2da55bbe4bda4ed5a4b43c98d8e1eea3" candidate_term: 1 candidate_status { last_received { term: 0 index: 0 } } ignore_live_leader: false dest_uuid: "f0c552bbff9244cf82160455384b4b7a"
W20260710 11:08:03.157235 11164 leader_election.cc:343] T e66a4cd98b164172be73b5c77d3ab9f6 P 2da55bbe4bda4ed5a4b43c98d8e1eea3 [CANDIDATE]: Term 1 election: Tablet error from VoteRequest() call to peer f0c552bbff9244cf82160455384b4b7a (127.10.83.67:39511): Illegal state: must be running to vote when last-logged opid is not known
I20260710 11:08:03.159298 11411 leader_election.cc:290] T e66a4cd98b164172be73b5c77d3ab9f6 P 2da55bbe4bda4ed5a4b43c98d8e1eea3 [CANDIDATE]: Term 1 election: Requested vote from peers f0c552bbff9244cf82160455384b4b7a (127.10.83.67:39511), 087f4039ad3d4dc386ad2ace4321d4a6 (127.10.83.66:34253)
I20260710 11:08:03.159932 11390 ts_tablet_manager.cc:1434] T 089fd80713b24be2b359e91592fc2813 P 2da55bbe4bda4ed5a4b43c98d8e1eea3: Time spent starting tablet: real 0.018s	user 0.003s	sys 0.004s
I20260710 11:08:03.160019 11273 tablet_service.cc:1917] Received RequestConsensusVote() RPC: tablet_id: "e66a4cd98b164172be73b5c77d3ab9f6" candidate_uuid: "2da55bbe4bda4ed5a4b43c98d8e1eea3" candidate_term: 1 candidate_status { last_received { term: 0 index: 0 } } ignore_live_leader: false dest_uuid: "087f4039ad3d4dc386ad2ace4321d4a6"
I20260710 11:08:03.161056 11273 raft_consensus.cc:3060] T e66a4cd98b164172be73b5c77d3ab9f6 P 087f4039ad3d4dc386ad2ace4321d4a6 [term 0 FOLLOWER]: Advancing to term 1
I20260710 11:08:03.169440 11094 catalog_manager.cc:5697] T 0caf177b17924901be347e68c0d59542 P 087f4039ad3d4dc386ad2ace4321d4a6 reported cstate change: term changed from 0 to 1, leader changed from <none> to 087f4039ad3d4dc386ad2ace4321d4a6 (127.10.83.66). New cstate: current_term: 1 leader_uuid: "087f4039ad3d4dc386ad2ace4321d4a6" committed_config { opid_index: -1 OBSOLETE_local: false peers { permanent_uuid: "2da55bbe4bda4ed5a4b43c98d8e1eea3" member_type: VOTER last_known_addr { host: "127.10.83.65" port: 34431 } health_report { overall_health: UNKNOWN } } peers { permanent_uuid: "087f4039ad3d4dc386ad2ace4321d4a6" member_type: VOTER last_known_addr { host: "127.10.83.66" port: 34253 } health_report { overall_health: HEALTHY } } peers { permanent_uuid: "f0c552bbff9244cf82160455384b4b7a" member_type: VOTER last_known_addr { host: "127.10.83.67" port: 39511 } health_report { overall_health: UNKNOWN } } }
I20260710 11:08:03.171139 11390 tablet_bootstrap.cc:492] T 1f54e605afa94d51b341c49307ca060e P 2da55bbe4bda4ed5a4b43c98d8e1eea3: Bootstrap starting.
I20260710 11:08:03.173935 11273 raft_consensus.cc:2468] T e66a4cd98b164172be73b5c77d3ab9f6 P 087f4039ad3d4dc386ad2ace4321d4a6 [term 1 FOLLOWER]: Leader election vote request: Granting yes vote for candidate 2da55bbe4bda4ed5a4b43c98d8e1eea3 in term 1.
I20260710 11:08:03.175289 11387 tablet_bootstrap.cc:492] T 37048e8a08f94d2da9eb88af85373d98 P f0c552bbff9244cf82160455384b4b7a: No bootstrap required, opened a new log
I20260710 11:08:03.175787 11387 ts_tablet_manager.cc:1403] T 37048e8a08f94d2da9eb88af85373d98 P f0c552bbff9244cf82160455384b4b7a: Time spent bootstrapping tablet: real 0.079s	user 0.015s	sys 0.015s
I20260710 11:08:03.175987 11162 leader_election.cc:304] T e66a4cd98b164172be73b5c77d3ab9f6 P 2da55bbe4bda4ed5a4b43c98d8e1eea3 [CANDIDATE]: Term 1 election: Election decided. Result: candidate won. Election summary: received 3 responses out of 3 voters: 2 yes votes; 1 no votes. yes voters: 087f4039ad3d4dc386ad2ace4321d4a6, 2da55bbe4bda4ed5a4b43c98d8e1eea3; no voters: f0c552bbff9244cf82160455384b4b7a
I20260710 11:08:03.177217 11411 raft_consensus.cc:2804] T e66a4cd98b164172be73b5c77d3ab9f6 P 2da55bbe4bda4ed5a4b43c98d8e1eea3 [term 1 FOLLOWER]: Leader election won for term 1
I20260710 11:08:03.177718 11411 raft_consensus.cc:697] T e66a4cd98b164172be73b5c77d3ab9f6 P 2da55bbe4bda4ed5a4b43c98d8e1eea3 [term 1 LEADER]: Becoming Leader. State: Replica: 2da55bbe4bda4ed5a4b43c98d8e1eea3, State: Running, Role: LEADER
I20260710 11:08:03.178958 11388 tablet_bootstrap.cc:492] T 37048e8a08f94d2da9eb88af85373d98 P 087f4039ad3d4dc386ad2ace4321d4a6: No bootstrap required, opened a new log
I20260710 11:08:03.178552 11411 consensus_queue.cc:237] T e66a4cd98b164172be73b5c77d3ab9f6 P 2da55bbe4bda4ed5a4b43c98d8e1eea3 [LEADER]: Queue going to LEADER mode. State: All replicated index: 0, Majority replicated index: 0, Committed index: 0, Last appended: 0.0, Last appended by leader: 0, Current term: 1, Majority size: 2, State: 0, Mode: LEADER, active raft config: opid_index: -1 OBSOLETE_local: false peers { permanent_uuid: "f0c552bbff9244cf82160455384b4b7a" member_type: VOTER last_known_addr { host: "127.10.83.67" port: 39511 } } peers { permanent_uuid: "2da55bbe4bda4ed5a4b43c98d8e1eea3" member_type: VOTER last_known_addr { host: "127.10.83.65" port: 34431 } } peers { permanent_uuid: "087f4039ad3d4dc386ad2ace4321d4a6" member_type: VOTER last_known_addr { host: "127.10.83.66" port: 34253 } }
I20260710 11:08:03.179497 11388 ts_tablet_manager.cc:1403] T 37048e8a08f94d2da9eb88af85373d98 P 087f4039ad3d4dc386ad2ace4321d4a6: Time spent bootstrapping tablet: real 0.046s	user 0.029s	sys 0.013s
I20260710 11:08:03.181802 11390 tablet_bootstrap.cc:654] T 1f54e605afa94d51b341c49307ca060e P 2da55bbe4bda4ed5a4b43c98d8e1eea3: Neither blocks nor log segments found. Creating new log.
I20260710 11:08:03.182480 11388 raft_consensus.cc:359] T 37048e8a08f94d2da9eb88af85373d98 P 087f4039ad3d4dc386ad2ace4321d4a6 [term 0 FOLLOWER]: Replica starting. Triggering 0 pending ops. Active config: opid_index: -1 OBSOLETE_local: false peers { permanent_uuid: "2da55bbe4bda4ed5a4b43c98d8e1eea3" member_type: VOTER last_known_addr { host: "127.10.83.65" port: 34431 } } peers { permanent_uuid: "087f4039ad3d4dc386ad2ace4321d4a6" member_type: VOTER last_known_addr { host: "127.10.83.66" port: 34253 } } peers { permanent_uuid: "f0c552bbff9244cf82160455384b4b7a" member_type: VOTER last_known_addr { host: "127.10.83.67" port: 39511 } }
I20260710 11:08:03.183257 11388 raft_consensus.cc:385] T 37048e8a08f94d2da9eb88af85373d98 P 087f4039ad3d4dc386ad2ace4321d4a6 [term 0 FOLLOWER]: Consensus starting up: Expiring failure detector timer to make a prompt election more likely
I20260710 11:08:03.183570 11388 raft_consensus.cc:740] T 37048e8a08f94d2da9eb88af85373d98 P 087f4039ad3d4dc386ad2ace4321d4a6 [term 0 FOLLOWER]: Becoming Follower/Learner. State: Replica: 087f4039ad3d4dc386ad2ace4321d4a6, State: Initialized, Role: FOLLOWER
I20260710 11:08:03.184324 11388 consensus_queue.cc:260] T 37048e8a08f94d2da9eb88af85373d98 P 087f4039ad3d4dc386ad2ace4321d4a6 [NON_LEADER]: Queue going to NON_LEADER mode. State: All replicated index: 0, Majority replicated index: 0, Committed index: 0, Last appended: 0.0, Last appended by leader: 0, Current term: 0, Majority size: -1, State: 0, Mode: NON_LEADER, active raft config: opid_index: -1 OBSOLETE_local: false peers { permanent_uuid: "2da55bbe4bda4ed5a4b43c98d8e1eea3" member_type: VOTER last_known_addr { host: "127.10.83.65" port: 34431 } } peers { permanent_uuid: "087f4039ad3d4dc386ad2ace4321d4a6" member_type: VOTER last_known_addr { host: "127.10.83.66" port: 34253 } } peers { permanent_uuid: "f0c552bbff9244cf82160455384b4b7a" member_type: VOTER last_known_addr { host: "127.10.83.67" port: 39511 } }
I20260710 11:08:03.178959 11387 raft_consensus.cc:359] T 37048e8a08f94d2da9eb88af85373d98 P f0c552bbff9244cf82160455384b4b7a [term 0 FOLLOWER]: Replica starting. Triggering 0 pending ops. Active config: opid_index: -1 OBSOLETE_local: false peers { permanent_uuid: "2da55bbe4bda4ed5a4b43c98d8e1eea3" member_type: VOTER last_known_addr { host: "127.10.83.65" port: 34431 } } peers { permanent_uuid: "087f4039ad3d4dc386ad2ace4321d4a6" member_type: VOTER last_known_addr { host: "127.10.83.66" port: 34253 } } peers { permanent_uuid: "f0c552bbff9244cf82160455384b4b7a" member_type: VOTER last_known_addr { host: "127.10.83.67" port: 39511 } }
I20260710 11:08:03.185979 11387 raft_consensus.cc:385] T 37048e8a08f94d2da9eb88af85373d98 P f0c552bbff9244cf82160455384b4b7a [term 0 FOLLOWER]: Consensus starting up: Expiring failure detector timer to make a prompt election more likely
I20260710 11:08:03.186322 11387 raft_consensus.cc:740] T 37048e8a08f94d2da9eb88af85373d98 P f0c552bbff9244cf82160455384b4b7a [term 0 FOLLOWER]: Becoming Follower/Learner. State: Replica: f0c552bbff9244cf82160455384b4b7a, State: Initialized, Role: FOLLOWER
I20260710 11:08:03.187176 11387 consensus_queue.cc:260] T 37048e8a08f94d2da9eb88af85373d98 P f0c552bbff9244cf82160455384b4b7a [NON_LEADER]: Queue going to NON_LEADER mode. State: All replicated index: 0, Majority replicated index: 0, Committed index: 0, Last appended: 0.0, Last appended by leader: 0, Current term: 0, Majority size: -1, State: 0, Mode: NON_LEADER, active raft config: opid_index: -1 OBSOLETE_local: false peers { permanent_uuid: "2da55bbe4bda4ed5a4b43c98d8e1eea3" member_type: VOTER last_known_addr { host: "127.10.83.65" port: 34431 } } peers { permanent_uuid: "087f4039ad3d4dc386ad2ace4321d4a6" member_type: VOTER last_known_addr { host: "127.10.83.66" port: 34253 } } peers { permanent_uuid: "f0c552bbff9244cf82160455384b4b7a" member_type: VOTER last_known_addr { host: "127.10.83.67" port: 39511 } }
I20260710 11:08:03.189262 11388 ts_tablet_manager.cc:1434] T 37048e8a08f94d2da9eb88af85373d98 P 087f4039ad3d4dc386ad2ace4321d4a6: Time spent starting tablet: real 0.009s	user 0.007s	sys 0.000s
I20260710 11:08:03.189633 11387 ts_tablet_manager.cc:1434] T 37048e8a08f94d2da9eb88af85373d98 P f0c552bbff9244cf82160455384b4b7a: Time spent starting tablet: real 0.013s	user 0.005s	sys 0.001s
I20260710 11:08:03.190243 11388 tablet_bootstrap.cc:492] T 089fd80713b24be2b359e91592fc2813 P 087f4039ad3d4dc386ad2ace4321d4a6: Bootstrap starting.
I20260710 11:08:03.190583 11387 tablet_bootstrap.cc:492] T 9bb5d55eabce4e52954a59e875475135 P f0c552bbff9244cf82160455384b4b7a: Bootstrap starting.
I20260710 11:08:03.196002 11388 tablet_bootstrap.cc:654] T 089fd80713b24be2b359e91592fc2813 P 087f4039ad3d4dc386ad2ace4321d4a6: Neither blocks nor log segments found. Creating new log.
I20260710 11:08:03.198863 11387 tablet_bootstrap.cc:654] T 9bb5d55eabce4e52954a59e875475135 P f0c552bbff9244cf82160455384b4b7a: Neither blocks nor log segments found. Creating new log.
I20260710 11:08:03.212735 11395 raft_consensus.cc:493] T 9bb5d55eabce4e52954a59e875475135 P 087f4039ad3d4dc386ad2ace4321d4a6 [term 0 FOLLOWER]: Starting pre-election (no leader contacted us within the election timeout)
I20260710 11:08:03.213408 11395 raft_consensus.cc:515] T 9bb5d55eabce4e52954a59e875475135 P 087f4039ad3d4dc386ad2ace4321d4a6 [term 0 FOLLOWER]: Starting pre-election with config: opid_index: -1 OBSOLETE_local: false peers { permanent_uuid: "2da55bbe4bda4ed5a4b43c98d8e1eea3" member_type: VOTER last_known_addr { host: "127.10.83.65" port: 34431 } } peers { permanent_uuid: "087f4039ad3d4dc386ad2ace4321d4a6" member_type: VOTER last_known_addr { host: "127.10.83.66" port: 34253 } } peers { permanent_uuid: "f0c552bbff9244cf82160455384b4b7a" member_type: VOTER last_known_addr { host: "127.10.83.67" port: 39511 } }
I20260710 11:08:03.216815 11198 tablet_service.cc:1917] Received RequestConsensusVote() RPC: tablet_id: "9bb5d55eabce4e52954a59e875475135" candidate_uuid: "087f4039ad3d4dc386ad2ace4321d4a6" candidate_term: 1 candidate_status { last_received { term: 0 index: 0 } } ignore_live_leader: false dest_uuid: "2da55bbe4bda4ed5a4b43c98d8e1eea3" is_pre_election: true
I20260710 11:08:03.217249 11347 tablet_service.cc:1917] Received RequestConsensusVote() RPC: tablet_id: "9bb5d55eabce4e52954a59e875475135" candidate_uuid: "087f4039ad3d4dc386ad2ace4321d4a6" candidate_term: 1 candidate_status { last_received { term: 0 index: 0 } } ignore_live_leader: false dest_uuid: "f0c552bbff9244cf82160455384b4b7a" is_pre_election: true
I20260710 11:08:03.217561 11198 raft_consensus.cc:2468] T 9bb5d55eabce4e52954a59e875475135 P 2da55bbe4bda4ed5a4b43c98d8e1eea3 [term 0 FOLLOWER]: Leader pre-election vote request: Granting yes vote for candidate 087f4039ad3d4dc386ad2ace4321d4a6 in term 0.
I20260710 11:08:03.218323 11388 tablet_bootstrap.cc:492] T 089fd80713b24be2b359e91592fc2813 P 087f4039ad3d4dc386ad2ace4321d4a6: No bootstrap required, opened a new log
W20260710 11:08:03.218698 11239 leader_election.cc:343] T 9bb5d55eabce4e52954a59e875475135 P 087f4039ad3d4dc386ad2ace4321d4a6 [CANDIDATE]: Term 1 pre-election: Tablet error from VoteRequest() call to peer f0c552bbff9244cf82160455384b4b7a (127.10.83.67:39511): Illegal state: must be running to vote when last-logged opid is not known
I20260710 11:08:03.219331 11395 leader_election.cc:290] T 9bb5d55eabce4e52954a59e875475135 P 087f4039ad3d4dc386ad2ace4321d4a6 [CANDIDATE]: Term 1 pre-election: Requested pre-vote from peers 2da55bbe4bda4ed5a4b43c98d8e1eea3 (127.10.83.65:34431), f0c552bbff9244cf82160455384b4b7a (127.10.83.67:39511)
I20260710 11:08:03.218818 11388 ts_tablet_manager.cc:1403] T 089fd80713b24be2b359e91592fc2813 P 087f4039ad3d4dc386ad2ace4321d4a6: Time spent bootstrapping tablet: real 0.029s	user 0.007s	sys 0.018s
I20260710 11:08:03.219350 11236 leader_election.cc:304] T 9bb5d55eabce4e52954a59e875475135 P 087f4039ad3d4dc386ad2ace4321d4a6 [CANDIDATE]: Term 1 pre-election: Election decided. Result: candidate won. Election summary: received 3 responses out of 3 voters: 2 yes votes; 1 no votes. yes voters: 087f4039ad3d4dc386ad2ace4321d4a6, 2da55bbe4bda4ed5a4b43c98d8e1eea3; no voters: f0c552bbff9244cf82160455384b4b7a
I20260710 11:08:03.221021 11395 raft_consensus.cc:2804] T 9bb5d55eabce4e52954a59e875475135 P 087f4039ad3d4dc386ad2ace4321d4a6 [term 0 FOLLOWER]: Leader pre-election won for term 1
I20260710 11:08:03.221657 11390 tablet_bootstrap.cc:492] T 1f54e605afa94d51b341c49307ca060e P 2da55bbe4bda4ed5a4b43c98d8e1eea3: No bootstrap required, opened a new log
I20260710 11:08:03.221536 11395 raft_consensus.cc:493] T 9bb5d55eabce4e52954a59e875475135 P 087f4039ad3d4dc386ad2ace4321d4a6 [term 0 FOLLOWER]: Starting leader election (no leader contacted us within the election timeout)
I20260710 11:08:03.222172 11395 raft_consensus.cc:3060] T 9bb5d55eabce4e52954a59e875475135 P 087f4039ad3d4dc386ad2ace4321d4a6 [term 0 FOLLOWER]: Advancing to term 1
I20260710 11:08:03.214517 11095 catalog_manager.cc:5697] T e66a4cd98b164172be73b5c77d3ab9f6 P 2da55bbe4bda4ed5a4b43c98d8e1eea3 reported cstate change: term changed from 0 to 1, leader changed from <none> to 2da55bbe4bda4ed5a4b43c98d8e1eea3 (127.10.83.65). New cstate: current_term: 1 leader_uuid: "2da55bbe4bda4ed5a4b43c98d8e1eea3" committed_config { opid_index: -1 OBSOLETE_local: false peers { permanent_uuid: "f0c552bbff9244cf82160455384b4b7a" member_type: VOTER last_known_addr { host: "127.10.83.67" port: 39511 } health_report { overall_health: UNKNOWN } } peers { permanent_uuid: "2da55bbe4bda4ed5a4b43c98d8e1eea3" member_type: VOTER last_known_addr { host: "127.10.83.65" port: 34431 } health_report { overall_health: HEALTHY } } peers { permanent_uuid: "087f4039ad3d4dc386ad2ace4321d4a6" member_type: VOTER last_known_addr { host: "127.10.83.66" port: 34253 } health_report { overall_health: UNKNOWN } } }
I20260710 11:08:03.222468 11388 raft_consensus.cc:359] T 089fd80713b24be2b359e91592fc2813 P 087f4039ad3d4dc386ad2ace4321d4a6 [term 0 FOLLOWER]: Replica starting. Triggering 0 pending ops. Active config: opid_index: -1 OBSOLETE_local: false peers { permanent_uuid: "2da55bbe4bda4ed5a4b43c98d8e1eea3" member_type: VOTER last_known_addr { host: "127.10.83.65" port: 34431 } } peers { permanent_uuid: "087f4039ad3d4dc386ad2ace4321d4a6" member_type: VOTER last_known_addr { host: "127.10.83.66" port: 34253 } } peers { permanent_uuid: "f0c552bbff9244cf82160455384b4b7a" member_type: VOTER last_known_addr { host: "127.10.83.67" port: 39511 } }
I20260710 11:08:03.223230 11388 raft_consensus.cc:385] T 089fd80713b24be2b359e91592fc2813 P 087f4039ad3d4dc386ad2ace4321d4a6 [term 0 FOLLOWER]: Consensus starting up: Expiring failure detector timer to make a prompt election more likely
I20260710 11:08:03.223775 11388 raft_consensus.cc:740] T 089fd80713b24be2b359e91592fc2813 P 087f4039ad3d4dc386ad2ace4321d4a6 [term 0 FOLLOWER]: Becoming Follower/Learner. State: Replica: 087f4039ad3d4dc386ad2ace4321d4a6, State: Initialized, Role: FOLLOWER
I20260710 11:08:03.224864 11388 consensus_queue.cc:260] T 089fd80713b24be2b359e91592fc2813 P 087f4039ad3d4dc386ad2ace4321d4a6 [NON_LEADER]: Queue going to NON_LEADER mode. State: All replicated index: 0, Majority replicated index: 0, Committed index: 0, Last appended: 0.0, Last appended by leader: 0, Current term: 0, Majority size: -1, State: 0, Mode: NON_LEADER, active raft config: opid_index: -1 OBSOLETE_local: false peers { permanent_uuid: "2da55bbe4bda4ed5a4b43c98d8e1eea3" member_type: VOTER last_known_addr { host: "127.10.83.65" port: 34431 } } peers { permanent_uuid: "087f4039ad3d4dc386ad2ace4321d4a6" member_type: VOTER last_known_addr { host: "127.10.83.66" port: 34253 } } peers { permanent_uuid: "f0c552bbff9244cf82160455384b4b7a" member_type: VOTER last_known_addr { host: "127.10.83.67" port: 39511 } }
I20260710 11:08:03.227233 11388 ts_tablet_manager.cc:1434] T 089fd80713b24be2b359e91592fc2813 P 087f4039ad3d4dc386ad2ace4321d4a6: Time spent starting tablet: real 0.007s	user 0.002s	sys 0.003s
I20260710 11:08:03.227864 11387 tablet_bootstrap.cc:492] T 9bb5d55eabce4e52954a59e875475135 P f0c552bbff9244cf82160455384b4b7a: No bootstrap required, opened a new log
I20260710 11:08:03.228164 11388 tablet_bootstrap.cc:492] T 1f54e605afa94d51b341c49307ca060e P 087f4039ad3d4dc386ad2ace4321d4a6: Bootstrap starting.
I20260710 11:08:03.228482 11387 ts_tablet_manager.cc:1403] T 9bb5d55eabce4e52954a59e875475135 P f0c552bbff9244cf82160455384b4b7a: Time spent bootstrapping tablet: real 0.038s	user 0.015s	sys 0.007s
I20260710 11:08:03.231987 11390 ts_tablet_manager.cc:1403] T 1f54e605afa94d51b341c49307ca060e P 2da55bbe4bda4ed5a4b43c98d8e1eea3: Time spent bootstrapping tablet: real 0.061s	user 0.016s	sys 0.006s
I20260710 11:08:03.231532 11387 raft_consensus.cc:359] T 9bb5d55eabce4e52954a59e875475135 P f0c552bbff9244cf82160455384b4b7a [term 0 FOLLOWER]: Replica starting. Triggering 0 pending ops. Active config: opid_index: -1 OBSOLETE_local: false peers { permanent_uuid: "2da55bbe4bda4ed5a4b43c98d8e1eea3" member_type: VOTER last_known_addr { host: "127.10.83.65" port: 34431 } } peers { permanent_uuid: "087f4039ad3d4dc386ad2ace4321d4a6" member_type: VOTER last_known_addr { host: "127.10.83.66" port: 34253 } } peers { permanent_uuid: "f0c552bbff9244cf82160455384b4b7a" member_type: VOTER last_known_addr { host: "127.10.83.67" port: 39511 } }
I20260710 11:08:03.232539 11387 raft_consensus.cc:385] T 9bb5d55eabce4e52954a59e875475135 P f0c552bbff9244cf82160455384b4b7a [term 0 FOLLOWER]: Consensus starting up: Expiring failure detector timer to make a prompt election more likely
I20260710 11:08:03.232929 11387 raft_consensus.cc:740] T 9bb5d55eabce4e52954a59e875475135 P f0c552bbff9244cf82160455384b4b7a [term 0 FOLLOWER]: Becoming Follower/Learner. State: Replica: f0c552bbff9244cf82160455384b4b7a, State: Initialized, Role: FOLLOWER
I20260710 11:08:03.233728 11413 raft_consensus.cc:493] T 37c2d5e153a74719b73c18ad63ce07fd P 087f4039ad3d4dc386ad2ace4321d4a6 [term 0 FOLLOWER]: Starting pre-election (no leader contacted us within the election timeout)
I20260710 11:08:03.233788 11387 consensus_queue.cc:260] T 9bb5d55eabce4e52954a59e875475135 P f0c552bbff9244cf82160455384b4b7a [NON_LEADER]: Queue going to NON_LEADER mode. State: All replicated index: 0, Majority replicated index: 0, Committed index: 0, Last appended: 0.0, Last appended by leader: 0, Current term: 0, Majority size: -1, State: 0, Mode: NON_LEADER, active raft config: opid_index: -1 OBSOLETE_local: false peers { permanent_uuid: "2da55bbe4bda4ed5a4b43c98d8e1eea3" member_type: VOTER last_known_addr { host: "127.10.83.65" port: 34431 } } peers { permanent_uuid: "087f4039ad3d4dc386ad2ace4321d4a6" member_type: VOTER last_known_addr { host: "127.10.83.66" port: 34253 } } peers { permanent_uuid: "f0c552bbff9244cf82160455384b4b7a" member_type: VOTER last_known_addr { host: "127.10.83.67" port: 39511 } }
I20260710 11:08:03.234308 11413 raft_consensus.cc:515] T 37c2d5e153a74719b73c18ad63ce07fd P 087f4039ad3d4dc386ad2ace4321d4a6 [term 0 FOLLOWER]: Starting pre-election with config: opid_index: -1 OBSOLETE_local: false peers { permanent_uuid: "2da55bbe4bda4ed5a4b43c98d8e1eea3" member_type: VOTER last_known_addr { host: "127.10.83.65" port: 34431 } } peers { permanent_uuid: "087f4039ad3d4dc386ad2ace4321d4a6" member_type: VOTER last_known_addr { host: "127.10.83.66" port: 34253 } } peers { permanent_uuid: "f0c552bbff9244cf82160455384b4b7a" member_type: VOTER last_known_addr { host: "127.10.83.67" port: 39511 } }
I20260710 11:08:03.235275 11388 tablet_bootstrap.cc:654] T 1f54e605afa94d51b341c49307ca060e P 087f4039ad3d4dc386ad2ace4321d4a6: Neither blocks nor log segments found. Creating new log.
I20260710 11:08:03.235155 11390 raft_consensus.cc:359] T 1f54e605afa94d51b341c49307ca060e P 2da55bbe4bda4ed5a4b43c98d8e1eea3 [term 0 FOLLOWER]: Replica starting. Triggering 0 pending ops. Active config: opid_index: -1 OBSOLETE_local: false peers { permanent_uuid: "2da55bbe4bda4ed5a4b43c98d8e1eea3" member_type: VOTER last_known_addr { host: "127.10.83.65" port: 34431 } } peers { permanent_uuid: "087f4039ad3d4dc386ad2ace4321d4a6" member_type: VOTER last_known_addr { host: "127.10.83.66" port: 34253 } } peers { permanent_uuid: "f0c552bbff9244cf82160455384b4b7a" member_type: VOTER last_known_addr { host: "127.10.83.67" port: 39511 } }
I20260710 11:08:03.235925 11390 raft_consensus.cc:385] T 1f54e605afa94d51b341c49307ca060e P 2da55bbe4bda4ed5a4b43c98d8e1eea3 [term 0 FOLLOWER]: Consensus starting up: Expiring failure detector timer to make a prompt election more likely
I20260710 11:08:03.236238 11390 raft_consensus.cc:740] T 1f54e605afa94d51b341c49307ca060e P 2da55bbe4bda4ed5a4b43c98d8e1eea3 [term 0 FOLLOWER]: Becoming Follower/Learner. State: Replica: 2da55bbe4bda4ed5a4b43c98d8e1eea3, State: Initialized, Role: FOLLOWER
I20260710 11:08:03.236884 11387 ts_tablet_manager.cc:1434] T 9bb5d55eabce4e52954a59e875475135 P f0c552bbff9244cf82160455384b4b7a: Time spent starting tablet: real 0.008s	user 0.007s	sys 0.000s
I20260710 11:08:03.236960 11390 consensus_queue.cc:260] T 1f54e605afa94d51b341c49307ca060e P 2da55bbe4bda4ed5a4b43c98d8e1eea3 [NON_LEADER]: Queue going to NON_LEADER mode. State: All replicated index: 0, Majority replicated index: 0, Committed index: 0, Last appended: 0.0, Last appended by leader: 0, Current term: 0, Majority size: -1, State: 0, Mode: NON_LEADER, active raft config: opid_index: -1 OBSOLETE_local: false peers { permanent_uuid: "2da55bbe4bda4ed5a4b43c98d8e1eea3" member_type: VOTER last_known_addr { host: "127.10.83.65" port: 34431 } } peers { permanent_uuid: "087f4039ad3d4dc386ad2ace4321d4a6" member_type: VOTER last_known_addr { host: "127.10.83.66" port: 34253 } } peers { permanent_uuid: "f0c552bbff9244cf82160455384b4b7a" member_type: VOTER last_known_addr { host: "127.10.83.67" port: 39511 } }
