I20260710 11:08:26.936441 12303 raft_consensus.cc:1064] T 22c4a40f708b401a8564b843828efe21 P d708b8b5645248a7969e3e74c1232c5d: attempting to promote NON_VOTER 896f5b67c0f94c7fb494132b7b023fd6 to VOTER
I20260710 11:08:26.938438 12158 raft_consensus.cc:1275] T b1efa82aa8ca4e899bb1517226f90e1c P 896f5b67c0f94c7fb494132b7b023fd6 [term 1 FOLLOWER]: Refusing update from remote peer d03943c27c3542ae9fa44b53577eb5a1: Log matching property violated. Preceding OpId in replica: term: 1 index: 3. Preceding OpId from leader: term: 1 index: 4. (index mismatch)
I20260710 11:08:26.939513 11808 raft_consensus.cc:1275] T b1efa82aa8ca4e899bb1517226f90e1c P 62562535c16548049f585a0e6d39963a [term 1 FOLLOWER]: Refusing update from remote peer d03943c27c3542ae9fa44b53577eb5a1: Log matching property violated. Preceding OpId in replica: term: 1 index: 3. Preceding OpId from leader: term: 1 index: 4. (index mismatch)
I20260710 11:08:26.939033 12303 consensus_queue.cc:237] T 22c4a40f708b401a8564b843828efe21 P d708b8b5645248a7969e3e74c1232c5d [LEADER]: Queue going to LEADER mode. State: All replicated index: 0, Majority replicated index: 2, Committed index: 2, Last appended: 1.2, Last appended by leader: 0, Current term: 1, Majority size: 3, State: 0, Mode: LEADER, active raft config: opid_index: 3 OBSOLETE_local: false peers { permanent_uuid: "d03943c27c3542ae9fa44b53577eb5a1" member_type: VOTER last_known_addr { host: "127.10.83.65" port: 43787 } } peers { permanent_uuid: "62562535c16548049f585a0e6d39963a" member_type: VOTER last_known_addr { host: "127.10.83.66" port: 44043 } attrs { replace: true } } peers { permanent_uuid: "d708b8b5645248a7969e3e74c1232c5d" member_type: VOTER last_known_addr { host: "127.10.83.67" port: 46085 } } peers { permanent_uuid: "896f5b67c0f94c7fb494132b7b023fd6" member_type: VOTER last_known_addr { host: "127.10.83.68" port: 35659 } attrs { promote: false } }
I20260710 11:08:26.940001 12299 consensus_queue.cc:1048] T b1efa82aa8ca4e899bb1517226f90e1c P d03943c27c3542ae9fa44b53577eb5a1 [LEADER]: Connected to new peer: Peer: permanent_uuid: "896f5b67c0f94c7fb494132b7b023fd6" member_type: VOTER last_known_addr { host: "127.10.83.68" port: 35659 } attrs { promote: false }, Status: LMP_MISMATCH, Last received: 0.0, Next index: 4, Last known committed idx: 3, Time since last communication: 0.000s
I20260710 11:08:26.941052 12236 consensus_queue.cc:1048] T b1efa82aa8ca4e899bb1517226f90e1c P d03943c27c3542ae9fa44b53577eb5a1 [LEADER]: Connected to new peer: Peer: permanent_uuid: "62562535c16548049f585a0e6d39963a" member_type: VOTER last_known_addr { host: "127.10.83.66" port: 44043 }, Status: LMP_MISMATCH, Last received: 0.0, Next index: 4, Last known committed idx: 3, Time since last communication: 0.000s
I20260710 11:08:26.949810 12300 raft_consensus.cc:2955] T b1efa82aa8ca4e899bb1517226f90e1c P d03943c27c3542ae9fa44b53577eb5a1 [term 1 LEADER]: Committing config change with OpId 1.4: config changed from index 3 to 4, VOTER d708b8b5645248a7969e3e74c1232c5d (127.10.83.67) evicted. New config: { opid_index: 4 OBSOLETE_local: false peers { permanent_uuid: "d03943c27c3542ae9fa44b53577eb5a1" member_type: VOTER last_known_addr { host: "127.10.83.65" port: 43787 } } peers { permanent_uuid: "62562535c16548049f585a0e6d39963a" member_type: VOTER last_known_addr { host: "127.10.83.66" port: 44043 } } peers { permanent_uuid: "896f5b67c0f94c7fb494132b7b023fd6" member_type: VOTER last_known_addr { host: "127.10.83.68" port: 35659 } attrs { promote: false } } }
I20260710 11:08:26.951066 11808 raft_consensus.cc:2955] T b1efa82aa8ca4e899bb1517226f90e1c P 62562535c16548049f585a0e6d39963a [term 1 FOLLOWER]: Committing config change with OpId 1.4: config changed from index 3 to 4, VOTER d708b8b5645248a7969e3e74c1232c5d (127.10.83.67) evicted. New config: { opid_index: 4 OBSOLETE_local: false peers { permanent_uuid: "d03943c27c3542ae9fa44b53577eb5a1" member_type: VOTER last_known_addr { host: "127.10.83.65" port: 43787 } } peers { permanent_uuid: "62562535c16548049f585a0e6d39963a" member_type: VOTER last_known_addr { host: "127.10.83.66" port: 44043 } } peers { permanent_uuid: "896f5b67c0f94c7fb494132b7b023fd6" member_type: VOTER last_known_addr { host: "127.10.83.68" port: 35659 } attrs { promote: false } } }
I20260710 11:08:26.961807 12158 raft_consensus.cc:2955] T b1efa82aa8ca4e899bb1517226f90e1c P 896f5b67c0f94c7fb494132b7b023fd6 [term 1 FOLLOWER]: Committing config change with OpId 1.4: config changed from index 3 to 4, VOTER d708b8b5645248a7969e3e74c1232c5d (127.10.83.67) evicted. New config: { opid_index: 4 OBSOLETE_local: false peers { permanent_uuid: "d03943c27c3542ae9fa44b53577eb5a1" member_type: VOTER last_known_addr { host: "127.10.83.65" port: 43787 } } peers { permanent_uuid: "62562535c16548049f585a0e6d39963a" member_type: VOTER last_known_addr { host: "127.10.83.66" port: 44043 } } peers { permanent_uuid: "896f5b67c0f94c7fb494132b7b023fd6" member_type: VOTER last_known_addr { host: "127.10.83.68" port: 35659 } attrs { promote: false } } }
I20260710 11:08:26.964526 12159 raft_consensus.cc:1275] T 22c4a40f708b401a8564b843828efe21 P 896f5b67c0f94c7fb494132b7b023fd6 [term 1 LEARNER]: Refusing update from remote peer d708b8b5645248a7969e3e74c1232c5d: Log matching property violated. Preceding OpId in replica: term: 1 index: 2. Preceding OpId from leader: term: 1 index: 3. (index mismatch)
I20260710 11:08:26.965370 11617 catalog_manager.cc:5210] ChangeConfig:REMOVE_PEER RPC for tablet b1efa82aa8ca4e899bb1517226f90e1c with cas_config_opid_index 3: ChangeConfig:REMOVE_PEER succeeded (attempt 1)
I20260710 11:08:26.966162 12293 consensus_queue.cc:1048] T 22c4a40f708b401a8564b843828efe21 P d708b8b5645248a7969e3e74c1232c5d [LEADER]: Connected to new peer: Peer: permanent_uuid: "896f5b67c0f94c7fb494132b7b023fd6" member_type: VOTER last_known_addr { host: "127.10.83.68" port: 35659 } attrs { promote: false }, Status: LMP_MISMATCH, Last received: 0.0, Next index: 3, Last known committed idx: 2, Time since last communication: 0.000s
I20260710 11:08:26.976723 11808 raft_consensus.cc:1275] T 22c4a40f708b401a8564b843828efe21 P 62562535c16548049f585a0e6d39963a [term 1 FOLLOWER]: Refusing update from remote peer d708b8b5645248a7969e3e74c1232c5d: Log matching property violated. Preceding OpId in replica: term: 1 index: 2. Preceding OpId from leader: term: 1 index: 3. (index mismatch)
I20260710 11:08:26.977049 11632 catalog_manager.cc:5697] T b1efa82aa8ca4e899bb1517226f90e1c P 62562535c16548049f585a0e6d39963a reported cstate change: config changed from index 3 to 4, VOTER d708b8b5645248a7969e3e74c1232c5d (127.10.83.67) evicted. New cstate: current_term: 1 leader_uuid: "d03943c27c3542ae9fa44b53577eb5a1" committed_config { opid_index: 4 OBSOLETE_local: false peers { permanent_uuid: "d03943c27c3542ae9fa44b53577eb5a1" member_type: VOTER last_known_addr { host: "127.10.83.65" port: 43787 } } peers { permanent_uuid: "62562535c16548049f585a0e6d39963a" member_type: VOTER last_known_addr { host: "127.10.83.66" port: 44043 } } peers { permanent_uuid: "896f5b67c0f94c7fb494132b7b023fd6" member_type: VOTER last_known_addr { host: "127.10.83.68" port: 35659 } attrs { promote: false } } }
I20260710 11:08:26.980027 12293 consensus_queue.cc:1048] T 22c4a40f708b401a8564b843828efe21 P d708b8b5645248a7969e3e74c1232c5d [LEADER]: Connected to new peer: Peer: permanent_uuid: "62562535c16548049f585a0e6d39963a" member_type: VOTER last_known_addr { host: "127.10.83.66" port: 44043 } attrs { replace: true }, Status: LMP_MISMATCH, Last received: 0.0, Next index: 3, Last known committed idx: 2, Time since last communication: 0.001s
I20260710 11:08:26.985006 11734 raft_consensus.cc:1275] T 22c4a40f708b401a8564b843828efe21 P d03943c27c3542ae9fa44b53577eb5a1 [term 1 FOLLOWER]: Refusing update from remote peer d708b8b5645248a7969e3e74c1232c5d: Log matching property violated. Preceding OpId in replica: term: 1 index: 2. Preceding OpId from leader: term: 1 index: 3. (index mismatch)
I20260710 11:08:26.991179 11868 tablet_service.cc:1558] Processing DeleteTablet for tablet b1efa82aa8ca4e899bb1517226f90e1c with delete_type TABLET_DATA_TOMBSTONED (TS d708b8b5645248a7969e3e74c1232c5d not found in new config with opid_index 4) from {username='slave'} at 127.0.0.1:58590
I20260710 11:08:26.996055 12303 consensus_queue.cc:1048] T 22c4a40f708b401a8564b843828efe21 P d708b8b5645248a7969e3e74c1232c5d [LEADER]: Connected to new peer: Peer: permanent_uuid: "d03943c27c3542ae9fa44b53577eb5a1" member_type: VOTER last_known_addr { host: "127.10.83.65" port: 43787 }, Status: LMP_MISMATCH, Last received: 0.0, Next index: 3, Last known committed idx: 2, Time since last communication: 0.003s
I20260710 11:08:27.003949 12316 tablet_replica.cc:333] T b1efa82aa8ca4e899bb1517226f90e1c P d708b8b5645248a7969e3e74c1232c5d: stopping tablet replica
I20260710 11:08:27.007597 12316 raft_consensus.cc:2243] T b1efa82aa8ca4e899bb1517226f90e1c P d708b8b5645248a7969e3e74c1232c5d [term 1 FOLLOWER]: Raft consensus shutting down.
I20260710 11:08:27.008226 12316 raft_consensus.cc:2272] T b1efa82aa8ca4e899bb1517226f90e1c P d708b8b5645248a7969e3e74c1232c5d [term 1 FOLLOWER]: Raft consensus is shut down!
I20260710 11:08:27.010174 12277 raft_consensus.cc:2955] T 22c4a40f708b401a8564b843828efe21 P d708b8b5645248a7969e3e74c1232c5d [term 1 LEADER]: Committing config change with OpId 1.3: config changed from index 2 to 3, 896f5b67c0f94c7fb494132b7b023fd6 (127.10.83.68) changed from NON_VOTER to VOTER. New config: { opid_index: 3 OBSOLETE_local: false peers { permanent_uuid: "d03943c27c3542ae9fa44b53577eb5a1" member_type: VOTER last_known_addr { host: "127.10.83.65" port: 43787 } } peers { permanent_uuid: "62562535c16548049f585a0e6d39963a" member_type: VOTER last_known_addr { host: "127.10.83.66" port: 44043 } attrs { replace: true } } peers { permanent_uuid: "d708b8b5645248a7969e3e74c1232c5d" member_type: VOTER last_known_addr { host: "127.10.83.67" port: 46085 } } peers { permanent_uuid: "896f5b67c0f94c7fb494132b7b023fd6" member_type: VOTER last_known_addr { host: "127.10.83.68" port: 35659 } attrs { promote: false } } }
I20260710 11:08:27.011953 11731 raft_consensus.cc:2955] T 22c4a40f708b401a8564b843828efe21 P d03943c27c3542ae9fa44b53577eb5a1 [term 1 FOLLOWER]: Committing config change with OpId 1.3: config changed from index 2 to 3, 896f5b67c0f94c7fb494132b7b023fd6 (127.10.83.68) changed from NON_VOTER to VOTER. New config: { opid_index: 3 OBSOLETE_local: false peers { permanent_uuid: "d03943c27c3542ae9fa44b53577eb5a1" member_type: VOTER last_known_addr { host: "127.10.83.65" port: 43787 } } peers { permanent_uuid: "62562535c16548049f585a0e6d39963a" member_type: VOTER last_known_addr { host: "127.10.83.66" port: 44043 } attrs { replace: true } } peers { permanent_uuid: "d708b8b5645248a7969e3e74c1232c5d" member_type: VOTER last_known_addr { host: "127.10.83.67" port: 46085 } } peers { permanent_uuid: "896f5b67c0f94c7fb494132b7b023fd6" member_type: VOTER last_known_addr { host: "127.10.83.68" port: 35659 } attrs { promote: false } } }
I20260710 11:08:27.026774 11631 catalog_manager.cc:5697] T 22c4a40f708b401a8564b843828efe21 P d03943c27c3542ae9fa44b53577eb5a1 reported cstate change: config changed from index 2 to 3, 896f5b67c0f94c7fb494132b7b023fd6 (127.10.83.68) changed from NON_VOTER to VOTER. New cstate: current_term: 1 leader_uuid: "d708b8b5645248a7969e3e74c1232c5d" committed_config { opid_index: 3 OBSOLETE_local: false peers { permanent_uuid: "d03943c27c3542ae9fa44b53577eb5a1" member_type: VOTER last_known_addr { host: "127.10.83.65" port: 43787 } } peers { permanent_uuid: "62562535c16548049f585a0e6d39963a" member_type: VOTER last_known_addr { host: "127.10.83.66" port: 44043 } attrs { replace: true } } peers { permanent_uuid: "d708b8b5645248a7969e3e74c1232c5d" member_type: VOTER last_known_addr { host: "127.10.83.67" port: 46085 } } peers { permanent_uuid: "896f5b67c0f94c7fb494132b7b023fd6" member_type: VOTER last_known_addr { host: "127.10.83.68" port: 35659 } attrs { promote: false } } }
I20260710 11:08:27.027911 12159 raft_consensus.cc:2955] T 22c4a40f708b401a8564b843828efe21 P 896f5b67c0f94c7fb494132b7b023fd6 [term 1 FOLLOWER]: Committing config change with OpId 1.3: config changed from index 2 to 3, 896f5b67c0f94c7fb494132b7b023fd6 (127.10.83.68) changed from NON_VOTER to VOTER. New config: { opid_index: 3 OBSOLETE_local: false peers { permanent_uuid: "d03943c27c3542ae9fa44b53577eb5a1" member_type: VOTER last_known_addr { host: "127.10.83.65" port: 43787 } } peers { permanent_uuid: "62562535c16548049f585a0e6d39963a" member_type: VOTER last_known_addr { host: "127.10.83.66" port: 44043 } attrs { replace: true } } peers { permanent_uuid: "d708b8b5645248a7969e3e74c1232c5d" member_type: VOTER last_known_addr { host: "127.10.83.67" port: 46085 } } peers { permanent_uuid: "896f5b67c0f94c7fb494132b7b023fd6" member_type: VOTER last_known_addr { host: "127.10.83.68" port: 35659 } attrs { promote: false } } }
I20260710 11:08:27.023211 12316 ts_tablet_manager.cc:1916] T b1efa82aa8ca4e899bb1517226f90e1c P d708b8b5645248a7969e3e74c1232c5d: Deleting tablet data with delete state TABLET_DATA_TOMBSTONED
I20260710 11:08:27.044064 11884 consensus_queue.cc:237] T 22c4a40f708b401a8564b843828efe21 P d708b8b5645248a7969e3e74c1232c5d [LEADER]: Queue going to LEADER mode. State: All replicated index: 0, Majority replicated index: 3, Committed index: 3, Last appended: 1.3, Last appended by leader: 0, Current term: 1, Majority size: 2, State: 0, Mode: LEADER, active raft config: opid_index: 4 OBSOLETE_local: false peers { permanent_uuid: "d03943c27c3542ae9fa44b53577eb5a1" member_type: VOTER last_known_addr { host: "127.10.83.65" port: 43787 } } peers { permanent_uuid: "d708b8b5645248a7969e3e74c1232c5d" member_type: VOTER last_known_addr { host: "127.10.83.67" port: 46085 } } peers { permanent_uuid: "896f5b67c0f94c7fb494132b7b023fd6" member_type: VOTER last_known_addr { host: "127.10.83.68" port: 35659 } attrs { promote: false } }
I20260710 11:08:27.054916 11731 raft_consensus.cc:1275] T 22c4a40f708b401a8564b843828efe21 P d03943c27c3542ae9fa44b53577eb5a1 [term 1 FOLLOWER]: Refusing update from remote peer d708b8b5645248a7969e3e74c1232c5d: Log matching property violated. Preceding OpId in replica: term: 1 index: 3. Preceding OpId from leader: term: 1 index: 4. (index mismatch)
I20260710 11:08:27.054905 12159 raft_consensus.cc:1275] T 22c4a40f708b401a8564b843828efe21 P 896f5b67c0f94c7fb494132b7b023fd6 [term 1 FOLLOWER]: Refusing update from remote peer d708b8b5645248a7969e3e74c1232c5d: Log matching property violated. Preceding OpId in replica: term: 1 index: 3. Preceding OpId from leader: term: 1 index: 4. (index mismatch)
I20260710 11:08:27.056540 12318 consensus_queue.cc:1048] T 22c4a40f708b401a8564b843828efe21 P d708b8b5645248a7969e3e74c1232c5d [LEADER]: Connected to new peer: Peer: permanent_uuid: "d03943c27c3542ae9fa44b53577eb5a1" member_type: VOTER last_known_addr { host: "127.10.83.65" port: 43787 }, Status: LMP_MISMATCH, Last received: 0.0, Next index: 4, Last known committed idx: 3, Time since last communication: 0.000s
I20260710 11:08:27.058456 12316 ts_tablet_manager.cc:1929] T b1efa82aa8ca4e899bb1517226f90e1c P d708b8b5645248a7969e3e74c1232c5d: tablet deleted with delete type TABLET_DATA_TOMBSTONED: last-logged OpId 1.3
I20260710 11:08:27.058929 12316 log.cc:1199] T b1efa82aa8ca4e899bb1517226f90e1c P d708b8b5645248a7969e3e74c1232c5d: Deleting WAL directory at /tmp/dist-test-taskVmILUX/test-tmp/auto_leader_rebalancer-test.0.LeaderRebalancerTest.AddTserver.1783681668922629-10573-0/minicluster-data/ts-2-root/wals/b1efa82aa8ca4e899bb1517226f90e1c
I20260710 11:08:27.058887 12318 consensus_queue.cc:1048] T 22c4a40f708b401a8564b843828efe21 P d708b8b5645248a7969e3e74c1232c5d [LEADER]: Connected to new peer: Peer: permanent_uuid: "896f5b67c0f94c7fb494132b7b023fd6" member_type: VOTER last_known_addr { host: "127.10.83.68" port: 35659 } attrs { promote: false }, Status: LMP_MISMATCH, Last received: 0.0, Next index: 4, Last known committed idx: 3, Time since last communication: 0.001s
I20260710 11:08:27.060887 11620 catalog_manager.cc:5028] TS d708b8b5645248a7969e3e74c1232c5d (127.10.83.67:46085): tablet b1efa82aa8ca4e899bb1517226f90e1c (table test-workload [id=ad053c70884940f68ecc193058e07ff0]) successfully deleted
I20260710 11:08:27.065132 12303 raft_consensus.cc:2955] T 22c4a40f708b401a8564b843828efe21 P d708b8b5645248a7969e3e74c1232c5d [term 1 LEADER]: Committing config change with OpId 1.4: config changed from index 3 to 4, VOTER 62562535c16548049f585a0e6d39963a (127.10.83.66) evicted. New config: { opid_index: 4 OBSOLETE_local: false peers { permanent_uuid: "d03943c27c3542ae9fa44b53577eb5a1" member_type: VOTER last_known_addr { host: "127.10.83.65" port: 43787 } } peers { permanent_uuid: "d708b8b5645248a7969e3e74c1232c5d" member_type: VOTER last_known_addr { host: "127.10.83.67" port: 46085 } } peers { permanent_uuid: "896f5b67c0f94c7fb494132b7b023fd6" member_type: VOTER last_known_addr { host: "127.10.83.68" port: 35659 } attrs { promote: false } } }
I20260710 11:08:27.067601 11731 raft_consensus.cc:2955] T 22c4a40f708b401a8564b843828efe21 P d03943c27c3542ae9fa44b53577eb5a1 [term 1 FOLLOWER]: Committing config change with OpId 1.4: config changed from index 3 to 4, VOTER 62562535c16548049f585a0e6d39963a (127.10.83.66) evicted. New config: { opid_index: 4 OBSOLETE_local: false peers { permanent_uuid: "d03943c27c3542ae9fa44b53577eb5a1" member_type: VOTER last_known_addr { host: "127.10.83.65" port: 43787 } } peers { permanent_uuid: "d708b8b5645248a7969e3e74c1232c5d" member_type: VOTER last_known_addr { host: "127.10.83.67" port: 46085 } } peers { permanent_uuid: "896f5b67c0f94c7fb494132b7b023fd6" member_type: VOTER last_known_addr { host: "127.10.83.68" port: 35659 } attrs { promote: false } } }
I20260710 11:08:27.068253 12159 raft_consensus.cc:2955] T 22c4a40f708b401a8564b843828efe21 P 896f5b67c0f94c7fb494132b7b023fd6 [term 1 FOLLOWER]: Committing config change with OpId 1.4: config changed from index 3 to 4, VOTER 62562535c16548049f585a0e6d39963a (127.10.83.66) evicted. New config: { opid_index: 4 OBSOLETE_local: false peers { permanent_uuid: "d03943c27c3542ae9fa44b53577eb5a1" member_type: VOTER last_known_addr { host: "127.10.83.65" port: 43787 } } peers { permanent_uuid: "d708b8b5645248a7969e3e74c1232c5d" member_type: VOTER last_known_addr { host: "127.10.83.67" port: 46085 } } peers { permanent_uuid: "896f5b67c0f94c7fb494132b7b023fd6" member_type: VOTER last_known_addr { host: "127.10.83.68" port: 35659 } attrs { promote: false } } }
I20260710 11:08:27.075553 11620 catalog_manager.cc:5210] ChangeConfig:REMOVE_PEER RPC for tablet 22c4a40f708b401a8564b843828efe21 with cas_config_opid_index 3: ChangeConfig:REMOVE_PEER succeeded (attempt 1)
I20260710 11:08:27.082255 11631 catalog_manager.cc:5697] T 22c4a40f708b401a8564b843828efe21 P 896f5b67c0f94c7fb494132b7b023fd6 reported cstate change: config changed from index 3 to 4, VOTER 62562535c16548049f585a0e6d39963a (127.10.83.66) evicted. New cstate: current_term: 1 leader_uuid: "d708b8b5645248a7969e3e74c1232c5d" committed_config { opid_index: 4 OBSOLETE_local: false peers { permanent_uuid: "d03943c27c3542ae9fa44b53577eb5a1" member_type: VOTER last_known_addr { host: "127.10.83.65" port: 43787 } } peers { permanent_uuid: "d708b8b5645248a7969e3e74c1232c5d" member_type: VOTER last_known_addr { host: "127.10.83.67" port: 46085 } } peers { permanent_uuid: "896f5b67c0f94c7fb494132b7b023fd6" member_type: VOTER last_known_addr { host: "127.10.83.68" port: 35659 } attrs { promote: false } } }
I20260710 11:08:27.092121 12302 raft_consensus.cc:1064] T fd07c751dabb4d9183d829076c767b2c P 62562535c16548049f585a0e6d39963a: attempting to promote NON_VOTER 896f5b67c0f94c7fb494132b7b023fd6 to VOTER
I20260710 11:08:27.094775 12302 consensus_queue.cc:237] T fd07c751dabb4d9183d829076c767b2c P 62562535c16548049f585a0e6d39963a [LEADER]: Queue going to LEADER mode. State: All replicated index: 0, Majority replicated index: 2, Committed index: 2, Last appended: 1.2, Last appended by leader: 0, Current term: 1, Majority size: 3, State: 0, Mode: LEADER, active raft config: opid_index: 3 OBSOLETE_local: false peers { permanent_uuid: "d03943c27c3542ae9fa44b53577eb5a1" member_type: VOTER last_known_addr { host: "127.10.83.65" port: 43787 } attrs { replace: true } } peers { permanent_uuid: "62562535c16548049f585a0e6d39963a" member_type: VOTER last_known_addr { host: "127.10.83.66" port: 44043 } } peers { permanent_uuid: "d708b8b5645248a7969e3e74c1232c5d" member_type: VOTER last_known_addr { host: "127.10.83.67" port: 46085 } } peers { permanent_uuid: "896f5b67c0f94c7fb494132b7b023fd6" member_type: VOTER last_known_addr { host: "127.10.83.68" port: 35659 } attrs { promote: false } }
I20260710 11:08:27.103297 12318 raft_consensus.cc:1064] T d47bba92cdd84a7aafe7edc7d263d6ac P d708b8b5645248a7969e3e74c1232c5d: attempting to promote NON_VOTER 896f5b67c0f94c7fb494132b7b023fd6 to VOTER
I20260710 11:08:27.104954 11798 tablet_service.cc:1558] Processing DeleteTablet for tablet 22c4a40f708b401a8564b843828efe21 with delete_type TABLET_DATA_TOMBSTONED (TS 62562535c16548049f585a0e6d39963a not found in new config with opid_index 4) from {username='slave'} at 127.0.0.1:36366
I20260710 11:08:27.105779 12318 consensus_queue.cc:237] T d47bba92cdd84a7aafe7edc7d263d6ac P d708b8b5645248a7969e3e74c1232c5d [LEADER]: Queue going to LEADER mode. State: All replicated index: 0, Majority replicated index: 3, Committed index: 3, Last appended: 2.3, Last appended by leader: 1, Current term: 2, Majority size: 3, State: 0, Mode: LEADER, active raft config: opid_index: 4 OBSOLETE_local: false peers { permanent_uuid: "d03943c27c3542ae9fa44b53577eb5a1" member_type: VOTER last_known_addr { host: "127.10.83.65" port: 43787 } } peers { permanent_uuid: "62562535c16548049f585a0e6d39963a" member_type: VOTER last_known_addr { host: "127.10.83.66" port: 44043 } attrs { replace: true } } peers { permanent_uuid: "d708b8b5645248a7969e3e74c1232c5d" member_type: VOTER last_known_addr { host: "127.10.83.67" port: 46085 } } peers { permanent_uuid: "896f5b67c0f94c7fb494132b7b023fd6" member_type: VOTER last_known_addr { host: "127.10.83.68" port: 35659 } attrs { promote: false } }
I20260710 11:08:27.127911 12159 raft_consensus.cc:1275] T d47bba92cdd84a7aafe7edc7d263d6ac P 896f5b67c0f94c7fb494132b7b023fd6 [term 2 LEARNER]: Refusing update from remote peer d708b8b5645248a7969e3e74c1232c5d: Log matching property violated. Preceding OpId in replica: term: 2 index: 3. Preceding OpId from leader: term: 2 index: 4. (index mismatch)
I20260710 11:08:27.129643 12293 consensus_queue.cc:1048] T d47bba92cdd84a7aafe7edc7d263d6ac P d708b8b5645248a7969e3e74c1232c5d [LEADER]: Connected to new peer: Peer: permanent_uuid: "896f5b67c0f94c7fb494132b7b023fd6" member_type: VOTER last_known_addr { host: "127.10.83.68" port: 35659 } attrs { promote: false }, Status: LMP_MISMATCH, Last received: 0.0, Next index: 4, Last known committed idx: 3, Time since last communication: 0.000s
I20260710 11:08:27.133561 12160 raft_consensus.cc:1275] T fd07c751dabb4d9183d829076c767b2c P 896f5b67c0f94c7fb494132b7b023fd6 [term 1 LEARNER]: Refusing update from remote peer 62562535c16548049f585a0e6d39963a: Log matching property violated. Preceding OpId in replica: term: 1 index: 2. Preceding OpId from leader: term: 1 index: 3. (index mismatch)
I20260710 11:08:27.138154 11808 raft_consensus.cc:1275] T d47bba92cdd84a7aafe7edc7d263d6ac P 62562535c16548049f585a0e6d39963a [term 2 FOLLOWER]: Refusing update from remote peer d708b8b5645248a7969e3e74c1232c5d: Log matching property violated. Preceding OpId in replica: term: 2 index: 3. Preceding OpId from leader: term: 2 index: 4. (index mismatch)
I20260710 11:08:27.144131 11731 raft_consensus.cc:1275] T d47bba92cdd84a7aafe7edc7d263d6ac P d03943c27c3542ae9fa44b53577eb5a1 [term 2 FOLLOWER]: Refusing update from remote peer d708b8b5645248a7969e3e74c1232c5d: Log matching property violated. Preceding OpId in replica: term: 2 index: 3. Preceding OpId from leader: term: 2 index: 4. (index mismatch)
I20260710 11:08:27.148213 12277 consensus_queue.cc:1048] T d47bba92cdd84a7aafe7edc7d263d6ac P d708b8b5645248a7969e3e74c1232c5d [LEADER]: Connected to new peer: Peer: permanent_uuid: "d03943c27c3542ae9fa44b53577eb5a1" member_type: VOTER last_known_addr { host: "127.10.83.65" port: 43787 }, Status: LMP_MISMATCH, Last received: 0.0, Next index: 4, Last known committed idx: 3, Time since last communication: 0.000s
I20260710 11:08:27.160163 12303 consensus_queue.cc:1048] T d47bba92cdd84a7aafe7edc7d263d6ac P d708b8b5645248a7969e3e74c1232c5d [LEADER]: Connected to new peer: Peer: permanent_uuid: "62562535c16548049f585a0e6d39963a" member_type: VOTER last_known_addr { host: "127.10.83.66" port: 44043 } attrs { replace: true }, Status: LMP_MISMATCH, Last received: 0.0, Next index: 4, Last known committed idx: 3, Time since last communication: 0.000s
I20260710 11:08:27.167383 12320 tablet_replica.cc:333] T 22c4a40f708b401a8564b843828efe21 P 62562535c16548049f585a0e6d39963a: stopping tablet replica
I20260710 11:08:27.168740 12320 raft_consensus.cc:2243] T 22c4a40f708b401a8564b843828efe21 P 62562535c16548049f585a0e6d39963a [term 1 FOLLOWER]: Raft consensus shutting down.
I20260710 11:08:27.169509 12320 pending_rounds.cc:70] T 22c4a40f708b401a8564b843828efe21 P 62562535c16548049f585a0e6d39963a: Trying to abort 1 pending ops.
W20260710 11:08:27.179379 12323 log.cc:927] Time spent T fd07c751dabb4d9183d829076c767b2c P 62562535c16548049f585a0e6d39963a: Append to log took a long time: real 0.053s	user 0.001s	sys 0.000s
I20260710 11:08:27.185878 12326 consensus_queue.cc:1048] T fd07c751dabb4d9183d829076c767b2c P 62562535c16548049f585a0e6d39963a [LEADER]: Connected to new peer: Peer: permanent_uuid: "896f5b67c0f94c7fb494132b7b023fd6" member_type: VOTER last_known_addr { host: "127.10.83.68" port: 35659 } attrs { promote: false }, Status: LMP_MISMATCH, Last received: 0.0, Next index: 3, Last known committed idx: 2, Time since last communication: 0.001s
I20260710 11:08:27.169878 12320 pending_rounds.cc:77] T 22c4a40f708b401a8564b843828efe21 P 62562535c16548049f585a0e6d39963a: Aborting op as it isn't in flight: id { term: 1 index: 3 } timestamp: 7305960271616233472 op_type: CHANGE_CONFIG_OP change_config_record { tablet_id: "22c4a40f708b401a8564b843828efe21" old_config { opid_index: 2 OBSOLETE_local: false peers { permanent_uuid: "d03943c27c3542ae9fa44b53577eb5a1" member_type: VOTER last_known_addr { host: "127.10.83.65" port: 43787 } } peers { permanent_uuid: "62562535c16548049f585a0e6d39963a" member_type: VOTER last_known_addr { host: "127.10.83.66" port: 44043 } attrs { replace: true } } peers { permanent_uuid: "d708b8b5645248a7969e3e74c1232c5d" member_type: VOTER last_known_addr { host: "127.10.83.67" port: 46085 } } peers { permanent_uuid: "896f5b67c0f94c7fb494132b7b023fd6" member_type: NON_VOTER last_known_addr { host: "127.10.83.68" port: 35659 } attrs { promote: true } } } new_config { opid_index: 3 OBSOLETE_local: false peers { permanent_uuid: "d03943c27c3542ae9fa44b53577eb5a1" member_type: VOTER last_known_addr { host: "127.10.83.65" port: 43787 } } peers { permanent_uuid: "62562535c16548049f585a0e6d39963a" member_type: VOTER last_known_addr { host: "127.10.83.66" port: 44043 } attrs { replace: true } } peers { permanent_uuid: "d708b8b5645248a7969e3e74c1232c5d" member_type: VOTER last_known_addr { host: "127.10.83.67" port: 46085 } } peers { permanent_uuid: "896f5b67c0f94c7fb494132b7b023fd6" member_type: VOTER last_known_addr { host: "127.10.83.68" port: 35659 } attrs { promote: false } } } }
I20260710 11:08:27.193642 11734 raft_consensus.cc:2955] T d47bba92cdd84a7aafe7edc7d263d6ac P d03943c27c3542ae9fa44b53577eb5a1 [term 2 FOLLOWER]: Committing config change with OpId 2.4: config changed from index 3 to 4, 896f5b67c0f94c7fb494132b7b023fd6 (127.10.83.68) changed from NON_VOTER to VOTER. New config: { opid_index: 4 OBSOLETE_local: false peers { permanent_uuid: "d03943c27c3542ae9fa44b53577eb5a1" member_type: VOTER last_known_addr { host: "127.10.83.65" port: 43787 } } peers { permanent_uuid: "62562535c16548049f585a0e6d39963a" member_type: VOTER last_known_addr { host: "127.10.83.66" port: 44043 } attrs { replace: true } } peers { permanent_uuid: "d708b8b5645248a7969e3e74c1232c5d" member_type: VOTER last_known_addr { host: "127.10.83.67" port: 46085 } } peers { permanent_uuid: "896f5b67c0f94c7fb494132b7b023fd6" member_type: VOTER last_known_addr { host: "127.10.83.68" port: 35659 } attrs { promote: false } } }
I20260710 11:08:27.198683 12318 raft_consensus.cc:2955] T d47bba92cdd84a7aafe7edc7d263d6ac P d708b8b5645248a7969e3e74c1232c5d [term 2 LEADER]: Committing config change with OpId 2.4: config changed from index 3 to 4, 896f5b67c0f94c7fb494132b7b023fd6 (127.10.83.68) changed from NON_VOTER to VOTER. New config: { opid_index: 4 OBSOLETE_local: false peers { permanent_uuid: "d03943c27c3542ae9fa44b53577eb5a1" member_type: VOTER last_known_addr { host: "127.10.83.65" port: 43787 } } peers { permanent_uuid: "62562535c16548049f585a0e6d39963a" member_type: VOTER last_known_addr { host: "127.10.83.66" port: 44043 } attrs { replace: true } } peers { permanent_uuid: "d708b8b5645248a7969e3e74c1232c5d" member_type: VOTER last_known_addr { host: "127.10.83.67" port: 46085 } } peers { permanent_uuid: "896f5b67c0f94c7fb494132b7b023fd6" member_type: VOTER last_known_addr { host: "127.10.83.68" port: 35659 } attrs { promote: false } } }
I20260710 11:08:27.215524 12320 raft_consensus.cc:2917] T 22c4a40f708b401a8564b843828efe21 P 62562535c16548049f585a0e6d39963a [term 1 FOLLOWER]: Aborting config change with OpId 1.3: Aborted: Op aborted
I20260710 11:08:27.216131 12320 raft_consensus.cc:2889] T 22c4a40f708b401a8564b843828efe21 P 62562535c16548049f585a0e6d39963a [term 1 FOLLOWER]: CHANGE_CONFIG_OP replication failed: Aborted: Op aborted
I20260710 11:08:27.216540 12320 raft_consensus.cc:2272] T 22c4a40f708b401a8564b843828efe21 P 62562535c16548049f585a0e6d39963a [term 1 FOLLOWER]: Raft consensus is shut down!
W20260710 11:08:27.221328 11776 outbound_call.cc:321] RPC callback for RPC call kudu.consensus.ConsensusService.UpdateConsensus -> {remote=127.10.83.67:46085, user_credentials={real_user=slave}} blocked reactor thread for 130154us
I20260710 11:08:27.222186 11735 raft_consensus.cc:1275] T fd07c751dabb4d9183d829076c767b2c P d03943c27c3542ae9fa44b53577eb5a1 [term 1 FOLLOWER]: Refusing update from remote peer 62562535c16548049f585a0e6d39963a: Log matching property violated. Preceding OpId in replica: term: 1 index: 2. Preceding OpId from leader: term: 1 index: 3. (index mismatch)
I20260710 11:08:27.224542 11808 raft_consensus.cc:2955] T d47bba92cdd84a7aafe7edc7d263d6ac P 62562535c16548049f585a0e6d39963a [term 2 FOLLOWER]: Committing config change with OpId 2.4: config changed from index 3 to 4, 896f5b67c0f94c7fb494132b7b023fd6 (127.10.83.68) changed from NON_VOTER to VOTER. New config: { opid_index: 4 OBSOLETE_local: false peers { permanent_uuid: "d03943c27c3542ae9fa44b53577eb5a1" member_type: VOTER last_known_addr { host: "127.10.83.65" port: 43787 } } peers { permanent_uuid: "62562535c16548049f585a0e6d39963a" member_type: VOTER last_known_addr { host: "127.10.83.66" port: 44043 } attrs { replace: true } } peers { permanent_uuid: "d708b8b5645248a7969e3e74c1232c5d" member_type: VOTER last_known_addr { host: "127.10.83.67" port: 46085 } } peers { permanent_uuid: "896f5b67c0f94c7fb494132b7b023fd6" member_type: VOTER last_known_addr { host: "127.10.83.68" port: 35659 } attrs { promote: false } } }
I20260710 11:08:27.226063 12321 consensus_queue.cc:1048] T fd07c751dabb4d9183d829076c767b2c P 62562535c16548049f585a0e6d39963a [LEADER]: Connected to new peer: Peer: permanent_uuid: "d03943c27c3542ae9fa44b53577eb5a1" member_type: VOTER last_known_addr { host: "127.10.83.65" port: 43787 } attrs { replace: true }, Status: LMP_MISMATCH, Last received: 0.0, Next index: 3, Last known committed idx: 2, Time since last communication: 0.001s
I20260710 11:08:27.226521 11881 raft_consensus.cc:1275] T fd07c751dabb4d9183d829076c767b2c P d708b8b5645248a7969e3e74c1232c5d [term 1 FOLLOWER]: Refusing update from remote peer 62562535c16548049f585a0e6d39963a: Log matching property violated. Preceding OpId in replica: term: 1 index: 2. Preceding OpId from leader: term: 1 index: 3. (index mismatch)
I20260710 11:08:27.245908 12320 ts_tablet_manager.cc:1916] T 22c4a40f708b401a8564b843828efe21 P 62562535c16548049f585a0e6d39963a: Deleting tablet data with delete state TABLET_DATA_TOMBSTONED
I20260710 11:08:27.257647 11631 catalog_manager.cc:5697] T d47bba92cdd84a7aafe7edc7d263d6ac P d03943c27c3542ae9fa44b53577eb5a1 reported cstate change: config changed from index 3 to 4, 896f5b67c0f94c7fb494132b7b023fd6 (127.10.83.68) changed from NON_VOTER to VOTER. New cstate: current_term: 2 leader_uuid: "d708b8b5645248a7969e3e74c1232c5d" committed_config { opid_index: 4 OBSOLETE_local: false peers { permanent_uuid: "d03943c27c3542ae9fa44b53577eb5a1" member_type: VOTER last_known_addr { host: "127.10.83.65" port: 43787 } } peers { permanent_uuid: "62562535c16548049f585a0e6d39963a" member_type: VOTER last_known_addr { host: "127.10.83.66" port: 44043 } attrs { replace: true } } peers { permanent_uuid: "d708b8b5645248a7969e3e74c1232c5d" member_type: VOTER last_known_addr { host: "127.10.83.67" port: 46085 } } peers { permanent_uuid: "896f5b67c0f94c7fb494132b7b023fd6" member_type: VOTER last_known_addr { host: "127.10.83.68" port: 35659 } attrs { promote: false } } }
I20260710 11:08:27.255813 12321 consensus_queue.cc:1048] T fd07c751dabb4d9183d829076c767b2c P 62562535c16548049f585a0e6d39963a [LEADER]: Connected to new peer: Peer: permanent_uuid: "d708b8b5645248a7969e3e74c1232c5d" member_type: VOTER last_known_addr { host: "127.10.83.67" port: 46085 }, Status: LMP_MISMATCH, Last received: 0.0, Next index: 3, Last known committed idx: 2, Time since last communication: 0.011s
I20260710 11:08:27.277845 12159 raft_consensus.cc:2955] T d47bba92cdd84a7aafe7edc7d263d6ac P 896f5b67c0f94c7fb494132b7b023fd6 [term 2 FOLLOWER]: Committing config change with OpId 2.4: config changed from index 3 to 4, 896f5b67c0f94c7fb494132b7b023fd6 (127.10.83.68) changed from NON_VOTER to VOTER. New config: { opid_index: 4 OBSOLETE_local: false peers { permanent_uuid: "d03943c27c3542ae9fa44b53577eb5a1" member_type: VOTER last_known_addr { host: "127.10.83.65" port: 43787 } } peers { permanent_uuid: "62562535c16548049f585a0e6d39963a" member_type: VOTER last_known_addr { host: "127.10.83.66" port: 44043 } attrs { replace: true } } peers { permanent_uuid: "d708b8b5645248a7969e3e74c1232c5d" member_type: VOTER last_known_addr { host: "127.10.83.67" port: 46085 } } peers { permanent_uuid: "896f5b67c0f94c7fb494132b7b023fd6" member_type: VOTER last_known_addr { host: "127.10.83.68" port: 35659 } attrs { promote: false } } }
I20260710 11:08:27.290660 12321 raft_consensus.cc:2955] T fd07c751dabb4d9183d829076c767b2c P 62562535c16548049f585a0e6d39963a [term 1 LEADER]: Committing config change with OpId 1.3: config changed from index 2 to 3, 896f5b67c0f94c7fb494132b7b023fd6 (127.10.83.68) changed from NON_VOTER to VOTER. New config: { opid_index: 3 OBSOLETE_local: false peers { permanent_uuid: "d03943c27c3542ae9fa44b53577eb5a1" member_type: VOTER last_known_addr { host: "127.10.83.65" port: 43787 } attrs { replace: true } } peers { permanent_uuid: "62562535c16548049f585a0e6d39963a" member_type: VOTER last_known_addr { host: "127.10.83.66" port: 44043 } } peers { permanent_uuid: "d708b8b5645248a7969e3e74c1232c5d" member_type: VOTER last_known_addr { host: "127.10.83.67" port: 46085 } } peers { permanent_uuid: "896f5b67c0f94c7fb494132b7b023fd6" member_type: VOTER last_known_addr { host: "127.10.83.68" port: 35659 } attrs { promote: false } } }
I20260710 11:08:27.304114 11882 consensus_queue.cc:237] T d47bba92cdd84a7aafe7edc7d263d6ac P d708b8b5645248a7969e3e74c1232c5d [LEADER]: Queue going to LEADER mode. State: All replicated index: 0, Majority replicated index: 4, Committed index: 4, Last appended: 2.4, Last appended by leader: 1, Current term: 2, Majority size: 2, State: 0, Mode: LEADER, active raft config: opid_index: 5 OBSOLETE_local: false peers { permanent_uuid: "d03943c27c3542ae9fa44b53577eb5a1" member_type: VOTER last_known_addr { host: "127.10.83.65" port: 43787 } } peers { permanent_uuid: "d708b8b5645248a7969e3e74c1232c5d" member_type: VOTER last_known_addr { host: "127.10.83.67" port: 46085 } } peers { permanent_uuid: "896f5b67c0f94c7fb494132b7b023fd6" member_type: VOTER last_known_addr { host: "127.10.83.68" port: 35659 } attrs { promote: false } }
I20260710 11:08:27.314005 11734 raft_consensus.cc:2955] T fd07c751dabb4d9183d829076c767b2c P d03943c27c3542ae9fa44b53577eb5a1 [term 1 FOLLOWER]: Committing config change with OpId 1.3: config changed from index 2 to 3, 896f5b67c0f94c7fb494132b7b023fd6 (127.10.83.68) changed from NON_VOTER to VOTER. New config: { opid_index: 3 OBSOLETE_local: false peers { permanent_uuid: "d03943c27c3542ae9fa44b53577eb5a1" member_type: VOTER last_known_addr { host: "127.10.83.65" port: 43787 } attrs { replace: true } } peers { permanent_uuid: "62562535c16548049f585a0e6d39963a" member_type: VOTER last_known_addr { host: "127.10.83.66" port: 44043 } } peers { permanent_uuid: "d708b8b5645248a7969e3e74c1232c5d" member_type: VOTER last_known_addr { host: "127.10.83.67" port: 46085 } } peers { permanent_uuid: "896f5b67c0f94c7fb494132b7b023fd6" member_type: VOTER last_known_addr { host: "127.10.83.68" port: 35659 } attrs { promote: false } } }
I20260710 11:08:27.322839 11735 raft_consensus.cc:1275] T d47bba92cdd84a7aafe7edc7d263d6ac P d03943c27c3542ae9fa44b53577eb5a1 [term 2 FOLLOWER]: Refusing update from remote peer d708b8b5645248a7969e3e74c1232c5d: Log matching property violated. Preceding OpId in replica: term: 2 index: 4. Preceding OpId from leader: term: 2 index: 5. (index mismatch)
I20260710 11:08:27.324648 12318 consensus_queue.cc:1048] T d47bba92cdd84a7aafe7edc7d263d6ac P d708b8b5645248a7969e3e74c1232c5d [LEADER]: Connected to new peer: Peer: permanent_uuid: "d03943c27c3542ae9fa44b53577eb5a1" member_type: VOTER last_known_addr { host: "127.10.83.65" port: 43787 }, Status: LMP_MISMATCH, Last received: 0.0, Next index: 5, Last known committed idx: 4, Time since last communication: 0.000s
I20260710 11:08:27.325412 12158 raft_consensus.cc:2955] T fd07c751dabb4d9183d829076c767b2c P 896f5b67c0f94c7fb494132b7b023fd6 [term 1 FOLLOWER]: Committing config change with OpId 1.3: config changed from index 2 to 3, 896f5b67c0f94c7fb494132b7b023fd6 (127.10.83.68) changed from NON_VOTER to VOTER. New config: { opid_index: 3 OBSOLETE_local: false peers { permanent_uuid: "d03943c27c3542ae9fa44b53577eb5a1" member_type: VOTER last_known_addr { host: "127.10.83.65" port: 43787 } attrs { replace: true } } peers { permanent_uuid: "62562535c16548049f585a0e6d39963a" member_type: VOTER last_known_addr { host: "127.10.83.66" port: 44043 } } peers { permanent_uuid: "d708b8b5645248a7969e3e74c1232c5d" member_type: VOTER last_known_addr { host: "127.10.83.67" port: 46085 } } peers { permanent_uuid: "896f5b67c0f94c7fb494132b7b023fd6" member_type: VOTER last_known_addr { host: "127.10.83.68" port: 35659 } attrs { promote: false } } }
I20260710 11:08:27.333159 12277 raft_consensus.cc:2955] T d47bba92cdd84a7aafe7edc7d263d6ac P d708b8b5645248a7969e3e74c1232c5d [term 2 LEADER]: Committing config change with OpId 2.5: config changed from index 4 to 5, VOTER 62562535c16548049f585a0e6d39963a (127.10.83.66) evicted. New config: { opid_index: 5 OBSOLETE_local: false peers { permanent_uuid: "d03943c27c3542ae9fa44b53577eb5a1" member_type: VOTER last_known_addr { host: "127.10.83.65" port: 43787 } } peers { permanent_uuid: "d708b8b5645248a7969e3e74c1232c5d" member_type: VOTER last_known_addr { host: "127.10.83.67" port: 46085 } } peers { permanent_uuid: "896f5b67c0f94c7fb494132b7b023fd6" member_type: VOTER last_known_addr { host: "127.10.83.68" port: 35659 } attrs { promote: false } } }
I20260710 11:08:27.341006 11735 raft_consensus.cc:2955] T d47bba92cdd84a7aafe7edc7d263d6ac P d03943c27c3542ae9fa44b53577eb5a1 [term 2 FOLLOWER]: Committing config change with OpId 2.5: config changed from index 4 to 5, VOTER 62562535c16548049f585a0e6d39963a (127.10.83.66) evicted. New config: { opid_index: 5 OBSOLETE_local: false peers { permanent_uuid: "d03943c27c3542ae9fa44b53577eb5a1" member_type: VOTER last_known_addr { host: "127.10.83.65" port: 43787 } } peers { permanent_uuid: "d708b8b5645248a7969e3e74c1232c5d" member_type: VOTER last_known_addr { host: "127.10.83.67" port: 46085 } } peers { permanent_uuid: "896f5b67c0f94c7fb494132b7b023fd6" member_type: VOTER last_known_addr { host: "127.10.83.68" port: 35659 } attrs { promote: false } } }
I20260710 11:08:27.337218 12320 ts_tablet_manager.cc:1929] T 22c4a40f708b401a8564b843828efe21 P 62562535c16548049f585a0e6d39963a: tablet deleted with delete type TABLET_DATA_TOMBSTONED: last-logged OpId 1.3
I20260710 11:08:27.351562 12320 log.cc:1199] T 22c4a40f708b401a8564b843828efe21 P 62562535c16548049f585a0e6d39963a: Deleting WAL directory at /tmp/dist-test-taskVmILUX/test-tmp/auto_leader_rebalancer-test.0.LeaderRebalancerTest.AddTserver.1783681668922629-10573-0/minicluster-data/ts-1-root/wals/22c4a40f708b401a8564b843828efe21
I20260710 11:08:27.351853 12159 raft_consensus.cc:1275] T d47bba92cdd84a7aafe7edc7d263d6ac P 896f5b67c0f94c7fb494132b7b023fd6 [term 2 FOLLOWER]: Refusing update from remote peer d708b8b5645248a7969e3e74c1232c5d: Log matching property violated. Preceding OpId in replica: term: 2 index: 4. Preceding OpId from leader: term: 2 index: 5. (index mismatch)
I20260710 11:08:27.351730 11630 catalog_manager.cc:5697] T fd07c751dabb4d9183d829076c767b2c P 896f5b67c0f94c7fb494132b7b023fd6 reported cstate change: config changed from index 2 to 3, 896f5b67c0f94c7fb494132b7b023fd6 (127.10.83.68) changed from NON_VOTER to VOTER. New cstate: current_term: 1 leader_uuid: "62562535c16548049f585a0e6d39963a" committed_config { opid_index: 3 OBSOLETE_local: false peers { permanent_uuid: "d03943c27c3542ae9fa44b53577eb5a1" member_type: VOTER last_known_addr { host: "127.10.83.65" port: 43787 } attrs { replace: true } } peers { permanent_uuid: "62562535c16548049f585a0e6d39963a" member_type: VOTER last_known_addr { host: "127.10.83.66" port: 44043 } } peers { permanent_uuid: "d708b8b5645248a7969e3e74c1232c5d" member_type: VOTER last_known_addr { host: "127.10.83.67" port: 46085 } } peers { permanent_uuid: "896f5b67c0f94c7fb494132b7b023fd6" member_type: VOTER last_known_addr { host: "127.10.83.68" port: 35659 } attrs { promote: false } } }
I20260710 11:08:27.353420 11620 catalog_manager.cc:5028] TS 62562535c16548049f585a0e6d39963a (127.10.83.66:44043): tablet 22c4a40f708b401a8564b843828efe21 (table test-workload [id=ad053c70884940f68ecc193058e07ff0]) successfully deleted
I20260710 11:08:27.353500 12318 consensus_queue.cc:1048] T d47bba92cdd84a7aafe7edc7d263d6ac P d708b8b5645248a7969e3e74c1232c5d [LEADER]: Connected to new peer: Peer: permanent_uuid: "896f5b67c0f94c7fb494132b7b023fd6" member_type: VOTER last_known_addr { host: "127.10.83.68" port: 35659 } attrs { promote: false }, Status: LMP_MISMATCH, Last received: 0.0, Next index: 5, Last known committed idx: 4, Time since last communication: 0.000s
I20260710 11:08:27.358872 12158 raft_consensus.cc:2955] T d47bba92cdd84a7aafe7edc7d263d6ac P 896f5b67c0f94c7fb494132b7b023fd6 [term 2 FOLLOWER]: Committing config change with OpId 2.5: config changed from index 4 to 5, VOTER 62562535c16548049f585a0e6d39963a (127.10.83.66) evicted. New config: { opid_index: 5 OBSOLETE_local: false peers { permanent_uuid: "d03943c27c3542ae9fa44b53577eb5a1" member_type: VOTER last_known_addr { host: "127.10.83.65" port: 43787 } } peers { permanent_uuid: "d708b8b5645248a7969e3e74c1232c5d" member_type: VOTER last_known_addr { host: "127.10.83.67" port: 46085 } } peers { permanent_uuid: "896f5b67c0f94c7fb494132b7b023fd6" member_type: VOTER last_known_addr { host: "127.10.83.68" port: 35659 } attrs { promote: false } } }
I20260710 11:08:27.364498 11620 catalog_manager.cc:5210] ChangeConfig:REMOVE_PEER RPC for tablet d47bba92cdd84a7aafe7edc7d263d6ac with cas_config_opid_index 4: ChangeConfig:REMOVE_PEER succeeded (attempt 1)
I20260710 11:08:27.370038 11884 raft_consensus.cc:2955] T fd07c751dabb4d9183d829076c767b2c P d708b8b5645248a7969e3e74c1232c5d [term 1 FOLLOWER]: Committing config change with OpId 1.3: config changed from index 2 to 3, 896f5b67c0f94c7fb494132b7b023fd6 (127.10.83.68) changed from NON_VOTER to VOTER. New config: { opid_index: 3 OBSOLETE_local: false peers { permanent_uuid: "d03943c27c3542ae9fa44b53577eb5a1" member_type: VOTER last_known_addr { host: "127.10.83.65" port: 43787 } attrs { replace: true } } peers { permanent_uuid: "62562535c16548049f585a0e6d39963a" member_type: VOTER last_known_addr { host: "127.10.83.66" port: 44043 } } peers { permanent_uuid: "d708b8b5645248a7969e3e74c1232c5d" member_type: VOTER last_known_addr { host: "127.10.83.67" port: 46085 } } peers { permanent_uuid: "896f5b67c0f94c7fb494132b7b023fd6" member_type: VOTER last_known_addr { host: "127.10.83.68" port: 35659 } attrs { promote: false } } }
I20260710 11:08:27.378162 11629 catalog_manager.cc:5697] T d47bba92cdd84a7aafe7edc7d263d6ac P d708b8b5645248a7969e3e74c1232c5d reported cstate change: config changed from index 4 to 5, VOTER 62562535c16548049f585a0e6d39963a (127.10.83.66) evicted. New cstate: current_term: 2 leader_uuid: "d708b8b5645248a7969e3e74c1232c5d" committed_config { opid_index: 5 OBSOLETE_local: false peers { permanent_uuid: "d03943c27c3542ae9fa44b53577eb5a1" member_type: VOTER last_known_addr { host: "127.10.83.65" port: 43787 } health_report { overall_health: HEALTHY } } peers { permanent_uuid: "d708b8b5645248a7969e3e74c1232c5d" member_type: VOTER last_known_addr { host: "127.10.83.67" port: 46085 } health_report { overall_health: HEALTHY } } peers { permanent_uuid: "896f5b67c0f94c7fb494132b7b023fd6" member_type: VOTER last_known_addr { host: "127.10.83.68" port: 35659 } attrs { promote: false } health_report { overall_health: UNKNOWN } } }
I20260710 11:08:27.399778 11798 tablet_service.cc:1558] Processing DeleteTablet for tablet d47bba92cdd84a7aafe7edc7d263d6ac with delete_type TABLET_DATA_TOMBSTONED (TS 62562535c16548049f585a0e6d39963a not found in new config with opid_index 5) from {username='slave'} at 127.0.0.1:36366
I20260710 11:08:27.400779 12320 tablet_replica.cc:333] T d47bba92cdd84a7aafe7edc7d263d6ac P 62562535c16548049f585a0e6d39963a: stopping tablet replica
I20260710 11:08:27.401759 12320 raft_consensus.cc:2243] T d47bba92cdd84a7aafe7edc7d263d6ac P 62562535c16548049f585a0e6d39963a [term 2 FOLLOWER]: Raft consensus shutting down.
I20260710 11:08:27.402515 12320 raft_consensus.cc:2272] T d47bba92cdd84a7aafe7edc7d263d6ac P 62562535c16548049f585a0e6d39963a [term 2 FOLLOWER]: Raft consensus is shut down!
I20260710 11:08:27.404207 11808 consensus_queue.cc:237] T fd07c751dabb4d9183d829076c767b2c P 62562535c16548049f585a0e6d39963a [LEADER]: Queue going to LEADER mode. State: All replicated index: 0, Majority replicated index: 3, Committed index: 3, Last appended: 1.3, Last appended by leader: 0, Current term: 1, Majority size: 2, State: 0, Mode: LEADER, active raft config: opid_index: 4 OBSOLETE_local: false peers { permanent_uuid: "62562535c16548049f585a0e6d39963a" member_type: VOTER last_known_addr { host: "127.10.83.66" port: 44043 } } peers { permanent_uuid: "d708b8b5645248a7969e3e74c1232c5d" member_type: VOTER last_known_addr { host: "127.10.83.67" port: 46085 } } peers { permanent_uuid: "896f5b67c0f94c7fb494132b7b023fd6" member_type: VOTER last_known_addr { host: "127.10.83.68" port: 35659 } attrs { promote: false } }
I20260710 11:08:27.413728 11884 raft_consensus.cc:1275] T fd07c751dabb4d9183d829076c767b2c P d708b8b5645248a7969e3e74c1232c5d [term 1 FOLLOWER]: Refusing update from remote peer 62562535c16548049f585a0e6d39963a: Log matching property violated. Preceding OpId in replica: term: 1 index: 3. Preceding OpId from leader: term: 1 index: 4. (index mismatch)
I20260710 11:08:27.413509 12158 raft_consensus.cc:1275] T fd07c751dabb4d9183d829076c767b2c P 896f5b67c0f94c7fb494132b7b023fd6 [term 1 FOLLOWER]: Refusing update from remote peer 62562535c16548049f585a0e6d39963a: Log matching property violated. Preceding OpId in replica: term: 1 index: 3. Preceding OpId from leader: term: 1 index: 4. (index mismatch)
I20260710 11:08:27.415292 12326 consensus_queue.cc:1048] T fd07c751dabb4d9183d829076c767b2c P 62562535c16548049f585a0e6d39963a [LEADER]: Connected to new peer: Peer: permanent_uuid: "d708b8b5645248a7969e3e74c1232c5d" member_type: VOTER last_known_addr { host: "127.10.83.67" port: 46085 }, Status: LMP_MISMATCH, Last received: 0.0, Next index: 4, Last known committed idx: 3, Time since last communication: 0.001s
I20260710 11:08:27.417125 12320 ts_tablet_manager.cc:1916] T d47bba92cdd84a7aafe7edc7d263d6ac P 62562535c16548049f585a0e6d39963a: Deleting tablet data with delete state TABLET_DATA_TOMBSTONED
I20260710 11:08:27.422034 12321 consensus_queue.cc:1048] T fd07c751dabb4d9183d829076c767b2c P 62562535c16548049f585a0e6d39963a [LEADER]: Connected to new peer: Peer: permanent_uuid: "896f5b67c0f94c7fb494132b7b023fd6" member_type: VOTER last_known_addr { host: "127.10.83.68" port: 35659 } attrs { promote: false }, Status: LMP_MISMATCH, Last received: 0.0, Next index: 4, Last known committed idx: 3, Time since last communication: 0.000s
