I20260710 11:08:02.267354 15588 raft_consensus.cc:740] T c74ee8ba0201428287986970dd1aed83 P ecddc1e4e7154f958b4408c339acaa40 [term 0 FOLLOWER]: Becoming Follower/Learner. State: Replica: ecddc1e4e7154f958b4408c339acaa40, State: Initialized, Role: FOLLOWER
I20260710 11:08:02.267411 15437 leader_election.cc:304] T 8691fbe7fbf24fd191b1401c36657776 P 8f6801a35fd84eff9dde9ecfcd590896 [CANDIDATE]: Term 1 election: Election decided. Result: candidate won. Election summary: received 3 responses out of 3 voters: 2 yes votes; 1 no votes. yes voters: 83bf06818e084fd49bc6889502177539, 8f6801a35fd84eff9dde9ecfcd590896; no voters: ecddc1e4e7154f958b4408c339acaa40
I20260710 11:08:02.268497 15591 raft_consensus.cc:2804] T 8691fbe7fbf24fd191b1401c36657776 P 8f6801a35fd84eff9dde9ecfcd590896 [term 1 FOLLOWER]: Leader election won for term 1
I20260710 11:08:02.268127 15588 consensus_queue.cc:260] T c74ee8ba0201428287986970dd1aed83 P ecddc1e4e7154f958b4408c339acaa40 [NON_LEADER]: Queue going to NON_LEADER mode. State: All replicated index: 0, Majority replicated index: 0, Committed index: 0, Last appended: 0.0, Last appended by leader: 0, Current term: 0, Majority size: -1, State: 0, Mode: NON_LEADER, active raft config: opid_index: -1 OBSOLETE_local: false peers { permanent_uuid: "ecddc1e4e7154f958b4408c339acaa40" member_type: VOTER last_known_addr { host: "127.14.109.129" port: 35969 } } peers { permanent_uuid: "8f6801a35fd84eff9dde9ecfcd590896" member_type: VOTER last_known_addr { host: "127.14.109.130" port: 40931 } } peers { permanent_uuid: "83bf06818e084fd49bc6889502177539" member_type: VOTER last_known_addr { host: "127.14.109.131" port: 38193 } }
I20260710 11:08:02.270852 15588 ts_tablet_manager.cc:1434] T c74ee8ba0201428287986970dd1aed83 P ecddc1e4e7154f958b4408c339acaa40: Time spent starting tablet: real 0.007s	user 0.008s	sys 0.000s
I20260710 11:08:02.272044 15588 tablet_bootstrap.cc:492] T e05fbad9520744a9acbe8978ee4101b3 P ecddc1e4e7154f958b4408c339acaa40: Bootstrap starting.
I20260710 11:08:02.267486 15586 ts_tablet_manager.cc:1403] T e05fbad9520744a9acbe8978ee4101b3 P 83bf06818e084fd49bc6889502177539: Time spent bootstrapping tablet: real 0.078s	user 0.017s	sys 0.009s
I20260710 11:08:02.275267 15595 raft_consensus.cc:2749] T beec0e84a7784243a4a90d690b0f606c P ecddc1e4e7154f958b4408c339acaa40 [term 1 FOLLOWER]: Leader pre-election lost for term 1. Reason: could not achieve majority
I20260710 11:08:02.276433 15586 raft_consensus.cc:359] T e05fbad9520744a9acbe8978ee4101b3 P 83bf06818e084fd49bc6889502177539 [term 0 FOLLOWER]: Replica starting. Triggering 0 pending ops. Active config: opid_index: -1 OBSOLETE_local: false peers { permanent_uuid: "ecddc1e4e7154f958b4408c339acaa40" member_type: VOTER last_known_addr { host: "127.14.109.129" port: 35969 } } peers { permanent_uuid: "8f6801a35fd84eff9dde9ecfcd590896" member_type: VOTER last_known_addr { host: "127.14.109.130" port: 40931 } } peers { permanent_uuid: "83bf06818e084fd49bc6889502177539" member_type: VOTER last_known_addr { host: "127.14.109.131" port: 38193 } }
I20260710 11:08:02.277307 15586 raft_consensus.cc:385] T e05fbad9520744a9acbe8978ee4101b3 P 83bf06818e084fd49bc6889502177539 [term 0 FOLLOWER]: Consensus starting up: Expiring failure detector timer to make a prompt election more likely
I20260710 11:08:02.277686 15586 raft_consensus.cc:740] T e05fbad9520744a9acbe8978ee4101b3 P 83bf06818e084fd49bc6889502177539 [term 0 FOLLOWER]: Becoming Follower/Learner. State: Replica: 83bf06818e084fd49bc6889502177539, State: Initialized, Role: FOLLOWER
I20260710 11:08:02.278573 15586 consensus_queue.cc:260] T e05fbad9520744a9acbe8978ee4101b3 P 83bf06818e084fd49bc6889502177539 [NON_LEADER]: Queue going to NON_LEADER mode. State: All replicated index: 0, Majority replicated index: 0, Committed index: 0, Last appended: 0.0, Last appended by leader: 0, Current term: 0, Majority size: -1, State: 0, Mode: NON_LEADER, active raft config: opid_index: -1 OBSOLETE_local: false peers { permanent_uuid: "ecddc1e4e7154f958b4408c339acaa40" member_type: VOTER last_known_addr { host: "127.14.109.129" port: 35969 } } peers { permanent_uuid: "8f6801a35fd84eff9dde9ecfcd590896" member_type: VOTER last_known_addr { host: "127.14.109.130" port: 40931 } } peers { permanent_uuid: "83bf06818e084fd49bc6889502177539" member_type: VOTER last_known_addr { host: "127.14.109.131" port: 38193 } }
I20260710 11:08:02.280087 15588 tablet_bootstrap.cc:654] T e05fbad9520744a9acbe8978ee4101b3 P ecddc1e4e7154f958b4408c339acaa40: Neither blocks nor log segments found. Creating new log.
I20260710 11:08:02.283536 15586 ts_tablet_manager.cc:1434] T e05fbad9520744a9acbe8978ee4101b3 P 83bf06818e084fd49bc6889502177539: Time spent starting tablet: real 0.010s	user 0.004s	sys 0.003s
I20260710 11:08:02.284523 15586 tablet_bootstrap.cc:492] T 8f7d2d8853e64c6eb8325afbc6f3ac8a P 83bf06818e084fd49bc6889502177539: Bootstrap starting.
I20260710 11:08:02.301080 15586 tablet_bootstrap.cc:654] T 8f7d2d8853e64c6eb8325afbc6f3ac8a P 83bf06818e084fd49bc6889502177539: Neither blocks nor log segments found. Creating new log.
I20260710 11:08:02.303751 15588 tablet_bootstrap.cc:492] T e05fbad9520744a9acbe8978ee4101b3 P ecddc1e4e7154f958b4408c339acaa40: No bootstrap required, opened a new log
I20260710 11:08:02.304344 15588 ts_tablet_manager.cc:1403] T e05fbad9520744a9acbe8978ee4101b3 P ecddc1e4e7154f958b4408c339acaa40: Time spent bootstrapping tablet: real 0.033s	user 0.016s	sys 0.014s
I20260710 11:08:02.307947 15588 raft_consensus.cc:359] T e05fbad9520744a9acbe8978ee4101b3 P ecddc1e4e7154f958b4408c339acaa40 [term 0 FOLLOWER]: Replica starting. Triggering 0 pending ops. Active config: opid_index: -1 OBSOLETE_local: false peers { permanent_uuid: "ecddc1e4e7154f958b4408c339acaa40" member_type: VOTER last_known_addr { host: "127.14.109.129" port: 35969 } } peers { permanent_uuid: "8f6801a35fd84eff9dde9ecfcd590896" member_type: VOTER last_known_addr { host: "127.14.109.130" port: 40931 } } peers { permanent_uuid: "83bf06818e084fd49bc6889502177539" member_type: VOTER last_known_addr { host: "127.14.109.131" port: 38193 } }
I20260710 11:08:02.308847 15588 raft_consensus.cc:385] T e05fbad9520744a9acbe8978ee4101b3 P ecddc1e4e7154f958b4408c339acaa40 [term 0 FOLLOWER]: Consensus starting up: Expiring failure detector timer to make a prompt election more likely
I20260710 11:08:02.309175 15588 raft_consensus.cc:740] T e05fbad9520744a9acbe8978ee4101b3 P ecddc1e4e7154f958b4408c339acaa40 [term 0 FOLLOWER]: Becoming Follower/Learner. State: Replica: ecddc1e4e7154f958b4408c339acaa40, State: Initialized, Role: FOLLOWER
I20260710 11:08:02.310173 15588 consensus_queue.cc:260] T e05fbad9520744a9acbe8978ee4101b3 P ecddc1e4e7154f958b4408c339acaa40 [NON_LEADER]: Queue going to NON_LEADER mode. State: All replicated index: 0, Majority replicated index: 0, Committed index: 0, Last appended: 0.0, Last appended by leader: 0, Current term: 0, Majority size: -1, State: 0, Mode: NON_LEADER, active raft config: opid_index: -1 OBSOLETE_local: false peers { permanent_uuid: "ecddc1e4e7154f958b4408c339acaa40" member_type: VOTER last_known_addr { host: "127.14.109.129" port: 35969 } } peers { permanent_uuid: "8f6801a35fd84eff9dde9ecfcd590896" member_type: VOTER last_known_addr { host: "127.14.109.130" port: 40931 } } peers { permanent_uuid: "83bf06818e084fd49bc6889502177539" member_type: VOTER last_known_addr { host: "127.14.109.131" port: 38193 } }
I20260710 11:08:02.313110 15588 ts_tablet_manager.cc:1434] T e05fbad9520744a9acbe8978ee4101b3 P ecddc1e4e7154f958b4408c339acaa40: Time spent starting tablet: real 0.008s	user 0.009s	sys 0.001s
I20260710 11:08:02.314327 15588 tablet_bootstrap.cc:492] T 8f7d2d8853e64c6eb8325afbc6f3ac8a P ecddc1e4e7154f958b4408c339acaa40: Bootstrap starting.
I20260710 11:08:02.314720 15591 raft_consensus.cc:697] T 8691fbe7fbf24fd191b1401c36657776 P 8f6801a35fd84eff9dde9ecfcd590896 [term 1 LEADER]: Becoming Leader. State: Replica: 8f6801a35fd84eff9dde9ecfcd590896, State: Running, Role: LEADER
I20260710 11:08:02.316423 15591 consensus_queue.cc:237] T 8691fbe7fbf24fd191b1401c36657776 P 8f6801a35fd84eff9dde9ecfcd590896 [LEADER]: Queue going to LEADER mode. State: All replicated index: 0, Majority replicated index: 0, Committed index: 0, Last appended: 0.0, Last appended by leader: 0, Current term: 1, Majority size: 2, State: 0, Mode: LEADER, active raft config: opid_index: -1 OBSOLETE_local: false peers { permanent_uuid: "ecddc1e4e7154f958b4408c339acaa40" member_type: VOTER last_known_addr { host: "127.14.109.129" port: 35969 } } peers { permanent_uuid: "8f6801a35fd84eff9dde9ecfcd590896" member_type: VOTER last_known_addr { host: "127.14.109.130" port: 40931 } } peers { permanent_uuid: "83bf06818e084fd49bc6889502177539" member_type: VOTER last_known_addr { host: "127.14.109.131" port: 38193 } }
I20260710 11:08:02.321882 15588 tablet_bootstrap.cc:654] T 8f7d2d8853e64c6eb8325afbc6f3ac8a P ecddc1e4e7154f958b4408c339acaa40: Neither blocks nor log segments found. Creating new log.
I20260710 11:08:02.329134 15295 catalog_manager.cc:5697] T 78a64ac0678547569112dad214d3a6b3 P ecddc1e4e7154f958b4408c339acaa40 reported cstate change: term changed from 0 to 1, leader changed from <none> to ecddc1e4e7154f958b4408c339acaa40 (127.14.109.129). New cstate: current_term: 1 leader_uuid: "ecddc1e4e7154f958b4408c339acaa40" committed_config { opid_index: -1 OBSOLETE_local: false peers { permanent_uuid: "ecddc1e4e7154f958b4408c339acaa40" member_type: VOTER last_known_addr { host: "127.14.109.129" port: 35969 } health_report { overall_health: HEALTHY } } peers { permanent_uuid: "8f6801a35fd84eff9dde9ecfcd590896" member_type: VOTER last_known_addr { host: "127.14.109.130" port: 40931 } health_report { overall_health: UNKNOWN } } peers { permanent_uuid: "83bf06818e084fd49bc6889502177539" member_type: VOTER last_known_addr { host: "127.14.109.131" port: 38193 } health_report { overall_health: UNKNOWN } } }
I20260710 11:08:02.333878 15586 tablet_bootstrap.cc:492] T 8f7d2d8853e64c6eb8325afbc6f3ac8a P 83bf06818e084fd49bc6889502177539: No bootstrap required, opened a new log
I20260710 11:08:02.334378 15586 ts_tablet_manager.cc:1403] T 8f7d2d8853e64c6eb8325afbc6f3ac8a P 83bf06818e084fd49bc6889502177539: Time spent bootstrapping tablet: real 0.050s	user 0.015s	sys 0.017s
I20260710 11:08:02.337239 15586 raft_consensus.cc:359] T 8f7d2d8853e64c6eb8325afbc6f3ac8a P 83bf06818e084fd49bc6889502177539 [term 0 FOLLOWER]: Replica starting. Triggering 0 pending ops. Active config: opid_index: -1 OBSOLETE_local: false peers { permanent_uuid: "ecddc1e4e7154f958b4408c339acaa40" member_type: VOTER last_known_addr { host: "127.14.109.129" port: 35969 } } peers { permanent_uuid: "8f6801a35fd84eff9dde9ecfcd590896" member_type: VOTER last_known_addr { host: "127.14.109.130" port: 40931 } } peers { permanent_uuid: "83bf06818e084fd49bc6889502177539" member_type: VOTER last_known_addr { host: "127.14.109.131" port: 38193 } }
I20260710 11:08:02.337967 15586 raft_consensus.cc:385] T 8f7d2d8853e64c6eb8325afbc6f3ac8a P 83bf06818e084fd49bc6889502177539 [term 0 FOLLOWER]: Consensus starting up: Expiring failure detector timer to make a prompt election more likely
I20260710 11:08:02.338238 15586 raft_consensus.cc:740] T 8f7d2d8853e64c6eb8325afbc6f3ac8a P 83bf06818e084fd49bc6889502177539 [term 0 FOLLOWER]: Becoming Follower/Learner. State: Replica: 83bf06818e084fd49bc6889502177539, State: Initialized, Role: FOLLOWER
I20260710 11:08:02.339265 15586 consensus_queue.cc:260] T 8f7d2d8853e64c6eb8325afbc6f3ac8a P 83bf06818e084fd49bc6889502177539 [NON_LEADER]: Queue going to NON_LEADER mode. State: All replicated index: 0, Majority replicated index: 0, Committed index: 0, Last appended: 0.0, Last appended by leader: 0, Current term: 0, Majority size: -1, State: 0, Mode: NON_LEADER, active raft config: opid_index: -1 OBSOLETE_local: false peers { permanent_uuid: "ecddc1e4e7154f958b4408c339acaa40" member_type: VOTER last_known_addr { host: "127.14.109.129" port: 35969 } } peers { permanent_uuid: "8f6801a35fd84eff9dde9ecfcd590896" member_type: VOTER last_known_addr { host: "127.14.109.130" port: 40931 } } peers { permanent_uuid: "83bf06818e084fd49bc6889502177539" member_type: VOTER last_known_addr { host: "127.14.109.131" port: 38193 } }
I20260710 11:08:02.350499 15586 ts_tablet_manager.cc:1434] T 8f7d2d8853e64c6eb8325afbc6f3ac8a P 83bf06818e084fd49bc6889502177539: Time spent starting tablet: real 0.016s	user 0.007s	sys 0.000s
I20260710 11:08:02.367146 15588 tablet_bootstrap.cc:492] T 8f7d2d8853e64c6eb8325afbc6f3ac8a P ecddc1e4e7154f958b4408c339acaa40: No bootstrap required, opened a new log
I20260710 11:08:02.367681 15588 ts_tablet_manager.cc:1403] T 8f7d2d8853e64c6eb8325afbc6f3ac8a P ecddc1e4e7154f958b4408c339acaa40: Time spent bootstrapping tablet: real 0.054s	user 0.023s	sys 0.025s
I20260710 11:08:02.370492 15588 raft_consensus.cc:359] T 8f7d2d8853e64c6eb8325afbc6f3ac8a P ecddc1e4e7154f958b4408c339acaa40 [term 0 FOLLOWER]: Replica starting. Triggering 0 pending ops. Active config: opid_index: -1 OBSOLETE_local: false peers { permanent_uuid: "ecddc1e4e7154f958b4408c339acaa40" member_type: VOTER last_known_addr { host: "127.14.109.129" port: 35969 } } peers { permanent_uuid: "8f6801a35fd84eff9dde9ecfcd590896" member_type: VOTER last_known_addr { host: "127.14.109.130" port: 40931 } } peers { permanent_uuid: "83bf06818e084fd49bc6889502177539" member_type: VOTER last_known_addr { host: "127.14.109.131" port: 38193 } }
I20260710 11:08:02.371241 15588 raft_consensus.cc:385] T 8f7d2d8853e64c6eb8325afbc6f3ac8a P ecddc1e4e7154f958b4408c339acaa40 [term 0 FOLLOWER]: Consensus starting up: Expiring failure detector timer to make a prompt election more likely
I20260710 11:08:02.371526 15588 raft_consensus.cc:740] T 8f7d2d8853e64c6eb8325afbc6f3ac8a P ecddc1e4e7154f958b4408c339acaa40 [term 0 FOLLOWER]: Becoming Follower/Learner. State: Replica: ecddc1e4e7154f958b4408c339acaa40, State: Initialized, Role: FOLLOWER
I20260710 11:08:02.372193 15588 consensus_queue.cc:260] T 8f7d2d8853e64c6eb8325afbc6f3ac8a P ecddc1e4e7154f958b4408c339acaa40 [NON_LEADER]: Queue going to NON_LEADER mode. State: All replicated index: 0, Majority replicated index: 0, Committed index: 0, Last appended: 0.0, Last appended by leader: 0, Current term: 0, Majority size: -1, State: 0, Mode: NON_LEADER, active raft config: opid_index: -1 OBSOLETE_local: false peers { permanent_uuid: "ecddc1e4e7154f958b4408c339acaa40" member_type: VOTER last_known_addr { host: "127.14.109.129" port: 35969 } } peers { permanent_uuid: "8f6801a35fd84eff9dde9ecfcd590896" member_type: VOTER last_known_addr { host: "127.14.109.130" port: 40931 } } peers { permanent_uuid: "83bf06818e084fd49bc6889502177539" member_type: VOTER last_known_addr { host: "127.14.109.131" port: 38193 } }
I20260710 11:08:02.373286 15293 catalog_manager.cc:5697] T 8691fbe7fbf24fd191b1401c36657776 P 8f6801a35fd84eff9dde9ecfcd590896 reported cstate change: term changed from 0 to 1, leader changed from <none> to 8f6801a35fd84eff9dde9ecfcd590896 (127.14.109.130). New cstate: current_term: 1 leader_uuid: "8f6801a35fd84eff9dde9ecfcd590896" committed_config { opid_index: -1 OBSOLETE_local: false peers { permanent_uuid: "ecddc1e4e7154f958b4408c339acaa40" member_type: VOTER last_known_addr { host: "127.14.109.129" port: 35969 } health_report { overall_health: UNKNOWN } } peers { permanent_uuid: "8f6801a35fd84eff9dde9ecfcd590896" member_type: VOTER last_known_addr { host: "127.14.109.130" port: 40931 } health_report { overall_health: HEALTHY } } peers { permanent_uuid: "83bf06818e084fd49bc6889502177539" member_type: VOTER last_known_addr { host: "127.14.109.131" port: 38193 } health_report { overall_health: UNKNOWN } } }
I20260710 11:08:02.374155 15588 ts_tablet_manager.cc:1434] T 8f7d2d8853e64c6eb8325afbc6f3ac8a P ecddc1e4e7154f958b4408c339acaa40: Time spent starting tablet: real 0.006s	user 0.008s	sys 0.000s
I20260710 11:08:02.375344 15588 tablet_bootstrap.cc:492] T 8691fbe7fbf24fd191b1401c36657776 P ecddc1e4e7154f958b4408c339acaa40: Bootstrap starting.
I20260710 11:08:02.381301 15630 raft_consensus.cc:493] T c74ee8ba0201428287986970dd1aed83 P ecddc1e4e7154f958b4408c339acaa40 [term 0 FOLLOWER]: Starting pre-election (no leader contacted us within the election timeout)
I20260710 11:08:02.381810 15588 tablet_bootstrap.cc:654] T 8691fbe7fbf24fd191b1401c36657776 P ecddc1e4e7154f958b4408c339acaa40: Neither blocks nor log segments found. Creating new log.
I20260710 11:08:02.381953 15630 raft_consensus.cc:515] T c74ee8ba0201428287986970dd1aed83 P ecddc1e4e7154f958b4408c339acaa40 [term 0 FOLLOWER]: Starting pre-election with config: opid_index: -1 OBSOLETE_local: false peers { permanent_uuid: "ecddc1e4e7154f958b4408c339acaa40" member_type: VOTER last_known_addr { host: "127.14.109.129" port: 35969 } } peers { permanent_uuid: "8f6801a35fd84eff9dde9ecfcd590896" member_type: VOTER last_known_addr { host: "127.14.109.130" port: 40931 } } peers { permanent_uuid: "83bf06818e084fd49bc6889502177539" member_type: VOTER last_known_addr { host: "127.14.109.131" port: 38193 } }
I20260710 11:08:02.384207 15630 leader_election.cc:290] T c74ee8ba0201428287986970dd1aed83 P ecddc1e4e7154f958b4408c339acaa40 [CANDIDATE]: Term 1 pre-election: Requested pre-vote from peers 8f6801a35fd84eff9dde9ecfcd590896 (127.14.109.130:40931), 83bf06818e084fd49bc6889502177539 (127.14.109.131:38193)
I20260710 11:08:02.386879 15588 tablet_bootstrap.cc:492] T 8691fbe7fbf24fd191b1401c36657776 P ecddc1e4e7154f958b4408c339acaa40: No bootstrap required, opened a new log
I20260710 11:08:02.386655 15471 tablet_service.cc:1917] Received RequestConsensusVote() RPC: tablet_id: "c74ee8ba0201428287986970dd1aed83" candidate_uuid: "ecddc1e4e7154f958b4408c339acaa40" candidate_term: 1 candidate_status { last_received { term: 0 index: 0 } } ignore_live_leader: false dest_uuid: "8f6801a35fd84eff9dde9ecfcd590896" is_pre_election: true
I20260710 11:08:02.387353 15471 raft_consensus.cc:2468] T c74ee8ba0201428287986970dd1aed83 P 8f6801a35fd84eff9dde9ecfcd590896 [term 0 FOLLOWER]: Leader pre-election vote request: Granting yes vote for candidate ecddc1e4e7154f958b4408c339acaa40 in term 0.
I20260710 11:08:02.387437 15546 tablet_service.cc:1917] Received RequestConsensusVote() RPC: tablet_id: "c74ee8ba0201428287986970dd1aed83" candidate_uuid: "ecddc1e4e7154f958b4408c339acaa40" candidate_term: 1 candidate_status { last_received { term: 0 index: 0 } } ignore_live_leader: false dest_uuid: "83bf06818e084fd49bc6889502177539" is_pre_election: true
I20260710 11:08:02.387447 15601 consensus_queue.cc:1048] T beec0e84a7784243a4a90d690b0f606c P 83bf06818e084fd49bc6889502177539 [LEADER]: Connected to new peer: Peer: permanent_uuid: "ecddc1e4e7154f958b4408c339acaa40" member_type: VOTER last_known_addr { host: "127.14.109.129" port: 35969 }, Status: LMP_MISMATCH, Last received: 0.0, Next index: 1, Last known committed idx: 0, Time since last communication: 0.001s
I20260710 11:08:02.388319 15588 ts_tablet_manager.cc:1403] T 8691fbe7fbf24fd191b1401c36657776 P ecddc1e4e7154f958b4408c339acaa40: Time spent bootstrapping tablet: real 0.013s	user 0.010s	sys 0.001s
I20260710 11:08:02.388262 15546 raft_consensus.cc:2468] T c74ee8ba0201428287986970dd1aed83 P 83bf06818e084fd49bc6889502177539 [term 0 FOLLOWER]: Leader pre-election vote request: Granting yes vote for candidate ecddc1e4e7154f958b4408c339acaa40 in term 0.
I20260710 11:08:02.391057 15588 raft_consensus.cc:359] T 8691fbe7fbf24fd191b1401c36657776 P ecddc1e4e7154f958b4408c339acaa40 [term 0 FOLLOWER]: Replica starting. Triggering 0 pending ops. Active config: opid_index: -1 OBSOLETE_local: false peers { permanent_uuid: "ecddc1e4e7154f958b4408c339acaa40" member_type: VOTER last_known_addr { host: "127.14.109.129" port: 35969 } } peers { permanent_uuid: "8f6801a35fd84eff9dde9ecfcd590896" member_type: VOTER last_known_addr { host: "127.14.109.130" port: 40931 } } peers { permanent_uuid: "83bf06818e084fd49bc6889502177539" member_type: VOTER last_known_addr { host: "127.14.109.131" port: 38193 } }
I20260710 11:08:02.391799 15588 raft_consensus.cc:385] T 8691fbe7fbf24fd191b1401c36657776 P ecddc1e4e7154f958b4408c339acaa40 [term 0 FOLLOWER]: Consensus starting up: Expiring failure detector timer to make a prompt election more likely
I20260710 11:08:02.392155 15588 raft_consensus.cc:740] T 8691fbe7fbf24fd191b1401c36657776 P ecddc1e4e7154f958b4408c339acaa40 [term 0 FOLLOWER]: Becoming Follower/Learner. State: Replica: ecddc1e4e7154f958b4408c339acaa40, State: Initialized, Role: FOLLOWER
I20260710 11:08:02.392877 15588 consensus_queue.cc:260] T 8691fbe7fbf24fd191b1401c36657776 P ecddc1e4e7154f958b4408c339acaa40 [NON_LEADER]: Queue going to NON_LEADER mode. State: All replicated index: 0, Majority replicated index: 0, Committed index: 0, Last appended: 0.0, Last appended by leader: 0, Current term: 0, Majority size: -1, State: 0, Mode: NON_LEADER, active raft config: opid_index: -1 OBSOLETE_local: false peers { permanent_uuid: "ecddc1e4e7154f958b4408c339acaa40" member_type: VOTER last_known_addr { host: "127.14.109.129" port: 35969 } } peers { permanent_uuid: "8f6801a35fd84eff9dde9ecfcd590896" member_type: VOTER last_known_addr { host: "127.14.109.130" port: 40931 } } peers { permanent_uuid: "83bf06818e084fd49bc6889502177539" member_type: VOTER last_known_addr { host: "127.14.109.131" port: 38193 } }
I20260710 11:08:02.394754 15588 ts_tablet_manager.cc:1434] T 8691fbe7fbf24fd191b1401c36657776 P ecddc1e4e7154f958b4408c339acaa40: Time spent starting tablet: real 0.006s	user 0.005s	sys 0.000s
I20260710 11:08:02.396245 15362 leader_election.cc:304] T c74ee8ba0201428287986970dd1aed83 P ecddc1e4e7154f958b4408c339acaa40 [CANDIDATE]: Term 1 pre-election: Election decided. Result: candidate won. Election summary: received 2 responses out of 3 voters: 2 yes votes; 0 no votes. yes voters: 8f6801a35fd84eff9dde9ecfcd590896, ecddc1e4e7154f958b4408c339acaa40; no voters: 
I20260710 11:08:02.397125 15630 raft_consensus.cc:2804] T c74ee8ba0201428287986970dd1aed83 P ecddc1e4e7154f958b4408c339acaa40 [term 0 FOLLOWER]: Leader pre-election won for term 1
I20260710 11:08:02.397688 15630 raft_consensus.cc:493] T c74ee8ba0201428287986970dd1aed83 P ecddc1e4e7154f958b4408c339acaa40 [term 0 FOLLOWER]: Starting leader election (no leader contacted us within the election timeout)
I20260710 11:08:02.398154 15630 raft_consensus.cc:3060] T c74ee8ba0201428287986970dd1aed83 P ecddc1e4e7154f958b4408c339acaa40 [term 0 FOLLOWER]: Advancing to term 1
I20260710 11:08:02.406126 15628 raft_consensus.cc:493] T 8691fbe7fbf24fd191b1401c36657776 P ecddc1e4e7154f958b4408c339acaa40 [term 0 FOLLOWER]: Starting pre-election (no leader contacted us within the election timeout)
I20260710 11:08:02.405819 15630 raft_consensus.cc:515] T c74ee8ba0201428287986970dd1aed83 P ecddc1e4e7154f958b4408c339acaa40 [term 1 FOLLOWER]: Starting leader election with config: opid_index: -1 OBSOLETE_local: false peers { permanent_uuid: "ecddc1e4e7154f958b4408c339acaa40" member_type: VOTER last_known_addr { host: "127.14.109.129" port: 35969 } } peers { permanent_uuid: "8f6801a35fd84eff9dde9ecfcd590896" member_type: VOTER last_known_addr { host: "127.14.109.130" port: 40931 } } peers { permanent_uuid: "83bf06818e084fd49bc6889502177539" member_type: VOTER last_known_addr { host: "127.14.109.131" port: 38193 } }
I20260710 11:08:02.405921 15593 consensus_queue.cc:1048] T beec0e84a7784243a4a90d690b0f606c P 83bf06818e084fd49bc6889502177539 [LEADER]: Connected to new peer: Peer: permanent_uuid: "8f6801a35fd84eff9dde9ecfcd590896" member_type: VOTER last_known_addr { host: "127.14.109.130" port: 40931 }, Status: LMP_MISMATCH, Last received: 0.0, Next index: 1, Last known committed idx: 0, Time since last communication: 0.001s
I20260710 11:08:02.406674 15628 raft_consensus.cc:515] T 8691fbe7fbf24fd191b1401c36657776 P ecddc1e4e7154f958b4408c339acaa40 [term 0 FOLLOWER]: Starting pre-election with config: opid_index: -1 OBSOLETE_local: false peers { permanent_uuid: "ecddc1e4e7154f958b4408c339acaa40" member_type: VOTER last_known_addr { host: "127.14.109.129" port: 35969 } } peers { permanent_uuid: "8f6801a35fd84eff9dde9ecfcd590896" member_type: VOTER last_known_addr { host: "127.14.109.130" port: 40931 } } peers { permanent_uuid: "83bf06818e084fd49bc6889502177539" member_type: VOTER last_known_addr { host: "127.14.109.131" port: 38193 } }
I20260710 11:08:02.408972 15628 leader_election.cc:290] T 8691fbe7fbf24fd191b1401c36657776 P ecddc1e4e7154f958b4408c339acaa40 [CANDIDATE]: Term 1 pre-election: Requested pre-vote from peers 8f6801a35fd84eff9dde9ecfcd590896 (127.14.109.130:40931), 83bf06818e084fd49bc6889502177539 (127.14.109.131:38193)
I20260710 11:08:02.410272 15546 tablet_service.cc:1917] Received RequestConsensusVote() RPC: tablet_id: "c74ee8ba0201428287986970dd1aed83" candidate_uuid: "ecddc1e4e7154f958b4408c339acaa40" candidate_term: 1 candidate_status { last_received { term: 0 index: 0 } } ignore_live_leader: false dest_uuid: "83bf06818e084fd49bc6889502177539"
I20260710 11:08:02.410465 15630 leader_election.cc:290] T c74ee8ba0201428287986970dd1aed83 P ecddc1e4e7154f958b4408c339acaa40 [CANDIDATE]: Term 1 election: Requested vote from peers 8f6801a35fd84eff9dde9ecfcd590896 (127.14.109.130:40931), 83bf06818e084fd49bc6889502177539 (127.14.109.131:38193)
I20260710 11:08:02.410802 15545 tablet_service.cc:1917] Received RequestConsensusVote() RPC: tablet_id: "8691fbe7fbf24fd191b1401c36657776" candidate_uuid: "ecddc1e4e7154f958b4408c339acaa40" candidate_term: 1 candidate_status { last_received { term: 0 index: 0 } } ignore_live_leader: false dest_uuid: "83bf06818e084fd49bc6889502177539" is_pre_election: true
I20260710 11:08:02.410889 15546 raft_consensus.cc:3060] T c74ee8ba0201428287986970dd1aed83 P 83bf06818e084fd49bc6889502177539 [term 0 FOLLOWER]: Advancing to term 1
I20260710 11:08:02.411242 15472 tablet_service.cc:1917] Received RequestConsensusVote() RPC: tablet_id: "8691fbe7fbf24fd191b1401c36657776" candidate_uuid: "ecddc1e4e7154f958b4408c339acaa40" candidate_term: 1 candidate_status { last_received { term: 0 index: 0 } } ignore_live_leader: false dest_uuid: "8f6801a35fd84eff9dde9ecfcd590896" is_pre_election: true
I20260710 11:08:02.411720 15545 raft_consensus.cc:2393] T 8691fbe7fbf24fd191b1401c36657776 P 83bf06818e084fd49bc6889502177539 [term 1 FOLLOWER]: Leader pre-election vote request: Denying vote to candidate ecddc1e4e7154f958b4408c339acaa40 in current term 1: Already voted for candidate 8f6801a35fd84eff9dde9ecfcd590896 in this term.
I20260710 11:08:02.412657 15471 tablet_service.cc:1917] Received RequestConsensusVote() RPC: tablet_id: "c74ee8ba0201428287986970dd1aed83" candidate_uuid: "ecddc1e4e7154f958b4408c339acaa40" candidate_term: 1 candidate_status { last_received { term: 0 index: 0 } } ignore_live_leader: false dest_uuid: "8f6801a35fd84eff9dde9ecfcd590896"
I20260710 11:08:02.413233 15471 raft_consensus.cc:3060] T c74ee8ba0201428287986970dd1aed83 P 8f6801a35fd84eff9dde9ecfcd590896 [term 0 FOLLOWER]: Advancing to term 1
I20260710 11:08:02.414137 15362 leader_election.cc:304] T 8691fbe7fbf24fd191b1401c36657776 P ecddc1e4e7154f958b4408c339acaa40 [CANDIDATE]: Term 1 pre-election: Election decided. Result: candidate lost. Election summary: received 3 responses out of 3 voters: 1 yes votes; 2 no votes. yes voters: ecddc1e4e7154f958b4408c339acaa40; no voters: 83bf06818e084fd49bc6889502177539, 8f6801a35fd84eff9dde9ecfcd590896
I20260710 11:08:02.419778 15471 raft_consensus.cc:2468] T c74ee8ba0201428287986970dd1aed83 P 8f6801a35fd84eff9dde9ecfcd590896 [term 1 FOLLOWER]: Leader election vote request: Granting yes vote for candidate ecddc1e4e7154f958b4408c339acaa40 in term 1.
I20260710 11:08:02.419966 15546 raft_consensus.cc:2468] T c74ee8ba0201428287986970dd1aed83 P 83bf06818e084fd49bc6889502177539 [term 1 FOLLOWER]: Leader election vote request: Granting yes vote for candidate ecddc1e4e7154f958b4408c339acaa40 in term 1.
I20260710 11:08:02.421088 15362 leader_election.cc:304] T c74ee8ba0201428287986970dd1aed83 P ecddc1e4e7154f958b4408c339acaa40 [CANDIDATE]: Term 1 election: Election decided. Result: candidate won. Election summary: received 2 responses out of 3 voters: 2 yes votes; 0 no votes. yes voters: 8f6801a35fd84eff9dde9ecfcd590896, ecddc1e4e7154f958b4408c339acaa40; no voters: 
I20260710 11:08:02.421460 15630 raft_consensus.cc:3060] T 8691fbe7fbf24fd191b1401c36657776 P ecddc1e4e7154f958b4408c339acaa40 [term 0 FOLLOWER]: Advancing to term 1
I20260710 11:08:02.422657 15628 raft_consensus.cc:2804] T c74ee8ba0201428287986970dd1aed83 P ecddc1e4e7154f958b4408c339acaa40 [term 1 FOLLOWER]: Leader election won for term 1
I20260710 11:08:02.423171 15628 raft_consensus.cc:697] T c74ee8ba0201428287986970dd1aed83 P ecddc1e4e7154f958b4408c339acaa40 [term 1 LEADER]: Becoming Leader. State: Replica: ecddc1e4e7154f958b4408c339acaa40, State: Running, Role: LEADER
I20260710 11:08:02.424084 15628 consensus_queue.cc:237] T c74ee8ba0201428287986970dd1aed83 P ecddc1e4e7154f958b4408c339acaa40 [LEADER]: Queue going to LEADER mode. State: All replicated index: 0, Majority replicated index: 0, Committed index: 0, Last appended: 0.0, Last appended by leader: 0, Current term: 1, Majority size: 2, State: 0, Mode: LEADER, active raft config: opid_index: -1 OBSOLETE_local: false peers { permanent_uuid: "ecddc1e4e7154f958b4408c339acaa40" member_type: VOTER last_known_addr { host: "127.14.109.129" port: 35969 } } peers { permanent_uuid: "8f6801a35fd84eff9dde9ecfcd590896" member_type: VOTER last_known_addr { host: "127.14.109.130" port: 40931 } } peers { permanent_uuid: "83bf06818e084fd49bc6889502177539" member_type: VOTER last_known_addr { host: "127.14.109.131" port: 38193 } }
I20260710 11:08:02.425323 15593 raft_consensus.cc:493] T 8f7d2d8853e64c6eb8325afbc6f3ac8a P 83bf06818e084fd49bc6889502177539 [term 0 FOLLOWER]: Starting pre-election (no leader contacted us within the election timeout)
I20260710 11:08:02.425855 15593 raft_consensus.cc:515] T 8f7d2d8853e64c6eb8325afbc6f3ac8a P 83bf06818e084fd49bc6889502177539 [term 0 FOLLOWER]: Starting pre-election with config: opid_index: -1 OBSOLETE_local: false peers { permanent_uuid: "ecddc1e4e7154f958b4408c339acaa40" member_type: VOTER last_known_addr { host: "127.14.109.129" port: 35969 } } peers { permanent_uuid: "8f6801a35fd84eff9dde9ecfcd590896" member_type: VOTER last_known_addr { host: "127.14.109.130" port: 40931 } } peers { permanent_uuid: "83bf06818e084fd49bc6889502177539" member_type: VOTER last_known_addr { host: "127.14.109.131" port: 38193 } }
I20260710 11:08:02.428102 15636 raft_consensus.cc:493] T 8f7d2d8853e64c6eb8325afbc6f3ac8a P 8f6801a35fd84eff9dde9ecfcd590896 [term 0 FOLLOWER]: Starting pre-election (no leader contacted us within the election timeout)
I20260710 11:08:02.428791 15630 raft_consensus.cc:2749] T 8691fbe7fbf24fd191b1401c36657776 P ecddc1e4e7154f958b4408c339acaa40 [term 1 FOLLOWER]: Leader pre-election lost for term 1. Reason: could not achieve majority
I20260710 11:08:02.428607 15636 raft_consensus.cc:515] T 8f7d2d8853e64c6eb8325afbc6f3ac8a P 8f6801a35fd84eff9dde9ecfcd590896 [term 0 FOLLOWER]: Starting pre-election with config: opid_index: -1 OBSOLETE_local: false peers { permanent_uuid: "ecddc1e4e7154f958b4408c339acaa40" member_type: VOTER last_known_addr { host: "127.14.109.129" port: 35969 } } peers { permanent_uuid: "8f6801a35fd84eff9dde9ecfcd590896" member_type: VOTER last_known_addr { host: "127.14.109.130" port: 40931 } } peers { permanent_uuid: "83bf06818e084fd49bc6889502177539" member_type: VOTER last_known_addr { host: "127.14.109.131" port: 38193 } }
I20260710 11:08:02.428826 15397 tablet_service.cc:1917] Received RequestConsensusVote() RPC: tablet_id: "8f7d2d8853e64c6eb8325afbc6f3ac8a" candidate_uuid: "83bf06818e084fd49bc6889502177539" candidate_term: 1 candidate_status { last_received { term: 0 index: 0 } } ignore_live_leader: false dest_uuid: "ecddc1e4e7154f958b4408c339acaa40" is_pre_election: true
I20260710 11:08:02.430284 15397 raft_consensus.cc:2468] T 8f7d2d8853e64c6eb8325afbc6f3ac8a P ecddc1e4e7154f958b4408c339acaa40 [term 0 FOLLOWER]: Leader pre-election vote request: Granting yes vote for candidate 83bf06818e084fd49bc6889502177539 in term 0.
I20260710 11:08:02.431186 15636 leader_election.cc:290] T 8f7d2d8853e64c6eb8325afbc6f3ac8a P 8f6801a35fd84eff9dde9ecfcd590896 [CANDIDATE]: Term 1 pre-election: Requested pre-vote from peers ecddc1e4e7154f958b4408c339acaa40 (127.14.109.129:35969), 83bf06818e084fd49bc6889502177539 (127.14.109.131:38193)
I20260710 11:08:02.431470 15512 leader_election.cc:304] T 8f7d2d8853e64c6eb8325afbc6f3ac8a P 83bf06818e084fd49bc6889502177539 [CANDIDATE]: Term 1 pre-election: Election decided. Result: candidate won. Election summary: received 2 responses out of 3 voters: 2 yes votes; 0 no votes. yes voters: 83bf06818e084fd49bc6889502177539, ecddc1e4e7154f958b4408c339acaa40; no voters: 
I20260710 11:08:02.432401 15601 raft_consensus.cc:2804] T 8f7d2d8853e64c6eb8325afbc6f3ac8a P 83bf06818e084fd49bc6889502177539 [term 0 FOLLOWER]: Leader pre-election won for term 1
I20260710 11:08:02.432771 15601 raft_consensus.cc:493] T 8f7d2d8853e64c6eb8325afbc6f3ac8a P 83bf06818e084fd49bc6889502177539 [term 0 FOLLOWER]: Starting leader election (no leader contacted us within the election timeout)
I20260710 11:08:02.433145 15601 raft_consensus.cc:3060] T 8f7d2d8853e64c6eb8325afbc6f3ac8a P 83bf06818e084fd49bc6889502177539 [term 0 FOLLOWER]: Advancing to term 1
I20260710 11:08:02.433450 15471 tablet_service.cc:1917] Received RequestConsensusVote() RPC: tablet_id: "8f7d2d8853e64c6eb8325afbc6f3ac8a" candidate_uuid: "83bf06818e084fd49bc6889502177539" candidate_term: 1 candidate_status { last_received { term: 0 index: 0 } } ignore_live_leader: false dest_uuid: "8f6801a35fd84eff9dde9ecfcd590896" is_pre_election: true
I20260710 11:08:02.433689 15546 tablet_service.cc:1917] Received RequestConsensusVote() RPC: tablet_id: "8f7d2d8853e64c6eb8325afbc6f3ac8a" candidate_uuid: "8f6801a35fd84eff9dde9ecfcd590896" candidate_term: 1 candidate_status { last_received { term: 0 index: 0 } } ignore_live_leader: false dest_uuid: "83bf06818e084fd49bc6889502177539" is_pre_election: true
I20260710 11:08:02.434113 15471 raft_consensus.cc:2468] T 8f7d2d8853e64c6eb8325afbc6f3ac8a P 8f6801a35fd84eff9dde9ecfcd590896 [term 0 FOLLOWER]: Leader pre-election vote request: Granting yes vote for candidate 83bf06818e084fd49bc6889502177539 in term 0.
I20260710 11:08:02.437963 15396 tablet_service.cc:1917] Received RequestConsensusVote() RPC: tablet_id: "8f7d2d8853e64c6eb8325afbc6f3ac8a" candidate_uuid: "8f6801a35fd84eff9dde9ecfcd590896" candidate_term: 1 candidate_status { last_received { term: 0 index: 0 } } ignore_live_leader: false dest_uuid: "ecddc1e4e7154f958b4408c339acaa40" is_pre_election: true
I20260710 11:08:02.440024 15601 raft_consensus.cc:515] T 8f7d2d8853e64c6eb8325afbc6f3ac8a P 83bf06818e084fd49bc6889502177539 [term 1 FOLLOWER]: Starting leader election with config: opid_index: -1 OBSOLETE_local: false peers { permanent_uuid: "ecddc1e4e7154f958b4408c339acaa40" member_type: VOTER last_known_addr { host: "127.14.109.129" port: 35969 } } peers { permanent_uuid: "8f6801a35fd84eff9dde9ecfcd590896" member_type: VOTER last_known_addr { host: "127.14.109.130" port: 40931 } } peers { permanent_uuid: "83bf06818e084fd49bc6889502177539" member_type: VOTER last_known_addr { host: "127.14.109.131" port: 38193 } }
I20260710 11:08:02.441044 15546 raft_consensus.cc:2393] T 8f7d2d8853e64c6eb8325afbc6f3ac8a P 83bf06818e084fd49bc6889502177539 [term 1 FOLLOWER]: Leader pre-election vote request: Denying vote to candidate 8f6801a35fd84eff9dde9ecfcd590896 in current term 1: Already voted for candidate 83bf06818e084fd49bc6889502177539 in this term.
I20260710 11:08:02.441717 15396 raft_consensus.cc:2468] T 8f7d2d8853e64c6eb8325afbc6f3ac8a P ecddc1e4e7154f958b4408c339acaa40 [term 0 FOLLOWER]: Leader pre-election vote request: Granting yes vote for candidate 8f6801a35fd84eff9dde9ecfcd590896 in term 0.
I20260710 11:08:02.442658 15601 leader_election.cc:290] T 8f7d2d8853e64c6eb8325afbc6f3ac8a P 83bf06818e084fd49bc6889502177539 [CANDIDATE]: Term 1 election: Requested vote from peers ecddc1e4e7154f958b4408c339acaa40 (127.14.109.129:35969), 8f6801a35fd84eff9dde9ecfcd590896 (127.14.109.130:40931)
I20260710 11:08:02.443747 15471 tablet_service.cc:1917] Received RequestConsensusVote() RPC: tablet_id: "8f7d2d8853e64c6eb8325afbc6f3ac8a" candidate_uuid: "83bf06818e084fd49bc6889502177539" candidate_term: 1 candidate_status { last_received { term: 0 index: 0 } } ignore_live_leader: false dest_uuid: "8f6801a35fd84eff9dde9ecfcd590896"
I20260710 11:08:02.444361 15471 raft_consensus.cc:3060] T 8f7d2d8853e64c6eb8325afbc6f3ac8a P 8f6801a35fd84eff9dde9ecfcd590896 [term 0 FOLLOWER]: Advancing to term 1
I20260710 11:08:02.446847 15295 catalog_manager.cc:5697] T c74ee8ba0201428287986970dd1aed83 P ecddc1e4e7154f958b4408c339acaa40 reported cstate change: term changed from 0 to 1, leader changed from <none> to ecddc1e4e7154f958b4408c339acaa40 (127.14.109.129). New cstate: current_term: 1 leader_uuid: "ecddc1e4e7154f958b4408c339acaa40" committed_config { opid_index: -1 OBSOLETE_local: false peers { permanent_uuid: "ecddc1e4e7154f958b4408c339acaa40" member_type: VOTER last_known_addr { host: "127.14.109.129" port: 35969 } health_report { overall_health: HEALTHY } } peers { permanent_uuid: "8f6801a35fd84eff9dde9ecfcd590896" member_type: VOTER last_known_addr { host: "127.14.109.130" port: 40931 } health_report { overall_health: UNKNOWN } } peers { permanent_uuid: "83bf06818e084fd49bc6889502177539" member_type: VOTER last_known_addr { host: "127.14.109.131" port: 38193 } health_report { overall_health: UNKNOWN } } }
I20260710 11:08:02.448984 15593 leader_election.cc:290] T 8f7d2d8853e64c6eb8325afbc6f3ac8a P 83bf06818e084fd49bc6889502177539 [CANDIDATE]: Term 1 pre-election: Requested pre-vote from peers ecddc1e4e7154f958b4408c339acaa40 (127.14.109.129:35969), 8f6801a35fd84eff9dde9ecfcd590896 (127.14.109.130:40931)
I20260710 11:08:02.444253 15438 leader_election.cc:304] T 8f7d2d8853e64c6eb8325afbc6f3ac8a P 8f6801a35fd84eff9dde9ecfcd590896 [CANDIDATE]: Term 1 pre-election: Election decided. Result: candidate won. Election summary: received 2 responses out of 3 voters: 2 yes votes; 0 no votes. yes voters: 8f6801a35fd84eff9dde9ecfcd590896, ecddc1e4e7154f958b4408c339acaa40; no voters: 
I20260710 11:08:02.449519 15396 tablet_service.cc:1917] Received RequestConsensusVote() RPC: tablet_id: "8f7d2d8853e64c6eb8325afbc6f3ac8a" candidate_uuid: "83bf06818e084fd49bc6889502177539" candidate_term: 1 candidate_status { last_received { term: 0 index: 0 } } ignore_live_leader: false dest_uuid: "ecddc1e4e7154f958b4408c339acaa40"
I20260710 11:08:02.450109 15396 raft_consensus.cc:3060] T 8f7d2d8853e64c6eb8325afbc6f3ac8a P ecddc1e4e7154f958b4408c339acaa40 [term 0 FOLLOWER]: Advancing to term 1
I20260710 11:08:02.450160 15471 raft_consensus.cc:2468] T 8f7d2d8853e64c6eb8325afbc6f3ac8a P 8f6801a35fd84eff9dde9ecfcd590896 [term 1 FOLLOWER]: Leader election vote request: Granting yes vote for candidate 83bf06818e084fd49bc6889502177539 in term 1.
I20260710 11:08:02.450740 15636 raft_consensus.cc:2764] T 8f7d2d8853e64c6eb8325afbc6f3ac8a P 8f6801a35fd84eff9dde9ecfcd590896 [term 1 FOLLOWER]: Leader pre-election decision vote started in defunct term 0: won
I20260710 11:08:02.453130 15511 leader_election.cc:304] T 8f7d2d8853e64c6eb8325afbc6f3ac8a P 83bf06818e084fd49bc6889502177539 [CANDIDATE]: Term 1 election: Election decided. Result: candidate won. Election summary: received 2 responses out of 3 voters: 2 yes votes; 0 no votes. yes voters: 83bf06818e084fd49bc6889502177539, 8f6801a35fd84eff9dde9ecfcd590896; no voters: 
I20260710 11:08:02.453980 15593 raft_consensus.cc:2804] T 8f7d2d8853e64c6eb8325afbc6f3ac8a P 83bf06818e084fd49bc6889502177539 [term 1 FOLLOWER]: Leader election won for term 1
I20260710 11:08:02.454556 15593 raft_consensus.cc:697] T 8f7d2d8853e64c6eb8325afbc6f3ac8a P 83bf06818e084fd49bc6889502177539 [term 1 LEADER]: Becoming Leader. State: Replica: 83bf06818e084fd49bc6889502177539, State: Running, Role: LEADER
I20260710 11:08:02.455574 15593 consensus_queue.cc:237] T 8f7d2d8853e64c6eb8325afbc6f3ac8a P 83bf06818e084fd49bc6889502177539 [LEADER]: Queue going to LEADER mode. State: All replicated index: 0, Majority replicated index: 0, Committed index: 0, Last appended: 0.0, Last appended by leader: 0, Current term: 1, Majority size: 2, State: 0, Mode: LEADER, active raft config: opid_index: -1 OBSOLETE_local: false peers { permanent_uuid: "ecddc1e4e7154f958b4408c339acaa40" member_type: VOTER last_known_addr { host: "127.14.109.129" port: 35969 } } peers { permanent_uuid: "8f6801a35fd84eff9dde9ecfcd590896" member_type: VOTER last_known_addr { host: "127.14.109.130" port: 40931 } } peers { permanent_uuid: "83bf06818e084fd49bc6889502177539" member_type: VOTER last_known_addr { host: "127.14.109.131" port: 38193 } }
I20260710 11:08:02.457751 15396 raft_consensus.cc:2468] T 8f7d2d8853e64c6eb8325afbc6f3ac8a P ecddc1e4e7154f958b4408c339acaa40 [term 1 FOLLOWER]: Leader election vote request: Granting yes vote for candidate 83bf06818e084fd49bc6889502177539 in term 1.
I20260710 11:08:02.464423 15293 catalog_manager.cc:5697] T 8f7d2d8853e64c6eb8325afbc6f3ac8a P 83bf06818e084fd49bc6889502177539 reported cstate change: term changed from 0 to 1, leader changed from <none> to 83bf06818e084fd49bc6889502177539 (127.14.109.131). New cstate: current_term: 1 leader_uuid: "83bf06818e084fd49bc6889502177539" committed_config { opid_index: -1 OBSOLETE_local: false peers { permanent_uuid: "ecddc1e4e7154f958b4408c339acaa40" member_type: VOTER last_known_addr { host: "127.14.109.129" port: 35969 } health_report { overall_health: UNKNOWN } } peers { permanent_uuid: "8f6801a35fd84eff9dde9ecfcd590896" member_type: VOTER last_known_addr { host: "127.14.109.130" port: 40931 } health_report { overall_health: UNKNOWN } } peers { permanent_uuid: "83bf06818e084fd49bc6889502177539" member_type: VOTER last_known_addr { host: "127.14.109.131" port: 38193 } health_report { overall_health: HEALTHY } } }
I20260710 11:08:02.469142 15593 consensus_queue.cc:1048] T 4818b63418a042c9905a6291c121f7c9 P 83bf06818e084fd49bc6889502177539 [LEADER]: Connected to new peer: Peer: permanent_uuid: "8f6801a35fd84eff9dde9ecfcd590896" member_type: VOTER last_known_addr { host: "127.14.109.130" port: 40931 }, Status: LMP_MISMATCH, Last received: 0.0, Next index: 1, Last known committed idx: 0, Time since last communication: 0.001s
I20260710 11:08:02.480891 15593 consensus_queue.cc:1048] T 4818b63418a042c9905a6291c121f7c9 P 83bf06818e084fd49bc6889502177539 [LEADER]: Connected to new peer: Peer: permanent_uuid: "ecddc1e4e7154f958b4408c339acaa40" member_type: VOTER last_known_addr { host: "127.14.109.129" port: 35969 }, Status: LMP_MISMATCH, Last received: 0.0, Next index: 1, Last known committed idx: 0, Time since last communication: 0.000s
I20260710 11:08:02.491328 15628 raft_consensus.cc:493] T e05fbad9520744a9acbe8978ee4101b3 P ecddc1e4e7154f958b4408c339acaa40 [term 0 FOLLOWER]: Starting pre-election (no leader contacted us within the election timeout)
I20260710 11:08:02.491907 15628 raft_consensus.cc:515] T e05fbad9520744a9acbe8978ee4101b3 P ecddc1e4e7154f958b4408c339acaa40 [term 0 FOLLOWER]: Starting pre-election with config: opid_index: -1 OBSOLETE_local: false peers { permanent_uuid: "ecddc1e4e7154f958b4408c339acaa40" member_type: VOTER last_known_addr { host: "127.14.109.129" port: 35969 } } peers { permanent_uuid: "8f6801a35fd84eff9dde9ecfcd590896" member_type: VOTER last_known_addr { host: "127.14.109.130" port: 40931 } } peers { permanent_uuid: "83bf06818e084fd49bc6889502177539" member_type: VOTER last_known_addr { host: "127.14.109.131" port: 38193 } }
I20260710 11:08:02.493767 15628 leader_election.cc:290] T e05fbad9520744a9acbe8978ee4101b3 P ecddc1e4e7154f958b4408c339acaa40 [CANDIDATE]: Term 1 pre-election: Requested pre-vote from peers 8f6801a35fd84eff9dde9ecfcd590896 (127.14.109.130:40931), 83bf06818e084fd49bc6889502177539 (127.14.109.131:38193)
I20260710 11:08:02.494676 15546 tablet_service.cc:1917] Received RequestConsensusVote() RPC: tablet_id: "e05fbad9520744a9acbe8978ee4101b3" candidate_uuid: "ecddc1e4e7154f958b4408c339acaa40" candidate_term: 1 candidate_status { last_received { term: 0 index: 0 } } ignore_live_leader: false dest_uuid: "83bf06818e084fd49bc6889502177539" is_pre_election: true
I20260710 11:08:02.494521 15471 tablet_service.cc:1917] Received RequestConsensusVote() RPC: tablet_id: "e05fbad9520744a9acbe8978ee4101b3" candidate_uuid: "ecddc1e4e7154f958b4408c339acaa40" candidate_term: 1 candidate_status { last_received { term: 0 index: 0 } } ignore_live_leader: false dest_uuid: "8f6801a35fd84eff9dde9ecfcd590896" is_pre_election: true
I20260710 11:08:02.495273 15546 raft_consensus.cc:2468] T e05fbad9520744a9acbe8978ee4101b3 P 83bf06818e084fd49bc6889502177539 [term 0 FOLLOWER]: Leader pre-election vote request: Granting yes vote for candidate ecddc1e4e7154f958b4408c339acaa40 in term 0.
I20260710 11:08:02.495402 15471 raft_consensus.cc:2468] T e05fbad9520744a9acbe8978ee4101b3 P 8f6801a35fd84eff9dde9ecfcd590896 [term 0 FOLLOWER]: Leader pre-election vote request: Granting yes vote for candidate ecddc1e4e7154f958b4408c339acaa40 in term 0.
I20260710 11:08:02.496219 15362 leader_election.cc:304] T e05fbad9520744a9acbe8978ee4101b3 P ecddc1e4e7154f958b4408c339acaa40 [CANDIDATE]: Term 1 pre-election: Election decided. Result: candidate won. Election summary: received 2 responses out of 3 voters: 2 yes votes; 0 no votes. yes voters: 83bf06818e084fd49bc6889502177539, ecddc1e4e7154f958b4408c339acaa40; no voters: 
I20260710 11:08:02.496868 15628 raft_consensus.cc:2804] T e05fbad9520744a9acbe8978ee4101b3 P ecddc1e4e7154f958b4408c339acaa40 [term 0 FOLLOWER]: Leader pre-election won for term 1
I20260710 11:08:02.497282 15628 raft_consensus.cc:493] T e05fbad9520744a9acbe8978ee4101b3 P ecddc1e4e7154f958b4408c339acaa40 [term 0 FOLLOWER]: Starting leader election (no leader contacted us within the election timeout)
I20260710 11:08:02.497689 15628 raft_consensus.cc:3060] T e05fbad9520744a9acbe8978ee4101b3 P ecddc1e4e7154f958b4408c339acaa40 [term 0 FOLLOWER]: Advancing to term 1
I20260710 11:08:02.502727 15628 raft_consensus.cc:515] T e05fbad9520744a9acbe8978ee4101b3 P ecddc1e4e7154f958b4408c339acaa40 [term 1 FOLLOWER]: Starting leader election with config: opid_index: -1 OBSOLETE_local: false peers { permanent_uuid: "ecddc1e4e7154f958b4408c339acaa40" member_type: VOTER last_known_addr { host: "127.14.109.129" port: 35969 } } peers { permanent_uuid: "8f6801a35fd84eff9dde9ecfcd590896" member_type: VOTER last_known_addr { host: "127.14.109.130" port: 40931 } } peers { permanent_uuid: "83bf06818e084fd49bc6889502177539" member_type: VOTER last_known_addr { host: "127.14.109.131" port: 38193 } }
I20260710 11:08:02.504364 15628 leader_election.cc:290] T e05fbad9520744a9acbe8978ee4101b3 P ecddc1e4e7154f958b4408c339acaa40 [CANDIDATE]: Term 1 election: Requested vote from peers 8f6801a35fd84eff9dde9ecfcd590896 (127.14.109.130:40931), 83bf06818e084fd49bc6889502177539 (127.14.109.131:38193)
I20260710 11:08:02.505229 15471 tablet_service.cc:1917] Received RequestConsensusVote() RPC: tablet_id: "e05fbad9520744a9acbe8978ee4101b3" candidate_uuid: "ecddc1e4e7154f958b4408c339acaa40" candidate_term: 1 candidate_status { last_received { term: 0 index: 0 } } ignore_live_leader: false dest_uuid: "8f6801a35fd84eff9dde9ecfcd590896"
I20260710 11:08:02.505476 15546 tablet_service.cc:1917] Received RequestConsensusVote() RPC: tablet_id: "e05fbad9520744a9acbe8978ee4101b3" candidate_uuid: "ecddc1e4e7154f958b4408c339acaa40" candidate_term: 1 candidate_status { last_received { term: 0 index: 0 } } ignore_live_leader: false dest_uuid: "83bf06818e084fd49bc6889502177539"
I20260710 11:08:02.505878 15471 raft_consensus.cc:3060] T e05fbad9520744a9acbe8978ee4101b3 P 8f6801a35fd84eff9dde9ecfcd590896 [term 0 FOLLOWER]: Advancing to term 1
I20260710 11:08:02.506067 15546 raft_consensus.cc:3060] T e05fbad9520744a9acbe8978ee4101b3 P 83bf06818e084fd49bc6889502177539 [term 0 FOLLOWER]: Advancing to term 1
I20260710 11:08:02.511190 15546 raft_consensus.cc:2468] T e05fbad9520744a9acbe8978ee4101b3 P 83bf06818e084fd49bc6889502177539 [term 1 FOLLOWER]: Leader election vote request: Granting yes vote for candidate ecddc1e4e7154f958b4408c339acaa40 in term 1.
I20260710 11:08:02.511297 15471 raft_consensus.cc:2468] T e05fbad9520744a9acbe8978ee4101b3 P 8f6801a35fd84eff9dde9ecfcd590896 [term 1 FOLLOWER]: Leader election vote request: Granting yes vote for candidate ecddc1e4e7154f958b4408c339acaa40 in term 1.
I20260710 11:08:02.512351 15362 leader_election.cc:304] T e05fbad9520744a9acbe8978ee4101b3 P ecddc1e4e7154f958b4408c339acaa40 [CANDIDATE]: Term 1 election: Election decided. Result: candidate won. Election summary: received 2 responses out of 3 voters: 2 yes votes; 0 no votes. yes voters: 83bf06818e084fd49bc6889502177539, ecddc1e4e7154f958b4408c339acaa40; no voters: 
I20260710 11:08:02.513048 15628 raft_consensus.cc:2804] T e05fbad9520744a9acbe8978ee4101b3 P ecddc1e4e7154f958b4408c339acaa40 [term 1 FOLLOWER]: Leader election won for term 1
I20260710 11:08:02.513458 15628 raft_consensus.cc:697] T e05fbad9520744a9acbe8978ee4101b3 P ecddc1e4e7154f958b4408c339acaa40 [term 1 LEADER]: Becoming Leader. State: Replica: ecddc1e4e7154f958b4408c339acaa40, State: Running, Role: LEADER
