I20260710 11:07:51.166752  8457 tablet_service.cc:1917] Received RequestConsensusVote() RPC: tablet_id: "e07f8ecfea034cc9b1e0c05768305d3a" candidate_uuid: "a7418e6019d74568a5204df92328b342" candidate_term: 2 candidate_status { last_received { term: 1 index: 1 } } ignore_live_leader: true dest_uuid: "a6cbe56447fc46ae97cdc15fb86823da"
I20260710 11:07:51.168232  8457 raft_consensus.cc:3055] T e07f8ecfea034cc9b1e0c05768305d3a P a6cbe56447fc46ae97cdc15fb86823da [term 1 LEADER]: Stepping down as leader of term 1
I20260710 11:07:51.168602  8457 raft_consensus.cc:740] T e07f8ecfea034cc9b1e0c05768305d3a P a6cbe56447fc46ae97cdc15fb86823da [term 1 LEADER]: Becoming Follower/Learner. State: Replica: a6cbe56447fc46ae97cdc15fb86823da, State: Running, Role: LEADER
I20260710 11:07:51.168879  8607 raft_consensus.cc:2468] T e07f8ecfea034cc9b1e0c05768305d3a P 38e66380aa6f45a9b76f7c1313c91011 [term 2 FOLLOWER]: Leader election vote request: Granting yes vote for candidate a7418e6019d74568a5204df92328b342 in term 2.
I20260710 11:07:51.168918  8605 tablet_service.cc:1917] Received RequestConsensusVote() RPC: tablet_id: "8d068b45e0bc4134a4cdb4df14865dee" candidate_uuid: "a6cbe56447fc46ae97cdc15fb86823da" candidate_term: 2 candidate_status { last_received { term: 1 index: 1 } } ignore_live_leader: true dest_uuid: "38e66380aa6f45a9b76f7c1313c91011"
I20260710 11:07:51.169605  8605 raft_consensus.cc:3055] T 8d068b45e0bc4134a4cdb4df14865dee P 38e66380aa6f45a9b76f7c1313c91011 [term 1 LEADER]: Stepping down as leader of term 1
I20260710 11:07:51.170035  8605 raft_consensus.cc:740] T 8d068b45e0bc4134a4cdb4df14865dee P 38e66380aa6f45a9b76f7c1313c91011 [term 1 LEADER]: Becoming Follower/Learner. State: Replica: 38e66380aa6f45a9b76f7c1313c91011, State: Running, Role: LEADER
I20260710 11:07:51.169670  8457 consensus_queue.cc:260] T e07f8ecfea034cc9b1e0c05768305d3a P a6cbe56447fc46ae97cdc15fb86823da [NON_LEADER]: Queue going to NON_LEADER mode. State: All replicated index: 0, Majority replicated index: 1, Committed index: 1, Last appended: 1.1, Last appended by leader: 1, Current term: 1, Majority size: -1, State: 0, Mode: NON_LEADER, active raft config: opid_index: -1 OBSOLETE_local: false peers { permanent_uuid: "a6cbe56447fc46ae97cdc15fb86823da" member_type: VOTER last_known_addr { host: "127.8.32.193" port: 44013 } } peers { permanent_uuid: "a7418e6019d74568a5204df92328b342" member_type: VOTER last_known_addr { host: "127.8.32.194" port: 35013 } } peers { permanent_uuid: "38e66380aa6f45a9b76f7c1313c91011" member_type: VOTER last_known_addr { host: "127.8.32.195" port: 45227 } }
I20260710 11:07:51.170993  8457 raft_consensus.cc:3060] T e07f8ecfea034cc9b1e0c05768305d3a P a6cbe56447fc46ae97cdc15fb86823da [term 1 FOLLOWER]: Advancing to term 2
I20260710 11:07:51.170814  8605 consensus_queue.cc:260] T 8d068b45e0bc4134a4cdb4df14865dee P 38e66380aa6f45a9b76f7c1313c91011 [NON_LEADER]: Queue going to NON_LEADER mode. State: All replicated index: 0, Majority replicated index: 1, Committed index: 1, Last appended: 1.1, Last appended by leader: 1, Current term: 1, Majority size: -1, State: 0, Mode: NON_LEADER, active raft config: opid_index: -1 OBSOLETE_local: false peers { permanent_uuid: "a6cbe56447fc46ae97cdc15fb86823da" member_type: VOTER last_known_addr { host: "127.8.32.193" port: 44013 } } peers { permanent_uuid: "a7418e6019d74568a5204df92328b342" member_type: VOTER last_known_addr { host: "127.8.32.194" port: 35013 } } peers { permanent_uuid: "38e66380aa6f45a9b76f7c1313c91011" member_type: VOTER last_known_addr { host: "127.8.32.195" port: 45227 } }
I20260710 11:07:51.171671  8605 raft_consensus.cc:3060] T 8d068b45e0bc4134a4cdb4df14865dee P 38e66380aa6f45a9b76f7c1313c91011 [term 1 FOLLOWER]: Advancing to term 2
I20260710 11:07:51.166898  8606 raft_consensus.cc:2468] T 6c306e6ce6704031873c2a1889275819 P 38e66380aa6f45a9b76f7c1313c91011 [term 2 FOLLOWER]: Leader election vote request: Granting yes vote for candidate a6cbe56447fc46ae97cdc15fb86823da in term 2.
I20260710 11:07:51.167728  8458 leader_election.cc:290] T 8d068b45e0bc4134a4cdb4df14865dee P a6cbe56447fc46ae97cdc15fb86823da [CANDIDATE]: Term 2 election: Requested vote from peers a7418e6019d74568a5204df92328b342 (127.8.32.194:35013), 38e66380aa6f45a9b76f7c1313c91011 (127.8.32.195:45227)
I20260710 11:07:51.170166  8496 leader_election.cc:304] T e07f8ecfea034cc9b1e0c05768305d3a P a7418e6019d74568a5204df92328b342 [CANDIDATE]: Term 2 election: Election decided. Result: candidate won. Election summary: received 2 responses out of 3 voters: 2 yes votes; 0 no votes. yes voters: 38e66380aa6f45a9b76f7c1313c91011, a7418e6019d74568a5204df92328b342; no voters: 
I20260710 11:07:51.175549  8422 leader_election.cc:304] T 6c306e6ce6704031873c2a1889275819 P a6cbe56447fc46ae97cdc15fb86823da [CANDIDATE]: Term 2 election: Election decided. Result: candidate won. Election summary: received 2 responses out of 3 voters: 2 yes votes; 0 no votes. yes voters: a6cbe56447fc46ae97cdc15fb86823da, a7418e6019d74568a5204df92328b342; no voters: 
I20260710 11:07:51.175904  8531 tablet_service.cc:1917] Received RequestConsensusVote() RPC: tablet_id: "8d068b45e0bc4134a4cdb4df14865dee" candidate_uuid: "a6cbe56447fc46ae97cdc15fb86823da" candidate_term: 2 candidate_status { last_received { term: 1 index: 1 } } ignore_live_leader: true dest_uuid: "a7418e6019d74568a5204df92328b342"
I20260710 11:07:51.176453  8531 raft_consensus.cc:3060] T 8d068b45e0bc4134a4cdb4df14865dee P a7418e6019d74568a5204df92328b342 [term 1 FOLLOWER]: Advancing to term 2
I20260710 11:07:51.176462  8668 raft_consensus.cc:2804] T 6c306e6ce6704031873c2a1889275819 P a6cbe56447fc46ae97cdc15fb86823da [term 2 FOLLOWER]: Leader election won for term 2
I20260710 11:07:51.177115  8668 raft_consensus.cc:697] T 6c306e6ce6704031873c2a1889275819 P a6cbe56447fc46ae97cdc15fb86823da [term 2 LEADER]: Becoming Leader. State: Replica: a6cbe56447fc46ae97cdc15fb86823da, State: Running, Role: LEADER
I20260710 11:07:51.177897  8668 consensus_queue.cc:237] T 6c306e6ce6704031873c2a1889275819 P a6cbe56447fc46ae97cdc15fb86823da [LEADER]: Queue going to LEADER mode. State: All replicated index: 0, Majority replicated index: 1, Committed index: 1, Last appended: 1.1, Last appended by leader: 1, Current term: 2, Majority size: 2, State: 0, Mode: LEADER, active raft config: opid_index: -1 OBSOLETE_local: false peers { permanent_uuid: "a6cbe56447fc46ae97cdc15fb86823da" member_type: VOTER last_known_addr { host: "127.8.32.193" port: 44013 } } peers { permanent_uuid: "a7418e6019d74568a5204df92328b342" member_type: VOTER last_known_addr { host: "127.8.32.194" port: 35013 } } peers { permanent_uuid: "38e66380aa6f45a9b76f7c1313c91011" member_type: VOTER last_known_addr { host: "127.8.32.195" port: 45227 } }
I20260710 11:07:51.179358  8605 raft_consensus.cc:2468] T 8d068b45e0bc4134a4cdb4df14865dee P 38e66380aa6f45a9b76f7c1313c91011 [term 2 FOLLOWER]: Leader election vote request: Granting yes vote for candidate a6cbe56447fc46ae97cdc15fb86823da in term 2.
I20260710 11:07:51.175576  8692 raft_consensus.cc:2804] T e07f8ecfea034cc9b1e0c05768305d3a P a7418e6019d74568a5204df92328b342 [term 2 FOLLOWER]: Leader election won for term 2
I20260710 11:07:51.180101  8692 raft_consensus.cc:697] T e07f8ecfea034cc9b1e0c05768305d3a P a7418e6019d74568a5204df92328b342 [term 2 LEADER]: Becoming Leader. State: Replica: a7418e6019d74568a5204df92328b342, State: Running, Role: LEADER
I20260710 11:07:51.180668  8421 leader_election.cc:304] T 8d068b45e0bc4134a4cdb4df14865dee P a6cbe56447fc46ae97cdc15fb86823da [CANDIDATE]: Term 2 election: Election decided. Result: candidate won. Election summary: received 2 responses out of 3 voters: 2 yes votes; 0 no votes. yes voters: 38e66380aa6f45a9b76f7c1313c91011, a6cbe56447fc46ae97cdc15fb86823da; no voters: 
I20260710 11:07:51.180869  8692 consensus_queue.cc:237] T e07f8ecfea034cc9b1e0c05768305d3a P a7418e6019d74568a5204df92328b342 [LEADER]: Queue going to LEADER mode. State: All replicated index: 0, Majority replicated index: 1, Committed index: 1, Last appended: 1.1, Last appended by leader: 1, Current term: 2, Majority size: 2, State: 0, Mode: LEADER, active raft config: opid_index: -1 OBSOLETE_local: false peers { permanent_uuid: "a6cbe56447fc46ae97cdc15fb86823da" member_type: VOTER last_known_addr { host: "127.8.32.193" port: 44013 } } peers { permanent_uuid: "a7418e6019d74568a5204df92328b342" member_type: VOTER last_known_addr { host: "127.8.32.194" port: 35013 } } peers { permanent_uuid: "38e66380aa6f45a9b76f7c1313c91011" member_type: VOTER last_known_addr { host: "127.8.32.195" port: 45227 } }
I20260710 11:07:51.181535  8671 raft_consensus.cc:2804] T 8d068b45e0bc4134a4cdb4df14865dee P a6cbe56447fc46ae97cdc15fb86823da [term 2 FOLLOWER]: Leader election won for term 2
I20260710 11:07:51.182044  8671 raft_consensus.cc:697] T 8d068b45e0bc4134a4cdb4df14865dee P a6cbe56447fc46ae97cdc15fb86823da [term 2 LEADER]: Becoming Leader. State: Replica: a6cbe56447fc46ae97cdc15fb86823da, State: Running, Role: LEADER
I20260710 11:07:51.182834  8671 consensus_queue.cc:237] T 8d068b45e0bc4134a4cdb4df14865dee P a6cbe56447fc46ae97cdc15fb86823da [LEADER]: Queue going to LEADER mode. State: All replicated index: 0, Majority replicated index: 1, Committed index: 1, Last appended: 1.1, Last appended by leader: 1, Current term: 2, Majority size: 2, State: 0, Mode: LEADER, active raft config: opid_index: -1 OBSOLETE_local: false peers { permanent_uuid: "a6cbe56447fc46ae97cdc15fb86823da" member_type: VOTER last_known_addr { host: "127.8.32.193" port: 44013 } } peers { permanent_uuid: "a7418e6019d74568a5204df92328b342" member_type: VOTER last_known_addr { host: "127.8.32.194" port: 35013 } } peers { permanent_uuid: "38e66380aa6f45a9b76f7c1313c91011" member_type: VOTER last_known_addr { host: "127.8.32.195" port: 45227 } }
I20260710 11:07:51.183686  8531 raft_consensus.cc:2468] T 8d068b45e0bc4134a4cdb4df14865dee P a7418e6019d74568a5204df92328b342 [term 2 FOLLOWER]: Leader election vote request: Granting yes vote for candidate a6cbe56447fc46ae97cdc15fb86823da in term 2.
I20260710 11:07:51.160713  8533 leader_election.cc:290] T e07f8ecfea034cc9b1e0c05768305d3a P a7418e6019d74568a5204df92328b342 [CANDIDATE]: Term 2 election: Requested vote from peers a6cbe56447fc46ae97cdc15fb86823da (127.8.32.193:44013), 38e66380aa6f45a9b76f7c1313c91011 (127.8.32.195:45227)
I20260710 11:07:51.191702  8352 catalog_manager.cc:5697] T 6c306e6ce6704031873c2a1889275819 P a6cbe56447fc46ae97cdc15fb86823da reported cstate change: term changed from 1 to 2, leader changed from a7418e6019d74568a5204df92328b342 (127.8.32.194) to a6cbe56447fc46ae97cdc15fb86823da (127.8.32.193). New cstate: current_term: 2 leader_uuid: "a6cbe56447fc46ae97cdc15fb86823da" committed_config { opid_index: -1 OBSOLETE_local: false peers { permanent_uuid: "a6cbe56447fc46ae97cdc15fb86823da" member_type: VOTER last_known_addr { host: "127.8.32.193" port: 44013 } health_report { overall_health: HEALTHY } } peers { permanent_uuid: "a7418e6019d74568a5204df92328b342" member_type: VOTER last_known_addr { host: "127.8.32.194" port: 35013 } health_report { overall_health: UNKNOWN } } peers { permanent_uuid: "38e66380aa6f45a9b76f7c1313c91011" member_type: VOTER last_known_addr { host: "127.8.32.195" port: 45227 } health_report { overall_health: UNKNOWN } } }
I20260710 11:07:51.189868  8457 raft_consensus.cc:2468] T e07f8ecfea034cc9b1e0c05768305d3a P a6cbe56447fc46ae97cdc15fb86823da [term 2 FOLLOWER]: Leader election vote request: Granting yes vote for candidate a7418e6019d74568a5204df92328b342 in term 2.
I20260710 11:07:51.194839  8355 catalog_manager.cc:5697] T e07f8ecfea034cc9b1e0c05768305d3a P a7418e6019d74568a5204df92328b342 reported cstate change: term changed from 1 to 2, leader changed from a6cbe56447fc46ae97cdc15fb86823da (127.8.32.193) to a7418e6019d74568a5204df92328b342 (127.8.32.194). New cstate: current_term: 2 leader_uuid: "a7418e6019d74568a5204df92328b342" committed_config { opid_index: -1 OBSOLETE_local: false peers { permanent_uuid: "a6cbe56447fc46ae97cdc15fb86823da" member_type: VOTER last_known_addr { host: "127.8.32.193" port: 44013 } health_report { overall_health: UNKNOWN } } peers { permanent_uuid: "a7418e6019d74568a5204df92328b342" member_type: VOTER last_known_addr { host: "127.8.32.194" port: 35013 } health_report { overall_health: HEALTHY } } peers { permanent_uuid: "38e66380aa6f45a9b76f7c1313c91011" member_type: VOTER last_known_addr { host: "127.8.32.195" port: 45227 } health_report { overall_health: UNKNOWN } } }
I20260710 11:07:51.204664  8352 catalog_manager.cc:5697] T 8d068b45e0bc4134a4cdb4df14865dee P a6cbe56447fc46ae97cdc15fb86823da reported cstate change: term changed from 1 to 2, leader changed from 38e66380aa6f45a9b76f7c1313c91011 (127.8.32.195) to a6cbe56447fc46ae97cdc15fb86823da (127.8.32.193). New cstate: current_term: 2 leader_uuid: "a6cbe56447fc46ae97cdc15fb86823da" committed_config { opid_index: -1 OBSOLETE_local: false peers { permanent_uuid: "a6cbe56447fc46ae97cdc15fb86823da" member_type: VOTER last_known_addr { host: "127.8.32.193" port: 44013 } health_report { overall_health: HEALTHY } } peers { permanent_uuid: "a7418e6019d74568a5204df92328b342" member_type: VOTER last_known_addr { host: "127.8.32.194" port: 35013 } health_report { overall_health: UNKNOWN } } peers { permanent_uuid: "38e66380aa6f45a9b76f7c1313c91011" member_type: VOTER last_known_addr { host: "127.8.32.195" port: 45227 } health_report { overall_health: UNKNOWN } } }
I20260710 11:07:51.294554  8691 raft_consensus.cc:993] T 24bfd316b1264e06a8acafd1da0246df P a7418e6019d74568a5204df92328b342: : Instructing follower a6cbe56447fc46ae97cdc15fb86823da to start an election
I20260710 11:07:51.295032  8692 raft_consensus.cc:1081] T 24bfd316b1264e06a8acafd1da0246df P a7418e6019d74568a5204df92328b342 [term 1 LEADER]: Signalling peer a6cbe56447fc46ae97cdc15fb86823da to start an election
I20260710 11:07:51.296648  8457 tablet_service.cc:2044] Received Run Leader Election RPC: tablet_id: "24bfd316b1264e06a8acafd1da0246df"
dest_uuid: "a6cbe56447fc46ae97cdc15fb86823da"
 from {username='slave'} at 127.0.0.1:41506
I20260710 11:07:51.297200  8457 raft_consensus.cc:493] T 24bfd316b1264e06a8acafd1da0246df P a6cbe56447fc46ae97cdc15fb86823da [term 1 FOLLOWER]: Starting forced leader election (received explicit request)
I20260710 11:07:51.297559  8457 raft_consensus.cc:3060] T 24bfd316b1264e06a8acafd1da0246df P a6cbe56447fc46ae97cdc15fb86823da [term 1 FOLLOWER]: Advancing to term 2
I20260710 11:07:51.304016  8457 raft_consensus.cc:515] T 24bfd316b1264e06a8acafd1da0246df P a6cbe56447fc46ae97cdc15fb86823da [term 2 FOLLOWER]: Starting forced leader election with config: opid_index: -1 OBSOLETE_local: false peers { permanent_uuid: "a7418e6019d74568a5204df92328b342" member_type: VOTER last_known_addr { host: "127.8.32.194" port: 35013 } } peers { permanent_uuid: "a6cbe56447fc46ae97cdc15fb86823da" member_type: VOTER last_known_addr { host: "127.8.32.193" port: 44013 } } peers { permanent_uuid: "38e66380aa6f45a9b76f7c1313c91011" member_type: VOTER last_known_addr { host: "127.8.32.195" port: 45227 } }
I20260710 11:07:51.306041  8457 leader_election.cc:290] T 24bfd316b1264e06a8acafd1da0246df P a6cbe56447fc46ae97cdc15fb86823da [CANDIDATE]: Term 2 election: Requested vote from peers a7418e6019d74568a5204df92328b342 (127.8.32.194:35013), 38e66380aa6f45a9b76f7c1313c91011 (127.8.32.195:45227)
I20260710 11:07:51.307080  8533 tablet_service.cc:1917] Received RequestConsensusVote() RPC: tablet_id: "24bfd316b1264e06a8acafd1da0246df" candidate_uuid: "a6cbe56447fc46ae97cdc15fb86823da" candidate_term: 2 candidate_status { last_received { term: 1 index: 1 } } ignore_live_leader: true dest_uuid: "a7418e6019d74568a5204df92328b342"
I20260710 11:07:51.307175  8605 tablet_service.cc:1917] Received RequestConsensusVote() RPC: tablet_id: "24bfd316b1264e06a8acafd1da0246df" candidate_uuid: "a6cbe56447fc46ae97cdc15fb86823da" candidate_term: 2 candidate_status { last_received { term: 1 index: 1 } } ignore_live_leader: true dest_uuid: "38e66380aa6f45a9b76f7c1313c91011"
I20260710 11:07:51.307772  8605 raft_consensus.cc:3060] T 24bfd316b1264e06a8acafd1da0246df P 38e66380aa6f45a9b76f7c1313c91011 [term 1 FOLLOWER]: Advancing to term 2
I20260710 11:07:51.307770  8533 raft_consensus.cc:3055] T 24bfd316b1264e06a8acafd1da0246df P a7418e6019d74568a5204df92328b342 [term 1 LEADER]: Stepping down as leader of term 1
I20260710 11:07:51.308399  8533 raft_consensus.cc:740] T 24bfd316b1264e06a8acafd1da0246df P a7418e6019d74568a5204df92328b342 [term 1 LEADER]: Becoming Follower/Learner. State: Replica: a7418e6019d74568a5204df92328b342, State: Running, Role: LEADER
I20260710 11:07:51.309218  8533 consensus_queue.cc:260] T 24bfd316b1264e06a8acafd1da0246df P a7418e6019d74568a5204df92328b342 [NON_LEADER]: Queue going to NON_LEADER mode. State: All replicated index: 0, Majority replicated index: 1, Committed index: 1, Last appended: 1.1, Last appended by leader: 1, Current term: 1, Majority size: -1, State: 0, Mode: NON_LEADER, active raft config: opid_index: -1 OBSOLETE_local: false peers { permanent_uuid: "a7418e6019d74568a5204df92328b342" member_type: VOTER last_known_addr { host: "127.8.32.194" port: 35013 } } peers { permanent_uuid: "a6cbe56447fc46ae97cdc15fb86823da" member_type: VOTER last_known_addr { host: "127.8.32.193" port: 44013 } } peers { permanent_uuid: "38e66380aa6f45a9b76f7c1313c91011" member_type: VOTER last_known_addr { host: "127.8.32.195" port: 45227 } }
I20260710 11:07:51.310385  8533 raft_consensus.cc:3060] T 24bfd316b1264e06a8acafd1da0246df P a7418e6019d74568a5204df92328b342 [term 1 FOLLOWER]: Advancing to term 2
I20260710 11:07:51.314945  8605 raft_consensus.cc:2468] T 24bfd316b1264e06a8acafd1da0246df P 38e66380aa6f45a9b76f7c1313c91011 [term 2 FOLLOWER]: Leader election vote request: Granting yes vote for candidate a6cbe56447fc46ae97cdc15fb86823da in term 2.
I20260710 11:07:51.316107  8421 leader_election.cc:304] T 24bfd316b1264e06a8acafd1da0246df P a6cbe56447fc46ae97cdc15fb86823da [CANDIDATE]: Term 2 election: Election decided. Result: candidate won. Election summary: received 2 responses out of 3 voters: 2 yes votes; 0 no votes. yes voters: 38e66380aa6f45a9b76f7c1313c91011, a6cbe56447fc46ae97cdc15fb86823da; no voters: 
I20260710 11:07:51.316926  8668 raft_consensus.cc:2804] T 24bfd316b1264e06a8acafd1da0246df P a6cbe56447fc46ae97cdc15fb86823da [term 2 FOLLOWER]: Leader election won for term 2
I20260710 11:07:51.316991  8533 raft_consensus.cc:2468] T 24bfd316b1264e06a8acafd1da0246df P a7418e6019d74568a5204df92328b342 [term 2 FOLLOWER]: Leader election vote request: Granting yes vote for candidate a6cbe56447fc46ae97cdc15fb86823da in term 2.
I20260710 11:07:51.317512  8668 raft_consensus.cc:697] T 24bfd316b1264e06a8acafd1da0246df P a6cbe56447fc46ae97cdc15fb86823da [term 2 LEADER]: Becoming Leader. State: Replica: a6cbe56447fc46ae97cdc15fb86823da, State: Running, Role: LEADER
I20260710 11:07:51.318389  8668 consensus_queue.cc:237] T 24bfd316b1264e06a8acafd1da0246df P a6cbe56447fc46ae97cdc15fb86823da [LEADER]: Queue going to LEADER mode. State: All replicated index: 0, Majority replicated index: 1, Committed index: 1, Last appended: 1.1, Last appended by leader: 1, Current term: 2, Majority size: 2, State: 0, Mode: LEADER, active raft config: opid_index: -1 OBSOLETE_local: false peers { permanent_uuid: "a7418e6019d74568a5204df92328b342" member_type: VOTER last_known_addr { host: "127.8.32.194" port: 35013 } } peers { permanent_uuid: "a6cbe56447fc46ae97cdc15fb86823da" member_type: VOTER last_known_addr { host: "127.8.32.193" port: 44013 } } peers { permanent_uuid: "38e66380aa6f45a9b76f7c1313c91011" member_type: VOTER last_known_addr { host: "127.8.32.195" port: 45227 } }
I20260710 11:07:51.325344  8352 catalog_manager.cc:5697] T 24bfd316b1264e06a8acafd1da0246df P a6cbe56447fc46ae97cdc15fb86823da reported cstate change: term changed from 1 to 2, leader changed from a7418e6019d74568a5204df92328b342 (127.8.32.194) to a6cbe56447fc46ae97cdc15fb86823da (127.8.32.193). New cstate: current_term: 2 leader_uuid: "a6cbe56447fc46ae97cdc15fb86823da" committed_config { opid_index: -1 OBSOLETE_local: false peers { permanent_uuid: "a7418e6019d74568a5204df92328b342" member_type: VOTER last_known_addr { host: "127.8.32.194" port: 35013 } health_report { overall_health: UNKNOWN } } peers { permanent_uuid: "a6cbe56447fc46ae97cdc15fb86823da" member_type: VOTER last_known_addr { host: "127.8.32.193" port: 44013 } health_report { overall_health: HEALTHY } } peers { permanent_uuid: "38e66380aa6f45a9b76f7c1313c91011" member_type: VOTER last_known_addr { host: "127.8.32.195" port: 45227 } health_report { overall_health: UNKNOWN } } }
I20260710 11:07:51.355763  8712 raft_consensus.cc:993] T b66e16ec5798427b87867a38e765b64a P 38e66380aa6f45a9b76f7c1313c91011: : Instructing follower a7418e6019d74568a5204df92328b342 to start an election
I20260710 11:07:51.356230  8658 raft_consensus.cc:1081] T b66e16ec5798427b87867a38e765b64a P 38e66380aa6f45a9b76f7c1313c91011 [term 1 LEADER]: Signalling peer a7418e6019d74568a5204df92328b342 to start an election
I20260710 11:07:51.357956  8533 tablet_service.cc:2044] Received Run Leader Election RPC: tablet_id: "b66e16ec5798427b87867a38e765b64a"
dest_uuid: "a7418e6019d74568a5204df92328b342"
 from {username='slave'} at 127.0.0.1:58700
I20260710 11:07:51.358536  8533 raft_consensus.cc:493] T b66e16ec5798427b87867a38e765b64a P a7418e6019d74568a5204df92328b342 [term 1 FOLLOWER]: Starting forced leader election (received explicit request)
I20260710 11:07:51.358911  8533 raft_consensus.cc:3060] T b66e16ec5798427b87867a38e765b64a P a7418e6019d74568a5204df92328b342 [term 1 FOLLOWER]: Advancing to term 2
I20260710 11:07:51.365854  8533 raft_consensus.cc:515] T b66e16ec5798427b87867a38e765b64a P a7418e6019d74568a5204df92328b342 [term 2 FOLLOWER]: Starting forced leader election with config: opid_index: -1 OBSOLETE_local: false peers { permanent_uuid: "a6cbe56447fc46ae97cdc15fb86823da" member_type: VOTER last_known_addr { host: "127.8.32.193" port: 44013 } } peers { permanent_uuid: "a7418e6019d74568a5204df92328b342" member_type: VOTER last_known_addr { host: "127.8.32.194" port: 35013 } } peers { permanent_uuid: "38e66380aa6f45a9b76f7c1313c91011" member_type: VOTER last_known_addr { host: "127.8.32.195" port: 45227 } }
I20260710 11:07:51.367950  8533 leader_election.cc:290] T b66e16ec5798427b87867a38e765b64a P a7418e6019d74568a5204df92328b342 [CANDIDATE]: Term 2 election: Requested vote from peers a6cbe56447fc46ae97cdc15fb86823da (127.8.32.193:44013), 38e66380aa6f45a9b76f7c1313c91011 (127.8.32.195:45227)
I20260710 11:07:51.368709  8457 tablet_service.cc:1917] Received RequestConsensusVote() RPC: tablet_id: "b66e16ec5798427b87867a38e765b64a" candidate_uuid: "a7418e6019d74568a5204df92328b342" candidate_term: 2 candidate_status { last_received { term: 1 index: 1 } } ignore_live_leader: true dest_uuid: "a6cbe56447fc46ae97cdc15fb86823da"
I20260710 11:07:51.369045  8605 tablet_service.cc:1917] Received RequestConsensusVote() RPC: tablet_id: "b66e16ec5798427b87867a38e765b64a" candidate_uuid: "a7418e6019d74568a5204df92328b342" candidate_term: 2 candidate_status { last_received { term: 1 index: 1 } } ignore_live_leader: true dest_uuid: "38e66380aa6f45a9b76f7c1313c91011"
I20260710 11:07:51.369285  8457 raft_consensus.cc:3060] T b66e16ec5798427b87867a38e765b64a P a6cbe56447fc46ae97cdc15fb86823da [term 1 FOLLOWER]: Advancing to term 2
I20260710 11:07:51.369654  8605 raft_consensus.cc:3055] T b66e16ec5798427b87867a38e765b64a P 38e66380aa6f45a9b76f7c1313c91011 [term 1 LEADER]: Stepping down as leader of term 1
I20260710 11:07:51.370023  8605 raft_consensus.cc:740] T b66e16ec5798427b87867a38e765b64a P 38e66380aa6f45a9b76f7c1313c91011 [term 1 LEADER]: Becoming Follower/Learner. State: Replica: 38e66380aa6f45a9b76f7c1313c91011, State: Running, Role: LEADER
I20260710 11:07:51.370829  8605 consensus_queue.cc:260] T b66e16ec5798427b87867a38e765b64a P 38e66380aa6f45a9b76f7c1313c91011 [NON_LEADER]: Queue going to NON_LEADER mode. State: All replicated index: 0, Majority replicated index: 1, Committed index: 1, Last appended: 1.1, Last appended by leader: 1, Current term: 1, Majority size: -1, State: 0, Mode: NON_LEADER, active raft config: opid_index: -1 OBSOLETE_local: false peers { permanent_uuid: "a6cbe56447fc46ae97cdc15fb86823da" member_type: VOTER last_known_addr { host: "127.8.32.193" port: 44013 } } peers { permanent_uuid: "a7418e6019d74568a5204df92328b342" member_type: VOTER last_known_addr { host: "127.8.32.194" port: 35013 } } peers { permanent_uuid: "38e66380aa6f45a9b76f7c1313c91011" member_type: VOTER last_known_addr { host: "127.8.32.195" port: 45227 } }
I20260710 11:07:51.372048  8605 raft_consensus.cc:3060] T b66e16ec5798427b87867a38e765b64a P 38e66380aa6f45a9b76f7c1313c91011 [term 1 FOLLOWER]: Advancing to term 2
I20260710 11:07:51.374223  8457 raft_consensus.cc:2468] T b66e16ec5798427b87867a38e765b64a P a6cbe56447fc46ae97cdc15fb86823da [term 2 FOLLOWER]: Leader election vote request: Granting yes vote for candidate a7418e6019d74568a5204df92328b342 in term 2.
I20260710 11:07:51.375192  8498 leader_election.cc:304] T b66e16ec5798427b87867a38e765b64a P a7418e6019d74568a5204df92328b342 [CANDIDATE]: Term 2 election: Election decided. Result: candidate won. Election summary: received 2 responses out of 3 voters: 2 yes votes; 0 no votes. yes voters: a6cbe56447fc46ae97cdc15fb86823da, a7418e6019d74568a5204df92328b342; no voters: 
I20260710 11:07:51.375994  8692 raft_consensus.cc:2804] T b66e16ec5798427b87867a38e765b64a P a7418e6019d74568a5204df92328b342 [term 2 FOLLOWER]: Leader election won for term 2
I20260710 11:07:51.376425  8692 raft_consensus.cc:697] T b66e16ec5798427b87867a38e765b64a P a7418e6019d74568a5204df92328b342 [term 2 LEADER]: Becoming Leader. State: Replica: a7418e6019d74568a5204df92328b342, State: Running, Role: LEADER
I20260710 11:07:51.377223  8692 consensus_queue.cc:237] T b66e16ec5798427b87867a38e765b64a P a7418e6019d74568a5204df92328b342 [LEADER]: Queue going to LEADER mode. State: All replicated index: 0, Majority replicated index: 1, Committed index: 1, Last appended: 1.1, Last appended by leader: 1, Current term: 2, Majority size: 2, State: 0, Mode: LEADER, active raft config: opid_index: -1 OBSOLETE_local: false peers { permanent_uuid: "a6cbe56447fc46ae97cdc15fb86823da" member_type: VOTER last_known_addr { host: "127.8.32.193" port: 44013 } } peers { permanent_uuid: "a7418e6019d74568a5204df92328b342" member_type: VOTER last_known_addr { host: "127.8.32.194" port: 35013 } } peers { permanent_uuid: "38e66380aa6f45a9b76f7c1313c91011" member_type: VOTER last_known_addr { host: "127.8.32.195" port: 45227 } }
I20260710 11:07:51.378332  8605 raft_consensus.cc:2468] T b66e16ec5798427b87867a38e765b64a P 38e66380aa6f45a9b76f7c1313c91011 [term 2 FOLLOWER]: Leader election vote request: Granting yes vote for candidate a7418e6019d74568a5204df92328b342 in term 2.
I20260710 11:07:51.384289  8352 catalog_manager.cc:5697] T b66e16ec5798427b87867a38e765b64a P a7418e6019d74568a5204df92328b342 reported cstate change: term changed from 1 to 2, leader changed from 38e66380aa6f45a9b76f7c1313c91011 (127.8.32.195) to a7418e6019d74568a5204df92328b342 (127.8.32.194). New cstate: current_term: 2 leader_uuid: "a7418e6019d74568a5204df92328b342" committed_config { opid_index: -1 OBSOLETE_local: false peers { permanent_uuid: "a6cbe56447fc46ae97cdc15fb86823da" member_type: VOTER last_known_addr { host: "127.8.32.193" port: 44013 } health_report { overall_health: UNKNOWN } } peers { permanent_uuid: "a7418e6019d74568a5204df92328b342" member_type: VOTER last_known_addr { host: "127.8.32.194" port: 35013 } health_report { overall_health: HEALTHY } } peers { permanent_uuid: "38e66380aa6f45a9b76f7c1313c91011" member_type: VOTER last_known_addr { host: "127.8.32.195" port: 45227 } health_report { overall_health: UNKNOWN } } }
I20260710 11:07:51.480027  8533 raft_consensus.cc:3060] T 9c8732beb0214484b5d01550ece5be77 P a7418e6019d74568a5204df92328b342 [term 1 FOLLOWER]: Advancing to term 2
I20260710 11:07:51.485584  8533 raft_consensus.cc:1275] T 9c8732beb0214484b5d01550ece5be77 P a7418e6019d74568a5204df92328b342 [term 2 FOLLOWER]: Refusing update from remote peer 38e66380aa6f45a9b76f7c1313c91011: Log matching property violated. Preceding OpId in replica: term: 1 index: 1. Preceding OpId from leader: term: 2 index: 2. (index mismatch)
I20260710 11:07:51.487126  8658 consensus_queue.cc:1048] T 9c8732beb0214484b5d01550ece5be77 P 38e66380aa6f45a9b76f7c1313c91011 [LEADER]: Connected to new peer: Peer: permanent_uuid: "a7418e6019d74568a5204df92328b342" member_type: VOTER last_known_addr { host: "127.8.32.194" port: 35013 }, Status: LMP_MISMATCH, Last received: 0.0, Next index: 2, Last known committed idx: 1, Time since last communication: 0.000s
I20260710 11:07:51.496368  8457 raft_consensus.cc:1275] T 9c8732beb0214484b5d01550ece5be77 P a6cbe56447fc46ae97cdc15fb86823da [term 2 FOLLOWER]: Refusing update from remote peer 38e66380aa6f45a9b76f7c1313c91011: Log matching property violated. Preceding OpId in replica: term: 1 index: 1. Preceding OpId from leader: term: 2 index: 2. (index mismatch)
I20260710 11:07:51.497861  8658 consensus_queue.cc:1048] T 9c8732beb0214484b5d01550ece5be77 P 38e66380aa6f45a9b76f7c1313c91011 [LEADER]: Connected to new peer: Peer: permanent_uuid: "a6cbe56447fc46ae97cdc15fb86823da" member_type: VOTER last_known_addr { host: "127.8.32.193" port: 44013 }, Status: LMP_MISMATCH, Last received: 0.0, Next index: 2, Last known committed idx: 1, Time since last communication: 0.000s
I20260710 11:07:51.585321  8605 raft_consensus.cc:1275] T e07f8ecfea034cc9b1e0c05768305d3a P 38e66380aa6f45a9b76f7c1313c91011 [term 2 FOLLOWER]: Refusing update from remote peer a7418e6019d74568a5204df92328b342: Log matching property violated. Preceding OpId in replica: term: 1 index: 1. Preceding OpId from leader: term: 2 index: 2. (index mismatch)
I20260710 11:07:51.586947  8692 consensus_queue.cc:1048] T e07f8ecfea034cc9b1e0c05768305d3a P a7418e6019d74568a5204df92328b342 [LEADER]: Connected to new peer: Peer: permanent_uuid: "38e66380aa6f45a9b76f7c1313c91011" member_type: VOTER last_known_addr { host: "127.8.32.195" port: 45227 }, Status: LMP_MISMATCH, Last received: 0.0, Next index: 2, Last known committed idx: 1, Time since last communication: 0.000s
I20260710 11:07:51.598534  8457 raft_consensus.cc:1275] T e07f8ecfea034cc9b1e0c05768305d3a P a6cbe56447fc46ae97cdc15fb86823da [term 2 FOLLOWER]: Refusing update from remote peer a7418e6019d74568a5204df92328b342: Log matching property violated. Preceding OpId in replica: term: 1 index: 1. Preceding OpId from leader: term: 2 index: 2. (index mismatch)
I20260710 11:07:51.600051  8659 consensus_queue.cc:1048] T e07f8ecfea034cc9b1e0c05768305d3a P a7418e6019d74568a5204df92328b342 [LEADER]: Connected to new peer: Peer: permanent_uuid: "a6cbe56447fc46ae97cdc15fb86823da" member_type: VOTER last_known_addr { host: "127.8.32.193" port: 44013 }, Status: LMP_MISMATCH, Last received: 0.0, Next index: 2, Last known committed idx: 1, Time since last communication: 0.000s
I20260710 11:07:51.603811  8605 raft_consensus.cc:1275] T 5d191f40fed3462a89399c967ffb502f P 38e66380aa6f45a9b76f7c1313c91011 [term 2 FOLLOWER]: Refusing update from remote peer a7418e6019d74568a5204df92328b342: Log matching property violated. Preceding OpId in replica: term: 1 index: 1. Preceding OpId from leader: term: 2 index: 2. (index mismatch)
I20260710 11:07:51.608026  8533 raft_consensus.cc:1275] T 8d068b45e0bc4134a4cdb4df14865dee P a7418e6019d74568a5204df92328b342 [term 2 FOLLOWER]: Refusing update from remote peer a6cbe56447fc46ae97cdc15fb86823da: Log matching property violated. Preceding OpId in replica: term: 1 index: 1. Preceding OpId from leader: term: 2 index: 2. (index mismatch)
I20260710 11:07:51.607820  8659 consensus_queue.cc:1048] T 5d191f40fed3462a89399c967ffb502f P a7418e6019d74568a5204df92328b342 [LEADER]: Connected to new peer: Peer: permanent_uuid: "38e66380aa6f45a9b76f7c1313c91011" member_type: VOTER last_known_addr { host: "127.8.32.195" port: 45227 }, Status: LMP_MISMATCH, Last received: 0.0, Next index: 2, Last known committed idx: 1, Time since last communication: 0.000s
I20260710 11:07:51.609262  8668 consensus_queue.cc:1048] T 8d068b45e0bc4134a4cdb4df14865dee P a6cbe56447fc46ae97cdc15fb86823da [LEADER]: Connected to new peer: Peer: permanent_uuid: "a7418e6019d74568a5204df92328b342" member_type: VOTER last_known_addr { host: "127.8.32.194" port: 35013 }, Status: LMP_MISMATCH, Last received: 0.0, Next index: 2, Last known committed idx: 1, Time since last communication: 0.000s
I20260710 11:07:51.619840  8606 raft_consensus.cc:1275] T 8d068b45e0bc4134a4cdb4df14865dee P 38e66380aa6f45a9b76f7c1313c91011 [term 2 FOLLOWER]: Refusing update from remote peer a6cbe56447fc46ae97cdc15fb86823da: Log matching property violated. Preceding OpId in replica: term: 1 index: 1. Preceding OpId from leader: term: 2 index: 2. (index mismatch)
I20260710 11:07:51.620970  8671 consensus_queue.cc:1048] T 8d068b45e0bc4134a4cdb4df14865dee P a6cbe56447fc46ae97cdc15fb86823da [LEADER]: Connected to new peer: Peer: permanent_uuid: "38e66380aa6f45a9b76f7c1313c91011" member_type: VOTER last_known_addr { host: "127.8.32.195" port: 45227 }, Status: LMP_MISMATCH, Last received: 0.0, Next index: 2, Last known committed idx: 1, Time since last communication: 0.000s
I20260710 11:07:51.634186  8457 raft_consensus.cc:1275] T 5d191f40fed3462a89399c967ffb502f P a6cbe56447fc46ae97cdc15fb86823da [term 2 FOLLOWER]: Refusing update from remote peer a7418e6019d74568a5204df92328b342: Log matching property violated. Preceding OpId in replica: term: 1 index: 1. Preceding OpId from leader: term: 2 index: 2. (index mismatch)
I20260710 11:07:51.636195  8691 consensus_queue.cc:1048] T 5d191f40fed3462a89399c967ffb502f P a7418e6019d74568a5204df92328b342 [LEADER]: Connected to new peer: Peer: permanent_uuid: "a6cbe56447fc46ae97cdc15fb86823da" member_type: VOTER last_known_addr { host: "127.8.32.193" port: 44013 }, Status: LMP_MISMATCH, Last received: 0.0, Next index: 2, Last known committed idx: 1, Time since last communication: 0.001s
I20260710 11:07:51.745357  8533 raft_consensus.cc:1275] T 6c306e6ce6704031873c2a1889275819 P a7418e6019d74568a5204df92328b342 [term 2 FOLLOWER]: Refusing update from remote peer a6cbe56447fc46ae97cdc15fb86823da: Log matching property violated. Preceding OpId in replica: term: 1 index: 1. Preceding OpId from leader: term: 2 index: 2. (index mismatch)
I20260710 11:07:51.746701  8671 consensus_queue.cc:1048] T 6c306e6ce6704031873c2a1889275819 P a6cbe56447fc46ae97cdc15fb86823da [LEADER]: Connected to new peer: Peer: permanent_uuid: "a7418e6019d74568a5204df92328b342" member_type: VOTER last_known_addr { host: "127.8.32.194" port: 35013 }, Status: LMP_MISMATCH, Last received: 0.0, Next index: 2, Last known committed idx: 1, Time since last communication: 0.000s
I20260710 11:07:51.752120  8606 raft_consensus.cc:1275] T 6c306e6ce6704031873c2a1889275819 P 38e66380aa6f45a9b76f7c1313c91011 [term 2 FOLLOWER]: Refusing update from remote peer a6cbe56447fc46ae97cdc15fb86823da: Log matching property violated. Preceding OpId in replica: term: 1 index: 1. Preceding OpId from leader: term: 2 index: 2. (index mismatch)
I20260710 11:07:51.753460  8668 consensus_queue.cc:1048] T 6c306e6ce6704031873c2a1889275819 P a6cbe56447fc46ae97cdc15fb86823da [LEADER]: Connected to new peer: Peer: permanent_uuid: "38e66380aa6f45a9b76f7c1313c91011" member_type: VOTER last_known_addr { host: "127.8.32.195" port: 45227 }, Status: LMP_MISMATCH, Last received: 0.0, Next index: 2, Last known committed idx: 1, Time since last communication: 0.000s
I20260710 11:07:51.857342  8606 raft_consensus.cc:1275] T 24bfd316b1264e06a8acafd1da0246df P 38e66380aa6f45a9b76f7c1313c91011 [term 2 FOLLOWER]: Refusing update from remote peer a6cbe56447fc46ae97cdc15fb86823da: Log matching property violated. Preceding OpId in replica: term: 1 index: 1. Preceding OpId from leader: term: 2 index: 2. (index mismatch)
I20260710 11:07:51.858624  8671 consensus_queue.cc:1048] T 24bfd316b1264e06a8acafd1da0246df P a6cbe56447fc46ae97cdc15fb86823da [LEADER]: Connected to new peer: Peer: permanent_uuid: "38e66380aa6f45a9b76f7c1313c91011" member_type: VOTER last_known_addr { host: "127.8.32.195" port: 45227 }, Status: LMP_MISMATCH, Last received: 0.0, Next index: 2, Last known committed idx: 1, Time since last communication: 0.000s
I20260710 11:07:51.866308  8533 raft_consensus.cc:1275] T 24bfd316b1264e06a8acafd1da0246df P a7418e6019d74568a5204df92328b342 [term 2 FOLLOWER]: Refusing update from remote peer a6cbe56447fc46ae97cdc15fb86823da: Log matching property violated. Preceding OpId in replica: term: 1 index: 1. Preceding OpId from leader: term: 2 index: 2. (index mismatch)
I20260710 11:07:51.868105  8668 consensus_queue.cc:1048] T 24bfd316b1264e06a8acafd1da0246df P a6cbe56447fc46ae97cdc15fb86823da [LEADER]: Connected to new peer: Peer: permanent_uuid: "a7418e6019d74568a5204df92328b342" member_type: VOTER last_known_addr { host: "127.8.32.194" port: 35013 }, Status: LMP_MISMATCH, Last received: 0.0, Next index: 2, Last known committed idx: 1, Time since last communication: 0.000s
I20260710 11:07:51.969394  8457 raft_consensus.cc:1275] T b66e16ec5798427b87867a38e765b64a P a6cbe56447fc46ae97cdc15fb86823da [term 2 FOLLOWER]: Refusing update from remote peer a7418e6019d74568a5204df92328b342: Log matching property violated. Preceding OpId in replica: term: 1 index: 1. Preceding OpId from leader: term: 2 index: 2. (index mismatch)
I20260710 11:07:51.970795  8691 consensus_queue.cc:1048] T b66e16ec5798427b87867a38e765b64a P a7418e6019d74568a5204df92328b342 [LEADER]: Connected to new peer: Peer: permanent_uuid: "a6cbe56447fc46ae97cdc15fb86823da" member_type: VOTER last_known_addr { host: "127.8.32.193" port: 44013 }, Status: LMP_MISMATCH, Last received: 0.0, Next index: 2, Last known committed idx: 1, Time since last communication: 0.001s
I20260710 11:07:51.979449  8606 raft_consensus.cc:1275] T b66e16ec5798427b87867a38e765b64a P 38e66380aa6f45a9b76f7c1313c91011 [term 2 FOLLOWER]: Refusing update from remote peer a7418e6019d74568a5204df92328b342: Log matching property violated. Preceding OpId in replica: term: 1 index: 1. Preceding OpId from leader: term: 2 index: 2. (index mismatch)
I20260710 11:07:51.980670  8692 consensus_queue.cc:1048] T b66e16ec5798427b87867a38e765b64a P a7418e6019d74568a5204df92328b342 [LEADER]: Connected to new peer: Peer: permanent_uuid: "38e66380aa6f45a9b76f7c1313c91011" member_type: VOTER last_known_addr { host: "127.8.32.195" port: 45227 }, Status: LMP_MISMATCH, Last received: 0.0, Next index: 2, Last known committed idx: 1, Time since last communication: 0.000s
I20260710 11:07:53.968451  8323 auto_leader_rebalancer-test.cc:316] The leader distribution is 
I20260710 11:07:53.969298  8323 auto_leader_rebalancer.cc:141] leader rebalance for table test-workload
I20260710 11:07:53.988226  8533 tablet_service.cc:2072] Received LeaderStepDown RPC: tablet_id: "5d191f40fed3462a89399c967ffb502f"
dest_uuid: "a7418e6019d74568a5204df92328b342"
mode: GRACEFUL
new_leader_uuid: "38e66380aa6f45a9b76f7c1313c91011"
 from {username='slave'} at 127.0.0.1:58722
I20260710 11:07:53.988732  8533 raft_consensus.cc:606] T 5d191f40fed3462a89399c967ffb502f P a7418e6019d74568a5204df92328b342 [term 2 LEADER]: Received request to transfer leadership to TS 38e66380aa6f45a9b76f7c1313c91011
I20260710 11:07:53.999171  8457 tablet_service.cc:2072] Received LeaderStepDown RPC: tablet_id: "6c306e6ce6704031873c2a1889275819"
dest_uuid: "a6cbe56447fc46ae97cdc15fb86823da"
mode: GRACEFUL
new_leader_uuid: "38e66380aa6f45a9b76f7c1313c91011"
 from {username='slave'} at 127.0.0.1:41530
I20260710 11:07:53.999696  8457 raft_consensus.cc:606] T 6c306e6ce6704031873c2a1889275819 P a6cbe56447fc46ae97cdc15fb86823da [term 2 LEADER]: Received request to transfer leadership to TS 38e66380aa6f45a9b76f7c1313c91011
I20260710 11:07:54.000728  8323 auto_leader_rebalancer.cc:452] table: test-workload, leader rebalance finish, leader transfer count: 2
I20260710 11:07:54.001190  8323 auto_leader_rebalancer.cc:527] All tables' leader rebalancing finished this round
I20260710 11:07:54.012735  8753 raft_consensus.cc:993] T 6c306e6ce6704031873c2a1889275819 P a6cbe56447fc46ae97cdc15fb86823da: : Instructing follower 38e66380aa6f45a9b76f7c1313c91011 to start an election
I20260710 11:07:54.013264  8668 raft_consensus.cc:1081] T 6c306e6ce6704031873c2a1889275819 P a6cbe56447fc46ae97cdc15fb86823da [term 2 LEADER]: Signalling peer 38e66380aa6f45a9b76f7c1313c91011 to start an election
I20260710 11:07:54.014658  8606 tablet_service.cc:2044] Received Run Leader Election RPC: tablet_id: "6c306e6ce6704031873c2a1889275819"
dest_uuid: "38e66380aa6f45a9b76f7c1313c91011"
 from {username='slave'} at 127.0.0.1:46924
I20260710 11:07:54.015125  8606 raft_consensus.cc:493] T 6c306e6ce6704031873c2a1889275819 P 38e66380aa6f45a9b76f7c1313c91011 [term 2 FOLLOWER]: Starting forced leader election (received explicit request)
I20260710 11:07:54.015426  8606 raft_consensus.cc:3060] T 6c306e6ce6704031873c2a1889275819 P 38e66380aa6f45a9b76f7c1313c91011 [term 2 FOLLOWER]: Advancing to term 3
I20260710 11:07:54.020666  8606 raft_consensus.cc:515] T 6c306e6ce6704031873c2a1889275819 P 38e66380aa6f45a9b76f7c1313c91011 [term 3 FOLLOWER]: Starting forced leader election with config: opid_index: -1 OBSOLETE_local: false peers { permanent_uuid: "a6cbe56447fc46ae97cdc15fb86823da" member_type: VOTER last_known_addr { host: "127.8.32.193" port: 44013 } } peers { permanent_uuid: "a7418e6019d74568a5204df92328b342" member_type: VOTER last_known_addr { host: "127.8.32.194" port: 35013 } } peers { permanent_uuid: "38e66380aa6f45a9b76f7c1313c91011" member_type: VOTER last_known_addr { host: "127.8.32.195" port: 45227 } }
I20260710 11:07:54.022524  8606 leader_election.cc:290] T 6c306e6ce6704031873c2a1889275819 P 38e66380aa6f45a9b76f7c1313c91011 [CANDIDATE]: Term 3 election: Requested vote from peers a6cbe56447fc46ae97cdc15fb86823da (127.8.32.193:44013), a7418e6019d74568a5204df92328b342 (127.8.32.194:35013)
I20260710 11:07:54.023162  8457 tablet_service.cc:1917] Received RequestConsensusVote() RPC: tablet_id: "6c306e6ce6704031873c2a1889275819" candidate_uuid: "38e66380aa6f45a9b76f7c1313c91011" candidate_term: 3 candidate_status { last_received { term: 2 index: 2 } } ignore_live_leader: true dest_uuid: "a6cbe56447fc46ae97cdc15fb86823da"
I20260710 11:07:54.023528  8533 tablet_service.cc:1917] Received RequestConsensusVote() RPC: tablet_id: "6c306e6ce6704031873c2a1889275819" candidate_uuid: "38e66380aa6f45a9b76f7c1313c91011" candidate_term: 3 candidate_status { last_received { term: 2 index: 2 } } ignore_live_leader: true dest_uuid: "a7418e6019d74568a5204df92328b342"
I20260710 11:07:54.023738  8457 raft_consensus.cc:3055] T 6c306e6ce6704031873c2a1889275819 P a6cbe56447fc46ae97cdc15fb86823da [term 2 LEADER]: Stepping down as leader of term 2
I20260710 11:07:54.024056  8457 raft_consensus.cc:740] T 6c306e6ce6704031873c2a1889275819 P a6cbe56447fc46ae97cdc15fb86823da [term 2 LEADER]: Becoming Follower/Learner. State: Replica: a6cbe56447fc46ae97cdc15fb86823da, State: Running, Role: LEADER
I20260710 11:07:54.024070  8533 raft_consensus.cc:3060] T 6c306e6ce6704031873c2a1889275819 P a7418e6019d74568a5204df92328b342 [term 2 FOLLOWER]: Advancing to term 3
I20260710 11:07:54.024819  8457 consensus_queue.cc:260] T 6c306e6ce6704031873c2a1889275819 P a6cbe56447fc46ae97cdc15fb86823da [NON_LEADER]: Queue going to NON_LEADER mode. State: All replicated index: 0, Majority replicated index: 2, Committed index: 2, Last appended: 2.2, Last appended by leader: 2, Current term: 2, Majority size: -1, State: 0, Mode: NON_LEADER, active raft config: opid_index: -1 OBSOLETE_local: false peers { permanent_uuid: "a6cbe56447fc46ae97cdc15fb86823da" member_type: VOTER last_known_addr { host: "127.8.32.193" port: 44013 } } peers { permanent_uuid: "a7418e6019d74568a5204df92328b342" member_type: VOTER last_known_addr { host: "127.8.32.194" port: 35013 } } peers { permanent_uuid: "38e66380aa6f45a9b76f7c1313c91011" member_type: VOTER last_known_addr { host: "127.8.32.195" port: 45227 } }
I20260710 11:07:54.025977  8457 raft_consensus.cc:3060] T 6c306e6ce6704031873c2a1889275819 P a6cbe56447fc46ae97cdc15fb86823da [term 2 FOLLOWER]: Advancing to term 3
I20260710 11:07:54.029237  8533 raft_consensus.cc:2468] T 6c306e6ce6704031873c2a1889275819 P a7418e6019d74568a5204df92328b342 [term 3 FOLLOWER]: Leader election vote request: Granting yes vote for candidate 38e66380aa6f45a9b76f7c1313c91011 in term 3.
I20260710 11:07:54.029642  8457 raft_consensus.cc:2468] T 6c306e6ce6704031873c2a1889275819 P a6cbe56447fc46ae97cdc15fb86823da [term 3 FOLLOWER]: Leader election vote request: Granting yes vote for candidate 38e66380aa6f45a9b76f7c1313c91011 in term 3.
I20260710 11:07:54.030238  8571 leader_election.cc:304] T 6c306e6ce6704031873c2a1889275819 P 38e66380aa6f45a9b76f7c1313c91011 [CANDIDATE]: Term 3 election: Election decided. Result: candidate won. Election summary: received 2 responses out of 3 voters: 2 yes votes; 0 no votes. yes voters: 38e66380aa6f45a9b76f7c1313c91011, a7418e6019d74568a5204df92328b342; no voters: 
I20260710 11:07:54.031002  8749 raft_consensus.cc:2804] T 6c306e6ce6704031873c2a1889275819 P 38e66380aa6f45a9b76f7c1313c91011 [term 3 FOLLOWER]: Leader election won for term 3
I20260710 11:07:54.032028  8749 raft_consensus.cc:697] T 6c306e6ce6704031873c2a1889275819 P 38e66380aa6f45a9b76f7c1313c91011 [term 3 LEADER]: Becoming Leader. State: Replica: 38e66380aa6f45a9b76f7c1313c91011, State: Running, Role: LEADER
I20260710 11:07:54.032755  8749 consensus_queue.cc:237] T 6c306e6ce6704031873c2a1889275819 P 38e66380aa6f45a9b76f7c1313c91011 [LEADER]: Queue going to LEADER mode. State: All replicated index: 0, Majority replicated index: 2, Committed index: 2, Last appended: 2.2, Last appended by leader: 2, Current term: 3, Majority size: 2, State: 0, Mode: LEADER, active raft config: opid_index: -1 OBSOLETE_local: false peers { permanent_uuid: "a6cbe56447fc46ae97cdc15fb86823da" member_type: VOTER last_known_addr { host: "127.8.32.193" port: 44013 } } peers { permanent_uuid: "a7418e6019d74568a5204df92328b342" member_type: VOTER last_known_addr { host: "127.8.32.194" port: 35013 } } peers { permanent_uuid: "38e66380aa6f45a9b76f7c1313c91011" member_type: VOTER last_known_addr { host: "127.8.32.195" port: 45227 } }
I20260710 11:07:54.039505  8352 catalog_manager.cc:5697] T 6c306e6ce6704031873c2a1889275819 P 38e66380aa6f45a9b76f7c1313c91011 reported cstate change: term changed from 2 to 3, leader changed from a6cbe56447fc46ae97cdc15fb86823da (127.8.32.193) to 38e66380aa6f45a9b76f7c1313c91011 (127.8.32.195). New cstate: current_term: 3 leader_uuid: "38e66380aa6f45a9b76f7c1313c91011" committed_config { opid_index: -1 OBSOLETE_local: false peers { permanent_uuid: "a6cbe56447fc46ae97cdc15fb86823da" member_type: VOTER last_known_addr { host: "127.8.32.193" port: 44013 } health_report { overall_health: UNKNOWN } } peers { permanent_uuid: "a7418e6019d74568a5204df92328b342" member_type: VOTER last_known_addr { host: "127.8.32.194" port: 35013 } health_report { overall_health: UNKNOWN } } peers { permanent_uuid: "38e66380aa6f45a9b76f7c1313c91011" member_type: VOTER last_known_addr { host: "127.8.32.195" port: 45227 } health_report { overall_health: HEALTHY } } }
I20260710 11:07:54.110833  8659 raft_consensus.cc:993] T 5d191f40fed3462a89399c967ffb502f P a7418e6019d74568a5204df92328b342: : Instructing follower 38e66380aa6f45a9b76f7c1313c91011 to start an election
I20260710 11:07:54.111264  8760 raft_consensus.cc:1081] T 5d191f40fed3462a89399c967ffb502f P a7418e6019d74568a5204df92328b342 [term 2 LEADER]: Signalling peer 38e66380aa6f45a9b76f7c1313c91011 to start an election
I20260710 11:07:54.112689  8606 tablet_service.cc:2044] Received Run Leader Election RPC: tablet_id: "5d191f40fed3462a89399c967ffb502f"
dest_uuid: "38e66380aa6f45a9b76f7c1313c91011"
 from {username='slave'} at 127.0.0.1:46940
I20260710 11:07:54.113147  8606 raft_consensus.cc:493] T 5d191f40fed3462a89399c967ffb502f P 38e66380aa6f45a9b76f7c1313c91011 [term 2 FOLLOWER]: Starting forced leader election (received explicit request)
I20260710 11:07:54.113461  8606 raft_consensus.cc:3060] T 5d191f40fed3462a89399c967ffb502f P 38e66380aa6f45a9b76f7c1313c91011 [term 2 FOLLOWER]: Advancing to term 3
I20260710 11:07:54.117843  8606 raft_consensus.cc:515] T 5d191f40fed3462a89399c967ffb502f P 38e66380aa6f45a9b76f7c1313c91011 [term 3 FOLLOWER]: Starting forced leader election with config: opid_index: -1 OBSOLETE_local: false peers { permanent_uuid: "a6cbe56447fc46ae97cdc15fb86823da" member_type: VOTER last_known_addr { host: "127.8.32.193" port: 44013 } } peers { permanent_uuid: "a7418e6019d74568a5204df92328b342" member_type: VOTER last_known_addr { host: "127.8.32.194" port: 35013 } } peers { permanent_uuid: "38e66380aa6f45a9b76f7c1313c91011" member_type: VOTER last_known_addr { host: "127.8.32.195" port: 45227 } }
I20260710 11:07:54.119405  8606 leader_election.cc:290] T 5d191f40fed3462a89399c967ffb502f P 38e66380aa6f45a9b76f7c1313c91011 [CANDIDATE]: Term 3 election: Requested vote from peers a6cbe56447fc46ae97cdc15fb86823da (127.8.32.193:44013), a7418e6019d74568a5204df92328b342 (127.8.32.194:35013)
I20260710 11:07:54.120163  8457 tablet_service.cc:1917] Received RequestConsensusVote() RPC: tablet_id: "5d191f40fed3462a89399c967ffb502f" candidate_uuid: "38e66380aa6f45a9b76f7c1313c91011" candidate_term: 3 candidate_status { last_received { term: 2 index: 2 } } ignore_live_leader: true dest_uuid: "a6cbe56447fc46ae97cdc15fb86823da"
