I20260710 11:08:06.921730 23480 raft_consensus.cc:2804] T 21e803e5b83a41f69c1291cf2aae71cb P 5af73ced3ee045e79c7dbc484e209dbd [term 3 FOLLOWER]: Leader election won for term 3
I20260710 11:08:06.922210 23480 raft_consensus.cc:697] T 21e803e5b83a41f69c1291cf2aae71cb P 5af73ced3ee045e79c7dbc484e209dbd [term 3 LEADER]: Becoming Leader. State: Replica: 5af73ced3ee045e79c7dbc484e209dbd, State: Running, Role: LEADER
I20260710 11:08:06.923180 23480 consensus_queue.cc:237] T 21e803e5b83a41f69c1291cf2aae71cb P 5af73ced3ee045e79c7dbc484e209dbd [LEADER]: Queue going to LEADER mode. State: All replicated index: 0, Majority replicated index: 2, Committed index: 2, Last appended: 2.2, Last appended by leader: 2, Current term: 3, Majority size: 2, State: 0, Mode: LEADER, active raft config: opid_index: -1 OBSOLETE_local: false peers { permanent_uuid: "5af73ced3ee045e79c7dbc484e209dbd" member_type: VOTER last_known_addr { host: "127.22.7.1" port: 37591 } } peers { permanent_uuid: "8f03c80eb5c149438f9c7b6d168af126" member_type: VOTER last_known_addr { host: "127.22.7.2" port: 34647 } } peers { permanent_uuid: "8f22d0e0fc3a45bba05e7fd5cd2f8dfa" member_type: VOTER last_known_addr { host: "127.22.7.3" port: 35175 } }
I20260710 11:08:06.924068 23391 raft_consensus.cc:697] T 8f99716e0e9547fcb98a33eba6f090fe P 5af73ced3ee045e79c7dbc484e209dbd [term 3 LEADER]: Becoming Leader. State: Replica: 5af73ced3ee045e79c7dbc484e209dbd, State: Running, Role: LEADER
I20260710 11:08:06.924152 23500 consensus_queue.cc:1048] T bb29addb2091448ea3f301a3eb24c299 P 5af73ced3ee045e79c7dbc484e209dbd [LEADER]: Connected to new peer: Peer: permanent_uuid: "8f22d0e0fc3a45bba05e7fd5cd2f8dfa" member_type: VOTER last_known_addr { host: "127.22.7.3" port: 35175 }, Status: LMP_MISMATCH, Last received: 0.0, Next index: 2, Last known committed idx: 1, Time since last communication: 0.001s
I20260710 11:08:06.925302 23391 consensus_queue.cc:237] T 8f99716e0e9547fcb98a33eba6f090fe P 5af73ced3ee045e79c7dbc484e209dbd [LEADER]: Queue going to LEADER mode. State: All replicated index: 0, Majority replicated index: 2, Committed index: 2, Last appended: 2.2, Last appended by leader: 2, Current term: 3, Majority size: 2, State: 0, Mode: LEADER, active raft config: opid_index: -1 OBSOLETE_local: false peers { permanent_uuid: "5af73ced3ee045e79c7dbc484e209dbd" member_type: VOTER last_known_addr { host: "127.22.7.1" port: 37591 } } peers { permanent_uuid: "8f03c80eb5c149438f9c7b6d168af126" member_type: VOTER last_known_addr { host: "127.22.7.2" port: 34647 } } peers { permanent_uuid: "8f22d0e0fc3a45bba05e7fd5cd2f8dfa" member_type: VOTER last_known_addr { host: "127.22.7.3" port: 35175 } }
I20260710 11:08:06.937758 23069 catalog_manager.cc:5697] T 8f99716e0e9547fcb98a33eba6f090fe P 5af73ced3ee045e79c7dbc484e209dbd reported cstate change: term changed from 2 to 3, leader changed from 8f03c80eb5c149438f9c7b6d168af126 (127.22.7.2) to 5af73ced3ee045e79c7dbc484e209dbd (127.22.7.1). New cstate: current_term: 3 leader_uuid: "5af73ced3ee045e79c7dbc484e209dbd" committed_config { opid_index: -1 OBSOLETE_local: false peers { permanent_uuid: "5af73ced3ee045e79c7dbc484e209dbd" member_type: VOTER last_known_addr { host: "127.22.7.1" port: 37591 } health_report { overall_health: HEALTHY } } peers { permanent_uuid: "8f03c80eb5c149438f9c7b6d168af126" member_type: VOTER last_known_addr { host: "127.22.7.2" port: 34647 } health_report { overall_health: UNKNOWN } } peers { permanent_uuid: "8f22d0e0fc3a45bba05e7fd5cd2f8dfa" member_type: VOTER last_known_addr { host: "127.22.7.3" port: 35175 } health_report { overall_health: UNKNOWN } } }
I20260710 11:08:06.942399 23249 raft_consensus.cc:1275] T bb29addb2091448ea3f301a3eb24c299 P 8f03c80eb5c149438f9c7b6d168af126 [term 2 FOLLOWER]: Refusing update from remote peer 5af73ced3ee045e79c7dbc484e209dbd: Log matching property violated. Preceding OpId in replica: term: 1 index: 1. Preceding OpId from leader: term: 2 index: 2. (index mismatch)
I20260710 11:08:06.944092 23480 consensus_queue.cc:1048] T bb29addb2091448ea3f301a3eb24c299 P 5af73ced3ee045e79c7dbc484e209dbd [LEADER]: Connected to new peer: Peer: permanent_uuid: "8f03c80eb5c149438f9c7b6d168af126" member_type: VOTER last_known_addr { host: "127.22.7.2" port: 34647 }, Status: LMP_MISMATCH, Last received: 0.0, Next index: 2, Last known committed idx: 1, Time since last communication: 0.000s
I20260710 11:08:06.962970 23069 catalog_manager.cc:5697] T 21e803e5b83a41f69c1291cf2aae71cb P 5af73ced3ee045e79c7dbc484e209dbd reported cstate change: term changed from 2 to 3, leader changed from 8f03c80eb5c149438f9c7b6d168af126 (127.22.7.2) to 5af73ced3ee045e79c7dbc484e209dbd (127.22.7.1). New cstate: current_term: 3 leader_uuid: "5af73ced3ee045e79c7dbc484e209dbd" committed_config { opid_index: -1 OBSOLETE_local: false peers { permanent_uuid: "5af73ced3ee045e79c7dbc484e209dbd" member_type: VOTER last_known_addr { host: "127.22.7.1" port: 37591 } health_report { overall_health: HEALTHY } } peers { permanent_uuid: "8f03c80eb5c149438f9c7b6d168af126" member_type: VOTER last_known_addr { host: "127.22.7.2" port: 34647 } health_report { overall_health: UNKNOWN } } peers { permanent_uuid: "8f22d0e0fc3a45bba05e7fd5cd2f8dfa" member_type: VOTER last_known_addr { host: "127.22.7.3" port: 35175 } health_report { overall_health: UNKNOWN } } }
I20260710 11:08:07.427492 23249 raft_consensus.cc:1275] T 21e803e5b83a41f69c1291cf2aae71cb P 8f03c80eb5c149438f9c7b6d168af126 [term 3 FOLLOWER]: Refusing update from remote peer 5af73ced3ee045e79c7dbc484e209dbd: Log matching property violated. Preceding OpId in replica: term: 2 index: 2. Preceding OpId from leader: term: 3 index: 3. (index mismatch)
I20260710 11:08:07.429029 23391 consensus_queue.cc:1048] T 21e803e5b83a41f69c1291cf2aae71cb P 5af73ced3ee045e79c7dbc484e209dbd [LEADER]: Connected to new peer: Peer: permanent_uuid: "8f03c80eb5c149438f9c7b6d168af126" member_type: VOTER last_known_addr { host: "127.22.7.2" port: 34647 }, Status: LMP_MISMATCH, Last received: 0.0, Next index: 3, Last known committed idx: 2, Time since last communication: 0.000s
I20260710 11:08:07.446393 23324 raft_consensus.cc:1275] T 21e803e5b83a41f69c1291cf2aae71cb P 8f22d0e0fc3a45bba05e7fd5cd2f8dfa [term 3 FOLLOWER]: Refusing update from remote peer 5af73ced3ee045e79c7dbc484e209dbd: Log matching property violated. Preceding OpId in replica: term: 2 index: 2. Preceding OpId from leader: term: 3 index: 3. (index mismatch)
I20260710 11:08:07.448072 23480 consensus_queue.cc:1048] T 21e803e5b83a41f69c1291cf2aae71cb P 5af73ced3ee045e79c7dbc484e209dbd [LEADER]: Connected to new peer: Peer: permanent_uuid: "8f22d0e0fc3a45bba05e7fd5cd2f8dfa" member_type: VOTER last_known_addr { host: "127.22.7.3" port: 35175 }, Status: LMP_MISMATCH, Last received: 0.0, Next index: 3, Last known committed idx: 2, Time since last communication: 0.000s
I20260710 11:08:07.485487 23324 raft_consensus.cc:1275] T 8f99716e0e9547fcb98a33eba6f090fe P 8f22d0e0fc3a45bba05e7fd5cd2f8dfa [term 3 FOLLOWER]: Refusing update from remote peer 5af73ced3ee045e79c7dbc484e209dbd: Log matching property violated. Preceding OpId in replica: term: 2 index: 2. Preceding OpId from leader: term: 3 index: 3. (index mismatch)
I20260710 11:08:07.487186 23480 consensus_queue.cc:1048] T 8f99716e0e9547fcb98a33eba6f090fe P 5af73ced3ee045e79c7dbc484e209dbd [LEADER]: Connected to new peer: Peer: permanent_uuid: "8f22d0e0fc3a45bba05e7fd5cd2f8dfa" member_type: VOTER last_known_addr { host: "127.22.7.3" port: 35175 }, Status: LMP_MISMATCH, Last received: 0.0, Next index: 3, Last known committed idx: 2, Time since last communication: 0.000s
I20260710 11:08:07.501262 23249 raft_consensus.cc:1275] T 8f99716e0e9547fcb98a33eba6f090fe P 8f03c80eb5c149438f9c7b6d168af126 [term 3 FOLLOWER]: Refusing update from remote peer 5af73ced3ee045e79c7dbc484e209dbd: Log matching property violated. Preceding OpId in replica: term: 2 index: 2. Preceding OpId from leader: term: 3 index: 3. (index mismatch)
I20260710 11:08:07.502969 23391 consensus_queue.cc:1048] T 8f99716e0e9547fcb98a33eba6f090fe P 5af73ced3ee045e79c7dbc484e209dbd [LEADER]: Connected to new peer: Peer: permanent_uuid: "8f03c80eb5c149438f9c7b6d168af126" member_type: VOTER last_known_addr { host: "127.22.7.2" port: 34647 }, Status: LMP_MISMATCH, Last received: 0.0, Next index: 3, Last known committed idx: 2, Time since last communication: 0.000s
I20260710 11:08:09.385902 22556 auto_leader_rebalancer.cc:141] leader rebalance for table test-workload
I20260710 11:08:09.396091 23173 tablet_service.cc:2072] Received LeaderStepDown RPC: tablet_id: "23bb1897028a42c584e84cee6fd269d4"
dest_uuid: "5af73ced3ee045e79c7dbc484e209dbd"
mode: GRACEFUL
new_leader_uuid: "8f03c80eb5c149438f9c7b6d168af126"
 from {username='slave'} at 127.0.0.1:47000
I20260710 11:08:09.396909 23173 raft_consensus.cc:606] T 23bb1897028a42c584e84cee6fd269d4 P 5af73ced3ee045e79c7dbc484e209dbd [term 1 LEADER]: Received request to transfer leadership to TS 8f03c80eb5c149438f9c7b6d168af126
I20260710 11:08:09.399767 23173 tablet_service.cc:2072] Received LeaderStepDown RPC: tablet_id: "6c03569127574ba788ef8c1a863ac5eb"
dest_uuid: "5af73ced3ee045e79c7dbc484e209dbd"
mode: GRACEFUL
new_leader_uuid: "8f22d0e0fc3a45bba05e7fd5cd2f8dfa"
 from {username='slave'} at 127.0.0.1:47000
I20260710 11:08:09.400506 23173 raft_consensus.cc:606] T 6c03569127574ba788ef8c1a863ac5eb P 5af73ced3ee045e79c7dbc484e209dbd [term 2 LEADER]: Received request to transfer leadership to TS 8f22d0e0fc3a45bba05e7fd5cd2f8dfa
I20260710 11:08:09.403465 23173 tablet_service.cc:2072] Received LeaderStepDown RPC: tablet_id: "9236ab4f35a4425fa594e3da9b400aa1"
dest_uuid: "5af73ced3ee045e79c7dbc484e209dbd"
mode: GRACEFUL
new_leader_uuid: "8f03c80eb5c149438f9c7b6d168af126"
 from {username='slave'} at 127.0.0.1:47000
I20260710 11:08:09.404140 23173 raft_consensus.cc:606] T 9236ab4f35a4425fa594e3da9b400aa1 P 5af73ced3ee045e79c7dbc484e209dbd [term 4 LEADER]: Received request to transfer leadership to TS 8f03c80eb5c149438f9c7b6d168af126
I20260710 11:08:09.407225 23173 tablet_service.cc:2072] Received LeaderStepDown RPC: tablet_id: "bcbf75d7edf048d1998c739ac28ffa75"
dest_uuid: "5af73ced3ee045e79c7dbc484e209dbd"
mode: GRACEFUL
new_leader_uuid: "8f22d0e0fc3a45bba05e7fd5cd2f8dfa"
 from {username='slave'} at 127.0.0.1:47000
I20260710 11:08:09.407919 23173 raft_consensus.cc:606] T bcbf75d7edf048d1998c739ac28ffa75 P 5af73ced3ee045e79c7dbc484e209dbd [term 3 LEADER]: Received request to transfer leadership to TS 8f22d0e0fc3a45bba05e7fd5cd2f8dfa
I20260710 11:08:09.409322 22556 auto_leader_rebalancer.cc:452] table: test-workload, leader rebalance finish, leader transfer count: 4
I20260710 11:08:09.410162 22556 auto_leader_rebalancer.cc:527] All tables' leader rebalancing finished this round
I20260710 11:08:09.501145 23500 raft_consensus.cc:993] T 23bb1897028a42c584e84cee6fd269d4 P 5af73ced3ee045e79c7dbc484e209dbd: : Instructing follower 8f03c80eb5c149438f9c7b6d168af126 to start an election
I20260710 11:08:09.501757 23513 raft_consensus.cc:1081] T 23bb1897028a42c584e84cee6fd269d4 P 5af73ced3ee045e79c7dbc484e209dbd [term 1 LEADER]: Signalling peer 8f03c80eb5c149438f9c7b6d168af126 to start an election
I20260710 11:08:09.503842 23249 tablet_service.cc:2044] Received Run Leader Election RPC: tablet_id: "23bb1897028a42c584e84cee6fd269d4"
dest_uuid: "8f03c80eb5c149438f9c7b6d168af126"
 from {username='slave'} at 127.0.0.1:45204
I20260710 11:08:09.504424 23249 raft_consensus.cc:493] T 23bb1897028a42c584e84cee6fd269d4 P 8f03c80eb5c149438f9c7b6d168af126 [term 1 FOLLOWER]: Starting forced leader election (received explicit request)
I20260710 11:08:09.504755 23249 raft_consensus.cc:3060] T 23bb1897028a42c584e84cee6fd269d4 P 8f03c80eb5c149438f9c7b6d168af126 [term 1 FOLLOWER]: Advancing to term 2
I20260710 11:08:09.509976 23249 raft_consensus.cc:515] T 23bb1897028a42c584e84cee6fd269d4 P 8f03c80eb5c149438f9c7b6d168af126 [term 2 FOLLOWER]: Starting forced leader election with config: opid_index: -1 OBSOLETE_local: false peers { permanent_uuid: "5af73ced3ee045e79c7dbc484e209dbd" member_type: VOTER last_known_addr { host: "127.22.7.1" port: 37591 } } peers { permanent_uuid: "8f03c80eb5c149438f9c7b6d168af126" member_type: VOTER last_known_addr { host: "127.22.7.2" port: 34647 } } peers { permanent_uuid: "8f22d0e0fc3a45bba05e7fd5cd2f8dfa" member_type: VOTER last_known_addr { host: "127.22.7.3" port: 35175 } }
I20260710 11:08:09.512398 23249 leader_election.cc:290] T 23bb1897028a42c584e84cee6fd269d4 P 8f03c80eb5c149438f9c7b6d168af126 [CANDIDATE]: Term 2 election: Requested vote from peers 5af73ced3ee045e79c7dbc484e209dbd (127.22.7.1:37591), 8f22d0e0fc3a45bba05e7fd5cd2f8dfa (127.22.7.3:35175)
I20260710 11:08:09.513018 23173 tablet_service.cc:1917] Received RequestConsensusVote() RPC: tablet_id: "23bb1897028a42c584e84cee6fd269d4" candidate_uuid: "8f03c80eb5c149438f9c7b6d168af126" candidate_term: 2 candidate_status { last_received { term: 1 index: 1 } } ignore_live_leader: true dest_uuid: "5af73ced3ee045e79c7dbc484e209dbd"
I20260710 11:08:09.513142 23324 tablet_service.cc:1917] Received RequestConsensusVote() RPC: tablet_id: "23bb1897028a42c584e84cee6fd269d4" candidate_uuid: "8f03c80eb5c149438f9c7b6d168af126" candidate_term: 2 candidate_status { last_received { term: 1 index: 1 } } ignore_live_leader: true dest_uuid: "8f22d0e0fc3a45bba05e7fd5cd2f8dfa"
I20260710 11:08:09.513991 23173 raft_consensus.cc:3055] T 23bb1897028a42c584e84cee6fd269d4 P 5af73ced3ee045e79c7dbc484e209dbd [term 1 LEADER]: Stepping down as leader of term 1
I20260710 11:08:09.514087 23324 raft_consensus.cc:3060] T 23bb1897028a42c584e84cee6fd269d4 P 8f22d0e0fc3a45bba05e7fd5cd2f8dfa [term 1 FOLLOWER]: Advancing to term 2
I20260710 11:08:09.514480 23173 raft_consensus.cc:740] T 23bb1897028a42c584e84cee6fd269d4 P 5af73ced3ee045e79c7dbc484e209dbd [term 1 LEADER]: Becoming Follower/Learner. State: Replica: 5af73ced3ee045e79c7dbc484e209dbd, State: Running, Role: LEADER
I20260710 11:08:09.515892 23173 consensus_queue.cc:260] T 23bb1897028a42c584e84cee6fd269d4 P 5af73ced3ee045e79c7dbc484e209dbd [NON_LEADER]: Queue going to NON_LEADER mode. State: All replicated index: 0, Majority replicated index: 1, Committed index: 1, Last appended: 1.1, Last appended by leader: 1, Current term: 1, Majority size: -1, State: 0, Mode: NON_LEADER, active raft config: opid_index: -1 OBSOLETE_local: false peers { permanent_uuid: "5af73ced3ee045e79c7dbc484e209dbd" member_type: VOTER last_known_addr { host: "127.22.7.1" port: 37591 } } peers { permanent_uuid: "8f03c80eb5c149438f9c7b6d168af126" member_type: VOTER last_known_addr { host: "127.22.7.2" port: 34647 } } peers { permanent_uuid: "8f22d0e0fc3a45bba05e7fd5cd2f8dfa" member_type: VOTER last_known_addr { host: "127.22.7.3" port: 35175 } }
I20260710 11:08:09.517668 23173 raft_consensus.cc:3060] T 23bb1897028a42c584e84cee6fd269d4 P 5af73ced3ee045e79c7dbc484e209dbd [term 1 FOLLOWER]: Advancing to term 2
I20260710 11:08:09.520614 23324 raft_consensus.cc:2468] T 23bb1897028a42c584e84cee6fd269d4 P 8f22d0e0fc3a45bba05e7fd5cd2f8dfa [term 2 FOLLOWER]: Leader election vote request: Granting yes vote for candidate 8f03c80eb5c149438f9c7b6d168af126 in term 2.
I20260710 11:08:09.521991 23215 leader_election.cc:304] T 23bb1897028a42c584e84cee6fd269d4 P 8f03c80eb5c149438f9c7b6d168af126 [CANDIDATE]: Term 2 election: Election decided. Result: candidate won. Election summary: received 2 responses out of 3 voters: 2 yes votes; 0 no votes. yes voters: 8f03c80eb5c149438f9c7b6d168af126, 8f22d0e0fc3a45bba05e7fd5cd2f8dfa; no voters: 
I20260710 11:08:09.522748 23479 raft_consensus.cc:2804] T 23bb1897028a42c584e84cee6fd269d4 P 8f03c80eb5c149438f9c7b6d168af126 [term 2 FOLLOWER]: Leader election won for term 2
I20260710 11:08:09.523881 23479 raft_consensus.cc:697] T 23bb1897028a42c584e84cee6fd269d4 P 8f03c80eb5c149438f9c7b6d168af126 [term 2 LEADER]: Becoming Leader. State: Replica: 8f03c80eb5c149438f9c7b6d168af126, State: Running, Role: LEADER
I20260710 11:08:09.524827 23479 consensus_queue.cc:237] T 23bb1897028a42c584e84cee6fd269d4 P 8f03c80eb5c149438f9c7b6d168af126 [LEADER]: Queue going to LEADER mode. State: All replicated index: 0, Majority replicated index: 1, Committed index: 1, Last appended: 1.1, Last appended by leader: 1, Current term: 2, Majority size: 2, State: 0, Mode: LEADER, active raft config: opid_index: -1 OBSOLETE_local: false peers { permanent_uuid: "5af73ced3ee045e79c7dbc484e209dbd" member_type: VOTER last_known_addr { host: "127.22.7.1" port: 37591 } } peers { permanent_uuid: "8f03c80eb5c149438f9c7b6d168af126" member_type: VOTER last_known_addr { host: "127.22.7.2" port: 34647 } } peers { permanent_uuid: "8f22d0e0fc3a45bba05e7fd5cd2f8dfa" member_type: VOTER last_known_addr { host: "127.22.7.3" port: 35175 } }
I20260710 11:08:09.527024 23173 raft_consensus.cc:2468] T 23bb1897028a42c584e84cee6fd269d4 P 5af73ced3ee045e79c7dbc484e209dbd [term 2 FOLLOWER]: Leader election vote request: Granting yes vote for candidate 8f03c80eb5c149438f9c7b6d168af126 in term 2.
I20260710 11:08:09.532780 23072 catalog_manager.cc:5697] T 23bb1897028a42c584e84cee6fd269d4 P 8f03c80eb5c149438f9c7b6d168af126 reported cstate change: term changed from 1 to 2, leader changed from 5af73ced3ee045e79c7dbc484e209dbd (127.22.7.1) to 8f03c80eb5c149438f9c7b6d168af126 (127.22.7.2). New cstate: current_term: 2 leader_uuid: "8f03c80eb5c149438f9c7b6d168af126" committed_config { opid_index: -1 OBSOLETE_local: false peers { permanent_uuid: "5af73ced3ee045e79c7dbc484e209dbd" member_type: VOTER last_known_addr { host: "127.22.7.1" port: 37591 } health_report { overall_health: UNKNOWN } } peers { permanent_uuid: "8f03c80eb5c149438f9c7b6d168af126" member_type: VOTER last_known_addr { host: "127.22.7.2" port: 34647 } health_report { overall_health: HEALTHY } } peers { permanent_uuid: "8f22d0e0fc3a45bba05e7fd5cd2f8dfa" member_type: VOTER last_known_addr { host: "127.22.7.3" port: 35175 } health_report { overall_health: UNKNOWN } } }
I20260710 11:08:09.810791 23500 raft_consensus.cc:993] T 9236ab4f35a4425fa594e3da9b400aa1 P 5af73ced3ee045e79c7dbc484e209dbd: : Instructing follower 8f03c80eb5c149438f9c7b6d168af126 to start an election
I20260710 11:08:09.811272 23513 raft_consensus.cc:1081] T 9236ab4f35a4425fa594e3da9b400aa1 P 5af73ced3ee045e79c7dbc484e209dbd [term 4 LEADER]: Signalling peer 8f03c80eb5c149438f9c7b6d168af126 to start an election
I20260710 11:08:09.813068 23249 tablet_service.cc:2044] Received Run Leader Election RPC: tablet_id: "9236ab4f35a4425fa594e3da9b400aa1"
dest_uuid: "8f03c80eb5c149438f9c7b6d168af126"
 from {username='slave'} at 127.0.0.1:45204
I20260710 11:08:09.813814 23249 raft_consensus.cc:493] T 9236ab4f35a4425fa594e3da9b400aa1 P 8f03c80eb5c149438f9c7b6d168af126 [term 4 FOLLOWER]: Starting forced leader election (received explicit request)
I20260710 11:08:09.814162 23249 raft_consensus.cc:3060] T 9236ab4f35a4425fa594e3da9b400aa1 P 8f03c80eb5c149438f9c7b6d168af126 [term 4 FOLLOWER]: Advancing to term 5
I20260710 11:08:09.818486 23500 raft_consensus.cc:993] T bcbf75d7edf048d1998c739ac28ffa75 P 5af73ced3ee045e79c7dbc484e209dbd: : Instructing follower 8f22d0e0fc3a45bba05e7fd5cd2f8dfa to start an election
I20260710 11:08:09.819012 23513 raft_consensus.cc:1081] T bcbf75d7edf048d1998c739ac28ffa75 P 5af73ced3ee045e79c7dbc484e209dbd [term 3 LEADER]: Signalling peer 8f22d0e0fc3a45bba05e7fd5cd2f8dfa to start an election
I20260710 11:08:09.820611 23324 tablet_service.cc:2044] Received Run Leader Election RPC: tablet_id: "bcbf75d7edf048d1998c739ac28ffa75"
dest_uuid: "8f22d0e0fc3a45bba05e7fd5cd2f8dfa"
 from {username='slave'} at 127.0.0.1:46954
I20260710 11:08:09.821182 23324 raft_consensus.cc:493] T bcbf75d7edf048d1998c739ac28ffa75 P 8f22d0e0fc3a45bba05e7fd5cd2f8dfa [term 3 FOLLOWER]: Starting forced leader election (received explicit request)
I20260710 11:08:09.821595 23324 raft_consensus.cc:3060] T bcbf75d7edf048d1998c739ac28ffa75 P 8f22d0e0fc3a45bba05e7fd5cd2f8dfa [term 3 FOLLOWER]: Advancing to term 4
I20260710 11:08:09.821743 23249 raft_consensus.cc:515] T 9236ab4f35a4425fa594e3da9b400aa1 P 8f03c80eb5c149438f9c7b6d168af126 [term 5 FOLLOWER]: Starting forced leader election with config: opid_index: -1 OBSOLETE_local: false peers { permanent_uuid: "5af73ced3ee045e79c7dbc484e209dbd" member_type: VOTER last_known_addr { host: "127.22.7.1" port: 37591 } } peers { permanent_uuid: "8f03c80eb5c149438f9c7b6d168af126" member_type: VOTER last_known_addr { host: "127.22.7.2" port: 34647 } } peers { permanent_uuid: "8f22d0e0fc3a45bba05e7fd5cd2f8dfa" member_type: VOTER last_known_addr { host: "127.22.7.3" port: 35175 } }
I20260710 11:08:09.823972 23249 leader_election.cc:290] T 9236ab4f35a4425fa594e3da9b400aa1 P 8f03c80eb5c149438f9c7b6d168af126 [CANDIDATE]: Term 5 election: Requested vote from peers 5af73ced3ee045e79c7dbc484e209dbd (127.22.7.1:37591), 8f22d0e0fc3a45bba05e7fd5cd2f8dfa (127.22.7.3:35175)
I20260710 11:08:09.824648 23173 tablet_service.cc:1917] Received RequestConsensusVote() RPC: tablet_id: "9236ab4f35a4425fa594e3da9b400aa1" candidate_uuid: "8f03c80eb5c149438f9c7b6d168af126" candidate_term: 5 candidate_status { last_received { term: 4 index: 4 } } ignore_live_leader: true dest_uuid: "5af73ced3ee045e79c7dbc484e209dbd"
I20260710 11:08:09.825278 23173 raft_consensus.cc:3055] T 9236ab4f35a4425fa594e3da9b400aa1 P 5af73ced3ee045e79c7dbc484e209dbd [term 4 LEADER]: Stepping down as leader of term 4
I20260710 11:08:09.825637 23173 raft_consensus.cc:740] T 9236ab4f35a4425fa594e3da9b400aa1 P 5af73ced3ee045e79c7dbc484e209dbd [term 4 LEADER]: Becoming Follower/Learner. State: Replica: 5af73ced3ee045e79c7dbc484e209dbd, State: Running, Role: LEADER
I20260710 11:08:09.825591 23323 tablet_service.cc:1917] Received RequestConsensusVote() RPC: tablet_id: "9236ab4f35a4425fa594e3da9b400aa1" candidate_uuid: "8f03c80eb5c149438f9c7b6d168af126" candidate_term: 5 candidate_status { last_received { term: 4 index: 4 } } ignore_live_leader: true dest_uuid: "8f22d0e0fc3a45bba05e7fd5cd2f8dfa"
I20260710 11:08:09.826299 23323 raft_consensus.cc:3060] T 9236ab4f35a4425fa594e3da9b400aa1 P 8f22d0e0fc3a45bba05e7fd5cd2f8dfa [term 4 FOLLOWER]: Advancing to term 5
I20260710 11:08:09.826576 23173 consensus_queue.cc:260] T 9236ab4f35a4425fa594e3da9b400aa1 P 5af73ced3ee045e79c7dbc484e209dbd [NON_LEADER]: Queue going to NON_LEADER mode. State: All replicated index: 0, Majority replicated index: 4, Committed index: 4, Last appended: 4.4, Last appended by leader: 4, Current term: 4, Majority size: -1, State: 0, Mode: NON_LEADER, active raft config: opid_index: -1 OBSOLETE_local: false peers { permanent_uuid: "5af73ced3ee045e79c7dbc484e209dbd" member_type: VOTER last_known_addr { host: "127.22.7.1" port: 37591 } } peers { permanent_uuid: "8f03c80eb5c149438f9c7b6d168af126" member_type: VOTER last_known_addr { host: "127.22.7.2" port: 34647 } } peers { permanent_uuid: "8f22d0e0fc3a45bba05e7fd5cd2f8dfa" member_type: VOTER last_known_addr { host: "127.22.7.3" port: 35175 } }
I20260710 11:08:09.827620 23173 raft_consensus.cc:3060] T 9236ab4f35a4425fa594e3da9b400aa1 P 5af73ced3ee045e79c7dbc484e209dbd [term 4 FOLLOWER]: Advancing to term 5
I20260710 11:08:09.829849 23324 raft_consensus.cc:515] T bcbf75d7edf048d1998c739ac28ffa75 P 8f22d0e0fc3a45bba05e7fd5cd2f8dfa [term 4 FOLLOWER]: Starting forced leader election with config: opid_index: -1 OBSOLETE_local: false peers { permanent_uuid: "8f22d0e0fc3a45bba05e7fd5cd2f8dfa" member_type: VOTER last_known_addr { host: "127.22.7.3" port: 35175 } } peers { permanent_uuid: "5af73ced3ee045e79c7dbc484e209dbd" member_type: VOTER last_known_addr { host: "127.22.7.1" port: 37591 } } peers { permanent_uuid: "8f03c80eb5c149438f9c7b6d168af126" member_type: VOTER last_known_addr { host: "127.22.7.2" port: 34647 } }
I20260710 11:08:09.831703 23500 raft_consensus.cc:993] T 6c03569127574ba788ef8c1a863ac5eb P 5af73ced3ee045e79c7dbc484e209dbd: : Instructing follower 8f22d0e0fc3a45bba05e7fd5cd2f8dfa to start an election
I20260710 11:08:09.832162 23500 raft_consensus.cc:1081] T 6c03569127574ba788ef8c1a863ac5eb P 5af73ced3ee045e79c7dbc484e209dbd [term 2 LEADER]: Signalling peer 8f22d0e0fc3a45bba05e7fd5cd2f8dfa to start an election
I20260710 11:08:09.832680 23175 tablet_service.cc:1917] Received RequestConsensusVote() RPC: tablet_id: "bcbf75d7edf048d1998c739ac28ffa75" candidate_uuid: "8f22d0e0fc3a45bba05e7fd5cd2f8dfa" candidate_term: 4 candidate_status { last_received { term: 3 index: 3 } } ignore_live_leader: true dest_uuid: "5af73ced3ee045e79c7dbc484e209dbd"
I20260710 11:08:09.832834 23324 leader_election.cc:290] T bcbf75d7edf048d1998c739ac28ffa75 P 8f22d0e0fc3a45bba05e7fd5cd2f8dfa [CANDIDATE]: Term 4 election: Requested vote from peers 5af73ced3ee045e79c7dbc484e209dbd (127.22.7.1:37591), 8f03c80eb5c149438f9c7b6d168af126 (127.22.7.2:34647)
I20260710 11:08:09.833206 23175 raft_consensus.cc:3055] T bcbf75d7edf048d1998c739ac28ffa75 P 5af73ced3ee045e79c7dbc484e209dbd [term 3 LEADER]: Stepping down as leader of term 3
I20260710 11:08:09.833568 23175 raft_consensus.cc:740] T bcbf75d7edf048d1998c739ac28ffa75 P 5af73ced3ee045e79c7dbc484e209dbd [term 3 LEADER]: Becoming Follower/Learner. State: Replica: 5af73ced3ee045e79c7dbc484e209dbd, State: Running, Role: LEADER
I20260710 11:08:09.834271 23175 consensus_queue.cc:260] T bcbf75d7edf048d1998c739ac28ffa75 P 5af73ced3ee045e79c7dbc484e209dbd [NON_LEADER]: Queue going to NON_LEADER mode. State: All replicated index: 0, Majority replicated index: 3, Committed index: 3, Last appended: 3.3, Last appended by leader: 3, Current term: 3, Majority size: -1, State: 0, Mode: NON_LEADER, active raft config: opid_index: -1 OBSOLETE_local: false peers { permanent_uuid: "8f22d0e0fc3a45bba05e7fd5cd2f8dfa" member_type: VOTER last_known_addr { host: "127.22.7.3" port: 35175 } } peers { permanent_uuid: "5af73ced3ee045e79c7dbc484e209dbd" member_type: VOTER last_known_addr { host: "127.22.7.1" port: 37591 } } peers { permanent_uuid: "8f03c80eb5c149438f9c7b6d168af126" member_type: VOTER last_known_addr { host: "127.22.7.2" port: 34647 } }
I20260710 11:08:09.835208 23175 raft_consensus.cc:3060] T bcbf75d7edf048d1998c739ac28ffa75 P 5af73ced3ee045e79c7dbc484e209dbd [term 3 FOLLOWER]: Advancing to term 4
I20260710 11:08:09.836201 23323 raft_consensus.cc:2468] T 9236ab4f35a4425fa594e3da9b400aa1 P 8f22d0e0fc3a45bba05e7fd5cd2f8dfa [term 5 FOLLOWER]: Leader election vote request: Granting yes vote for candidate 8f03c80eb5c149438f9c7b6d168af126 in term 5.
I20260710 11:08:09.836359 23173 raft_consensus.cc:2468] T 9236ab4f35a4425fa594e3da9b400aa1 P 5af73ced3ee045e79c7dbc484e209dbd [term 5 FOLLOWER]: Leader election vote request: Granting yes vote for candidate 8f03c80eb5c149438f9c7b6d168af126 in term 5.
I20260710 11:08:09.837430 23215 leader_election.cc:304] T 9236ab4f35a4425fa594e3da9b400aa1 P 8f03c80eb5c149438f9c7b6d168af126 [CANDIDATE]: Term 5 election: Election decided. Result: candidate won. Election summary: received 2 responses out of 3 voters: 2 yes votes; 0 no votes. yes voters: 8f03c80eb5c149438f9c7b6d168af126, 8f22d0e0fc3a45bba05e7fd5cd2f8dfa; no voters: 
I20260710 11:08:09.838089 23249 tablet_service.cc:1917] Received RequestConsensusVote() RPC: tablet_id: "bcbf75d7edf048d1998c739ac28ffa75" candidate_uuid: "8f22d0e0fc3a45bba05e7fd5cd2f8dfa" candidate_term: 4 candidate_status { last_received { term: 3 index: 3 } } ignore_live_leader: true dest_uuid: "8f03c80eb5c149438f9c7b6d168af126"
I20260710 11:08:09.838366 23479 raft_consensus.cc:2804] T 9236ab4f35a4425fa594e3da9b400aa1 P 8f03c80eb5c149438f9c7b6d168af126 [term 5 FOLLOWER]: Leader election won for term 5
I20260710 11:08:09.838660 23249 raft_consensus.cc:3060] T bcbf75d7edf048d1998c739ac28ffa75 P 8f03c80eb5c149438f9c7b6d168af126 [term 3 FOLLOWER]: Advancing to term 4
I20260710 11:08:09.838842 23479 raft_consensus.cc:697] T 9236ab4f35a4425fa594e3da9b400aa1 P 8f03c80eb5c149438f9c7b6d168af126 [term 5 LEADER]: Becoming Leader. State: Replica: 8f03c80eb5c149438f9c7b6d168af126, State: Running, Role: LEADER
I20260710 11:08:09.839762 23479 consensus_queue.cc:237] T 9236ab4f35a4425fa594e3da9b400aa1 P 8f03c80eb5c149438f9c7b6d168af126 [LEADER]: Queue going to LEADER mode. State: All replicated index: 0, Majority replicated index: 4, Committed index: 4, Last appended: 4.4, Last appended by leader: 4, Current term: 5, Majority size: 2, State: 0, Mode: LEADER, active raft config: opid_index: -1 OBSOLETE_local: false peers { permanent_uuid: "5af73ced3ee045e79c7dbc484e209dbd" member_type: VOTER last_known_addr { host: "127.22.7.1" port: 37591 } } peers { permanent_uuid: "8f03c80eb5c149438f9c7b6d168af126" member_type: VOTER last_known_addr { host: "127.22.7.2" port: 34647 } } peers { permanent_uuid: "8f22d0e0fc3a45bba05e7fd5cd2f8dfa" member_type: VOTER last_known_addr { host: "127.22.7.3" port: 35175 } }
I20260710 11:08:09.841964 23175 raft_consensus.cc:2468] T bcbf75d7edf048d1998c739ac28ffa75 P 5af73ced3ee045e79c7dbc484e209dbd [term 4 FOLLOWER]: Leader election vote request: Granting yes vote for candidate 8f22d0e0fc3a45bba05e7fd5cd2f8dfa in term 4.
I20260710 11:08:09.842808 23323 tablet_service.cc:2044] Received Run Leader Election RPC: tablet_id: "6c03569127574ba788ef8c1a863ac5eb"
dest_uuid: "8f22d0e0fc3a45bba05e7fd5cd2f8dfa"
 from {username='slave'} at 127.0.0.1:46954
I20260710 11:08:09.843319 23323 raft_consensus.cc:493] T 6c03569127574ba788ef8c1a863ac5eb P 8f22d0e0fc3a45bba05e7fd5cd2f8dfa [term 2 FOLLOWER]: Starting forced leader election (received explicit request)
I20260710 11:08:09.843245 23287 leader_election.cc:304] T bcbf75d7edf048d1998c739ac28ffa75 P 8f22d0e0fc3a45bba05e7fd5cd2f8dfa [CANDIDATE]: Term 4 election: Election decided. Result: candidate won. Election summary: received 2 responses out of 3 voters: 2 yes votes; 0 no votes. yes voters: 5af73ced3ee045e79c7dbc484e209dbd, 8f22d0e0fc3a45bba05e7fd5cd2f8dfa; no voters: 
I20260710 11:08:09.843681 23323 raft_consensus.cc:3060] T 6c03569127574ba788ef8c1a863ac5eb P 8f22d0e0fc3a45bba05e7fd5cd2f8dfa [term 2 FOLLOWER]: Advancing to term 3
I20260710 11:08:09.844141 23466 raft_consensus.cc:2804] T bcbf75d7edf048d1998c739ac28ffa75 P 8f22d0e0fc3a45bba05e7fd5cd2f8dfa [term 4 FOLLOWER]: Leader election won for term 4
I20260710 11:08:09.847972 23249 raft_consensus.cc:2468] T bcbf75d7edf048d1998c739ac28ffa75 P 8f03c80eb5c149438f9c7b6d168af126 [term 4 FOLLOWER]: Leader election vote request: Granting yes vote for candidate 8f22d0e0fc3a45bba05e7fd5cd2f8dfa in term 4.
I20260710 11:08:09.853292 23466 raft_consensus.cc:697] T bcbf75d7edf048d1998c739ac28ffa75 P 8f22d0e0fc3a45bba05e7fd5cd2f8dfa [term 4 LEADER]: Becoming Leader. State: Replica: 8f22d0e0fc3a45bba05e7fd5cd2f8dfa, State: Running, Role: LEADER
I20260710 11:08:09.853302 23323 raft_consensus.cc:515] T 6c03569127574ba788ef8c1a863ac5eb P 8f22d0e0fc3a45bba05e7fd5cd2f8dfa [term 3 FOLLOWER]: Starting forced leader election with config: opid_index: -1 OBSOLETE_local: false peers { permanent_uuid: "5af73ced3ee045e79c7dbc484e209dbd" member_type: VOTER last_known_addr { host: "127.22.7.1" port: 37591 } } peers { permanent_uuid: "8f03c80eb5c149438f9c7b6d168af126" member_type: VOTER last_known_addr { host: "127.22.7.2" port: 34647 } } peers { permanent_uuid: "8f22d0e0fc3a45bba05e7fd5cd2f8dfa" member_type: VOTER last_known_addr { host: "127.22.7.3" port: 35175 } }
I20260710 11:08:09.854485 23466 consensus_queue.cc:237] T bcbf75d7edf048d1998c739ac28ffa75 P 8f22d0e0fc3a45bba05e7fd5cd2f8dfa [LEADER]: Queue going to LEADER mode. State: All replicated index: 0, Majority replicated index: 3, Committed index: 3, Last appended: 3.3, Last appended by leader: 3, Current term: 4, Majority size: 2, State: 0, Mode: LEADER, active raft config: opid_index: -1 OBSOLETE_local: false peers { permanent_uuid: "8f22d0e0fc3a45bba05e7fd5cd2f8dfa" member_type: VOTER last_known_addr { host: "127.22.7.3" port: 35175 } } peers { permanent_uuid: "5af73ced3ee045e79c7dbc484e209dbd" member_type: VOTER last_known_addr { host: "127.22.7.1" port: 37591 } } peers { permanent_uuid: "8f03c80eb5c149438f9c7b6d168af126" member_type: VOTER last_known_addr { host: "127.22.7.2" port: 34647 } }
I20260710 11:08:09.856551 23323 leader_election.cc:290] T 6c03569127574ba788ef8c1a863ac5eb P 8f22d0e0fc3a45bba05e7fd5cd2f8dfa [CANDIDATE]: Term 3 election: Requested vote from peers 5af73ced3ee045e79c7dbc484e209dbd (127.22.7.1:37591), 8f03c80eb5c149438f9c7b6d168af126 (127.22.7.2:34647)
I20260710 11:08:09.856154 23072 catalog_manager.cc:5697] T 9236ab4f35a4425fa594e3da9b400aa1 P 8f03c80eb5c149438f9c7b6d168af126 reported cstate change: term changed from 4 to 5, leader changed from 5af73ced3ee045e79c7dbc484e209dbd (127.22.7.1) to 8f03c80eb5c149438f9c7b6d168af126 (127.22.7.2). New cstate: current_term: 5 leader_uuid: "8f03c80eb5c149438f9c7b6d168af126" committed_config { opid_index: -1 OBSOLETE_local: false peers { permanent_uuid: "5af73ced3ee045e79c7dbc484e209dbd" member_type: VOTER last_known_addr { host: "127.22.7.1" port: 37591 } health_report { overall_health: UNKNOWN } } peers { permanent_uuid: "8f03c80eb5c149438f9c7b6d168af126" member_type: VOTER last_known_addr { host: "127.22.7.2" port: 34647 } health_report { overall_health: HEALTHY } } peers { permanent_uuid: "8f22d0e0fc3a45bba05e7fd5cd2f8dfa" member_type: VOTER last_known_addr { host: "127.22.7.3" port: 35175 } health_report { overall_health: UNKNOWN } } }
I20260710 11:08:09.856899 23175 tablet_service.cc:1917] Received RequestConsensusVote() RPC: tablet_id: "6c03569127574ba788ef8c1a863ac5eb" candidate_uuid: "8f22d0e0fc3a45bba05e7fd5cd2f8dfa" candidate_term: 3 candidate_status { last_received { term: 2 index: 2 } } ignore_live_leader: true dest_uuid: "5af73ced3ee045e79c7dbc484e209dbd"
I20260710 11:08:09.857635 23175 raft_consensus.cc:3055] T 6c03569127574ba788ef8c1a863ac5eb P 5af73ced3ee045e79c7dbc484e209dbd [term 2 LEADER]: Stepping down as leader of term 2
I20260710 11:08:09.857931 23175 raft_consensus.cc:740] T 6c03569127574ba788ef8c1a863ac5eb P 5af73ced3ee045e79c7dbc484e209dbd [term 2 LEADER]: Becoming Follower/Learner. State: Replica: 5af73ced3ee045e79c7dbc484e209dbd, State: Running, Role: LEADER
I20260710 11:08:09.858731 23175 consensus_queue.cc:260] T 6c03569127574ba788ef8c1a863ac5eb P 5af73ced3ee045e79c7dbc484e209dbd [NON_LEADER]: Queue going to NON_LEADER mode. State: All replicated index: 0, Majority replicated index: 2, Committed index: 2, Last appended: 2.2, Last appended by leader: 2, Current term: 2, Majority size: -1, State: 0, Mode: NON_LEADER, active raft config: opid_index: -1 OBSOLETE_local: false peers { permanent_uuid: "5af73ced3ee045e79c7dbc484e209dbd" member_type: VOTER last_known_addr { host: "127.22.7.1" port: 37591 } } peers { permanent_uuid: "8f03c80eb5c149438f9c7b6d168af126" member_type: VOTER last_known_addr { host: "127.22.7.2" port: 34647 } } peers { permanent_uuid: "8f22d0e0fc3a45bba05e7fd5cd2f8dfa" member_type: VOTER last_known_addr { host: "127.22.7.3" port: 35175 } }
I20260710 11:08:09.859625 23249 tablet_service.cc:1917] Received RequestConsensusVote() RPC: tablet_id: "6c03569127574ba788ef8c1a863ac5eb" candidate_uuid: "8f22d0e0fc3a45bba05e7fd5cd2f8dfa" candidate_term: 3 candidate_status { last_received { term: 2 index: 2 } } ignore_live_leader: true dest_uuid: "8f03c80eb5c149438f9c7b6d168af126"
I20260710 11:08:09.859959 23175 raft_consensus.cc:3060] T 6c03569127574ba788ef8c1a863ac5eb P 5af73ced3ee045e79c7dbc484e209dbd [term 2 FOLLOWER]: Advancing to term 3
I20260710 11:08:09.860167 23249 raft_consensus.cc:3060] T 6c03569127574ba788ef8c1a863ac5eb P 8f03c80eb5c149438f9c7b6d168af126 [term 2 FOLLOWER]: Advancing to term 3
I20260710 11:08:09.862807 23069 catalog_manager.cc:5697] T bcbf75d7edf048d1998c739ac28ffa75 P 8f22d0e0fc3a45bba05e7fd5cd2f8dfa reported cstate change: term changed from 3 to 4, leader changed from 5af73ced3ee045e79c7dbc484e209dbd (127.22.7.1) to 8f22d0e0fc3a45bba05e7fd5cd2f8dfa (127.22.7.3). New cstate: current_term: 4 leader_uuid: "8f22d0e0fc3a45bba05e7fd5cd2f8dfa" committed_config { opid_index: -1 OBSOLETE_local: false peers { permanent_uuid: "8f22d0e0fc3a45bba05e7fd5cd2f8dfa" member_type: VOTER last_known_addr { host: "127.22.7.3" port: 35175 } health_report { overall_health: HEALTHY } } peers { permanent_uuid: "5af73ced3ee045e79c7dbc484e209dbd" member_type: VOTER last_known_addr { host: "127.22.7.1" port: 37591 } health_report { overall_health: UNKNOWN } } peers { permanent_uuid: "8f03c80eb5c149438f9c7b6d168af126" member_type: VOTER last_known_addr { host: "127.22.7.2" port: 34647 } health_report { overall_health: UNKNOWN } } }
I20260710 11:08:09.866838 23249 raft_consensus.cc:2468] T 6c03569127574ba788ef8c1a863ac5eb P 8f03c80eb5c149438f9c7b6d168af126 [term 3 FOLLOWER]: Leader election vote request: Granting yes vote for candidate 8f22d0e0fc3a45bba05e7fd5cd2f8dfa in term 3.
I20260710 11:08:09.866838 23175 raft_consensus.cc:2468] T 6c03569127574ba788ef8c1a863ac5eb P 5af73ced3ee045e79c7dbc484e209dbd [term 3 FOLLOWER]: Leader election vote request: Granting yes vote for candidate 8f22d0e0fc3a45bba05e7fd5cd2f8dfa in term 3.
I20260710 11:08:09.868582 23290 leader_election.cc:304] T 6c03569127574ba788ef8c1a863ac5eb P 8f22d0e0fc3a45bba05e7fd5cd2f8dfa [CANDIDATE]: Term 3 election: Election decided. Result: candidate won. Election summary: received 2 responses out of 3 voters: 2 yes votes; 0 no votes. yes voters: 8f03c80eb5c149438f9c7b6d168af126, 8f22d0e0fc3a45bba05e7fd5cd2f8dfa; no voters: 
I20260710 11:08:09.869511 23466 raft_consensus.cc:2804] T 6c03569127574ba788ef8c1a863ac5eb P 8f22d0e0fc3a45bba05e7fd5cd2f8dfa [term 3 FOLLOWER]: Leader election won for term 3
I20260710 11:08:09.870105 23466 raft_consensus.cc:697] T 6c03569127574ba788ef8c1a863ac5eb P 8f22d0e0fc3a45bba05e7fd5cd2f8dfa [term 3 LEADER]: Becoming Leader. State: Replica: 8f22d0e0fc3a45bba05e7fd5cd2f8dfa, State: Running, Role: LEADER
I20260710 11:08:09.871527 23466 consensus_queue.cc:237] T 6c03569127574ba788ef8c1a863ac5eb P 8f22d0e0fc3a45bba05e7fd5cd2f8dfa [LEADER]: Queue going to LEADER mode. State: All replicated index: 0, Majority replicated index: 2, Committed index: 2, Last appended: 2.2, Last appended by leader: 2, Current term: 3, Majority size: 2, State: 0, Mode: LEADER, active raft config: opid_index: -1 OBSOLETE_local: false peers { permanent_uuid: "5af73ced3ee045e79c7dbc484e209dbd" member_type: VOTER last_known_addr { host: "127.22.7.1" port: 37591 } } peers { permanent_uuid: "8f03c80eb5c149438f9c7b6d168af126" member_type: VOTER last_known_addr { host: "127.22.7.2" port: 34647 } } peers { permanent_uuid: "8f22d0e0fc3a45bba05e7fd5cd2f8dfa" member_type: VOTER last_known_addr { host: "127.22.7.3" port: 35175 } }
I20260710 11:08:09.878749 23072 catalog_manager.cc:5697] T 6c03569127574ba788ef8c1a863ac5eb P 8f22d0e0fc3a45bba05e7fd5cd2f8dfa reported cstate change: term changed from 2 to 3, leader changed from 5af73ced3ee045e79c7dbc484e209dbd (127.22.7.1) to 8f22d0e0fc3a45bba05e7fd5cd2f8dfa (127.22.7.3). New cstate: current_term: 3 leader_uuid: "8f22d0e0fc3a45bba05e7fd5cd2f8dfa" committed_config { opid_index: -1 OBSOLETE_local: false peers { permanent_uuid: "5af73ced3ee045e79c7dbc484e209dbd" member_type: VOTER last_known_addr { host: "127.22.7.1" port: 37591 } health_report { overall_health: UNKNOWN } } peers { permanent_uuid: "8f03c80eb5c149438f9c7b6d168af126" member_type: VOTER last_known_addr { host: "127.22.7.2" port: 34647 } health_report { overall_health: UNKNOWN } } peers { permanent_uuid: "8f22d0e0fc3a45bba05e7fd5cd2f8dfa" member_type: VOTER last_known_addr { host: "127.22.7.3" port: 35175 } health_report { overall_health: HEALTHY } } }
I20260710 11:08:10.091998 23324 raft_consensus.cc:1275] T 23bb1897028a42c584e84cee6fd269d4 P 8f22d0e0fc3a45bba05e7fd5cd2f8dfa [term 2 FOLLOWER]: Refusing update from remote peer 8f03c80eb5c149438f9c7b6d168af126: Log matching property violated. Preceding OpId in replica: term: 1 index: 1. Preceding OpId from leader: term: 2 index: 2. (index mismatch)
I20260710 11:08:10.093343 23479 consensus_queue.cc:1048] T 23bb1897028a42c584e84cee6fd269d4 P 8f03c80eb5c149438f9c7b6d168af126 [LEADER]: Connected to new peer: Peer: permanent_uuid: "8f22d0e0fc3a45bba05e7fd5cd2f8dfa" member_type: VOTER last_known_addr { host: "127.22.7.3" port: 35175 }, Status: LMP_MISMATCH, Last received: 0.0, Next index: 2, Last known committed idx: 1, Time since last communication: 0.000s
I20260710 11:08:10.104883 23175 raft_consensus.cc:1275] T 23bb1897028a42c584e84cee6fd269d4 P 5af73ced3ee045e79c7dbc484e209dbd [term 2 FOLLOWER]: Refusing update from remote peer 8f03c80eb5c149438f9c7b6d168af126: Log matching property violated. Preceding OpId in replica: term: 1 index: 1. Preceding OpId from leader: term: 2 index: 2. (index mismatch)
I20260710 11:08:10.107874 23514 consensus_queue.cc:1048] T 23bb1897028a42c584e84cee6fd269d4 P 8f03c80eb5c149438f9c7b6d168af126 [LEADER]: Connected to new peer: Peer: permanent_uuid: "5af73ced3ee045e79c7dbc484e209dbd" member_type: VOTER last_known_addr { host: "127.22.7.1" port: 37591 }, Status: LMP_MISMATCH, Last received: 0.0, Next index: 2, Last known committed idx: 1, Time since last communication: 0.001s
I20260710 11:08:10.245005 23324 raft_consensus.cc:1275] T 9236ab4f35a4425fa594e3da9b400aa1 P 8f22d0e0fc3a45bba05e7fd5cd2f8dfa [term 5 FOLLOWER]: Refusing update from remote peer 8f03c80eb5c149438f9c7b6d168af126: Log matching property violated. Preceding OpId in replica: term: 4 index: 4. Preceding OpId from leader: term: 5 index: 5. (index mismatch)
I20260710 11:08:10.246479 23514 consensus_queue.cc:1048] T 9236ab4f35a4425fa594e3da9b400aa1 P 8f03c80eb5c149438f9c7b6d168af126 [LEADER]: Connected to new peer: Peer: permanent_uuid: "8f22d0e0fc3a45bba05e7fd5cd2f8dfa" member_type: VOTER last_known_addr { host: "127.22.7.3" port: 35175 }, Status: LMP_MISMATCH, Last received: 0.0, Next index: 5, Last known committed idx: 4, Time since last communication: 0.000s
I20260710 11:08:10.257025 23175 raft_consensus.cc:1275] T 9236ab4f35a4425fa594e3da9b400aa1 P 5af73ced3ee045e79c7dbc484e209dbd [term 5 FOLLOWER]: Refusing update from remote peer 8f03c80eb5c149438f9c7b6d168af126: Log matching property violated. Preceding OpId in replica: term: 4 index: 4. Preceding OpId from leader: term: 5 index: 5. (index mismatch)
I20260710 11:08:10.258424 23479 consensus_queue.cc:1048] T 9236ab4f35a4425fa594e3da9b400aa1 P 8f03c80eb5c149438f9c7b6d168af126 [LEADER]: Connected to new peer: Peer: permanent_uuid: "5af73ced3ee045e79c7dbc484e209dbd" member_type: VOTER last_known_addr { host: "127.22.7.1" port: 37591 }, Status: LMP_MISMATCH, Last received: 0.0, Next index: 5, Last known committed idx: 4, Time since last communication: 0.001s
I20260710 11:08:10.299989 23175 raft_consensus.cc:1275] T bcbf75d7edf048d1998c739ac28ffa75 P 5af73ced3ee045e79c7dbc484e209dbd [term 4 FOLLOWER]: Refusing update from remote peer 8f22d0e0fc3a45bba05e7fd5cd2f8dfa: Log matching property violated. Preceding OpId in replica: term: 3 index: 3. Preceding OpId from leader: term: 4 index: 4. (index mismatch)
I20260710 11:08:10.301337 23466 consensus_queue.cc:1048] T bcbf75d7edf048d1998c739ac28ffa75 P 8f22d0e0fc3a45bba05e7fd5cd2f8dfa [LEADER]: Connected to new peer: Peer: permanent_uuid: "5af73ced3ee045e79c7dbc484e209dbd" member_type: VOTER last_known_addr { host: "127.22.7.1" port: 37591 }, Status: LMP_MISMATCH, Last received: 0.0, Next index: 4, Last known committed idx: 3, Time since last communication: 0.000s
I20260710 11:08:10.311615 23249 raft_consensus.cc:1275] T bcbf75d7edf048d1998c739ac28ffa75 P 8f03c80eb5c149438f9c7b6d168af126 [term 4 FOLLOWER]: Refusing update from remote peer 8f22d0e0fc3a45bba05e7fd5cd2f8dfa: Log matching property violated. Preceding OpId in replica: term: 3 index: 3. Preceding OpId from leader: term: 4 index: 4. (index mismatch)
I20260710 11:08:10.313067 23533 consensus_queue.cc:1048] T bcbf75d7edf048d1998c739ac28ffa75 P 8f22d0e0fc3a45bba05e7fd5cd2f8dfa [LEADER]: Connected to new peer: Peer: permanent_uuid: "8f03c80eb5c149438f9c7b6d168af126" member_type: VOTER last_known_addr { host: "127.22.7.2" port: 34647 }, Status: LMP_MISMATCH, Last received: 0.0, Next index: 4, Last known committed idx: 3, Time since last communication: 0.001s
I20260710 11:08:10.348053 23249 raft_consensus.cc:1275] T 6c03569127574ba788ef8c1a863ac5eb P 8f03c80eb5c149438f9c7b6d168af126 [term 3 FOLLOWER]: Refusing update from remote peer 8f22d0e0fc3a45bba05e7fd5cd2f8dfa: Log matching property violated. Preceding OpId in replica: term: 2 index: 2. Preceding OpId from leader: term: 3 index: 3. (index mismatch)
I20260710 11:08:10.349511 23521 consensus_queue.cc:1048] T 6c03569127574ba788ef8c1a863ac5eb P 8f22d0e0fc3a45bba05e7fd5cd2f8dfa [LEADER]: Connected to new peer: Peer: permanent_uuid: "8f03c80eb5c149438f9c7b6d168af126" member_type: VOTER last_known_addr { host: "127.22.7.2" port: 34647 }, Status: LMP_MISMATCH, Last received: 0.0, Next index: 3, Last known committed idx: 2, Time since last communication: 0.000s
I20260710 11:08:10.361119 23175 raft_consensus.cc:1275] T 6c03569127574ba788ef8c1a863ac5eb P 5af73ced3ee045e79c7dbc484e209dbd [term 3 FOLLOWER]: Refusing update from remote peer 8f22d0e0fc3a45bba05e7fd5cd2f8dfa: Log matching property violated. Preceding OpId in replica: term: 2 index: 2. Preceding OpId from leader: term: 3 index: 3. (index mismatch)
I20260710 11:08:10.362967 23533 consensus_queue.cc:1048] T 6c03569127574ba788ef8c1a863ac5eb P 8f22d0e0fc3a45bba05e7fd5cd2f8dfa [LEADER]: Connected to new peer: Peer: permanent_uuid: "5af73ced3ee045e79c7dbc484e209dbd" member_type: VOTER last_known_addr { host: "127.22.7.1" port: 37591 }, Status: LMP_MISMATCH, Last received: 0.0, Next index: 3, Last known committed idx: 2, Time since last communication: 0.000s
I20260710 11:08:10.411294 22556 auto_leader_rebalancer.cc:141] leader rebalance for table test-workload
I20260710 11:08:10.418249 22556 tablet_server.cc:179] TabletServer@127.22.7.1:0 shutting down...
I20260710 11:08:10.452963 22556 ts_tablet_manager.cc:1507] Shutting down tablet manager...
I20260710 11:08:10.453841 22556 tablet_replica.cc:333] T 1fef5eb05c65432aa266819f40a226c9 P 5af73ced3ee045e79c7dbc484e209dbd: stopping tablet replica
I20260710 11:08:10.454905 22556 raft_consensus.cc:2243] T 1fef5eb05c65432aa266819f40a226c9 P 5af73ced3ee045e79c7dbc484e209dbd [term 1 FOLLOWER]: Raft consensus shutting down.
I20260710 11:08:10.455387 22556 raft_consensus.cc:2272] T 1fef5eb05c65432aa266819f40a226c9 P 5af73ced3ee045e79c7dbc484e209dbd [term 1 FOLLOWER]: Raft consensus is shut down!
I20260710 11:08:10.457690 22556 tablet_replica.cc:333] T bb29addb2091448ea3f301a3eb24c299 P 5af73ced3ee045e79c7dbc484e209dbd: stopping tablet replica
I20260710 11:08:10.458276 22556 raft_consensus.cc:2243] T bb29addb2091448ea3f301a3eb24c299 P 5af73ced3ee045e79c7dbc484e209dbd [term 2 LEADER]: Raft consensus shutting down.
I20260710 11:08:10.459076 22556 raft_consensus.cc:2272] T bb29addb2091448ea3f301a3eb24c299 P 5af73ced3ee045e79c7dbc484e209dbd [term 2 FOLLOWER]: Raft consensus is shut down!
I20260710 11:08:10.460876 22556 tablet_replica.cc:333] T 9236ab4f35a4425fa594e3da9b400aa1 P 5af73ced3ee045e79c7dbc484e209dbd: stopping tablet replica
I20260710 11:08:10.461666 22556 raft_consensus.cc:2243] T 9236ab4f35a4425fa594e3da9b400aa1 P 5af73ced3ee045e79c7dbc484e209dbd [term 5 FOLLOWER]: Raft consensus shutting down.
I20260710 11:08:10.462118 22556 raft_consensus.cc:2272] T 9236ab4f35a4425fa594e3da9b400aa1 P 5af73ced3ee045e79c7dbc484e209dbd [term 5 FOLLOWER]: Raft consensus is shut down!
I20260710 11:08:10.464834 22556 tablet_replica.cc:333] T ce11bb2ccafb48438ab58b6b267dd5fa P 5af73ced3ee045e79c7dbc484e209dbd: stopping tablet replica
I20260710 11:08:10.465570 22556 raft_consensus.cc:2243] T ce11bb2ccafb48438ab58b6b267dd5fa P 5af73ced3ee045e79c7dbc484e209dbd [term 2 FOLLOWER]: Raft consensus shutting down.
I20260710 11:08:10.466092 22556 raft_consensus.cc:2272] T ce11bb2ccafb48438ab58b6b267dd5fa P 5af73ced3ee045e79c7dbc484e209dbd [term 2 FOLLOWER]: Raft consensus is shut down!
I20260710 11:08:10.467960 22556 tablet_replica.cc:333] T 6c03569127574ba788ef8c1a863ac5eb P 5af73ced3ee045e79c7dbc484e209dbd: stopping tablet replica
I20260710 11:08:10.468458 22556 raft_consensus.cc:2243] T 6c03569127574ba788ef8c1a863ac5eb P 5af73ced3ee045e79c7dbc484e209dbd [term 3 FOLLOWER]: Raft consensus shutting down.
I20260710 11:08:10.468845 22556 raft_consensus.cc:2272] T 6c03569127574ba788ef8c1a863ac5eb P 5af73ced3ee045e79c7dbc484e209dbd [term 3 FOLLOWER]: Raft consensus is shut down!
I20260710 11:08:10.471167 22556 tablet_replica.cc:333] T 23bb1897028a42c584e84cee6fd269d4 P 5af73ced3ee045e79c7dbc484e209dbd: stopping tablet replica
I20260710 11:08:10.471719 22556 raft_consensus.cc:2243] T 23bb1897028a42c584e84cee6fd269d4 P 5af73ced3ee045e79c7dbc484e209dbd [term 2 FOLLOWER]: Raft consensus shutting down.
I20260710 11:08:10.472117 22556 raft_consensus.cc:2272] T 23bb1897028a42c584e84cee6fd269d4 P 5af73ced3ee045e79c7dbc484e209dbd [term 2 FOLLOWER]: Raft consensus is shut down!
I20260710 11:08:10.474705 22556 tablet_replica.cc:333] T 3be25a0ad39f49c29146f1a15ec89709 P 5af73ced3ee045e79c7dbc484e209dbd: stopping tablet replica
I20260710 11:08:10.475356 22556 raft_consensus.cc:2243] T 3be25a0ad39f49c29146f1a15ec89709 P 5af73ced3ee045e79c7dbc484e209dbd [term 1 LEADER]: Raft consensus shutting down.
I20260710 11:08:10.476217 22556 raft_consensus.cc:2272] T 3be25a0ad39f49c29146f1a15ec89709 P 5af73ced3ee045e79c7dbc484e209dbd [term 1 FOLLOWER]: Raft consensus is shut down!
I20260710 11:08:10.478271 22556 tablet_replica.cc:333] T 21e803e5b83a41f69c1291cf2aae71cb P 5af73ced3ee045e79c7dbc484e209dbd: stopping tablet replica
I20260710 11:08:10.478770 22556 raft_consensus.cc:2243] T 21e803e5b83a41f69c1291cf2aae71cb P 5af73ced3ee045e79c7dbc484e209dbd [term 3 LEADER]: Raft consensus shutting down.
I20260710 11:08:10.479458 22556 raft_consensus.cc:2272] T 21e803e5b83a41f69c1291cf2aae71cb P 5af73ced3ee045e79c7dbc484e209dbd [term 3 FOLLOWER]: Raft consensus is shut down!
