I20260710 11:00:07.454437  2122 consensus_queue.cc:260] T e877a981a7a84bbaa3d793b07875f816 P 3d2f9c1ddec542f6b29a00dabc08caad [NON_LEADER]: Queue going to NON_LEADER mode. State: All replicated index: 0, Majority replicated index: 0, Committed index: 0, Last appended: 0.0, Last appended by leader: 0, Current term: 0, Majority size: -1, State: 0, Mode: NON_LEADER, active raft config: opid_index: -1 OBSOLETE_local: false peers { permanent_uuid: "003849bdbbcc42b6b5baea6c5103f39a" member_type: VOTER last_known_addr { host: "127.0.208.1" port: 43791 } } peers { permanent_uuid: "dcd4cb18ad4146b68cbf168bad4683eb" member_type: VOTER last_known_addr { host: "127.0.208.2" port: 43865 } } peers { permanent_uuid: "3d2f9c1ddec542f6b29a00dabc08caad" member_type: VOTER last_known_addr { host: "127.0.208.3" port: 39185 } }
I20260710 11:00:07.444000  2124 raft_consensus.cc:385] T cb94eef97d3449caab6309103213e0b4 P dcd4cb18ad4146b68cbf168bad4683eb [term 0 FOLLOWER]: Consensus starting up: Expiring failure detector timer to make a prompt election more likely
I20260710 11:00:07.451958  1989 data_dirs.cc:400] Could only allocate 1 dirs of requested 3 for tablet 9c6166cc03de46e2bf58deb558387684. 1 dirs total, 0 dirs full, 0 dirs failed
I20260710 11:00:07.458035  1997 data_dirs.cc:400] Could only allocate 1 dirs of requested 3 for tablet e1ab53e93f67489480f15f918040c97b. 1 dirs total, 0 dirs full, 0 dirs failed
I20260710 11:00:07.458786  1998 data_dirs.cc:400] Could only allocate 1 dirs of requested 3 for tablet 57b5a0c3232d40f99605dbab1d61f895. 1 dirs total, 0 dirs full, 0 dirs failed
I20260710 11:00:07.459523  2124 raft_consensus.cc:740] T cb94eef97d3449caab6309103213e0b4 P dcd4cb18ad4146b68cbf168bad4683eb [term 0 FOLLOWER]: Becoming Follower/Learner. State: Replica: dcd4cb18ad4146b68cbf168bad4683eb, State: Initialized, Role: FOLLOWER
I20260710 11:00:07.460938  1990 data_dirs.cc:400] Could only allocate 1 dirs of requested 3 for tablet 2bea9c238ad5490a923020484dfe7f38. 1 dirs total, 0 dirs full, 0 dirs failed
I20260710 11:00:07.461660  1992 data_dirs.cc:400] Could only allocate 1 dirs of requested 3 for tablet ce5855769ca545fa9aeba5a53573536c. 1 dirs total, 0 dirs full, 0 dirs failed
I20260710 11:00:07.462875  2124 consensus_queue.cc:260] T cb94eef97d3449caab6309103213e0b4 P dcd4cb18ad4146b68cbf168bad4683eb [NON_LEADER]: Queue going to NON_LEADER mode. State: All replicated index: 0, Majority replicated index: 0, Committed index: 0, Last appended: 0.0, Last appended by leader: 0, Current term: 0, Majority size: -1, State: 0, Mode: NON_LEADER, active raft config: opid_index: -1 OBSOLETE_local: false peers { permanent_uuid: "003849bdbbcc42b6b5baea6c5103f39a" member_type: VOTER last_known_addr { host: "127.0.208.1" port: 43791 } } peers { permanent_uuid: "dcd4cb18ad4146b68cbf168bad4683eb" member_type: VOTER last_known_addr { host: "127.0.208.2" port: 43865 } } peers { permanent_uuid: "3d2f9c1ddec542f6b29a00dabc08caad" member_type: VOTER last_known_addr { host: "127.0.208.3" port: 39185 } }
I20260710 11:00:07.471751  2123 tablet_bootstrap.cc:492] T a3802a6b894f4639ae0c470ee1752901 P 003849bdbbcc42b6b5baea6c5103f39a: No bootstrap required, opened a new log
I20260710 11:00:07.472249  2123 ts_tablet_manager.cc:1403] T a3802a6b894f4639ae0c470ee1752901 P 003849bdbbcc42b6b5baea6c5103f39a: Time spent bootstrapping tablet: real 0.111s	user 0.005s	sys 0.007s
I20260710 11:00:07.475096  2123 raft_consensus.cc:359] T a3802a6b894f4639ae0c470ee1752901 P 003849bdbbcc42b6b5baea6c5103f39a [term 0 FOLLOWER]: Replica starting. Triggering 0 pending ops. Active config: opid_index: -1 OBSOLETE_local: false peers { permanent_uuid: "3d2f9c1ddec542f6b29a00dabc08caad" member_type: VOTER last_known_addr { host: "127.0.208.3" port: 39185 } } peers { permanent_uuid: "003849bdbbcc42b6b5baea6c5103f39a" member_type: VOTER last_known_addr { host: "127.0.208.1" port: 43791 } } peers { permanent_uuid: "dcd4cb18ad4146b68cbf168bad4683eb" member_type: VOTER last_known_addr { host: "127.0.208.2" port: 43865 } }
I20260710 11:00:07.476126  2123 raft_consensus.cc:385] T a3802a6b894f4639ae0c470ee1752901 P 003849bdbbcc42b6b5baea6c5103f39a [term 0 FOLLOWER]: Consensus starting up: Expiring failure detector timer to make a prompt election more likely
I20260710 11:00:07.480350  2124 ts_tablet_manager.cc:1434] T cb94eef97d3449caab6309103213e0b4 P dcd4cb18ad4146b68cbf168bad4683eb: Time spent starting tablet: real 0.050s	user 0.008s	sys 0.004s
I20260710 11:00:07.481643  2033 heartbeater.cc:499] Master 127.0.208.62:35049 was elected leader, sending a full tablet report...
I20260710 11:00:07.489329  2124 tablet_bootstrap.cc:492] T a3802a6b894f4639ae0c470ee1752901 P dcd4cb18ad4146b68cbf168bad4683eb: Bootstrap starting.
I20260710 11:00:07.476521  2123 raft_consensus.cc:740] T a3802a6b894f4639ae0c470ee1752901 P 003849bdbbcc42b6b5baea6c5103f39a [term 0 FOLLOWER]: Becoming Follower/Learner. State: Replica: 003849bdbbcc42b6b5baea6c5103f39a, State: Initialized, Role: FOLLOWER
I20260710 11:00:07.517078  2107 heartbeater.cc:499] Master 127.0.208.62:35049 was elected leader, sending a full tablet report...
I20260710 11:00:07.518088  2122 ts_tablet_manager.cc:1434] T e877a981a7a84bbaa3d793b07875f816 P 3d2f9c1ddec542f6b29a00dabc08caad: Time spent starting tablet: real 0.129s	user 0.005s	sys 0.009s
I20260710 11:00:07.519940  2122 tablet_bootstrap.cc:492] T f1d4ecd674834346b19ea542d0b24a50 P 3d2f9c1ddec542f6b29a00dabc08caad: Bootstrap starting.
I20260710 11:00:07.528930  2122 tablet_bootstrap.cc:654] T f1d4ecd674834346b19ea542d0b24a50 P 3d2f9c1ddec542f6b29a00dabc08caad: Neither blocks nor log segments found. Creating new log.
I20260710 11:00:07.535844  2123 consensus_queue.cc:260] T a3802a6b894f4639ae0c470ee1752901 P 003849bdbbcc42b6b5baea6c5103f39a [NON_LEADER]: Queue going to NON_LEADER mode. State: All replicated index: 0, Majority replicated index: 0, Committed index: 0, Last appended: 0.0, Last appended by leader: 0, Current term: 0, Majority size: -1, State: 0, Mode: NON_LEADER, active raft config: opid_index: -1 OBSOLETE_local: false peers { permanent_uuid: "3d2f9c1ddec542f6b29a00dabc08caad" member_type: VOTER last_known_addr { host: "127.0.208.3" port: 39185 } } peers { permanent_uuid: "003849bdbbcc42b6b5baea6c5103f39a" member_type: VOTER last_known_addr { host: "127.0.208.1" port: 43791 } } peers { permanent_uuid: "dcd4cb18ad4146b68cbf168bad4683eb" member_type: VOTER last_known_addr { host: "127.0.208.2" port: 43865 } }
I20260710 11:00:07.540321  1958 heartbeater.cc:499] Master 127.0.208.62:35049 was elected leader, sending a full tablet report...
I20260710 11:00:07.540500  2124 tablet_bootstrap.cc:654] T a3802a6b894f4639ae0c470ee1752901 P dcd4cb18ad4146b68cbf168bad4683eb: Neither blocks nor log segments found. Creating new log.
I20260710 11:00:07.544076  2123 ts_tablet_manager.cc:1434] T a3802a6b894f4639ae0c470ee1752901 P 003849bdbbcc42b6b5baea6c5103f39a: Time spent starting tablet: real 0.072s	user 0.007s	sys 0.002s
I20260710 11:00:07.548323  2122 tablet_bootstrap.cc:492] T f1d4ecd674834346b19ea542d0b24a50 P 3d2f9c1ddec542f6b29a00dabc08caad: No bootstrap required, opened a new log
I20260710 11:00:07.548904  2122 ts_tablet_manager.cc:1403] T f1d4ecd674834346b19ea542d0b24a50 P 3d2f9c1ddec542f6b29a00dabc08caad: Time spent bootstrapping tablet: real 0.029s	user 0.011s	sys 0.007s
I20260710 11:00:07.545419  2123 tablet_bootstrap.cc:492] T f1d4ecd674834346b19ea542d0b24a50 P 003849bdbbcc42b6b5baea6c5103f39a: Bootstrap starting.
I20260710 11:00:07.551980  2122 raft_consensus.cc:359] T f1d4ecd674834346b19ea542d0b24a50 P 3d2f9c1ddec542f6b29a00dabc08caad [term 0 FOLLOWER]: Replica starting. Triggering 0 pending ops. Active config: opid_index: -1 OBSOLETE_local: false peers { permanent_uuid: "003849bdbbcc42b6b5baea6c5103f39a" member_type: VOTER last_known_addr { host: "127.0.208.1" port: 43791 } } peers { permanent_uuid: "dcd4cb18ad4146b68cbf168bad4683eb" member_type: VOTER last_known_addr { host: "127.0.208.2" port: 43865 } } peers { permanent_uuid: "3d2f9c1ddec542f6b29a00dabc08caad" member_type: VOTER last_known_addr { host: "127.0.208.3" port: 39185 } }
I20260710 11:00:07.552778  2122 raft_consensus.cc:385] T f1d4ecd674834346b19ea542d0b24a50 P 3d2f9c1ddec542f6b29a00dabc08caad [term 0 FOLLOWER]: Consensus starting up: Expiring failure detector timer to make a prompt election more likely
I20260710 11:00:07.553100  2122 raft_consensus.cc:740] T f1d4ecd674834346b19ea542d0b24a50 P 3d2f9c1ddec542f6b29a00dabc08caad [term 0 FOLLOWER]: Becoming Follower/Learner. State: Replica: 3d2f9c1ddec542f6b29a00dabc08caad, State: Initialized, Role: FOLLOWER
I20260710 11:00:07.553936  2122 consensus_queue.cc:260] T f1d4ecd674834346b19ea542d0b24a50 P 3d2f9c1ddec542f6b29a00dabc08caad [NON_LEADER]: Queue going to NON_LEADER mode. State: All replicated index: 0, Majority replicated index: 0, Committed index: 0, Last appended: 0.0, Last appended by leader: 0, Current term: 0, Majority size: -1, State: 0, Mode: NON_LEADER, active raft config: opid_index: -1 OBSOLETE_local: false peers { permanent_uuid: "003849bdbbcc42b6b5baea6c5103f39a" member_type: VOTER last_known_addr { host: "127.0.208.1" port: 43791 } } peers { permanent_uuid: "dcd4cb18ad4146b68cbf168bad4683eb" member_type: VOTER last_known_addr { host: "127.0.208.2" port: 43865 } } peers { permanent_uuid: "3d2f9c1ddec542f6b29a00dabc08caad" member_type: VOTER last_known_addr { host: "127.0.208.3" port: 39185 } }
I20260710 11:00:07.556269  2122 ts_tablet_manager.cc:1434] T f1d4ecd674834346b19ea542d0b24a50 P 3d2f9c1ddec542f6b29a00dabc08caad: Time spent starting tablet: real 0.007s	user 0.008s	sys 0.000s
I20260710 11:00:07.557269  2122 tablet_bootstrap.cc:492] T 6b5be5e14959472ab9e5c56049c7b5df P 3d2f9c1ddec542f6b29a00dabc08caad: Bootstrap starting.
I20260710 11:00:07.558568  2124 tablet_bootstrap.cc:492] T a3802a6b894f4639ae0c470ee1752901 P dcd4cb18ad4146b68cbf168bad4683eb: No bootstrap required, opened a new log
I20260710 11:00:07.559082  2124 ts_tablet_manager.cc:1403] T a3802a6b894f4639ae0c470ee1752901 P dcd4cb18ad4146b68cbf168bad4683eb: Time spent bootstrapping tablet: real 0.070s	user 0.011s	sys 0.002s
I20260710 11:00:07.562068  2124 raft_consensus.cc:359] T a3802a6b894f4639ae0c470ee1752901 P dcd4cb18ad4146b68cbf168bad4683eb [term 0 FOLLOWER]: Replica starting. Triggering 0 pending ops. Active config: opid_index: -1 OBSOLETE_local: false peers { permanent_uuid: "3d2f9c1ddec542f6b29a00dabc08caad" member_type: VOTER last_known_addr { host: "127.0.208.3" port: 39185 } } peers { permanent_uuid: "003849bdbbcc42b6b5baea6c5103f39a" member_type: VOTER last_known_addr { host: "127.0.208.1" port: 43791 } } peers { permanent_uuid: "dcd4cb18ad4146b68cbf168bad4683eb" member_type: VOTER last_known_addr { host: "127.0.208.2" port: 43865 } }
I20260710 11:00:07.562779  2124 raft_consensus.cc:385] T a3802a6b894f4639ae0c470ee1752901 P dcd4cb18ad4146b68cbf168bad4683eb [term 0 FOLLOWER]: Consensus starting up: Expiring failure detector timer to make a prompt election more likely
I20260710 11:00:07.563068  2124 raft_consensus.cc:740] T a3802a6b894f4639ae0c470ee1752901 P dcd4cb18ad4146b68cbf168bad4683eb [term 0 FOLLOWER]: Becoming Follower/Learner. State: Replica: dcd4cb18ad4146b68cbf168bad4683eb, State: Initialized, Role: FOLLOWER
I20260710 11:00:07.563817  2122 tablet_bootstrap.cc:654] T 6b5be5e14959472ab9e5c56049c7b5df P 3d2f9c1ddec542f6b29a00dabc08caad: Neither blocks nor log segments found. Creating new log.
I20260710 11:00:07.564515  2123 tablet_bootstrap.cc:654] T f1d4ecd674834346b19ea542d0b24a50 P 003849bdbbcc42b6b5baea6c5103f39a: Neither blocks nor log segments found. Creating new log.
I20260710 11:00:07.566720  2124 consensus_queue.cc:260] T a3802a6b894f4639ae0c470ee1752901 P dcd4cb18ad4146b68cbf168bad4683eb [NON_LEADER]: Queue going to NON_LEADER mode. State: All replicated index: 0, Majority replicated index: 0, Committed index: 0, Last appended: 0.0, Last appended by leader: 0, Current term: 0, Majority size: -1, State: 0, Mode: NON_LEADER, active raft config: opid_index: -1 OBSOLETE_local: false peers { permanent_uuid: "3d2f9c1ddec542f6b29a00dabc08caad" member_type: VOTER last_known_addr { host: "127.0.208.3" port: 39185 } } peers { permanent_uuid: "003849bdbbcc42b6b5baea6c5103f39a" member_type: VOTER last_known_addr { host: "127.0.208.1" port: 43791 } } peers { permanent_uuid: "dcd4cb18ad4146b68cbf168bad4683eb" member_type: VOTER last_known_addr { host: "127.0.208.2" port: 43865 } }
I20260710 11:00:07.571520  2124 ts_tablet_manager.cc:1434] T a3802a6b894f4639ae0c470ee1752901 P dcd4cb18ad4146b68cbf168bad4683eb: Time spent starting tablet: real 0.012s	user 0.007s	sys 0.000s
I20260710 11:00:07.572731  2124 tablet_bootstrap.cc:492] T 57525aed677b41349c552fed36757502 P dcd4cb18ad4146b68cbf168bad4683eb: Bootstrap starting.
I20260710 11:00:07.578202  2123 tablet_bootstrap.cc:492] T f1d4ecd674834346b19ea542d0b24a50 P 003849bdbbcc42b6b5baea6c5103f39a: No bootstrap required, opened a new log
I20260710 11:00:07.578840  2123 ts_tablet_manager.cc:1403] T f1d4ecd674834346b19ea542d0b24a50 P 003849bdbbcc42b6b5baea6c5103f39a: Time spent bootstrapping tablet: real 0.034s	user 0.011s	sys 0.000s
I20260710 11:00:07.582702  2123 raft_consensus.cc:359] T f1d4ecd674834346b19ea542d0b24a50 P 003849bdbbcc42b6b5baea6c5103f39a [term 0 FOLLOWER]: Replica starting. Triggering 0 pending ops. Active config: opid_index: -1 OBSOLETE_local: false peers { permanent_uuid: "003849bdbbcc42b6b5baea6c5103f39a" member_type: VOTER last_known_addr { host: "127.0.208.1" port: 43791 } } peers { permanent_uuid: "dcd4cb18ad4146b68cbf168bad4683eb" member_type: VOTER last_known_addr { host: "127.0.208.2" port: 43865 } } peers { permanent_uuid: "3d2f9c1ddec542f6b29a00dabc08caad" member_type: VOTER last_known_addr { host: "127.0.208.3" port: 39185 } }
I20260710 11:00:07.591667  2122 tablet_bootstrap.cc:492] T 6b5be5e14959472ab9e5c56049c7b5df P 3d2f9c1ddec542f6b29a00dabc08caad: No bootstrap required, opened a new log
I20260710 11:00:07.592141  2122 ts_tablet_manager.cc:1403] T 6b5be5e14959472ab9e5c56049c7b5df P 3d2f9c1ddec542f6b29a00dabc08caad: Time spent bootstrapping tablet: real 0.035s	user 0.021s	sys 0.013s
I20260710 11:00:07.588712  2123 raft_consensus.cc:385] T f1d4ecd674834346b19ea542d0b24a50 P 003849bdbbcc42b6b5baea6c5103f39a [term 0 FOLLOWER]: Consensus starting up: Expiring failure detector timer to make a prompt election more likely
I20260710 11:00:07.592716  2123 raft_consensus.cc:740] T f1d4ecd674834346b19ea542d0b24a50 P 003849bdbbcc42b6b5baea6c5103f39a [term 0 FOLLOWER]: Becoming Follower/Learner. State: Replica: 003849bdbbcc42b6b5baea6c5103f39a, State: Initialized, Role: FOLLOWER
I20260710 11:00:07.593551  2123 consensus_queue.cc:260] T f1d4ecd674834346b19ea542d0b24a50 P 003849bdbbcc42b6b5baea6c5103f39a [NON_LEADER]: Queue going to NON_LEADER mode. State: All replicated index: 0, Majority replicated index: 0, Committed index: 0, Last appended: 0.0, Last appended by leader: 0, Current term: 0, Majority size: -1, State: 0, Mode: NON_LEADER, active raft config: opid_index: -1 OBSOLETE_local: false peers { permanent_uuid: "003849bdbbcc42b6b5baea6c5103f39a" member_type: VOTER last_known_addr { host: "127.0.208.1" port: 43791 } } peers { permanent_uuid: "dcd4cb18ad4146b68cbf168bad4683eb" member_type: VOTER last_known_addr { host: "127.0.208.2" port: 43865 } } peers { permanent_uuid: "3d2f9c1ddec542f6b29a00dabc08caad" member_type: VOTER last_known_addr { host: "127.0.208.3" port: 39185 } }
I20260710 11:00:07.594879  2124 tablet_bootstrap.cc:654] T 57525aed677b41349c552fed36757502 P dcd4cb18ad4146b68cbf168bad4683eb: Neither blocks nor log segments found. Creating new log.
I20260710 11:00:07.595217  2122 raft_consensus.cc:359] T 6b5be5e14959472ab9e5c56049c7b5df P 3d2f9c1ddec542f6b29a00dabc08caad [term 0 FOLLOWER]: Replica starting. Triggering 0 pending ops. Active config: opid_index: -1 OBSOLETE_local: false peers { permanent_uuid: "003849bdbbcc42b6b5baea6c5103f39a" member_type: VOTER last_known_addr { host: "127.0.208.1" port: 43791 } } peers { permanent_uuid: "dcd4cb18ad4146b68cbf168bad4683eb" member_type: VOTER last_known_addr { host: "127.0.208.2" port: 43865 } } peers { permanent_uuid: "3d2f9c1ddec542f6b29a00dabc08caad" member_type: VOTER last_known_addr { host: "127.0.208.3" port: 39185 } }
I20260710 11:00:07.596125  2122 raft_consensus.cc:385] T 6b5be5e14959472ab9e5c56049c7b5df P 3d2f9c1ddec542f6b29a00dabc08caad [term 0 FOLLOWER]: Consensus starting up: Expiring failure detector timer to make a prompt election more likely
I20260710 11:00:07.596524  2122 raft_consensus.cc:740] T 6b5be5e14959472ab9e5c56049c7b5df P 3d2f9c1ddec542f6b29a00dabc08caad [term 0 FOLLOWER]: Becoming Follower/Learner. State: Replica: 3d2f9c1ddec542f6b29a00dabc08caad, State: Initialized, Role: FOLLOWER
I20260710 11:00:07.597569  2122 consensus_queue.cc:260] T 6b5be5e14959472ab9e5c56049c7b5df P 3d2f9c1ddec542f6b29a00dabc08caad [NON_LEADER]: Queue going to NON_LEADER mode. State: All replicated index: 0, Majority replicated index: 0, Committed index: 0, Last appended: 0.0, Last appended by leader: 0, Current term: 0, Majority size: -1, State: 0, Mode: NON_LEADER, active raft config: opid_index: -1 OBSOLETE_local: false peers { permanent_uuid: "003849bdbbcc42b6b5baea6c5103f39a" member_type: VOTER last_known_addr { host: "127.0.208.1" port: 43791 } } peers { permanent_uuid: "dcd4cb18ad4146b68cbf168bad4683eb" member_type: VOTER last_known_addr { host: "127.0.208.2" port: 43865 } } peers { permanent_uuid: "3d2f9c1ddec542f6b29a00dabc08caad" member_type: VOTER last_known_addr { host: "127.0.208.3" port: 39185 } }
I20260710 11:00:07.599567  2123 ts_tablet_manager.cc:1434] T f1d4ecd674834346b19ea542d0b24a50 P 003849bdbbcc42b6b5baea6c5103f39a: Time spent starting tablet: real 0.020s	user 0.011s	sys 0.000s
I20260710 11:00:07.600575  2122 ts_tablet_manager.cc:1434] T 6b5be5e14959472ab9e5c56049c7b5df P 3d2f9c1ddec542f6b29a00dabc08caad: Time spent starting tablet: real 0.008s	user 0.005s	sys 0.003s
I20260710 11:00:07.600570  2123 tablet_bootstrap.cc:492] T 57525aed677b41349c552fed36757502 P 003849bdbbcc42b6b5baea6c5103f39a: Bootstrap starting.
I20260710 11:00:07.601843  2122 tablet_bootstrap.cc:492] T 72be5fee17a8463cb9dfb8ca9b8e3b4b P 3d2f9c1ddec542f6b29a00dabc08caad: Bootstrap starting.
I20260710 11:00:07.602651  2124 tablet_bootstrap.cc:492] T 57525aed677b41349c552fed36757502 P dcd4cb18ad4146b68cbf168bad4683eb: No bootstrap required, opened a new log
I20260710 11:00:07.606889  2124 ts_tablet_manager.cc:1403] T 57525aed677b41349c552fed36757502 P dcd4cb18ad4146b68cbf168bad4683eb: Time spent bootstrapping tablet: real 0.034s	user 0.011s	sys 0.002s
I20260710 11:00:07.608175  2123 tablet_bootstrap.cc:654] T 57525aed677b41349c552fed36757502 P 003849bdbbcc42b6b5baea6c5103f39a: Neither blocks nor log segments found. Creating new log.
I20260710 11:00:07.609313  2122 tablet_bootstrap.cc:654] T 72be5fee17a8463cb9dfb8ca9b8e3b4b P 3d2f9c1ddec542f6b29a00dabc08caad: Neither blocks nor log segments found. Creating new log.
I20260710 11:00:07.611713  2124 raft_consensus.cc:359] T 57525aed677b41349c552fed36757502 P dcd4cb18ad4146b68cbf168bad4683eb [term 0 FOLLOWER]: Replica starting. Triggering 0 pending ops. Active config: opid_index: -1 OBSOLETE_local: false peers { permanent_uuid: "003849bdbbcc42b6b5baea6c5103f39a" member_type: VOTER last_known_addr { host: "127.0.208.1" port: 43791 } } peers { permanent_uuid: "dcd4cb18ad4146b68cbf168bad4683eb" member_type: VOTER last_known_addr { host: "127.0.208.2" port: 43865 } } peers { permanent_uuid: "3d2f9c1ddec542f6b29a00dabc08caad" member_type: VOTER last_known_addr { host: "127.0.208.3" port: 39185 } }
I20260710 11:00:07.614625  2124 raft_consensus.cc:385] T 57525aed677b41349c552fed36757502 P dcd4cb18ad4146b68cbf168bad4683eb [term 0 FOLLOWER]: Consensus starting up: Expiring failure detector timer to make a prompt election more likely
I20260710 11:00:07.615085  2124 raft_consensus.cc:740] T 57525aed677b41349c552fed36757502 P dcd4cb18ad4146b68cbf168bad4683eb [term 0 FOLLOWER]: Becoming Follower/Learner. State: Replica: dcd4cb18ad4146b68cbf168bad4683eb, State: Initialized, Role: FOLLOWER
I20260710 11:00:07.616040  2124 consensus_queue.cc:260] T 57525aed677b41349c552fed36757502 P dcd4cb18ad4146b68cbf168bad4683eb [NON_LEADER]: Queue going to NON_LEADER mode. State: All replicated index: 0, Majority replicated index: 0, Committed index: 0, Last appended: 0.0, Last appended by leader: 0, Current term: 0, Majority size: -1, State: 0, Mode: NON_LEADER, active raft config: opid_index: -1 OBSOLETE_local: false peers { permanent_uuid: "003849bdbbcc42b6b5baea6c5103f39a" member_type: VOTER last_known_addr { host: "127.0.208.1" port: 43791 } } peers { permanent_uuid: "dcd4cb18ad4146b68cbf168bad4683eb" member_type: VOTER last_known_addr { host: "127.0.208.2" port: 43865 } } peers { permanent_uuid: "3d2f9c1ddec542f6b29a00dabc08caad" member_type: VOTER last_known_addr { host: "127.0.208.3" port: 39185 } }
I20260710 11:00:07.617658  2122 tablet_bootstrap.cc:492] T 72be5fee17a8463cb9dfb8ca9b8e3b4b P 3d2f9c1ddec542f6b29a00dabc08caad: No bootstrap required, opened a new log
I20260710 11:00:07.618085  2122 ts_tablet_manager.cc:1403] T 72be5fee17a8463cb9dfb8ca9b8e3b4b P 3d2f9c1ddec542f6b29a00dabc08caad: Time spent bootstrapping tablet: real 0.016s	user 0.014s	sys 0.000s
I20260710 11:00:07.620870  2122 raft_consensus.cc:359] T 72be5fee17a8463cb9dfb8ca9b8e3b4b P 3d2f9c1ddec542f6b29a00dabc08caad [term 0 FOLLOWER]: Replica starting. Triggering 0 pending ops. Active config: opid_index: -1 OBSOLETE_local: false peers { permanent_uuid: "003849bdbbcc42b6b5baea6c5103f39a" member_type: VOTER last_known_addr { host: "127.0.208.1" port: 43791 } } peers { permanent_uuid: "dcd4cb18ad4146b68cbf168bad4683eb" member_type: VOTER last_known_addr { host: "127.0.208.2" port: 43865 } } peers { permanent_uuid: "3d2f9c1ddec542f6b29a00dabc08caad" member_type: VOTER last_known_addr { host: "127.0.208.3" port: 39185 } }
I20260710 11:00:07.621526  2122 raft_consensus.cc:385] T 72be5fee17a8463cb9dfb8ca9b8e3b4b P 3d2f9c1ddec542f6b29a00dabc08caad [term 0 FOLLOWER]: Consensus starting up: Expiring failure detector timer to make a prompt election more likely
I20260710 11:00:07.621809  2122 raft_consensus.cc:740] T 72be5fee17a8463cb9dfb8ca9b8e3b4b P 3d2f9c1ddec542f6b29a00dabc08caad [term 0 FOLLOWER]: Becoming Follower/Learner. State: Replica: 3d2f9c1ddec542f6b29a00dabc08caad, State: Initialized, Role: FOLLOWER
I20260710 11:00:07.623471  2124 ts_tablet_manager.cc:1434] T 57525aed677b41349c552fed36757502 P dcd4cb18ad4146b68cbf168bad4683eb: Time spent starting tablet: real 0.016s	user 0.007s	sys 0.000s
I20260710 11:00:07.624292  2124 tablet_bootstrap.cc:492] T 979a0251ab424abaa1889a65f1276975 P dcd4cb18ad4146b68cbf168bad4683eb: Bootstrap starting.
I20260710 11:00:07.625011  2123 tablet_bootstrap.cc:492] T 57525aed677b41349c552fed36757502 P 003849bdbbcc42b6b5baea6c5103f39a: No bootstrap required, opened a new log
I20260710 11:00:07.625458  2123 ts_tablet_manager.cc:1403] T 57525aed677b41349c552fed36757502 P 003849bdbbcc42b6b5baea6c5103f39a: Time spent bootstrapping tablet: real 0.025s	user 0.014s	sys 0.008s
I20260710 11:00:07.627671  2122 consensus_queue.cc:260] T 72be5fee17a8463cb9dfb8ca9b8e3b4b P 3d2f9c1ddec542f6b29a00dabc08caad [NON_LEADER]: Queue going to NON_LEADER mode. State: All replicated index: 0, Majority replicated index: 0, Committed index: 0, Last appended: 0.0, Last appended by leader: 0, Current term: 0, Majority size: -1, State: 0, Mode: NON_LEADER, active raft config: opid_index: -1 OBSOLETE_local: false peers { permanent_uuid: "003849bdbbcc42b6b5baea6c5103f39a" member_type: VOTER last_known_addr { host: "127.0.208.1" port: 43791 } } peers { permanent_uuid: "dcd4cb18ad4146b68cbf168bad4683eb" member_type: VOTER last_known_addr { host: "127.0.208.2" port: 43865 } } peers { permanent_uuid: "3d2f9c1ddec542f6b29a00dabc08caad" member_type: VOTER last_known_addr { host: "127.0.208.3" port: 39185 } }
I20260710 11:00:07.629866  2122 ts_tablet_manager.cc:1434] T 72be5fee17a8463cb9dfb8ca9b8e3b4b P 3d2f9c1ddec542f6b29a00dabc08caad: Time spent starting tablet: real 0.012s	user 0.005s	sys 0.001s
I20260710 11:00:07.630726  2122 tablet_bootstrap.cc:492] T 57525aed677b41349c552fed36757502 P 3d2f9c1ddec542f6b29a00dabc08caad: Bootstrap starting.
I20260710 11:00:07.636850  2124 tablet_bootstrap.cc:654] T 979a0251ab424abaa1889a65f1276975 P dcd4cb18ad4146b68cbf168bad4683eb: Neither blocks nor log segments found. Creating new log.
I20260710 11:00:07.637867  2123 raft_consensus.cc:359] T 57525aed677b41349c552fed36757502 P 003849bdbbcc42b6b5baea6c5103f39a [term 0 FOLLOWER]: Replica starting. Triggering 0 pending ops. Active config: opid_index: -1 OBSOLETE_local: false peers { permanent_uuid: "003849bdbbcc42b6b5baea6c5103f39a" member_type: VOTER last_known_addr { host: "127.0.208.1" port: 43791 } } peers { permanent_uuid: "dcd4cb18ad4146b68cbf168bad4683eb" member_type: VOTER last_known_addr { host: "127.0.208.2" port: 43865 } } peers { permanent_uuid: "3d2f9c1ddec542f6b29a00dabc08caad" member_type: VOTER last_known_addr { host: "127.0.208.3" port: 39185 } }
I20260710 11:00:07.638710  2123 raft_consensus.cc:385] T 57525aed677b41349c552fed36757502 P 003849bdbbcc42b6b5baea6c5103f39a [term 0 FOLLOWER]: Consensus starting up: Expiring failure detector timer to make a prompt election more likely
I20260710 11:00:07.639071  2123 raft_consensus.cc:740] T 57525aed677b41349c552fed36757502 P 003849bdbbcc42b6b5baea6c5103f39a [term 0 FOLLOWER]: Becoming Follower/Learner. State: Replica: 003849bdbbcc42b6b5baea6c5103f39a, State: Initialized, Role: FOLLOWER
I20260710 11:00:07.639881  2123 consensus_queue.cc:260] T 57525aed677b41349c552fed36757502 P 003849bdbbcc42b6b5baea6c5103f39a [NON_LEADER]: Queue going to NON_LEADER mode. State: All replicated index: 0, Majority replicated index: 0, Committed index: 0, Last appended: 0.0, Last appended by leader: 0, Current term: 0, Majority size: -1, State: 0, Mode: NON_LEADER, active raft config: opid_index: -1 OBSOLETE_local: false peers { permanent_uuid: "003849bdbbcc42b6b5baea6c5103f39a" member_type: VOTER last_known_addr { host: "127.0.208.1" port: 43791 } } peers { permanent_uuid: "dcd4cb18ad4146b68cbf168bad4683eb" member_type: VOTER last_known_addr { host: "127.0.208.2" port: 43865 } } peers { permanent_uuid: "3d2f9c1ddec542f6b29a00dabc08caad" member_type: VOTER last_known_addr { host: "127.0.208.3" port: 39185 } }
I20260710 11:00:07.642189  2123 ts_tablet_manager.cc:1434] T 57525aed677b41349c552fed36757502 P 003849bdbbcc42b6b5baea6c5103f39a: Time spent starting tablet: real 0.016s	user 0.006s	sys 0.000s
I20260710 11:00:07.643316  2123 tablet_bootstrap.cc:492] T 836882bd923949979cb9f6796cb68d49 P 003849bdbbcc42b6b5baea6c5103f39a: Bootstrap starting.
I20260710 11:00:07.636955  2122 tablet_bootstrap.cc:654] T 57525aed677b41349c552fed36757502 P 3d2f9c1ddec542f6b29a00dabc08caad: Neither blocks nor log segments found. Creating new log.
I20260710 11:00:07.650300  2123 tablet_bootstrap.cc:654] T 836882bd923949979cb9f6796cb68d49 P 003849bdbbcc42b6b5baea6c5103f39a: Neither blocks nor log segments found. Creating new log.
I20260710 11:00:07.662477  2124 tablet_bootstrap.cc:492] T 979a0251ab424abaa1889a65f1276975 P dcd4cb18ad4146b68cbf168bad4683eb: No bootstrap required, opened a new log
I20260710 11:00:07.662954  2124 ts_tablet_manager.cc:1403] T 979a0251ab424abaa1889a65f1276975 P dcd4cb18ad4146b68cbf168bad4683eb: Time spent bootstrapping tablet: real 0.039s	user 0.017s	sys 0.011s
I20260710 11:00:07.664214  2123 tablet_bootstrap.cc:492] T 836882bd923949979cb9f6796cb68d49 P 003849bdbbcc42b6b5baea6c5103f39a: No bootstrap required, opened a new log
I20260710 11:00:07.664718  2123 ts_tablet_manager.cc:1403] T 836882bd923949979cb9f6796cb68d49 P 003849bdbbcc42b6b5baea6c5103f39a: Time spent bootstrapping tablet: real 0.022s	user 0.012s	sys 0.008s
I20260710 11:00:07.665050  2122 tablet_bootstrap.cc:492] T 57525aed677b41349c552fed36757502 P 3d2f9c1ddec542f6b29a00dabc08caad: No bootstrap required, opened a new log
I20260710 11:00:07.665596  2122 ts_tablet_manager.cc:1403] T 57525aed677b41349c552fed36757502 P 3d2f9c1ddec542f6b29a00dabc08caad: Time spent bootstrapping tablet: real 0.035s	user 0.012s	sys 0.011s
I20260710 11:00:07.665652  2124 raft_consensus.cc:359] T 979a0251ab424abaa1889a65f1276975 P dcd4cb18ad4146b68cbf168bad4683eb [term 0 FOLLOWER]: Replica starting. Triggering 0 pending ops. Active config: opid_index: -1 OBSOLETE_local: false peers { permanent_uuid: "003849bdbbcc42b6b5baea6c5103f39a" member_type: VOTER last_known_addr { host: "127.0.208.1" port: 43791 } } peers { permanent_uuid: "dcd4cb18ad4146b68cbf168bad4683eb" member_type: VOTER last_known_addr { host: "127.0.208.2" port: 43865 } } peers { permanent_uuid: "3d2f9c1ddec542f6b29a00dabc08caad" member_type: VOTER last_known_addr { host: "127.0.208.3" port: 39185 } }
I20260710 11:00:07.666605  2124 raft_consensus.cc:385] T 979a0251ab424abaa1889a65f1276975 P dcd4cb18ad4146b68cbf168bad4683eb [term 0 FOLLOWER]: Consensus starting up: Expiring failure detector timer to make a prompt election more likely
I20260710 11:00:07.667029  2124 raft_consensus.cc:740] T 979a0251ab424abaa1889a65f1276975 P dcd4cb18ad4146b68cbf168bad4683eb [term 0 FOLLOWER]: Becoming Follower/Learner. State: Replica: dcd4cb18ad4146b68cbf168bad4683eb, State: Initialized, Role: FOLLOWER
I20260710 11:00:07.668175  2131 raft_consensus.cc:493] T 57525aed677b41349c552fed36757502 P 003849bdbbcc42b6b5baea6c5103f39a [term 0 FOLLOWER]: Starting pre-election (no leader contacted us within the election timeout)
I20260710 11:00:07.667845  2123 raft_consensus.cc:359] T 836882bd923949979cb9f6796cb68d49 P 003849bdbbcc42b6b5baea6c5103f39a [term 0 FOLLOWER]: Replica starting. Triggering 0 pending ops. Active config: opid_index: -1 OBSOLETE_local: false peers { permanent_uuid: "003849bdbbcc42b6b5baea6c5103f39a" member_type: VOTER last_known_addr { host: "127.0.208.1" port: 43791 } } peers { permanent_uuid: "dcd4cb18ad4146b68cbf168bad4683eb" member_type: VOTER last_known_addr { host: "127.0.208.2" port: 43865 } } peers { permanent_uuid: "3d2f9c1ddec542f6b29a00dabc08caad" member_type: VOTER last_known_addr { host: "127.0.208.3" port: 39185 } }
I20260710 11:00:07.667912  2124 consensus_queue.cc:260] T 979a0251ab424abaa1889a65f1276975 P dcd4cb18ad4146b68cbf168bad4683eb [NON_LEADER]: Queue going to NON_LEADER mode. State: All replicated index: 0, Majority replicated index: 0, Committed index: 0, Last appended: 0.0, Last appended by leader: 0, Current term: 0, Majority size: -1, State: 0, Mode: NON_LEADER, active raft config: opid_index: -1 OBSOLETE_local: false peers { permanent_uuid: "003849bdbbcc42b6b5baea6c5103f39a" member_type: VOTER last_known_addr { host: "127.0.208.1" port: 43791 } } peers { permanent_uuid: "dcd4cb18ad4146b68cbf168bad4683eb" member_type: VOTER last_known_addr { host: "127.0.208.2" port: 43865 } } peers { permanent_uuid: "3d2f9c1ddec542f6b29a00dabc08caad" member_type: VOTER last_known_addr { host: "127.0.208.3" port: 39185 } }
I20260710 11:00:07.668853  2123 raft_consensus.cc:385] T 836882bd923949979cb9f6796cb68d49 P 003849bdbbcc42b6b5baea6c5103f39a [term 0 FOLLOWER]: Consensus starting up: Expiring failure detector timer to make a prompt election more likely
I20260710 11:00:07.668670  2131 raft_consensus.cc:515] T 57525aed677b41349c552fed36757502 P 003849bdbbcc42b6b5baea6c5103f39a [term 0 FOLLOWER]: Starting pre-election with config: opid_index: -1 OBSOLETE_local: false peers { permanent_uuid: "003849bdbbcc42b6b5baea6c5103f39a" member_type: VOTER last_known_addr { host: "127.0.208.1" port: 43791 } } peers { permanent_uuid: "dcd4cb18ad4146b68cbf168bad4683eb" member_type: VOTER last_known_addr { host: "127.0.208.2" port: 43865 } } peers { permanent_uuid: "3d2f9c1ddec542f6b29a00dabc08caad" member_type: VOTER last_known_addr { host: "127.0.208.3" port: 39185 } }
I20260710 11:00:07.668754  2122 raft_consensus.cc:359] T 57525aed677b41349c552fed36757502 P 3d2f9c1ddec542f6b29a00dabc08caad [term 0 FOLLOWER]: Replica starting. Triggering 0 pending ops. Active config: opid_index: -1 OBSOLETE_local: false peers { permanent_uuid: "003849bdbbcc42b6b5baea6c5103f39a" member_type: VOTER last_known_addr { host: "127.0.208.1" port: 43791 } } peers { permanent_uuid: "dcd4cb18ad4146b68cbf168bad4683eb" member_type: VOTER last_known_addr { host: "127.0.208.2" port: 43865 } } peers { permanent_uuid: "3d2f9c1ddec542f6b29a00dabc08caad" member_type: VOTER last_known_addr { host: "127.0.208.3" port: 39185 } }
I20260710 11:00:07.669317  2123 raft_consensus.cc:740] T 836882bd923949979cb9f6796cb68d49 P 003849bdbbcc42b6b5baea6c5103f39a [term 0 FOLLOWER]: Becoming Follower/Learner. State: Replica: 003849bdbbcc42b6b5baea6c5103f39a, State: Initialized, Role: FOLLOWER
I20260710 11:00:07.669756  2122 raft_consensus.cc:385] T 57525aed677b41349c552fed36757502 P 3d2f9c1ddec542f6b29a00dabc08caad [term 0 FOLLOWER]: Consensus starting up: Expiring failure detector timer to make a prompt election more likely
I20260710 11:00:07.670208  2122 raft_consensus.cc:740] T 57525aed677b41349c552fed36757502 P 3d2f9c1ddec542f6b29a00dabc08caad [term 0 FOLLOWER]: Becoming Follower/Learner. State: Replica: 3d2f9c1ddec542f6b29a00dabc08caad, State: Initialized, Role: FOLLOWER
I20260710 11:00:07.670336  2123 consensus_queue.cc:260] T 836882bd923949979cb9f6796cb68d49 P 003849bdbbcc42b6b5baea6c5103f39a [NON_LEADER]: Queue going to NON_LEADER mode. State: All replicated index: 0, Majority replicated index: 0, Committed index: 0, Last appended: 0.0, Last appended by leader: 0, Current term: 0, Majority size: -1, State: 0, Mode: NON_LEADER, active raft config: opid_index: -1 OBSOLETE_local: false peers { permanent_uuid: "003849bdbbcc42b6b5baea6c5103f39a" member_type: VOTER last_known_addr { host: "127.0.208.1" port: 43791 } } peers { permanent_uuid: "dcd4cb18ad4146b68cbf168bad4683eb" member_type: VOTER last_known_addr { host: "127.0.208.2" port: 43865 } } peers { permanent_uuid: "3d2f9c1ddec542f6b29a00dabc08caad" member_type: VOTER last_known_addr { host: "127.0.208.3" port: 39185 } }
I20260710 11:00:07.670977  2122 consensus_queue.cc:260] T 57525aed677b41349c552fed36757502 P 3d2f9c1ddec542f6b29a00dabc08caad [NON_LEADER]: Queue going to NON_LEADER mode. State: All replicated index: 0, Majority replicated index: 0, Committed index: 0, Last appended: 0.0, Last appended by leader: 0, Current term: 0, Majority size: -1, State: 0, Mode: NON_LEADER, active raft config: opid_index: -1 OBSOLETE_local: false peers { permanent_uuid: "003849bdbbcc42b6b5baea6c5103f39a" member_type: VOTER last_known_addr { host: "127.0.208.1" port: 43791 } } peers { permanent_uuid: "dcd4cb18ad4146b68cbf168bad4683eb" member_type: VOTER last_known_addr { host: "127.0.208.2" port: 43865 } } peers { permanent_uuid: "3d2f9c1ddec542f6b29a00dabc08caad" member_type: VOTER last_known_addr { host: "127.0.208.3" port: 39185 } }
I20260710 11:00:07.673858  2122 ts_tablet_manager.cc:1434] T 57525aed677b41349c552fed36757502 P 3d2f9c1ddec542f6b29a00dabc08caad: Time spent starting tablet: real 0.008s	user 0.005s	sys 0.000s
I20260710 11:00:07.675305  2122 tablet_bootstrap.cc:492] T 836882bd923949979cb9f6796cb68d49 P 3d2f9c1ddec542f6b29a00dabc08caad: Bootstrap starting.
I20260710 11:00:07.678072  2124 ts_tablet_manager.cc:1434] T 979a0251ab424abaa1889a65f1276975 P dcd4cb18ad4146b68cbf168bad4683eb: Time spent starting tablet: real 0.015s	user 0.008s	sys 0.000s
I20260710 11:00:07.682658  2124 tablet_bootstrap.cc:492] T ad4b61ade50a4d63bab9d50bfb4f5169 P dcd4cb18ad4146b68cbf168bad4683eb: Bootstrap starting.
I20260710 11:00:07.683331  2122 tablet_bootstrap.cc:654] T 836882bd923949979cb9f6796cb68d49 P 3d2f9c1ddec542f6b29a00dabc08caad: Neither blocks nor log segments found. Creating new log.
I20260710 11:00:07.689489  2124 tablet_bootstrap.cc:654] T ad4b61ade50a4d63bab9d50bfb4f5169 P dcd4cb18ad4146b68cbf168bad4683eb: Neither blocks nor log segments found. Creating new log.
I20260710 11:00:07.695550  2131 leader_election.cc:290] T 57525aed677b41349c552fed36757502 P 003849bdbbcc42b6b5baea6c5103f39a [CANDIDATE]: Term 1 pre-election: Requested pre-vote from peers dcd4cb18ad4146b68cbf168bad4683eb (127.0.208.2:43865), 3d2f9c1ddec542f6b29a00dabc08caad (127.0.208.3:39185)
I20260710 11:00:07.700470  2122 tablet_bootstrap.cc:492] T 836882bd923949979cb9f6796cb68d49 P 3d2f9c1ddec542f6b29a00dabc08caad: No bootstrap required, opened a new log
I20260710 11:00:07.701133  2122 ts_tablet_manager.cc:1403] T 836882bd923949979cb9f6796cb68d49 P 3d2f9c1ddec542f6b29a00dabc08caad: Time spent bootstrapping tablet: real 0.026s	user 0.017s	sys 0.003s
I20260710 11:00:07.703545  2124 tablet_bootstrap.cc:492] T ad4b61ade50a4d63bab9d50bfb4f5169 P dcd4cb18ad4146b68cbf168bad4683eb: No bootstrap required, opened a new log
I20260710 11:00:07.704025  2124 ts_tablet_manager.cc:1403] T ad4b61ade50a4d63bab9d50bfb4f5169 P dcd4cb18ad4146b68cbf168bad4683eb: Time spent bootstrapping tablet: real 0.022s	user 0.009s	sys 0.006s
I20260710 11:00:07.704356  2122 raft_consensus.cc:359] T 836882bd923949979cb9f6796cb68d49 P 3d2f9c1ddec542f6b29a00dabc08caad [term 0 FOLLOWER]: Replica starting. Triggering 0 pending ops. Active config: opid_index: -1 OBSOLETE_local: false peers { permanent_uuid: "003849bdbbcc42b6b5baea6c5103f39a" member_type: VOTER last_known_addr { host: "127.0.208.1" port: 43791 } } peers { permanent_uuid: "dcd4cb18ad4146b68cbf168bad4683eb" member_type: VOTER last_known_addr { host: "127.0.208.2" port: 43865 } } peers { permanent_uuid: "3d2f9c1ddec542f6b29a00dabc08caad" member_type: VOTER last_known_addr { host: "127.0.208.3" port: 39185 } }
I20260710 11:00:07.705147  2122 raft_consensus.cc:385] T 836882bd923949979cb9f6796cb68d49 P 3d2f9c1ddec542f6b29a00dabc08caad [term 0 FOLLOWER]: Consensus starting up: Expiring failure detector timer to make a prompt election more likely
I20260710 11:00:07.705463  2122 raft_consensus.cc:740] T 836882bd923949979cb9f6796cb68d49 P 3d2f9c1ddec542f6b29a00dabc08caad [term 0 FOLLOWER]: Becoming Follower/Learner. State: Replica: 3d2f9c1ddec542f6b29a00dabc08caad, State: Initialized, Role: FOLLOWER
I20260710 11:00:07.706347  2122 consensus_queue.cc:260] T 836882bd923949979cb9f6796cb68d49 P 3d2f9c1ddec542f6b29a00dabc08caad [NON_LEADER]: Queue going to NON_LEADER mode. State: All replicated index: 0, Majority replicated index: 0, Committed index: 0, Last appended: 0.0, Last appended by leader: 0, Current term: 0, Majority size: -1, State: 0, Mode: NON_LEADER, active raft config: opid_index: -1 OBSOLETE_local: false peers { permanent_uuid: "003849bdbbcc42b6b5baea6c5103f39a" member_type: VOTER last_known_addr { host: "127.0.208.1" port: 43791 } } peers { permanent_uuid: "dcd4cb18ad4146b68cbf168bad4683eb" member_type: VOTER last_known_addr { host: "127.0.208.2" port: 43865 } } peers { permanent_uuid: "3d2f9c1ddec542f6b29a00dabc08caad" member_type: VOTER last_known_addr { host: "127.0.208.3" port: 39185 } }
I20260710 11:00:07.707190  2124 raft_consensus.cc:359] T ad4b61ade50a4d63bab9d50bfb4f5169 P dcd4cb18ad4146b68cbf168bad4683eb [term 0 FOLLOWER]: Replica starting. Triggering 0 pending ops. Active config: opid_index: -1 OBSOLETE_local: false peers { permanent_uuid: "003849bdbbcc42b6b5baea6c5103f39a" member_type: VOTER last_known_addr { host: "127.0.208.1" port: 43791 } } peers { permanent_uuid: "dcd4cb18ad4146b68cbf168bad4683eb" member_type: VOTER last_known_addr { host: "127.0.208.2" port: 43865 } } peers { permanent_uuid: "3d2f9c1ddec542f6b29a00dabc08caad" member_type: VOTER last_known_addr { host: "127.0.208.3" port: 39185 } }
I20260710 11:00:07.707979  2124 raft_consensus.cc:385] T ad4b61ade50a4d63bab9d50bfb4f5169 P dcd4cb18ad4146b68cbf168bad4683eb [term 0 FOLLOWER]: Consensus starting up: Expiring failure detector timer to make a prompt election more likely
I20260710 11:00:07.708303  2124 raft_consensus.cc:740] T ad4b61ade50a4d63bab9d50bfb4f5169 P dcd4cb18ad4146b68cbf168bad4683eb [term 0 FOLLOWER]: Becoming Follower/Learner. State: Replica: dcd4cb18ad4146b68cbf168bad4683eb, State: Initialized, Role: FOLLOWER
I20260710 11:00:07.709087  2124 consensus_queue.cc:260] T ad4b61ade50a4d63bab9d50bfb4f5169 P dcd4cb18ad4146b68cbf168bad4683eb [NON_LEADER]: Queue going to NON_LEADER mode. State: All replicated index: 0, Majority replicated index: 0, Committed index: 0, Last appended: 0.0, Last appended by leader: 0, Current term: 0, Majority size: -1, State: 0, Mode: NON_LEADER, active raft config: opid_index: -1 OBSOLETE_local: false peers { permanent_uuid: "003849bdbbcc42b6b5baea6c5103f39a" member_type: VOTER last_known_addr { host: "127.0.208.1" port: 43791 } } peers { permanent_uuid: "dcd4cb18ad4146b68cbf168bad4683eb" member_type: VOTER last_known_addr { host: "127.0.208.2" port: 43865 } } peers { permanent_uuid: "3d2f9c1ddec542f6b29a00dabc08caad" member_type: VOTER last_known_addr { host: "127.0.208.3" port: 39185 } }
I20260710 11:00:07.711024  2122 ts_tablet_manager.cc:1434] T 836882bd923949979cb9f6796cb68d49 P 3d2f9c1ddec542f6b29a00dabc08caad: Time spent starting tablet: real 0.010s	user 0.007s	sys 0.000s
I20260710 11:00:07.711512  2124 ts_tablet_manager.cc:1434] T ad4b61ade50a4d63bab9d50bfb4f5169 P dcd4cb18ad4146b68cbf168bad4683eb: Time spent starting tablet: real 0.007s	user 0.008s	sys 0.000s
I20260710 11:00:07.712142  2122 tablet_bootstrap.cc:492] T 979a0251ab424abaa1889a65f1276975 P 3d2f9c1ddec542f6b29a00dabc08caad: Bootstrap starting.
I20260710 11:00:07.712602  2124 tablet_bootstrap.cc:492] T e877a981a7a84bbaa3d793b07875f816 P dcd4cb18ad4146b68cbf168bad4683eb: Bootstrap starting.
I20260710 11:00:07.716431  2082 tablet_service.cc:1917] Received RequestConsensusVote() RPC: tablet_id: "57525aed677b41349c552fed36757502" candidate_uuid: "003849bdbbcc42b6b5baea6c5103f39a" candidate_term: 1 candidate_status { last_received { term: 0 index: 0 } } ignore_live_leader: false dest_uuid: "3d2f9c1ddec542f6b29a00dabc08caad" is_pre_election: true
I20260710 11:00:07.717101  2123 ts_tablet_manager.cc:1434] T 836882bd923949979cb9f6796cb68d49 P 003849bdbbcc42b6b5baea6c5103f39a: Time spent starting tablet: real 0.052s	user 0.025s	sys 0.007s
I20260710 11:00:07.717108  2082 raft_consensus.cc:2468] T 57525aed677b41349c552fed36757502 P 3d2f9c1ddec542f6b29a00dabc08caad [term 0 FOLLOWER]: Leader pre-election vote request: Granting yes vote for candidate 003849bdbbcc42b6b5baea6c5103f39a in term 0.
I20260710 11:00:07.718178  2123 tablet_bootstrap.cc:492] T c42ba187a2df4f20896feabcd8dc179a P 003849bdbbcc42b6b5baea6c5103f39a: Bootstrap starting.
I20260710 11:00:07.718668  1898 leader_election.cc:304] T 57525aed677b41349c552fed36757502 P 003849bdbbcc42b6b5baea6c5103f39a [CANDIDATE]: Term 1 pre-election: Election decided. Result: candidate won. Election summary: received 2 responses out of 3 voters: 2 yes votes; 0 no votes. yes voters: 003849bdbbcc42b6b5baea6c5103f39a, 3d2f9c1ddec542f6b29a00dabc08caad; no voters: 
I20260710 11:00:07.719586  2122 tablet_bootstrap.cc:654] T 979a0251ab424abaa1889a65f1276975 P 3d2f9c1ddec542f6b29a00dabc08caad: Neither blocks nor log segments found. Creating new log.
I20260710 11:00:07.721410  2141 raft_consensus.cc:2804] T 57525aed677b41349c552fed36757502 P 003849bdbbcc42b6b5baea6c5103f39a [term 0 FOLLOWER]: Leader pre-election won for term 1
I20260710 11:00:07.721833  2141 raft_consensus.cc:493] T 57525aed677b41349c552fed36757502 P 003849bdbbcc42b6b5baea6c5103f39a [term 0 FOLLOWER]: Starting leader election (no leader contacted us within the election timeout)
I20260710 11:00:07.722163  2141 raft_consensus.cc:3060] T 57525aed677b41349c552fed36757502 P 003849bdbbcc42b6b5baea6c5103f39a [term 0 FOLLOWER]: Advancing to term 1
I20260710 11:00:07.722502  2128 raft_consensus.cc:493] T f1d4ecd674834346b19ea542d0b24a50 P 3d2f9c1ddec542f6b29a00dabc08caad [term 0 FOLLOWER]: Starting pre-election (no leader contacted us within the election timeout)
I20260710 11:00:07.722985  2128 raft_consensus.cc:515] T f1d4ecd674834346b19ea542d0b24a50 P 3d2f9c1ddec542f6b29a00dabc08caad [term 0 FOLLOWER]: Starting pre-election with config: opid_index: -1 OBSOLETE_local: false peers { permanent_uuid: "003849bdbbcc42b6b5baea6c5103f39a" member_type: VOTER last_known_addr { host: "127.0.208.1" port: 43791 } } peers { permanent_uuid: "dcd4cb18ad4146b68cbf168bad4683eb" member_type: VOTER last_known_addr { host: "127.0.208.2" port: 43865 } } peers { permanent_uuid: "3d2f9c1ddec542f6b29a00dabc08caad" member_type: VOTER last_known_addr { host: "127.0.208.3" port: 39185 } }
I20260710 11:00:07.727715  2123 tablet_bootstrap.cc:654] T c42ba187a2df4f20896feabcd8dc179a P 003849bdbbcc42b6b5baea6c5103f39a: Neither blocks nor log segments found. Creating new log.
I20260710 11:00:07.728014  2128 leader_election.cc:290] T f1d4ecd674834346b19ea542d0b24a50 P 3d2f9c1ddec542f6b29a00dabc08caad [CANDIDATE]: Term 1 pre-election: Requested pre-vote from peers 003849bdbbcc42b6b5baea6c5103f39a (127.0.208.1:43791), dcd4cb18ad4146b68cbf168bad4683eb (127.0.208.2:43865)
I20260710 11:00:07.729635  2141 raft_consensus.cc:515] T 57525aed677b41349c552fed36757502 P 003849bdbbcc42b6b5baea6c5103f39a [term 1 FOLLOWER]: Starting leader election with config: opid_index: -1 OBSOLETE_local: false peers { permanent_uuid: "003849bdbbcc42b6b5baea6c5103f39a" member_type: VOTER last_known_addr { host: "127.0.208.1" port: 43791 } } peers { permanent_uuid: "dcd4cb18ad4146b68cbf168bad4683eb" member_type: VOTER last_known_addr { host: "127.0.208.2" port: 43865 } } peers { permanent_uuid: "3d2f9c1ddec542f6b29a00dabc08caad" member_type: VOTER last_known_addr { host: "127.0.208.3" port: 39185 } }
I20260710 11:00:07.734148  2124 tablet_bootstrap.cc:654] T e877a981a7a84bbaa3d793b07875f816 P dcd4cb18ad4146b68cbf168bad4683eb: Neither blocks nor log segments found. Creating new log.
I20260710 11:00:07.738531  2141 leader_election.cc:290] T 57525aed677b41349c552fed36757502 P 003849bdbbcc42b6b5baea6c5103f39a [CANDIDATE]: Term 1 election: Requested vote from peers dcd4cb18ad4146b68cbf168bad4683eb (127.0.208.2:43865), 3d2f9c1ddec542f6b29a00dabc08caad (127.0.208.3:39185)
I20260710 11:00:07.743908  2124 tablet_bootstrap.cc:492] T e877a981a7a84bbaa3d793b07875f816 P dcd4cb18ad4146b68cbf168bad4683eb: No bootstrap required, opened a new log
I20260710 11:00:07.744448  2124 ts_tablet_manager.cc:1403] T e877a981a7a84bbaa3d793b07875f816 P dcd4cb18ad4146b68cbf168bad4683eb: Time spent bootstrapping tablet: real 0.032s	user 0.011s	sys 0.003s
I20260710 11:00:07.745491  2123 tablet_bootstrap.cc:492] T c42ba187a2df4f20896feabcd8dc179a P 003849bdbbcc42b6b5baea6c5103f39a: No bootstrap required, opened a new log
I20260710 11:00:07.746071  2123 ts_tablet_manager.cc:1403] T c42ba187a2df4f20896feabcd8dc179a P 003849bdbbcc42b6b5baea6c5103f39a: Time spent bootstrapping tablet: real 0.028s	user 0.012s	sys 0.004s
I20260710 11:00:07.748011  2124 raft_consensus.cc:359] T e877a981a7a84bbaa3d793b07875f816 P dcd4cb18ad4146b68cbf168bad4683eb [term 0 FOLLOWER]: Replica starting. Triggering 0 pending ops. Active config: opid_index: -1 OBSOLETE_local: false peers { permanent_uuid: "003849bdbbcc42b6b5baea6c5103f39a" member_type: VOTER last_known_addr { host: "127.0.208.1" port: 43791 } } peers { permanent_uuid: "dcd4cb18ad4146b68cbf168bad4683eb" member_type: VOTER last_known_addr { host: "127.0.208.2" port: 43865 } } peers { permanent_uuid: "3d2f9c1ddec542f6b29a00dabc08caad" member_type: VOTER last_known_addr { host: "127.0.208.3" port: 39185 } }
I20260710 11:00:07.748749  2124 raft_consensus.cc:385] T e877a981a7a84bbaa3d793b07875f816 P dcd4cb18ad4146b68cbf168bad4683eb [term 0 FOLLOWER]: Consensus starting up: Expiring failure detector timer to make a prompt election more likely
I20260710 11:00:07.749110  2124 raft_consensus.cc:740] T e877a981a7a84bbaa3d793b07875f816 P dcd4cb18ad4146b68cbf168bad4683eb [term 0 FOLLOWER]: Becoming Follower/Learner. State: Replica: dcd4cb18ad4146b68cbf168bad4683eb, State: Initialized, Role: FOLLOWER
I20260710 11:00:07.749986  2124 consensus_queue.cc:260] T e877a981a7a84bbaa3d793b07875f816 P dcd4cb18ad4146b68cbf168bad4683eb [NON_LEADER]: Queue going to NON_LEADER mode. State: All replicated index: 0, Majority replicated index: 0, Committed index: 0, Last appended: 0.0, Last appended by leader: 0, Current term: 0, Majority size: -1, State: 0, Mode: NON_LEADER, active raft config: opid_index: -1 OBSOLETE_local: false peers { permanent_uuid: "003849bdbbcc42b6b5baea6c5103f39a" member_type: VOTER last_known_addr { host: "127.0.208.1" port: 43791 } } peers { permanent_uuid: "dcd4cb18ad4146b68cbf168bad4683eb" member_type: VOTER last_known_addr { host: "127.0.208.2" port: 43865 } } peers { permanent_uuid: "3d2f9c1ddec542f6b29a00dabc08caad" member_type: VOTER last_known_addr { host: "127.0.208.3" port: 39185 } }
I20260710 11:00:07.752696  2124 ts_tablet_manager.cc:1434] T e877a981a7a84bbaa3d793b07875f816 P dcd4cb18ad4146b68cbf168bad4683eb: Time spent starting tablet: real 0.008s	user 0.004s	sys 0.003s
I20260710 11:00:07.752899  2123 raft_consensus.cc:359] T c42ba187a2df4f20896feabcd8dc179a P 003849bdbbcc42b6b5baea6c5103f39a [term 0 FOLLOWER]: Replica starting. Triggering 0 pending ops. Active config: opid_index: -1 OBSOLETE_local: false peers { permanent_uuid: "003849bdbbcc42b6b5baea6c5103f39a" member_type: VOTER last_known_addr { host: "127.0.208.1" port: 43791 } } peers { permanent_uuid: "dcd4cb18ad4146b68cbf168bad4683eb" member_type: VOTER last_known_addr { host: "127.0.208.2" port: 43865 } } peers { permanent_uuid: "3d2f9c1ddec542f6b29a00dabc08caad" member_type: VOTER last_known_addr { host: "127.0.208.3" port: 39185 } }
I20260710 11:00:07.753607  2124 tablet_bootstrap.cc:492] T 836882bd923949979cb9f6796cb68d49 P dcd4cb18ad4146b68cbf168bad4683eb: Bootstrap starting.
I20260710 11:00:07.753882  2123 raft_consensus.cc:385] T c42ba187a2df4f20896feabcd8dc179a P 003849bdbbcc42b6b5baea6c5103f39a [term 0 FOLLOWER]: Consensus starting up: Expiring failure detector timer to make a prompt election more likely
