I20260710 11:00:09.887563  2122 raft_consensus.cc:359] T c42ba187a2df4f20896feabcd8dc179a P 3d2f9c1ddec542f6b29a00dabc08caad [term 0 FOLLOWER]: Replica starting. Triggering 0 pending ops. Active config: opid_index: -1 OBSOLETE_local: false peers { permanent_uuid: "003849bdbbcc42b6b5baea6c5103f39a" member_type: VOTER last_known_addr { host: "127.0.208.1" port: 43791 } } peers { permanent_uuid: "dcd4cb18ad4146b68cbf168bad4683eb" member_type: VOTER last_known_addr { host: "127.0.208.2" port: 43865 } } peers { permanent_uuid: "3d2f9c1ddec542f6b29a00dabc08caad" member_type: VOTER last_known_addr { host: "127.0.208.3" port: 39185 } }
I20260710 11:00:09.888484  2122 raft_consensus.cc:385] T c42ba187a2df4f20896feabcd8dc179a P 3d2f9c1ddec542f6b29a00dabc08caad [term 0 FOLLOWER]: Consensus starting up: Expiring failure detector timer to make a prompt election more likely
I20260710 11:00:09.888799  2122 raft_consensus.cc:740] T c42ba187a2df4f20896feabcd8dc179a P 3d2f9c1ddec542f6b29a00dabc08caad [term 0 FOLLOWER]: Becoming Follower/Learner. State: Replica: 3d2f9c1ddec542f6b29a00dabc08caad, State: Initialized, Role: FOLLOWER
I20260710 11:00:09.889552  2122 consensus_queue.cc:260] T c42ba187a2df4f20896feabcd8dc179a P 3d2f9c1ddec542f6b29a00dabc08caad [NON_LEADER]: Queue going to NON_LEADER mode. State: All replicated index: 0, Majority replicated index: 0, Committed index: 0, Last appended: 0.0, Last appended by leader: 0, Current term: 0, Majority size: -1, State: 0, Mode: NON_LEADER, active raft config: opid_index: -1 OBSOLETE_local: false peers { permanent_uuid: "003849bdbbcc42b6b5baea6c5103f39a" member_type: VOTER last_known_addr { host: "127.0.208.1" port: 43791 } } peers { permanent_uuid: "dcd4cb18ad4146b68cbf168bad4683eb" member_type: VOTER last_known_addr { host: "127.0.208.2" port: 43865 } } peers { permanent_uuid: "3d2f9c1ddec542f6b29a00dabc08caad" member_type: VOTER last_known_addr { host: "127.0.208.3" port: 39185 } }
I20260710 11:00:09.895556  1827 catalog_manager.cc:5697] T 2e93e88850224606b3358556d128ebb9 P 3d2f9c1ddec542f6b29a00dabc08caad reported cstate change: term changed from 0 to 1, leader changed from <none> to 3d2f9c1ddec542f6b29a00dabc08caad (127.0.208.3). New cstate: current_term: 1 leader_uuid: "3d2f9c1ddec542f6b29a00dabc08caad" committed_config { opid_index: -1 OBSOLETE_local: false peers { permanent_uuid: "003849bdbbcc42b6b5baea6c5103f39a" member_type: VOTER last_known_addr { host: "127.0.208.1" port: 43791 } health_report { overall_health: UNKNOWN } } peers { permanent_uuid: "dcd4cb18ad4146b68cbf168bad4683eb" member_type: VOTER last_known_addr { host: "127.0.208.2" port: 43865 } health_report { overall_health: UNKNOWN } } peers { permanent_uuid: "3d2f9c1ddec542f6b29a00dabc08caad" member_type: VOTER last_known_addr { host: "127.0.208.3" port: 39185 } health_report { overall_health: HEALTHY } } }
I20260710 11:00:09.907714  2122 ts_tablet_manager.cc:1434] T c42ba187a2df4f20896feabcd8dc179a P 3d2f9c1ddec542f6b29a00dabc08caad: Time spent starting tablet: real 0.102s	user 0.008s	sys 0.003s
W20260710 11:00:09.909560  2045 leader_election.cc:343] T 9c6166cc03de46e2bf58deb558387684 P 3d2f9c1ddec542f6b29a00dabc08caad [CANDIDATE]: Term 1 pre-election: Tablet error from VoteRequest() call to peer dcd4cb18ad4146b68cbf168bad4683eb (127.0.208.2:43865): Illegal state: must be running to vote when last-logged opid is not known
I20260710 11:00:09.910036  2045 leader_election.cc:304] T 9c6166cc03de46e2bf58deb558387684 P 3d2f9c1ddec542f6b29a00dabc08caad [CANDIDATE]: Term 1 pre-election: Election decided. Result: candidate lost. Election summary: received 3 responses out of 3 voters: 1 yes votes; 2 no votes. yes voters: 3d2f9c1ddec542f6b29a00dabc08caad; no voters: 003849bdbbcc42b6b5baea6c5103f39a, dcd4cb18ad4146b68cbf168bad4683eb
I20260710 11:00:09.912186  2122 tablet_bootstrap.cc:492] T e1ab53e93f67489480f15f918040c97b P 3d2f9c1ddec542f6b29a00dabc08caad: Bootstrap starting.
I20260710 11:00:09.925422  2275 raft_consensus.cc:2749] T 9c6166cc03de46e2bf58deb558387684 P 3d2f9c1ddec542f6b29a00dabc08caad [term 0 FOLLOWER]: Leader pre-election lost for term 1. Reason: could not achieve majority
W20260710 11:00:09.932404  1898 leader_election.cc:343] T e1ab53e93f67489480f15f918040c97b P 003849bdbbcc42b6b5baea6c5103f39a [CANDIDATE]: Term 1 pre-election: Tablet error from VoteRequest() call to peer 3d2f9c1ddec542f6b29a00dabc08caad (127.0.208.3:39185): Illegal state: must be running to vote when last-logged opid is not known
I20260710 11:00:09.932897  1898 leader_election.cc:304] T e1ab53e93f67489480f15f918040c97b P 003849bdbbcc42b6b5baea6c5103f39a [CANDIDATE]: Term 1 pre-election: Election decided. Result: candidate lost. Election summary: received 3 responses out of 3 voters: 1 yes votes; 2 no votes. yes voters: 003849bdbbcc42b6b5baea6c5103f39a; no voters: 3d2f9c1ddec542f6b29a00dabc08caad, dcd4cb18ad4146b68cbf168bad4683eb
I20260710 11:00:09.934674  2263 raft_consensus.cc:2749] T e1ab53e93f67489480f15f918040c97b P 003849bdbbcc42b6b5baea6c5103f39a [term 0 FOLLOWER]: Leader pre-election lost for term 1. Reason: could not achieve majority
I20260710 11:00:09.960671  1831 catalog_manager.cc:5697] T 6f03c238154c470faea1f10d90fc568b P 003849bdbbcc42b6b5baea6c5103f39a reported cstate change: term changed from 0 to 1, leader changed from <none> to 003849bdbbcc42b6b5baea6c5103f39a (127.0.208.1). New cstate: current_term: 1 leader_uuid: "003849bdbbcc42b6b5baea6c5103f39a" committed_config { opid_index: -1 OBSOLETE_local: false peers { permanent_uuid: "003849bdbbcc42b6b5baea6c5103f39a" member_type: VOTER last_known_addr { host: "127.0.208.1" port: 43791 } health_report { overall_health: HEALTHY } } peers { permanent_uuid: "dcd4cb18ad4146b68cbf168bad4683eb" member_type: VOTER last_known_addr { host: "127.0.208.2" port: 43865 } health_report { overall_health: UNKNOWN } } peers { permanent_uuid: "3d2f9c1ddec542f6b29a00dabc08caad" member_type: VOTER last_known_addr { host: "127.0.208.3" port: 39185 } health_report { overall_health: UNKNOWN } } }
I20260710 11:00:09.967849  2079 raft_consensus.cc:3060] T c42ba187a2df4f20896feabcd8dc179a P 3d2f9c1ddec542f6b29a00dabc08caad [term 0 FOLLOWER]: Advancing to term 1
I20260710 11:00:09.979316  2124 tablet_bootstrap.cc:492] T 22e4b2dc460f432fb99a39461ef36616 P dcd4cb18ad4146b68cbf168bad4683eb: No bootstrap required, opened a new log
I20260710 11:00:09.979820  2124 ts_tablet_manager.cc:1403] T 22e4b2dc460f432fb99a39461ef36616 P dcd4cb18ad4146b68cbf168bad4683eb: Time spent bootstrapping tablet: real 0.195s	user 0.018s	sys 0.015s
I20260710 11:00:09.982131  2123 tablet_bootstrap.cc:492] T ce5855769ca545fa9aeba5a53573536c P 003849bdbbcc42b6b5baea6c5103f39a: No bootstrap required, opened a new log
I20260710 11:00:09.982870  2123 ts_tablet_manager.cc:1403] T ce5855769ca545fa9aeba5a53573536c P 003849bdbbcc42b6b5baea6c5103f39a: Time spent bootstrapping tablet: real 0.186s	user 0.015s	sys 0.012s
I20260710 11:00:09.982714  2124 raft_consensus.cc:359] T 22e4b2dc460f432fb99a39461ef36616 P dcd4cb18ad4146b68cbf168bad4683eb [term 0 FOLLOWER]: Replica starting. Triggering 0 pending ops. Active config: opid_index: -1 OBSOLETE_local: false peers { permanent_uuid: "003849bdbbcc42b6b5baea6c5103f39a" member_type: VOTER last_known_addr { host: "127.0.208.1" port: 43791 } } peers { permanent_uuid: "dcd4cb18ad4146b68cbf168bad4683eb" member_type: VOTER last_known_addr { host: "127.0.208.2" port: 43865 } } peers { permanent_uuid: "3d2f9c1ddec542f6b29a00dabc08caad" member_type: VOTER last_known_addr { host: "127.0.208.3" port: 39185 } }
I20260710 11:00:09.986217  2123 raft_consensus.cc:359] T ce5855769ca545fa9aeba5a53573536c P 003849bdbbcc42b6b5baea6c5103f39a [term 0 FOLLOWER]: Replica starting. Triggering 0 pending ops. Active config: opid_index: -1 OBSOLETE_local: false peers { permanent_uuid: "003849bdbbcc42b6b5baea6c5103f39a" member_type: VOTER last_known_addr { host: "127.0.208.1" port: 43791 } } peers { permanent_uuid: "dcd4cb18ad4146b68cbf168bad4683eb" member_type: VOTER last_known_addr { host: "127.0.208.2" port: 43865 } } peers { permanent_uuid: "3d2f9c1ddec542f6b29a00dabc08caad" member_type: VOTER last_known_addr { host: "127.0.208.3" port: 39185 } }
I20260710 11:00:09.986989  2123 raft_consensus.cc:385] T ce5855769ca545fa9aeba5a53573536c P 003849bdbbcc42b6b5baea6c5103f39a [term 0 FOLLOWER]: Consensus starting up: Expiring failure detector timer to make a prompt election more likely
I20260710 11:00:09.987299  2123 raft_consensus.cc:740] T ce5855769ca545fa9aeba5a53573536c P 003849bdbbcc42b6b5baea6c5103f39a [term 0 FOLLOWER]: Becoming Follower/Learner. State: Replica: 003849bdbbcc42b6b5baea6c5103f39a, State: Initialized, Role: FOLLOWER
I20260710 11:00:09.988018  2123 consensus_queue.cc:260] T ce5855769ca545fa9aeba5a53573536c P 003849bdbbcc42b6b5baea6c5103f39a [NON_LEADER]: Queue going to NON_LEADER mode. State: All replicated index: 0, Majority replicated index: 0, Committed index: 0, Last appended: 0.0, Last appended by leader: 0, Current term: 0, Majority size: -1, State: 0, Mode: NON_LEADER, active raft config: opid_index: -1 OBSOLETE_local: false peers { permanent_uuid: "003849bdbbcc42b6b5baea6c5103f39a" member_type: VOTER last_known_addr { host: "127.0.208.1" port: 43791 } } peers { permanent_uuid: "dcd4cb18ad4146b68cbf168bad4683eb" member_type: VOTER last_known_addr { host: "127.0.208.2" port: 43865 } } peers { permanent_uuid: "3d2f9c1ddec542f6b29a00dabc08caad" member_type: VOTER last_known_addr { host: "127.0.208.3" port: 39185 } }
I20260710 11:00:09.990813  2122 tablet_bootstrap.cc:654] T e1ab53e93f67489480f15f918040c97b P 3d2f9c1ddec542f6b29a00dabc08caad: Neither blocks nor log segments found. Creating new log.
I20260710 11:00:09.992597  2123 ts_tablet_manager.cc:1434] T ce5855769ca545fa9aeba5a53573536c P 003849bdbbcc42b6b5baea6c5103f39a: Time spent starting tablet: real 0.009s	user 0.003s	sys 0.003s
I20260710 11:00:09.994653  2124 raft_consensus.cc:385] T 22e4b2dc460f432fb99a39461ef36616 P dcd4cb18ad4146b68cbf168bad4683eb [term 0 FOLLOWER]: Consensus starting up: Expiring failure detector timer to make a prompt election more likely
I20260710 11:00:09.995143  2124 raft_consensus.cc:740] T 22e4b2dc460f432fb99a39461ef36616 P dcd4cb18ad4146b68cbf168bad4683eb [term 0 FOLLOWER]: Becoming Follower/Learner. State: Replica: dcd4cb18ad4146b68cbf168bad4683eb, State: Initialized, Role: FOLLOWER
I20260710 11:00:09.994679  2129 consensus_queue.cc:1048] T c42ba187a2df4f20896feabcd8dc179a P dcd4cb18ad4146b68cbf168bad4683eb [LEADER]: Connected to new peer: Peer: permanent_uuid: "3d2f9c1ddec542f6b29a00dabc08caad" member_type: VOTER last_known_addr { host: "127.0.208.3" port: 39185 }, Status: LMP_MISMATCH, Last received: 0.0, Next index: 1, Last known committed idx: 0, Time since last communication: 0.001s
I20260710 11:00:09.995882  2124 consensus_queue.cc:260] T 22e4b2dc460f432fb99a39461ef36616 P dcd4cb18ad4146b68cbf168bad4683eb [NON_LEADER]: Queue going to NON_LEADER mode. State: All replicated index: 0, Majority replicated index: 0, Committed index: 0, Last appended: 0.0, Last appended by leader: 0, Current term: 0, Majority size: -1, State: 0, Mode: NON_LEADER, active raft config: opid_index: -1 OBSOLETE_local: false peers { permanent_uuid: "003849bdbbcc42b6b5baea6c5103f39a" member_type: VOTER last_known_addr { host: "127.0.208.1" port: 43791 } } peers { permanent_uuid: "dcd4cb18ad4146b68cbf168bad4683eb" member_type: VOTER last_known_addr { host: "127.0.208.2" port: 43865 } } peers { permanent_uuid: "3d2f9c1ddec542f6b29a00dabc08caad" member_type: VOTER last_known_addr { host: "127.0.208.3" port: 39185 } }
I20260710 11:00:09.998844  2124 ts_tablet_manager.cc:1434] T 22e4b2dc460f432fb99a39461ef36616 P dcd4cb18ad4146b68cbf168bad4683eb: Time spent starting tablet: real 0.019s	user 0.006s	sys 0.000s
I20260710 11:00:09.999740  2124 tablet_bootstrap.cc:492] T 9c6166cc03de46e2bf58deb558387684 P dcd4cb18ad4146b68cbf168bad4683eb: Bootstrap starting.
I20260710 11:00:10.017650  2122 tablet_bootstrap.cc:492] T e1ab53e93f67489480f15f918040c97b P 3d2f9c1ddec542f6b29a00dabc08caad: No bootstrap required, opened a new log
I20260710 11:00:10.018358  2122 ts_tablet_manager.cc:1403] T e1ab53e93f67489480f15f918040c97b P 3d2f9c1ddec542f6b29a00dabc08caad: Time spent bootstrapping tablet: real 0.106s	user 0.012s	sys 0.007s
I20260710 11:00:09.993564  2123 tablet_bootstrap.cc:492] T 2bea9c238ad5490a923020484dfe7f38 P 003849bdbbcc42b6b5baea6c5103f39a: Bootstrap starting.
I20260710 11:00:10.021437  2122 raft_consensus.cc:359] T e1ab53e93f67489480f15f918040c97b P 3d2f9c1ddec542f6b29a00dabc08caad [term 0 FOLLOWER]: Replica starting. Triggering 0 pending ops. Active config: opid_index: -1 OBSOLETE_local: false peers { permanent_uuid: "003849bdbbcc42b6b5baea6c5103f39a" member_type: VOTER last_known_addr { host: "127.0.208.1" port: 43791 } } peers { permanent_uuid: "dcd4cb18ad4146b68cbf168bad4683eb" member_type: VOTER last_known_addr { host: "127.0.208.2" port: 43865 } } peers { permanent_uuid: "3d2f9c1ddec542f6b29a00dabc08caad" member_type: VOTER last_known_addr { host: "127.0.208.3" port: 39185 } }
I20260710 11:00:10.022265  2122 raft_consensus.cc:385] T e1ab53e93f67489480f15f918040c97b P 3d2f9c1ddec542f6b29a00dabc08caad [term 0 FOLLOWER]: Consensus starting up: Expiring failure detector timer to make a prompt election more likely
I20260710 11:00:10.024993  2123 tablet_bootstrap.cc:654] T 2bea9c238ad5490a923020484dfe7f38 P 003849bdbbcc42b6b5baea6c5103f39a: Neither blocks nor log segments found. Creating new log.
I20260710 11:00:10.017709  2124 tablet_bootstrap.cc:654] T 9c6166cc03de46e2bf58deb558387684 P dcd4cb18ad4146b68cbf168bad4683eb: Neither blocks nor log segments found. Creating new log.
I20260710 11:00:10.031906  2263 consensus_queue.cc:1048] T 6f03c238154c470faea1f10d90fc568b P 003849bdbbcc42b6b5baea6c5103f39a [LEADER]: Connected to new peer: Peer: permanent_uuid: "dcd4cb18ad4146b68cbf168bad4683eb" member_type: VOTER last_known_addr { host: "127.0.208.2" port: 43865 }, Status: LMP_MISMATCH, Last received: 0.0, Next index: 1, Last known committed idx: 0, Time since last communication: 0.000s
I20260710 11:00:10.022594  2122 raft_consensus.cc:740] T e1ab53e93f67489480f15f918040c97b P 3d2f9c1ddec542f6b29a00dabc08caad [term 0 FOLLOWER]: Becoming Follower/Learner. State: Replica: 3d2f9c1ddec542f6b29a00dabc08caad, State: Initialized, Role: FOLLOWER
I20260710 11:00:10.033846  2122 consensus_queue.cc:260] T e1ab53e93f67489480f15f918040c97b P 3d2f9c1ddec542f6b29a00dabc08caad [NON_LEADER]: Queue going to NON_LEADER mode. State: All replicated index: 0, Majority replicated index: 0, Committed index: 0, Last appended: 0.0, Last appended by leader: 0, Current term: 0, Majority size: -1, State: 0, Mode: NON_LEADER, active raft config: opid_index: -1 OBSOLETE_local: false peers { permanent_uuid: "003849bdbbcc42b6b5baea6c5103f39a" member_type: VOTER last_known_addr { host: "127.0.208.1" port: 43791 } } peers { permanent_uuid: "dcd4cb18ad4146b68cbf168bad4683eb" member_type: VOTER last_known_addr { host: "127.0.208.2" port: 43865 } } peers { permanent_uuid: "3d2f9c1ddec542f6b29a00dabc08caad" member_type: VOTER last_known_addr { host: "127.0.208.3" port: 39185 } }
I20260710 11:00:10.037765  2122 ts_tablet_manager.cc:1434] T e1ab53e93f67489480f15f918040c97b P 3d2f9c1ddec542f6b29a00dabc08caad: Time spent starting tablet: real 0.019s	user 0.005s	sys 0.001s
I20260710 11:00:10.038784  2122 tablet_bootstrap.cc:492] T 57b5a0c3232d40f99605dbab1d61f895 P 3d2f9c1ddec542f6b29a00dabc08caad: Bootstrap starting.
I20260710 11:00:10.045132  2122 tablet_bootstrap.cc:654] T 57b5a0c3232d40f99605dbab1d61f895 P 3d2f9c1ddec542f6b29a00dabc08caad: Neither blocks nor log segments found. Creating new log.
I20260710 11:00:10.053867  2124 tablet_bootstrap.cc:492] T 9c6166cc03de46e2bf58deb558387684 P dcd4cb18ad4146b68cbf168bad4683eb: No bootstrap required, opened a new log
I20260710 11:00:10.054418  2124 ts_tablet_manager.cc:1403] T 9c6166cc03de46e2bf58deb558387684 P dcd4cb18ad4146b68cbf168bad4683eb: Time spent bootstrapping tablet: real 0.055s	user 0.006s	sys 0.005s
I20260710 11:00:10.060546  2124 raft_consensus.cc:359] T 9c6166cc03de46e2bf58deb558387684 P dcd4cb18ad4146b68cbf168bad4683eb [term 0 FOLLOWER]: Replica starting. Triggering 0 pending ops. Active config: opid_index: -1 OBSOLETE_local: false peers { permanent_uuid: "003849bdbbcc42b6b5baea6c5103f39a" member_type: VOTER last_known_addr { host: "127.0.208.1" port: 43791 } } peers { permanent_uuid: "dcd4cb18ad4146b68cbf168bad4683eb" member_type: VOTER last_known_addr { host: "127.0.208.2" port: 43865 } } peers { permanent_uuid: "3d2f9c1ddec542f6b29a00dabc08caad" member_type: VOTER last_known_addr { host: "127.0.208.3" port: 39185 } }
I20260710 11:00:10.061395  2124 raft_consensus.cc:385] T 9c6166cc03de46e2bf58deb558387684 P dcd4cb18ad4146b68cbf168bad4683eb [term 0 FOLLOWER]: Consensus starting up: Expiring failure detector timer to make a prompt election more likely
I20260710 11:00:10.061733  2124 raft_consensus.cc:740] T 9c6166cc03de46e2bf58deb558387684 P dcd4cb18ad4146b68cbf168bad4683eb [term 0 FOLLOWER]: Becoming Follower/Learner. State: Replica: dcd4cb18ad4146b68cbf168bad4683eb, State: Initialized, Role: FOLLOWER
I20260710 11:00:10.062536  2124 consensus_queue.cc:260] T 9c6166cc03de46e2bf58deb558387684 P dcd4cb18ad4146b68cbf168bad4683eb [NON_LEADER]: Queue going to NON_LEADER mode. State: All replicated index: 0, Majority replicated index: 0, Committed index: 0, Last appended: 0.0, Last appended by leader: 0, Current term: 0, Majority size: -1, State: 0, Mode: NON_LEADER, active raft config: opid_index: -1 OBSOLETE_local: false peers { permanent_uuid: "003849bdbbcc42b6b5baea6c5103f39a" member_type: VOTER last_known_addr { host: "127.0.208.1" port: 43791 } } peers { permanent_uuid: "dcd4cb18ad4146b68cbf168bad4683eb" member_type: VOTER last_known_addr { host: "127.0.208.2" port: 43865 } } peers { permanent_uuid: "3d2f9c1ddec542f6b29a00dabc08caad" member_type: VOTER last_known_addr { host: "127.0.208.3" port: 39185 } }
I20260710 11:00:10.065237  2124 ts_tablet_manager.cc:1434] T 9c6166cc03de46e2bf58deb558387684 P dcd4cb18ad4146b68cbf168bad4683eb: Time spent starting tablet: real 0.010s	user 0.009s	sys 0.000s
I20260710 11:00:10.066368  2124 tablet_bootstrap.cc:492] T e1ab53e93f67489480f15f918040c97b P dcd4cb18ad4146b68cbf168bad4683eb: Bootstrap starting.
I20260710 11:00:10.083186  2124 tablet_bootstrap.cc:654] T e1ab53e93f67489480f15f918040c97b P dcd4cb18ad4146b68cbf168bad4683eb: Neither blocks nor log segments found. Creating new log.
I20260710 11:00:10.087824  2122 tablet_bootstrap.cc:492] T 57b5a0c3232d40f99605dbab1d61f895 P 3d2f9c1ddec542f6b29a00dabc08caad: No bootstrap required, opened a new log
I20260710 11:00:10.088390  2122 ts_tablet_manager.cc:1403] T 57b5a0c3232d40f99605dbab1d61f895 P 3d2f9c1ddec542f6b29a00dabc08caad: Time spent bootstrapping tablet: real 0.050s	user 0.016s	sys 0.031s
I20260710 11:00:10.093968  2256 consensus_queue.cc:1048] T 6f03c238154c470faea1f10d90fc568b P 003849bdbbcc42b6b5baea6c5103f39a [LEADER]: Connected to new peer: Peer: permanent_uuid: "3d2f9c1ddec542f6b29a00dabc08caad" member_type: VOTER last_known_addr { host: "127.0.208.3" port: 39185 }, Status: LMP_MISMATCH, Last received: 0.0, Next index: 1, Last known committed idx: 0, Time since last communication: 0.001s
I20260710 11:00:10.098603  2122 raft_consensus.cc:359] T 57b5a0c3232d40f99605dbab1d61f895 P 3d2f9c1ddec542f6b29a00dabc08caad [term 0 FOLLOWER]: Replica starting. Triggering 0 pending ops. Active config: opid_index: -1 OBSOLETE_local: false peers { permanent_uuid: "003849bdbbcc42b6b5baea6c5103f39a" member_type: VOTER last_known_addr { host: "127.0.208.1" port: 43791 } } peers { permanent_uuid: "dcd4cb18ad4146b68cbf168bad4683eb" member_type: VOTER last_known_addr { host: "127.0.208.2" port: 43865 } } peers { permanent_uuid: "3d2f9c1ddec542f6b29a00dabc08caad" member_type: VOTER last_known_addr { host: "127.0.208.3" port: 39185 } }
I20260710 11:00:10.099375  2122 raft_consensus.cc:385] T 57b5a0c3232d40f99605dbab1d61f895 P 3d2f9c1ddec542f6b29a00dabc08caad [term 0 FOLLOWER]: Consensus starting up: Expiring failure detector timer to make a prompt election more likely
I20260710 11:00:10.099733  2122 raft_consensus.cc:740] T 57b5a0c3232d40f99605dbab1d61f895 P 3d2f9c1ddec542f6b29a00dabc08caad [term 0 FOLLOWER]: Becoming Follower/Learner. State: Replica: 3d2f9c1ddec542f6b29a00dabc08caad, State: Initialized, Role: FOLLOWER
I20260710 11:00:10.100598  2122 consensus_queue.cc:260] T 57b5a0c3232d40f99605dbab1d61f895 P 3d2f9c1ddec542f6b29a00dabc08caad [NON_LEADER]: Queue going to NON_LEADER mode. State: All replicated index: 0, Majority replicated index: 0, Committed index: 0, Last appended: 0.0, Last appended by leader: 0, Current term: 0, Majority size: -1, State: 0, Mode: NON_LEADER, active raft config: opid_index: -1 OBSOLETE_local: false peers { permanent_uuid: "003849bdbbcc42b6b5baea6c5103f39a" member_type: VOTER last_known_addr { host: "127.0.208.1" port: 43791 } } peers { permanent_uuid: "dcd4cb18ad4146b68cbf168bad4683eb" member_type: VOTER last_known_addr { host: "127.0.208.2" port: 43865 } } peers { permanent_uuid: "3d2f9c1ddec542f6b29a00dabc08caad" member_type: VOTER last_known_addr { host: "127.0.208.3" port: 39185 } }
I20260710 11:00:10.104442  2122 ts_tablet_manager.cc:1434] T 57b5a0c3232d40f99605dbab1d61f895 P 3d2f9c1ddec542f6b29a00dabc08caad: Time spent starting tablet: real 0.016s	user 0.006s	sys 0.001s
I20260710 11:00:10.105383  2122 tablet_bootstrap.cc:492] T 22e4b2dc460f432fb99a39461ef36616 P 3d2f9c1ddec542f6b29a00dabc08caad: Bootstrap starting.
I20260710 11:00:10.105700  2124 tablet_bootstrap.cc:492] T e1ab53e93f67489480f15f918040c97b P dcd4cb18ad4146b68cbf168bad4683eb: No bootstrap required, opened a new log
I20260710 11:00:10.106103  2124 ts_tablet_manager.cc:1403] T e1ab53e93f67489480f15f918040c97b P dcd4cb18ad4146b68cbf168bad4683eb: Time spent bootstrapping tablet: real 0.040s	user 0.008s	sys 0.008s
I20260710 11:00:10.108955  2124 raft_consensus.cc:359] T e1ab53e93f67489480f15f918040c97b P dcd4cb18ad4146b68cbf168bad4683eb [term 0 FOLLOWER]: Replica starting. Triggering 0 pending ops. Active config: opid_index: -1 OBSOLETE_local: false peers { permanent_uuid: "003849bdbbcc42b6b5baea6c5103f39a" member_type: VOTER last_known_addr { host: "127.0.208.1" port: 43791 } } peers { permanent_uuid: "dcd4cb18ad4146b68cbf168bad4683eb" member_type: VOTER last_known_addr { host: "127.0.208.2" port: 43865 } } peers { permanent_uuid: "3d2f9c1ddec542f6b29a00dabc08caad" member_type: VOTER last_known_addr { host: "127.0.208.3" port: 39185 } }
I20260710 11:00:10.109618  2124 raft_consensus.cc:385] T e1ab53e93f67489480f15f918040c97b P dcd4cb18ad4146b68cbf168bad4683eb [term 0 FOLLOWER]: Consensus starting up: Expiring failure detector timer to make a prompt election more likely
I20260710 11:00:10.109886  2124 raft_consensus.cc:740] T e1ab53e93f67489480f15f918040c97b P dcd4cb18ad4146b68cbf168bad4683eb [term 0 FOLLOWER]: Becoming Follower/Learner. State: Replica: dcd4cb18ad4146b68cbf168bad4683eb, State: Initialized, Role: FOLLOWER
I20260710 11:00:10.110488  2124 consensus_queue.cc:260] T e1ab53e93f67489480f15f918040c97b P dcd4cb18ad4146b68cbf168bad4683eb [NON_LEADER]: Queue going to NON_LEADER mode. State: All replicated index: 0, Majority replicated index: 0, Committed index: 0, Last appended: 0.0, Last appended by leader: 0, Current term: 0, Majority size: -1, State: 0, Mode: NON_LEADER, active raft config: opid_index: -1 OBSOLETE_local: false peers { permanent_uuid: "003849bdbbcc42b6b5baea6c5103f39a" member_type: VOTER last_known_addr { host: "127.0.208.1" port: 43791 } } peers { permanent_uuid: "dcd4cb18ad4146b68cbf168bad4683eb" member_type: VOTER last_known_addr { host: "127.0.208.2" port: 43865 } } peers { permanent_uuid: "3d2f9c1ddec542f6b29a00dabc08caad" member_type: VOTER last_known_addr { host: "127.0.208.3" port: 39185 } }
I20260710 11:00:10.111510  2122 tablet_bootstrap.cc:654] T 22e4b2dc460f432fb99a39461ef36616 P 3d2f9c1ddec542f6b29a00dabc08caad: Neither blocks nor log segments found. Creating new log.
I20260710 11:00:10.112699  2124 ts_tablet_manager.cc:1434] T e1ab53e93f67489480f15f918040c97b P dcd4cb18ad4146b68cbf168bad4683eb: Time spent starting tablet: real 0.006s	user 0.006s	sys 0.001s
I20260710 11:00:10.113956  2124 tablet_bootstrap.cc:492] T 2e93e88850224606b3358556d128ebb9 P dcd4cb18ad4146b68cbf168bad4683eb: Bootstrap starting.
I20260710 11:00:10.125185  2122 tablet_bootstrap.cc:492] T 22e4b2dc460f432fb99a39461ef36616 P 3d2f9c1ddec542f6b29a00dabc08caad: No bootstrap required, opened a new log
I20260710 11:00:10.125730  2122 ts_tablet_manager.cc:1403] T 22e4b2dc460f432fb99a39461ef36616 P 3d2f9c1ddec542f6b29a00dabc08caad: Time spent bootstrapping tablet: real 0.021s	user 0.012s	sys 0.005s
I20260710 11:00:10.126461  2256 raft_consensus.cc:493] T 22e4b2dc460f432fb99a39461ef36616 P 003849bdbbcc42b6b5baea6c5103f39a [term 0 FOLLOWER]: Starting pre-election (no leader contacted us within the election timeout)
I20260710 11:00:10.126955  2256 raft_consensus.cc:515] T 22e4b2dc460f432fb99a39461ef36616 P 003849bdbbcc42b6b5baea6c5103f39a [term 0 FOLLOWER]: Starting pre-election with config: opid_index: -1 OBSOLETE_local: false peers { permanent_uuid: "003849bdbbcc42b6b5baea6c5103f39a" member_type: VOTER last_known_addr { host: "127.0.208.1" port: 43791 } } peers { permanent_uuid: "dcd4cb18ad4146b68cbf168bad4683eb" member_type: VOTER last_known_addr { host: "127.0.208.2" port: 43865 } } peers { permanent_uuid: "3d2f9c1ddec542f6b29a00dabc08caad" member_type: VOTER last_known_addr { host: "127.0.208.3" port: 39185 } }
I20260710 11:00:10.129485  2256 leader_election.cc:290] T 22e4b2dc460f432fb99a39461ef36616 P 003849bdbbcc42b6b5baea6c5103f39a [CANDIDATE]: Term 1 pre-election: Requested pre-vote from peers dcd4cb18ad4146b68cbf168bad4683eb (127.0.208.2:43865), 3d2f9c1ddec542f6b29a00dabc08caad (127.0.208.3:39185)
I20260710 11:00:10.130597  2001 tablet_service.cc:1917] Received RequestConsensusVote() RPC: tablet_id: "22e4b2dc460f432fb99a39461ef36616" candidate_uuid: "003849bdbbcc42b6b5baea6c5103f39a" candidate_term: 1 candidate_status { last_received { term: 0 index: 0 } } ignore_live_leader: false dest_uuid: "dcd4cb18ad4146b68cbf168bad4683eb" is_pre_election: true
I20260710 11:00:10.131219  2001 raft_consensus.cc:2468] T 22e4b2dc460f432fb99a39461ef36616 P dcd4cb18ad4146b68cbf168bad4683eb [term 0 FOLLOWER]: Leader pre-election vote request: Granting yes vote for candidate 003849bdbbcc42b6b5baea6c5103f39a in term 0.
I20260710 11:00:10.132625  1896 leader_election.cc:304] T 22e4b2dc460f432fb99a39461ef36616 P 003849bdbbcc42b6b5baea6c5103f39a [CANDIDATE]: Term 1 pre-election: Election decided. Result: candidate won. Election summary: received 2 responses out of 3 voters: 2 yes votes; 0 no votes. yes voters: 003849bdbbcc42b6b5baea6c5103f39a, dcd4cb18ad4146b68cbf168bad4683eb; no voters: 
I20260710 11:00:10.133431  2256 raft_consensus.cc:2804] T 22e4b2dc460f432fb99a39461ef36616 P 003849bdbbcc42b6b5baea6c5103f39a [term 0 FOLLOWER]: Leader pre-election won for term 1
I20260710 11:00:10.133738  2124 tablet_bootstrap.cc:654] T 2e93e88850224606b3358556d128ebb9 P dcd4cb18ad4146b68cbf168bad4683eb: Neither blocks nor log segments found. Creating new log.
I20260710 11:00:10.133816  2256 raft_consensus.cc:493] T 22e4b2dc460f432fb99a39461ef36616 P 003849bdbbcc42b6b5baea6c5103f39a [term 0 FOLLOWER]: Starting leader election (no leader contacted us within the election timeout)
I20260710 11:00:10.134414  2256 raft_consensus.cc:3060] T 22e4b2dc460f432fb99a39461ef36616 P 003849bdbbcc42b6b5baea6c5103f39a [term 0 FOLLOWER]: Advancing to term 1
I20260710 11:00:10.136662  2077 tablet_service.cc:1917] Received RequestConsensusVote() RPC: tablet_id: "22e4b2dc460f432fb99a39461ef36616" candidate_uuid: "003849bdbbcc42b6b5baea6c5103f39a" candidate_term: 1 candidate_status { last_received { term: 0 index: 0 } } ignore_live_leader: false dest_uuid: "3d2f9c1ddec542f6b29a00dabc08caad" is_pre_election: true
I20260710 11:00:10.142539  2122 raft_consensus.cc:359] T 22e4b2dc460f432fb99a39461ef36616 P 3d2f9c1ddec542f6b29a00dabc08caad [term 0 FOLLOWER]: Replica starting. Triggering 0 pending ops. Active config: opid_index: -1 OBSOLETE_local: false peers { permanent_uuid: "003849bdbbcc42b6b5baea6c5103f39a" member_type: VOTER last_known_addr { host: "127.0.208.1" port: 43791 } } peers { permanent_uuid: "dcd4cb18ad4146b68cbf168bad4683eb" member_type: VOTER last_known_addr { host: "127.0.208.2" port: 43865 } } peers { permanent_uuid: "3d2f9c1ddec542f6b29a00dabc08caad" member_type: VOTER last_known_addr { host: "127.0.208.3" port: 39185 } }
I20260710 11:00:10.143262  2122 raft_consensus.cc:385] T 22e4b2dc460f432fb99a39461ef36616 P 3d2f9c1ddec542f6b29a00dabc08caad [term 0 FOLLOWER]: Consensus starting up: Expiring failure detector timer to make a prompt election more likely
I20260710 11:00:10.146152  2122 raft_consensus.cc:740] T 22e4b2dc460f432fb99a39461ef36616 P 3d2f9c1ddec542f6b29a00dabc08caad [term 0 FOLLOWER]: Becoming Follower/Learner. State: Replica: 3d2f9c1ddec542f6b29a00dabc08caad, State: Initialized, Role: FOLLOWER
I20260710 11:00:10.146983  2122 consensus_queue.cc:260] T 22e4b2dc460f432fb99a39461ef36616 P 3d2f9c1ddec542f6b29a00dabc08caad [NON_LEADER]: Queue going to NON_LEADER mode. State: All replicated index: 0, Majority replicated index: 0, Committed index: 0, Last appended: 0.0, Last appended by leader: 0, Current term: 0, Majority size: -1, State: 0, Mode: NON_LEADER, active raft config: opid_index: -1 OBSOLETE_local: false peers { permanent_uuid: "003849bdbbcc42b6b5baea6c5103f39a" member_type: VOTER last_known_addr { host: "127.0.208.1" port: 43791 } } peers { permanent_uuid: "dcd4cb18ad4146b68cbf168bad4683eb" member_type: VOTER last_known_addr { host: "127.0.208.2" port: 43865 } } peers { permanent_uuid: "3d2f9c1ddec542f6b29a00dabc08caad" member_type: VOTER last_known_addr { host: "127.0.208.3" port: 39185 } }
I20260710 11:00:10.150235  2122 ts_tablet_manager.cc:1434] T 22e4b2dc460f432fb99a39461ef36616 P 3d2f9c1ddec542f6b29a00dabc08caad: Time spent starting tablet: real 0.024s	user 0.005s	sys 0.001s
I20260710 11:00:10.152411  2122 tablet_bootstrap.cc:492] T ce5855769ca545fa9aeba5a53573536c P 3d2f9c1ddec542f6b29a00dabc08caad: Bootstrap starting.
I20260710 11:00:10.155104  2256 raft_consensus.cc:515] T 22e4b2dc460f432fb99a39461ef36616 P 003849bdbbcc42b6b5baea6c5103f39a [term 1 FOLLOWER]: Starting leader election with config: opid_index: -1 OBSOLETE_local: false peers { permanent_uuid: "003849bdbbcc42b6b5baea6c5103f39a" member_type: VOTER last_known_addr { host: "127.0.208.1" port: 43791 } } peers { permanent_uuid: "dcd4cb18ad4146b68cbf168bad4683eb" member_type: VOTER last_known_addr { host: "127.0.208.2" port: 43865 } } peers { permanent_uuid: "3d2f9c1ddec542f6b29a00dabc08caad" member_type: VOTER last_known_addr { host: "127.0.208.3" port: 39185 } }
I20260710 11:00:10.157663  2123 tablet_bootstrap.cc:492] T 2bea9c238ad5490a923020484dfe7f38 P 003849bdbbcc42b6b5baea6c5103f39a: No bootstrap required, opened a new log
I20260710 11:00:10.158248  2123 ts_tablet_manager.cc:1403] T 2bea9c238ad5490a923020484dfe7f38 P 003849bdbbcc42b6b5baea6c5103f39a: Time spent bootstrapping tablet: real 0.165s	user 0.037s	sys 0.044s
I20260710 11:00:10.159020  2001 tablet_service.cc:1917] Received RequestConsensusVote() RPC: tablet_id: "22e4b2dc460f432fb99a39461ef36616" candidate_uuid: "003849bdbbcc42b6b5baea6c5103f39a" candidate_term: 1 candidate_status { last_received { term: 0 index: 0 } } ignore_live_leader: false dest_uuid: "dcd4cb18ad4146b68cbf168bad4683eb"
I20260710 11:00:10.159619  2001 raft_consensus.cc:3060] T 22e4b2dc460f432fb99a39461ef36616 P dcd4cb18ad4146b68cbf168bad4683eb [term 0 FOLLOWER]: Advancing to term 1
I20260710 11:00:10.161301  2123 raft_consensus.cc:359] T 2bea9c238ad5490a923020484dfe7f38 P 003849bdbbcc42b6b5baea6c5103f39a [term 0 FOLLOWER]: Replica starting. Triggering 0 pending ops. Active config: opid_index: -1 OBSOLETE_local: false peers { permanent_uuid: "003849bdbbcc42b6b5baea6c5103f39a" member_type: VOTER last_known_addr { host: "127.0.208.1" port: 43791 } } peers { permanent_uuid: "dcd4cb18ad4146b68cbf168bad4683eb" member_type: VOTER last_known_addr { host: "127.0.208.2" port: 43865 } } peers { permanent_uuid: "3d2f9c1ddec542f6b29a00dabc08caad" member_type: VOTER last_known_addr { host: "127.0.208.3" port: 39185 } }
I20260710 11:00:10.161728  2123 raft_consensus.cc:385] T 2bea9c238ad5490a923020484dfe7f38 P 003849bdbbcc42b6b5baea6c5103f39a [term 0 FOLLOWER]: Consensus starting up: Expiring failure detector timer to make a prompt election more likely
I20260710 11:00:10.161890  2123 raft_consensus.cc:740] T 2bea9c238ad5490a923020484dfe7f38 P 003849bdbbcc42b6b5baea6c5103f39a [term 0 FOLLOWER]: Becoming Follower/Learner. State: Replica: 003849bdbbcc42b6b5baea6c5103f39a, State: Initialized, Role: FOLLOWER
I20260710 11:00:10.162292  2123 consensus_queue.cc:260] T 2bea9c238ad5490a923020484dfe7f38 P 003849bdbbcc42b6b5baea6c5103f39a [NON_LEADER]: Queue going to NON_LEADER mode. State: All replicated index: 0, Majority replicated index: 0, Committed index: 0, Last appended: 0.0, Last appended by leader: 0, Current term: 0, Majority size: -1, State: 0, Mode: NON_LEADER, active raft config: opid_index: -1 OBSOLETE_local: false peers { permanent_uuid: "003849bdbbcc42b6b5baea6c5103f39a" member_type: VOTER last_known_addr { host: "127.0.208.1" port: 43791 } } peers { permanent_uuid: "dcd4cb18ad4146b68cbf168bad4683eb" member_type: VOTER last_known_addr { host: "127.0.208.2" port: 43865 } } peers { permanent_uuid: "3d2f9c1ddec542f6b29a00dabc08caad" member_type: VOTER last_known_addr { host: "127.0.208.3" port: 39185 } }
I20260710 11:00:10.164505  2256 leader_election.cc:290] T 22e4b2dc460f432fb99a39461ef36616 P 003849bdbbcc42b6b5baea6c5103f39a [CANDIDATE]: Term 1 election: Requested vote from peers dcd4cb18ad4146b68cbf168bad4683eb (127.0.208.2:43865), 3d2f9c1ddec542f6b29a00dabc08caad (127.0.208.3:39185)
I20260710 11:00:10.165267  2079 tablet_service.cc:1917] Received RequestConsensusVote() RPC: tablet_id: "22e4b2dc460f432fb99a39461ef36616" candidate_uuid: "003849bdbbcc42b6b5baea6c5103f39a" candidate_term: 1 candidate_status { last_received { term: 0 index: 0 } } ignore_live_leader: false dest_uuid: "3d2f9c1ddec542f6b29a00dabc08caad"
I20260710 11:00:10.166354  2123 ts_tablet_manager.cc:1434] T 2bea9c238ad5490a923020484dfe7f38 P 003849bdbbcc42b6b5baea6c5103f39a: Time spent starting tablet: real 0.008s	user 0.007s	sys 0.000s
I20260710 11:00:10.167238  2123 tablet_bootstrap.cc:492] T 9c6166cc03de46e2bf58deb558387684 P 003849bdbbcc42b6b5baea6c5103f39a: Bootstrap starting.
I20260710 11:00:10.149189  2077 raft_consensus.cc:2468] T 22e4b2dc460f432fb99a39461ef36616 P 3d2f9c1ddec542f6b29a00dabc08caad [term 0 FOLLOWER]: Leader pre-election vote request: Granting yes vote for candidate 003849bdbbcc42b6b5baea6c5103f39a in term 0.
I20260710 11:00:10.169570  2122 tablet_bootstrap.cc:654] T ce5855769ca545fa9aeba5a53573536c P 3d2f9c1ddec542f6b29a00dabc08caad: Neither blocks nor log segments found. Creating new log.
I20260710 11:00:10.185928  2001 raft_consensus.cc:2468] T 22e4b2dc460f432fb99a39461ef36616 P dcd4cb18ad4146b68cbf168bad4683eb [term 1 FOLLOWER]: Leader election vote request: Granting yes vote for candidate 003849bdbbcc42b6b5baea6c5103f39a in term 1.
I20260710 11:00:10.187211  2124 tablet_bootstrap.cc:492] T 2e93e88850224606b3358556d128ebb9 P dcd4cb18ad4146b68cbf168bad4683eb: No bootstrap required, opened a new log
I20260710 11:00:10.187466  2123 tablet_bootstrap.cc:654] T 9c6166cc03de46e2bf58deb558387684 P 003849bdbbcc42b6b5baea6c5103f39a: Neither blocks nor log segments found. Creating new log.
I20260710 11:00:10.187278  1896 leader_election.cc:304] T 22e4b2dc460f432fb99a39461ef36616 P 003849bdbbcc42b6b5baea6c5103f39a [CANDIDATE]: Term 1 election: Election decided. Result: candidate won. Election summary: received 3 responses out of 3 voters: 2 yes votes; 1 no votes. yes voters: 003849bdbbcc42b6b5baea6c5103f39a, dcd4cb18ad4146b68cbf168bad4683eb; no voters: 3d2f9c1ddec542f6b29a00dabc08caad
I20260710 11:00:10.187793  2124 ts_tablet_manager.cc:1403] T 2e93e88850224606b3358556d128ebb9 P dcd4cb18ad4146b68cbf168bad4683eb: Time spent bootstrapping tablet: real 0.074s	user 0.009s	sys 0.017s
I20260710 11:00:10.188715  2256 raft_consensus.cc:2804] T 22e4b2dc460f432fb99a39461ef36616 P 003849bdbbcc42b6b5baea6c5103f39a [term 1 FOLLOWER]: Leader election won for term 1
I20260710 11:00:10.189154  2256 raft_consensus.cc:697] T 22e4b2dc460f432fb99a39461ef36616 P 003849bdbbcc42b6b5baea6c5103f39a [term 1 LEADER]: Becoming Leader. State: Replica: 003849bdbbcc42b6b5baea6c5103f39a, State: Running, Role: LEADER
I20260710 11:00:10.189934  2256 consensus_queue.cc:237] T 22e4b2dc460f432fb99a39461ef36616 P 003849bdbbcc42b6b5baea6c5103f39a [LEADER]: Queue going to LEADER mode. State: All replicated index: 0, Majority replicated index: 0, Committed index: 0, Last appended: 0.0, Last appended by leader: 0, Current term: 1, Majority size: 2, State: 0, Mode: LEADER, active raft config: opid_index: -1 OBSOLETE_local: false peers { permanent_uuid: "003849bdbbcc42b6b5baea6c5103f39a" member_type: VOTER last_known_addr { host: "127.0.208.1" port: 43791 } } peers { permanent_uuid: "dcd4cb18ad4146b68cbf168bad4683eb" member_type: VOTER last_known_addr { host: "127.0.208.2" port: 43865 } } peers { permanent_uuid: "3d2f9c1ddec542f6b29a00dabc08caad" member_type: VOTER last_known_addr { host: "127.0.208.3" port: 39185 } }
I20260710 11:00:10.190781  2124 raft_consensus.cc:359] T 2e93e88850224606b3358556d128ebb9 P dcd4cb18ad4146b68cbf168bad4683eb [term 0 FOLLOWER]: Replica starting. Triggering 0 pending ops. Active config: opid_index: -1 OBSOLETE_local: false peers { permanent_uuid: "003849bdbbcc42b6b5baea6c5103f39a" member_type: VOTER last_known_addr { host: "127.0.208.1" port: 43791 } } peers { permanent_uuid: "dcd4cb18ad4146b68cbf168bad4683eb" member_type: VOTER last_known_addr { host: "127.0.208.2" port: 43865 } } peers { permanent_uuid: "3d2f9c1ddec542f6b29a00dabc08caad" member_type: VOTER last_known_addr { host: "127.0.208.3" port: 39185 } }
I20260710 11:00:10.191294  2124 raft_consensus.cc:385] T 2e93e88850224606b3358556d128ebb9 P dcd4cb18ad4146b68cbf168bad4683eb [term 0 FOLLOWER]: Consensus starting up: Expiring failure detector timer to make a prompt election more likely
I20260710 11:00:10.191558  2124 raft_consensus.cc:740] T 2e93e88850224606b3358556d128ebb9 P dcd4cb18ad4146b68cbf168bad4683eb [term 0 FOLLOWER]: Becoming Follower/Learner. State: Replica: dcd4cb18ad4146b68cbf168bad4683eb, State: Initialized, Role: FOLLOWER
I20260710 11:00:10.192282  2124 consensus_queue.cc:260] T 2e93e88850224606b3358556d128ebb9 P dcd4cb18ad4146b68cbf168bad4683eb [NON_LEADER]: Queue going to NON_LEADER mode. State: All replicated index: 0, Majority replicated index: 0, Committed index: 0, Last appended: 0.0, Last appended by leader: 0, Current term: 0, Majority size: -1, State: 0, Mode: NON_LEADER, active raft config: opid_index: -1 OBSOLETE_local: false peers { permanent_uuid: "003849bdbbcc42b6b5baea6c5103f39a" member_type: VOTER last_known_addr { host: "127.0.208.1" port: 43791 } } peers { permanent_uuid: "dcd4cb18ad4146b68cbf168bad4683eb" member_type: VOTER last_known_addr { host: "127.0.208.2" port: 43865 } } peers { permanent_uuid: "3d2f9c1ddec542f6b29a00dabc08caad" member_type: VOTER last_known_addr { host: "127.0.208.3" port: 39185 } }
I20260710 11:00:10.201617  2124 ts_tablet_manager.cc:1434] T 2e93e88850224606b3358556d128ebb9 P dcd4cb18ad4146b68cbf168bad4683eb: Time spent starting tablet: real 0.014s	user 0.007s	sys 0.000s
I20260710 11:00:10.202726  2124 tablet_bootstrap.cc:492] T ce5855769ca545fa9aeba5a53573536c P dcd4cb18ad4146b68cbf168bad4683eb: Bootstrap starting.
I20260710 11:00:10.212414  2122 tablet_bootstrap.cc:492] T ce5855769ca545fa9aeba5a53573536c P 3d2f9c1ddec542f6b29a00dabc08caad: No bootstrap required, opened a new log
I20260710 11:00:10.212917  2122 ts_tablet_manager.cc:1403] T ce5855769ca545fa9aeba5a53573536c P 3d2f9c1ddec542f6b29a00dabc08caad: Time spent bootstrapping tablet: real 0.061s	user 0.012s	sys 0.005s
I20260710 11:00:10.220851  1827 catalog_manager.cc:5697] T 22e4b2dc460f432fb99a39461ef36616 P 003849bdbbcc42b6b5baea6c5103f39a reported cstate change: term changed from 0 to 1, leader changed from <none> to 003849bdbbcc42b6b5baea6c5103f39a (127.0.208.1). New cstate: current_term: 1 leader_uuid: "003849bdbbcc42b6b5baea6c5103f39a" committed_config { opid_index: -1 OBSOLETE_local: false peers { permanent_uuid: "003849bdbbcc42b6b5baea6c5103f39a" member_type: VOTER last_known_addr { host: "127.0.208.1" port: 43791 } health_report { overall_health: HEALTHY } } peers { permanent_uuid: "dcd4cb18ad4146b68cbf168bad4683eb" member_type: VOTER last_known_addr { host: "127.0.208.2" port: 43865 } health_report { overall_health: UNKNOWN } } peers { permanent_uuid: "3d2f9c1ddec542f6b29a00dabc08caad" member_type: VOTER last_known_addr { host: "127.0.208.3" port: 39185 } health_report { overall_health: UNKNOWN } } }
I20260710 11:00:10.222402  2124 tablet_bootstrap.cc:654] T ce5855769ca545fa9aeba5a53573536c P dcd4cb18ad4146b68cbf168bad4683eb: Neither blocks nor log segments found. Creating new log.
I20260710 11:00:10.222939  2129 raft_consensus.cc:493] T 2bea9c238ad5490a923020484dfe7f38 P dcd4cb18ad4146b68cbf168bad4683eb [term 0 FOLLOWER]: Starting pre-election (no leader contacted us within the election timeout)
I20260710 11:00:10.225075  2129 raft_consensus.cc:515] T 2bea9c238ad5490a923020484dfe7f38 P dcd4cb18ad4146b68cbf168bad4683eb [term 0 FOLLOWER]: Starting pre-election with config: opid_index: -1 OBSOLETE_local: false peers { permanent_uuid: "003849bdbbcc42b6b5baea6c5103f39a" member_type: VOTER last_known_addr { host: "127.0.208.1" port: 43791 } } peers { permanent_uuid: "dcd4cb18ad4146b68cbf168bad4683eb" member_type: VOTER last_known_addr { host: "127.0.208.2" port: 43865 } } peers { permanent_uuid: "3d2f9c1ddec542f6b29a00dabc08caad" member_type: VOTER last_known_addr { host: "127.0.208.3" port: 39185 } }
I20260710 11:00:10.226142  2183 consensus_queue.cc:1048] T 2e93e88850224606b3358556d128ebb9 P 3d2f9c1ddec542f6b29a00dabc08caad [LEADER]: Connected to new peer: Peer: permanent_uuid: "003849bdbbcc42b6b5baea6c5103f39a" member_type: VOTER last_known_addr { host: "127.0.208.1" port: 43791 }, Status: LMP_MISMATCH, Last received: 0.0, Next index: 1, Last known committed idx: 0, Time since last communication: 0.000s
I20260710 11:00:10.227088  2129 leader_election.cc:290] T 2bea9c238ad5490a923020484dfe7f38 P dcd4cb18ad4146b68cbf168bad4683eb [CANDIDATE]: Term 1 pre-election: Requested pre-vote from peers 003849bdbbcc42b6b5baea6c5103f39a (127.0.208.1:43791), 3d2f9c1ddec542f6b29a00dabc08caad (127.0.208.3:39185)
I20260710 11:00:10.217689  2122 raft_consensus.cc:359] T ce5855769ca545fa9aeba5a53573536c P 3d2f9c1ddec542f6b29a00dabc08caad [term 0 FOLLOWER]: Replica starting. Triggering 0 pending ops. Active config: opid_index: -1 OBSOLETE_local: false peers { permanent_uuid: "003849bdbbcc42b6b5baea6c5103f39a" member_type: VOTER last_known_addr { host: "127.0.208.1" port: 43791 } } peers { permanent_uuid: "dcd4cb18ad4146b68cbf168bad4683eb" member_type: VOTER last_known_addr { host: "127.0.208.2" port: 43865 } } peers { permanent_uuid: "3d2f9c1ddec542f6b29a00dabc08caad" member_type: VOTER last_known_addr { host: "127.0.208.3" port: 39185 } }
I20260710 11:00:10.227995  2122 raft_consensus.cc:385] T ce5855769ca545fa9aeba5a53573536c P 3d2f9c1ddec542f6b29a00dabc08caad [term 0 FOLLOWER]: Consensus starting up: Expiring failure detector timer to make a prompt election more likely
I20260710 11:00:10.229064  2079 tablet_service.cc:1917] Received RequestConsensusVote() RPC: tablet_id: "2bea9c238ad5490a923020484dfe7f38" candidate_uuid: "dcd4cb18ad4146b68cbf168bad4683eb" candidate_term: 1 candidate_status { last_received { term: 0 index: 0 } } ignore_live_leader: false dest_uuid: "3d2f9c1ddec542f6b29a00dabc08caad" is_pre_election: true
I20260710 11:00:10.229727  1927 tablet_service.cc:1917] Received RequestConsensusVote() RPC: tablet_id: "2bea9c238ad5490a923020484dfe7f38" candidate_uuid: "dcd4cb18ad4146b68cbf168bad4683eb" candidate_term: 1 candidate_status { last_received { term: 0 index: 0 } } ignore_live_leader: false dest_uuid: "003849bdbbcc42b6b5baea6c5103f39a" is_pre_election: true
I20260710 11:00:10.230398  1927 raft_consensus.cc:2468] T 2bea9c238ad5490a923020484dfe7f38 P 003849bdbbcc42b6b5baea6c5103f39a [term 0 FOLLOWER]: Leader pre-election vote request: Granting yes vote for candidate dcd4cb18ad4146b68cbf168bad4683eb in term 0.
W20260710 11:00:10.230522  1973 leader_election.cc:343] T 2bea9c238ad5490a923020484dfe7f38 P dcd4cb18ad4146b68cbf168bad4683eb [CANDIDATE]: Term 1 pre-election: Tablet error from VoteRequest() call to peer 3d2f9c1ddec542f6b29a00dabc08caad (127.0.208.3:39185): Illegal state: must be running to vote when last-logged opid is not known
I20260710 11:00:10.231071  2122 raft_consensus.cc:740] T ce5855769ca545fa9aeba5a53573536c P 3d2f9c1ddec542f6b29a00dabc08caad [term 0 FOLLOWER]: Becoming Follower/Learner. State: Replica: 3d2f9c1ddec542f6b29a00dabc08caad, State: Initialized, Role: FOLLOWER
I20260710 11:00:10.231750  1971 leader_election.cc:304] T 2bea9c238ad5490a923020484dfe7f38 P dcd4cb18ad4146b68cbf168bad4683eb [CANDIDATE]: Term 1 pre-election: Election decided. Result: candidate won. Election summary: received 3 responses out of 3 voters: 2 yes votes; 1 no votes. yes voters: 003849bdbbcc42b6b5baea6c5103f39a, dcd4cb18ad4146b68cbf168bad4683eb; no voters: 3d2f9c1ddec542f6b29a00dabc08caad
I20260710 11:00:10.231871  2122 consensus_queue.cc:260] T ce5855769ca545fa9aeba5a53573536c P 3d2f9c1ddec542f6b29a00dabc08caad [NON_LEADER]: Queue going to NON_LEADER mode. State: All replicated index: 0, Majority replicated index: 0, Committed index: 0, Last appended: 0.0, Last appended by leader: 0, Current term: 0, Majority size: -1, State: 0, Mode: NON_LEADER, active raft config: opid_index: -1 OBSOLETE_local: false peers { permanent_uuid: "003849bdbbcc42b6b5baea6c5103f39a" member_type: VOTER last_known_addr { host: "127.0.208.1" port: 43791 } } peers { permanent_uuid: "dcd4cb18ad4146b68cbf168bad4683eb" member_type: VOTER last_known_addr { host: "127.0.208.2" port: 43865 } } peers { permanent_uuid: "3d2f9c1ddec542f6b29a00dabc08caad" member_type: VOTER last_known_addr { host: "127.0.208.3" port: 39185 } }
I20260710 11:00:10.232908  2129 raft_consensus.cc:2804] T 2bea9c238ad5490a923020484dfe7f38 P dcd4cb18ad4146b68cbf168bad4683eb [term 0 FOLLOWER]: Leader pre-election won for term 1
I20260710 11:00:10.233317  2129 raft_consensus.cc:493] T 2bea9c238ad5490a923020484dfe7f38 P dcd4cb18ad4146b68cbf168bad4683eb [term 0 FOLLOWER]: Starting leader election (no leader contacted us within the election timeout)
I20260710 11:00:10.233659  2129 raft_consensus.cc:3060] T 2bea9c238ad5490a923020484dfe7f38 P dcd4cb18ad4146b68cbf168bad4683eb [term 0 FOLLOWER]: Advancing to term 1
I20260710 11:00:10.234417  2122 ts_tablet_manager.cc:1434] T ce5855769ca545fa9aeba5a53573536c P 3d2f9c1ddec542f6b29a00dabc08caad: Time spent starting tablet: real 0.021s	user 0.007s	sys 0.001s
I20260710 11:00:10.236109  2122 tablet_bootstrap.cc:492] T 2bea9c238ad5490a923020484dfe7f38 P 3d2f9c1ddec542f6b29a00dabc08caad: Bootstrap starting.
I20260710 11:00:10.242703  2122 tablet_bootstrap.cc:654] T 2bea9c238ad5490a923020484dfe7f38 P 3d2f9c1ddec542f6b29a00dabc08caad: Neither blocks nor log segments found. Creating new log.
I20260710 11:00:10.244854  2129 raft_consensus.cc:515] T 2bea9c238ad5490a923020484dfe7f38 P dcd4cb18ad4146b68cbf168bad4683eb [term 1 FOLLOWER]: Starting leader election with config: opid_index: -1 OBSOLETE_local: false peers { permanent_uuid: "003849bdbbcc42b6b5baea6c5103f39a" member_type: VOTER last_known_addr { host: "127.0.208.1" port: 43791 } } peers { permanent_uuid: "dcd4cb18ad4146b68cbf168bad4683eb" member_type: VOTER last_known_addr { host: "127.0.208.2" port: 43865 } } peers { permanent_uuid: "3d2f9c1ddec542f6b29a00dabc08caad" member_type: VOTER last_known_addr { host: "127.0.208.3" port: 39185 } }
I20260710 11:00:10.248756  1927 tablet_service.cc:1917] Received RequestConsensusVote() RPC: tablet_id: "2bea9c238ad5490a923020484dfe7f38" candidate_uuid: "dcd4cb18ad4146b68cbf168bad4683eb" candidate_term: 1 candidate_status { last_received { term: 0 index: 0 } } ignore_live_leader: false dest_uuid: "003849bdbbcc42b6b5baea6c5103f39a"
I20260710 11:00:10.249718  1927 raft_consensus.cc:3060] T 2bea9c238ad5490a923020484dfe7f38 P 003849bdbbcc42b6b5baea6c5103f39a [term 0 FOLLOWER]: Advancing to term 1
I20260710 11:00:10.261436  2123 tablet_bootstrap.cc:492] T 9c6166cc03de46e2bf58deb558387684 P 003849bdbbcc42b6b5baea6c5103f39a: No bootstrap required, opened a new log
I20260710 11:00:10.262075  2123 ts_tablet_manager.cc:1403] T 9c6166cc03de46e2bf58deb558387684 P 003849bdbbcc42b6b5baea6c5103f39a: Time spent bootstrapping tablet: real 0.095s	user 0.012s	sys 0.010s
I20260710 11:00:10.265519  2123 raft_consensus.cc:359] T 9c6166cc03de46e2bf58deb558387684 P 003849bdbbcc42b6b5baea6c5103f39a [term 0 FOLLOWER]: Replica starting. Triggering 0 pending ops. Active config: opid_index: -1 OBSOLETE_local: false peers { permanent_uuid: "003849bdbbcc42b6b5baea6c5103f39a" member_type: VOTER last_known_addr { host: "127.0.208.1" port: 43791 } } peers { permanent_uuid: "dcd4cb18ad4146b68cbf168bad4683eb" member_type: VOTER last_known_addr { host: "127.0.208.2" port: 43865 } } peers { permanent_uuid: "3d2f9c1ddec542f6b29a00dabc08caad" member_type: VOTER last_known_addr { host: "127.0.208.3" port: 39185 } }
