I20260710 11:08:32.698401 24519 consensus_queue.cc:237] T ac43aa7484e448c9b0db5b595bfd26c6 P f005e14ae81346e2811d4ea0f8349322 [LEADER]: Queue going to LEADER mode. State: All replicated index: 0, Majority replicated index: 1, Committed index: 1, Last appended: 1.1, Last appended by leader: 1, Current term: 2, Majority size: 2, State: 0, Mode: LEADER, active raft config: opid_index: -1 OBSOLETE_local: false peers { permanent_uuid: "f005e14ae81346e2811d4ea0f8349322" member_type: VOTER last_known_addr { host: "127.22.31.193" port: 46595 } } peers { permanent_uuid: "c0e998774cd84beea135dc47c1258d5c" member_type: VOTER last_known_addr { host: "127.22.31.194" port: 39843 } } peers { permanent_uuid: "f6e212a3e6e64885b4c76f3c42cb129d" member_type: VOTER last_known_addr { host: "127.22.31.195" port: 44143 } }
I20260710 11:08:32.699669 23833 raft_consensus.cc:2468] T ac43aa7484e448c9b0db5b595bfd26c6 P c0e998774cd84beea135dc47c1258d5c [term 2 FOLLOWER]: Leader election vote request: Granting yes vote for candidate f005e14ae81346e2811d4ea0f8349322 in term 2.
I20260710 11:08:32.702515 23833 raft_consensus.cc:1275] T a03a3bcb65304e24a54101004ff77e9d P c0e998774cd84beea135dc47c1258d5c [term 2 FOLLOWER]: Refusing update from remote peer ff7e32657faf4656a326e116569d85ce: Log matching property violated. Preceding OpId in replica: term: 1 index: 4. Preceding OpId from leader: term: 2 index: 5. (index mismatch)
I20260710 11:08:32.704104 24527 consensus_queue.cc:1048] T a03a3bcb65304e24a54101004ff77e9d P ff7e32657faf4656a326e116569d85ce [LEADER]: Connected to new peer: Peer: permanent_uuid: "c0e998774cd84beea135dc47c1258d5c" member_type: VOTER last_known_addr { host: "127.22.31.194" port: 39843 }, Status: LMP_MISMATCH, Last received: 0.0, Next index: 5, Last known committed idx: 4, Time since last communication: 0.000s
I20260710 11:08:32.709599 23655 catalog_manager.cc:5697] T ac43aa7484e448c9b0db5b595bfd26c6 P f005e14ae81346e2811d4ea0f8349322 reported cstate change: term changed from 1 to 2, leader changed from c0e998774cd84beea135dc47c1258d5c (127.22.31.194) to f005e14ae81346e2811d4ea0f8349322 (127.22.31.193). New cstate: current_term: 2 leader_uuid: "f005e14ae81346e2811d4ea0f8349322" committed_config { opid_index: -1 OBSOLETE_local: false peers { permanent_uuid: "f005e14ae81346e2811d4ea0f8349322" member_type: VOTER last_known_addr { host: "127.22.31.193" port: 46595 } health_report { overall_health: HEALTHY } } peers { permanent_uuid: "c0e998774cd84beea135dc47c1258d5c" member_type: VOTER last_known_addr { host: "127.22.31.194" port: 39843 } health_report { overall_health: UNKNOWN } } peers { permanent_uuid: "f6e212a3e6e64885b4c76f3c42cb129d" member_type: VOTER last_known_addr { host: "127.22.31.195" port: 44143 } health_report { overall_health: UNKNOWN } } }
I20260710 11:08:32.720958 23754 raft_consensus.cc:1275] T a03a3bcb65304e24a54101004ff77e9d P f005e14ae81346e2811d4ea0f8349322 [term 2 FOLLOWER]: Refusing update from remote peer ff7e32657faf4656a326e116569d85ce: Log matching property violated. Preceding OpId in replica: term: 1 index: 4. Preceding OpId from leader: term: 2 index: 5. (index mismatch)
I20260710 11:08:32.723507 24523 raft_consensus.cc:993] T 83c590d8fc7d48aaadb53f131c5b3993 P c0e998774cd84beea135dc47c1258d5c: : Instructing follower ff7e32657faf4656a326e116569d85ce to start an election
I20260710 11:08:32.724057 24523 raft_consensus.cc:1081] T 83c590d8fc7d48aaadb53f131c5b3993 P c0e998774cd84beea135dc47c1258d5c [term 1 LEADER]: Signalling peer ff7e32657faf4656a326e116569d85ce to start an election
I20260710 11:08:32.726581 24527 consensus_queue.cc:1048] T a03a3bcb65304e24a54101004ff77e9d P ff7e32657faf4656a326e116569d85ce [LEADER]: Connected to new peer: Peer: permanent_uuid: "f005e14ae81346e2811d4ea0f8349322" member_type: VOTER last_known_addr { host: "127.22.31.193" port: 46595 }, Status: LMP_MISMATCH, Last received: 0.0, Next index: 5, Last known committed idx: 4, Time since last communication: 0.000s
I20260710 11:08:32.728471 24181 tablet_service.cc:2044] Received Run Leader Election RPC: tablet_id: "83c590d8fc7d48aaadb53f131c5b3993"
dest_uuid: "ff7e32657faf4656a326e116569d85ce"
 from {username='slave'} at 127.0.0.1:57788
I20260710 11:08:32.729140 24181 raft_consensus.cc:493] T 83c590d8fc7d48aaadb53f131c5b3993 P ff7e32657faf4656a326e116569d85ce [term 1 FOLLOWER]: Starting forced leader election (received explicit request)
I20260710 11:08:32.729542 24181 raft_consensus.cc:3060] T 83c590d8fc7d48aaadb53f131c5b3993 P ff7e32657faf4656a326e116569d85ce [term 1 FOLLOWER]: Advancing to term 2
I20260710 11:08:32.737458 24181 raft_consensus.cc:515] T 83c590d8fc7d48aaadb53f131c5b3993 P ff7e32657faf4656a326e116569d85ce [term 2 FOLLOWER]: Starting forced leader election with config: opid_index: 4 OBSOLETE_local: false peers { permanent_uuid: "f005e14ae81346e2811d4ea0f8349322" member_type: VOTER last_known_addr { host: "127.22.31.193" port: 46595 } } peers { permanent_uuid: "c0e998774cd84beea135dc47c1258d5c" member_type: VOTER last_known_addr { host: "127.22.31.194" port: 39843 } } peers { permanent_uuid: "ff7e32657faf4656a326e116569d85ce" member_type: VOTER last_known_addr { host: "127.22.31.196" port: 35195 } attrs { promote: false } }
I20260710 11:08:32.741285 23830 tablet_service.cc:1917] Received RequestConsensusVote() RPC: tablet_id: "83c590d8fc7d48aaadb53f131c5b3993" candidate_uuid: "ff7e32657faf4656a326e116569d85ce" candidate_term: 2 candidate_status { last_received { term: 1 index: 4 } } ignore_live_leader: true dest_uuid: "c0e998774cd84beea135dc47c1258d5c"
I20260710 11:08:32.741793 23830 raft_consensus.cc:3055] T 83c590d8fc7d48aaadb53f131c5b3993 P c0e998774cd84beea135dc47c1258d5c [term 1 LEADER]: Stepping down as leader of term 1
I20260710 11:08:32.742120 23830 raft_consensus.cc:740] T 83c590d8fc7d48aaadb53f131c5b3993 P c0e998774cd84beea135dc47c1258d5c [term 1 LEADER]: Becoming Follower/Learner. State: Replica: c0e998774cd84beea135dc47c1258d5c, State: Running, Role: LEADER
I20260710 11:08:32.741897 23756 tablet_service.cc:1917] Received RequestConsensusVote() RPC: tablet_id: "83c590d8fc7d48aaadb53f131c5b3993" candidate_uuid: "ff7e32657faf4656a326e116569d85ce" candidate_term: 2 candidate_status { last_received { term: 1 index: 4 } } ignore_live_leader: true dest_uuid: "f005e14ae81346e2811d4ea0f8349322"
I20260710 11:08:32.742743 23756 raft_consensus.cc:3060] T 83c590d8fc7d48aaadb53f131c5b3993 P f005e14ae81346e2811d4ea0f8349322 [term 1 FOLLOWER]: Advancing to term 2
I20260710 11:08:32.742892 23830 consensus_queue.cc:260] T 83c590d8fc7d48aaadb53f131c5b3993 P c0e998774cd84beea135dc47c1258d5c [NON_LEADER]: Queue going to NON_LEADER mode. State: All replicated index: 0, Majority replicated index: 4, Committed index: 4, Last appended: 1.4, Last appended by leader: 4, Current term: 1, Majority size: -1, State: 0, Mode: NON_LEADER, active raft config: opid_index: 4 OBSOLETE_local: false peers { permanent_uuid: "f005e14ae81346e2811d4ea0f8349322" member_type: VOTER last_known_addr { host: "127.22.31.193" port: 46595 } } peers { permanent_uuid: "c0e998774cd84beea135dc47c1258d5c" member_type: VOTER last_known_addr { host: "127.22.31.194" port: 39843 } } peers { permanent_uuid: "ff7e32657faf4656a326e116569d85ce" member_type: VOTER last_known_addr { host: "127.22.31.196" port: 35195 } attrs { promote: false } }
I20260710 11:08:32.743995 23830 raft_consensus.cc:3060] T 83c590d8fc7d48aaadb53f131c5b3993 P c0e998774cd84beea135dc47c1258d5c [term 1 FOLLOWER]: Advancing to term 2
I20260710 11:08:32.750627 23830 raft_consensus.cc:2468] T 83c590d8fc7d48aaadb53f131c5b3993 P c0e998774cd84beea135dc47c1258d5c [term 2 FOLLOWER]: Leader election vote request: Granting yes vote for candidate ff7e32657faf4656a326e116569d85ce in term 2.
I20260710 11:08:32.751045 24181 leader_election.cc:290] T 83c590d8fc7d48aaadb53f131c5b3993 P ff7e32657faf4656a326e116569d85ce [CANDIDATE]: Term 2 election: Requested vote from peers f005e14ae81346e2811d4ea0f8349322 (127.22.31.193:46595), c0e998774cd84beea135dc47c1258d5c (127.22.31.194:39843)
I20260710 11:08:32.751813 23756 raft_consensus.cc:2468] T 83c590d8fc7d48aaadb53f131c5b3993 P f005e14ae81346e2811d4ea0f8349322 [term 2 FOLLOWER]: Leader election vote request: Granting yes vote for candidate ff7e32657faf4656a326e116569d85ce in term 2.
I20260710 11:08:32.754400 24146 leader_election.cc:304] T 83c590d8fc7d48aaadb53f131c5b3993 P ff7e32657faf4656a326e116569d85ce [CANDIDATE]: Term 2 election: Election decided. Result: candidate won. Election summary: received 2 responses out of 3 voters: 2 yes votes; 0 no votes. yes voters: f005e14ae81346e2811d4ea0f8349322, ff7e32657faf4656a326e116569d85ce; no voters: 
I20260710 11:08:32.755739 24527 raft_consensus.cc:2804] T 83c590d8fc7d48aaadb53f131c5b3993 P ff7e32657faf4656a326e116569d85ce [term 2 FOLLOWER]: Leader election won for term 2
I20260710 11:08:32.756493 24527 raft_consensus.cc:697] T 83c590d8fc7d48aaadb53f131c5b3993 P ff7e32657faf4656a326e116569d85ce [term 2 LEADER]: Becoming Leader. State: Replica: ff7e32657faf4656a326e116569d85ce, State: Running, Role: LEADER
I20260710 11:08:32.757669 24527 consensus_queue.cc:237] T 83c590d8fc7d48aaadb53f131c5b3993 P ff7e32657faf4656a326e116569d85ce [LEADER]: Queue going to LEADER mode. State: All replicated index: 0, Majority replicated index: 4, Committed index: 4, Last appended: 1.4, Last appended by leader: 4, Current term: 2, Majority size: 2, State: 0, Mode: LEADER, active raft config: opid_index: 4 OBSOLETE_local: false peers { permanent_uuid: "f005e14ae81346e2811d4ea0f8349322" member_type: VOTER last_known_addr { host: "127.22.31.193" port: 46595 } } peers { permanent_uuid: "c0e998774cd84beea135dc47c1258d5c" member_type: VOTER last_known_addr { host: "127.22.31.194" port: 39843 } } peers { permanent_uuid: "ff7e32657faf4656a326e116569d85ce" member_type: VOTER last_known_addr { host: "127.22.31.196" port: 35195 } attrs { promote: false } }
I20260710 11:08:32.768420 23656 catalog_manager.cc:5697] T 83c590d8fc7d48aaadb53f131c5b3993 P ff7e32657faf4656a326e116569d85ce reported cstate change: term changed from 1 to 2, leader changed from c0e998774cd84beea135dc47c1258d5c (127.22.31.194) to ff7e32657faf4656a326e116569d85ce (127.22.31.196). New cstate: current_term: 2 leader_uuid: "ff7e32657faf4656a326e116569d85ce" committed_config { opid_index: 4 OBSOLETE_local: false peers { permanent_uuid: "f005e14ae81346e2811d4ea0f8349322" member_type: VOTER last_known_addr { host: "127.22.31.193" port: 46595 } health_report { overall_health: UNKNOWN } } peers { permanent_uuid: "c0e998774cd84beea135dc47c1258d5c" member_type: VOTER last_known_addr { host: "127.22.31.194" port: 39843 } health_report { overall_health: UNKNOWN } } peers { permanent_uuid: "ff7e32657faf4656a326e116569d85ce" member_type: VOTER last_known_addr { host: "127.22.31.196" port: 35195 } attrs { promote: false } health_report { overall_health: HEALTHY } } }
I20260710 11:08:32.818418 23830 raft_consensus.cc:1275] T f6169f1a2c5f4e1fac9aa524681794c3 P c0e998774cd84beea135dc47c1258d5c [term 2 FOLLOWER]: Refusing update from remote peer ff7e32657faf4656a326e116569d85ce: Log matching property violated. Preceding OpId in replica: term: 1 index: 4. Preceding OpId from leader: term: 2 index: 5. (index mismatch)
I20260710 11:08:32.819643 24527 consensus_queue.cc:1048] T f6169f1a2c5f4e1fac9aa524681794c3 P ff7e32657faf4656a326e116569d85ce [LEADER]: Connected to new peer: Peer: permanent_uuid: "c0e998774cd84beea135dc47c1258d5c" member_type: VOTER last_known_addr { host: "127.22.31.194" port: 39843 }, Status: LMP_MISMATCH, Last received: 0.0, Next index: 5, Last known committed idx: 4, Time since last communication: 0.000s
I20260710 11:08:32.827389 23754 raft_consensus.cc:1275] T f6169f1a2c5f4e1fac9aa524681794c3 P f005e14ae81346e2811d4ea0f8349322 [term 2 FOLLOWER]: Refusing update from remote peer ff7e32657faf4656a326e116569d85ce: Log matching property violated. Preceding OpId in replica: term: 1 index: 4. Preceding OpId from leader: term: 2 index: 5. (index mismatch)
I20260710 11:08:32.828850 24527 consensus_queue.cc:1048] T f6169f1a2c5f4e1fac9aa524681794c3 P ff7e32657faf4656a326e116569d85ce [LEADER]: Connected to new peer: Peer: permanent_uuid: "f005e14ae81346e2811d4ea0f8349322" member_type: VOTER last_known_addr { host: "127.22.31.193" port: 46595 }, Status: LMP_MISMATCH, Last received: 0.0, Next index: 5, Last known committed idx: 4, Time since last communication: 0.000s
I20260710 11:08:32.901790 23830 raft_consensus.cc:1275] T 4acbf24bd72749a0a79edf352b903968 P c0e998774cd84beea135dc47c1258d5c [term 2 FOLLOWER]: Refusing update from remote peer ff7e32657faf4656a326e116569d85ce: Log matching property violated. Preceding OpId in replica: term: 1 index: 4. Preceding OpId from leader: term: 2 index: 5. (index mismatch)
I20260710 11:08:32.902905 24527 consensus_queue.cc:1048] T 4acbf24bd72749a0a79edf352b903968 P ff7e32657faf4656a326e116569d85ce [LEADER]: Connected to new peer: Peer: permanent_uuid: "c0e998774cd84beea135dc47c1258d5c" member_type: VOTER last_known_addr { host: "127.22.31.194" port: 39843 }, Status: LMP_MISMATCH, Last received: 0.0, Next index: 5, Last known committed idx: 4, Time since last communication: 0.000s
I20260710 11:08:32.910701 23906 raft_consensus.cc:1275] T 4acbf24bd72749a0a79edf352b903968 P f6e212a3e6e64885b4c76f3c42cb129d [term 2 FOLLOWER]: Refusing update from remote peer ff7e32657faf4656a326e116569d85ce: Log matching property violated. Preceding OpId in replica: term: 1 index: 4. Preceding OpId from leader: term: 2 index: 5. (index mismatch)
I20260710 11:08:32.912902 24528 consensus_queue.cc:1048] T 4acbf24bd72749a0a79edf352b903968 P ff7e32657faf4656a326e116569d85ce [LEADER]: Connected to new peer: Peer: permanent_uuid: "f6e212a3e6e64885b4c76f3c42cb129d" member_type: VOTER last_known_addr { host: "127.22.31.195" port: 44143 }, Status: LMP_MISMATCH, Last received: 0.0, Next index: 5, Last known committed idx: 4, Time since last communication: 0.001s
I20260710 11:08:33.026175 23830 raft_consensus.cc:1275] T ea1208f6b6ae4e8ea381265052bde681 P c0e998774cd84beea135dc47c1258d5c [term 2 FOLLOWER]: Refusing update from remote peer ff7e32657faf4656a326e116569d85ce: Log matching property violated. Preceding OpId in replica: term: 1 index: 4. Preceding OpId from leader: term: 2 index: 5. (index mismatch)
I20260710 11:08:33.027252 24528 consensus_queue.cc:1048] T ea1208f6b6ae4e8ea381265052bde681 P ff7e32657faf4656a326e116569d85ce [LEADER]: Connected to new peer: Peer: permanent_uuid: "c0e998774cd84beea135dc47c1258d5c" member_type: VOTER last_known_addr { host: "127.22.31.194" port: 39843 }, Status: LMP_MISMATCH, Last received: 0.0, Next index: 5, Last known committed idx: 4, Time since last communication: 0.000s
I20260710 11:08:33.034782 23907 raft_consensus.cc:1275] T ea1208f6b6ae4e8ea381265052bde681 P f6e212a3e6e64885b4c76f3c42cb129d [term 2 FOLLOWER]: Refusing update from remote peer ff7e32657faf4656a326e116569d85ce: Log matching property violated. Preceding OpId in replica: term: 1 index: 4. Preceding OpId from leader: term: 2 index: 5. (index mismatch)
I20260710 11:08:33.036128 24546 consensus_queue.cc:1048] T ea1208f6b6ae4e8ea381265052bde681 P ff7e32657faf4656a326e116569d85ce [LEADER]: Connected to new peer: Peer: permanent_uuid: "f6e212a3e6e64885b4c76f3c42cb129d" member_type: VOTER last_known_addr { host: "127.22.31.195" port: 44143 }, Status: LMP_MISMATCH, Last received: 0.0, Next index: 5, Last known committed idx: 4, Time since last communication: 0.001s
I20260710 11:08:33.096961 23830 raft_consensus.cc:1275] T ac43aa7484e448c9b0db5b595bfd26c6 P c0e998774cd84beea135dc47c1258d5c [term 2 FOLLOWER]: Refusing update from remote peer f005e14ae81346e2811d4ea0f8349322: Log matching property violated. Preceding OpId in replica: term: 1 index: 1. Preceding OpId from leader: term: 2 index: 2. (index mismatch)
I20260710 11:08:33.098089 24519 consensus_queue.cc:1048] T ac43aa7484e448c9b0db5b595bfd26c6 P f005e14ae81346e2811d4ea0f8349322 [LEADER]: Connected to new peer: Peer: permanent_uuid: "c0e998774cd84beea135dc47c1258d5c" member_type: VOTER last_known_addr { host: "127.22.31.194" port: 39843 }, Status: LMP_MISMATCH, Last received: 0.0, Next index: 2, Last known committed idx: 1, Time since last communication: 0.000s
I20260710 11:08:33.113345 23906 raft_consensus.cc:1275] T ac43aa7484e448c9b0db5b595bfd26c6 P f6e212a3e6e64885b4c76f3c42cb129d [term 2 FOLLOWER]: Refusing update from remote peer f005e14ae81346e2811d4ea0f8349322: Log matching property violated. Preceding OpId in replica: term: 1 index: 1. Preceding OpId from leader: term: 2 index: 2. (index mismatch)
I20260710 11:08:33.115100 24554 consensus_queue.cc:1048] T ac43aa7484e448c9b0db5b595bfd26c6 P f005e14ae81346e2811d4ea0f8349322 [LEADER]: Connected to new peer: Peer: permanent_uuid: "f6e212a3e6e64885b4c76f3c42cb129d" member_type: VOTER last_known_addr { host: "127.22.31.195" port: 44143 }, Status: LMP_MISMATCH, Last received: 0.0, Next index: 2, Last known committed idx: 1, Time since last communication: 0.001s
I20260710 11:08:33.210531 22655 auto_leader_rebalancer.cc:141] leader rebalance for table test-workload
I20260710 11:08:33.211342 23754 raft_consensus.cc:1275] T 83c590d8fc7d48aaadb53f131c5b3993 P f005e14ae81346e2811d4ea0f8349322 [term 2 FOLLOWER]: Refusing update from remote peer ff7e32657faf4656a326e116569d85ce: Log matching property violated. Preceding OpId in replica: term: 1 index: 4. Preceding OpId from leader: term: 2 index: 5. (index mismatch)
I20260710 11:08:33.212558 24546 consensus_queue.cc:1048] T 83c590d8fc7d48aaadb53f131c5b3993 P ff7e32657faf4656a326e116569d85ce [LEADER]: Connected to new peer: Peer: permanent_uuid: "f005e14ae81346e2811d4ea0f8349322" member_type: VOTER last_known_addr { host: "127.22.31.193" port: 46595 }, Status: LMP_MISMATCH, Last received: 0.0, Next index: 5, Last known committed idx: 4, Time since last communication: 0.000s
I20260710 11:08:33.224119 23833 raft_consensus.cc:1275] T 83c590d8fc7d48aaadb53f131c5b3993 P c0e998774cd84beea135dc47c1258d5c [term 2 FOLLOWER]: Refusing update from remote peer ff7e32657faf4656a326e116569d85ce: Log matching property violated. Preceding OpId in replica: term: 1 index: 4. Preceding OpId from leader: term: 2 index: 5. (index mismatch)
I20260710 11:08:33.225759 24528 consensus_queue.cc:1048] T 83c590d8fc7d48aaadb53f131c5b3993 P ff7e32657faf4656a326e116569d85ce [LEADER]: Connected to new peer: Peer: permanent_uuid: "c0e998774cd84beea135dc47c1258d5c" member_type: VOTER last_known_addr { host: "127.22.31.194" port: 39843 }, Status: LMP_MISMATCH, Last received: 0.0, Next index: 5, Last known committed idx: 4, Time since last communication: 0.000s
I20260710 11:08:33.231631 22655 auto_leader_rebalancer.cc:141] leader rebalance for table test-workload
I20260710 11:08:33.246413 23906 tablet_service.cc:2072] Received LeaderStepDown RPC: tablet_id: "abfa68f6cad546abab1318416b9a5567"
dest_uuid: "f6e212a3e6e64885b4c76f3c42cb129d"
mode: GRACEFUL
new_leader_uuid: "ff7e32657faf4656a326e116569d85ce"
 from {username='slave'} at 127.0.0.1:56788
I20260710 11:08:33.246886 23906 raft_consensus.cc:606] T abfa68f6cad546abab1318416b9a5567 P f6e212a3e6e64885b4c76f3c42cb129d [term 1 LEADER]: Received request to transfer leadership to TS ff7e32657faf4656a326e116569d85ce
I20260710 11:08:33.247920 22655 auto_leader_rebalancer.cc:452] table: test-workload, leader rebalance finish, leader transfer count: 1
I20260710 11:08:33.248479 22655 auto_leader_rebalancer.cc:527] All tables' leader rebalancing finished this round
I20260710 11:08:33.343914 24517 raft_consensus.cc:993] T abfa68f6cad546abab1318416b9a5567 P f6e212a3e6e64885b4c76f3c42cb129d: : Instructing follower ff7e32657faf4656a326e116569d85ce to start an election
I20260710 11:08:33.344383 24522 raft_consensus.cc:1081] T abfa68f6cad546abab1318416b9a5567 P f6e212a3e6e64885b4c76f3c42cb129d [term 1 LEADER]: Signalling peer ff7e32657faf4656a326e116569d85ce to start an election
I20260710 11:08:33.345557 24180 tablet_service.cc:2044] Received Run Leader Election RPC: tablet_id: "abfa68f6cad546abab1318416b9a5567"
dest_uuid: "ff7e32657faf4656a326e116569d85ce"
 from {username='slave'} at 127.0.0.1:57776
I20260710 11:08:33.345911 24180 raft_consensus.cc:493] T abfa68f6cad546abab1318416b9a5567 P ff7e32657faf4656a326e116569d85ce [term 1 FOLLOWER]: Starting forced leader election (received explicit request)
I20260710 11:08:33.346143 24180 raft_consensus.cc:3060] T abfa68f6cad546abab1318416b9a5567 P ff7e32657faf4656a326e116569d85ce [term 1 FOLLOWER]: Advancing to term 2
I20260710 11:08:33.350186 24180 raft_consensus.cc:515] T abfa68f6cad546abab1318416b9a5567 P ff7e32657faf4656a326e116569d85ce [term 2 FOLLOWER]: Starting forced leader election with config: opid_index: 4 OBSOLETE_local: false peers { permanent_uuid: "f6e212a3e6e64885b4c76f3c42cb129d" member_type: VOTER last_known_addr { host: "127.22.31.195" port: 44143 } } peers { permanent_uuid: "f005e14ae81346e2811d4ea0f8349322" member_type: VOTER last_known_addr { host: "127.22.31.193" port: 46595 } } peers { permanent_uuid: "ff7e32657faf4656a326e116569d85ce" member_type: VOTER last_known_addr { host: "127.22.31.196" port: 35195 } attrs { promote: false } }
I20260710 11:08:33.351446 24180 leader_election.cc:290] T abfa68f6cad546abab1318416b9a5567 P ff7e32657faf4656a326e116569d85ce [CANDIDATE]: Term 2 election: Requested vote from peers f6e212a3e6e64885b4c76f3c42cb129d (127.22.31.195:44143), f005e14ae81346e2811d4ea0f8349322 (127.22.31.193:46595)
I20260710 11:08:33.352023 23906 tablet_service.cc:1917] Received RequestConsensusVote() RPC: tablet_id: "abfa68f6cad546abab1318416b9a5567" candidate_uuid: "ff7e32657faf4656a326e116569d85ce" candidate_term: 2 candidate_status { last_received { term: 1 index: 4 } } ignore_live_leader: true dest_uuid: "f6e212a3e6e64885b4c76f3c42cb129d"
I20260710 11:08:33.352345 23754 tablet_service.cc:1917] Received RequestConsensusVote() RPC: tablet_id: "abfa68f6cad546abab1318416b9a5567" candidate_uuid: "ff7e32657faf4656a326e116569d85ce" candidate_term: 2 candidate_status { last_received { term: 1 index: 4 } } ignore_live_leader: true dest_uuid: "f005e14ae81346e2811d4ea0f8349322"
I20260710 11:08:33.352591 23906 raft_consensus.cc:3055] T abfa68f6cad546abab1318416b9a5567 P f6e212a3e6e64885b4c76f3c42cb129d [term 1 LEADER]: Stepping down as leader of term 1
I20260710 11:08:33.352869 23754 raft_consensus.cc:3060] T abfa68f6cad546abab1318416b9a5567 P f005e14ae81346e2811d4ea0f8349322 [term 1 FOLLOWER]: Advancing to term 2
I20260710 11:08:33.352911 23906 raft_consensus.cc:740] T abfa68f6cad546abab1318416b9a5567 P f6e212a3e6e64885b4c76f3c42cb129d [term 1 LEADER]: Becoming Follower/Learner. State: Replica: f6e212a3e6e64885b4c76f3c42cb129d, State: Running, Role: LEADER
I20260710 11:08:33.353749 23906 consensus_queue.cc:260] T abfa68f6cad546abab1318416b9a5567 P f6e212a3e6e64885b4c76f3c42cb129d [NON_LEADER]: Queue going to NON_LEADER mode. State: All replicated index: 0, Majority replicated index: 4, Committed index: 4, Last appended: 1.4, Last appended by leader: 4, Current term: 1, Majority size: -1, State: 0, Mode: NON_LEADER, active raft config: opid_index: 4 OBSOLETE_local: false peers { permanent_uuid: "f6e212a3e6e64885b4c76f3c42cb129d" member_type: VOTER last_known_addr { host: "127.22.31.195" port: 44143 } } peers { permanent_uuid: "f005e14ae81346e2811d4ea0f8349322" member_type: VOTER last_known_addr { host: "127.22.31.193" port: 46595 } } peers { permanent_uuid: "ff7e32657faf4656a326e116569d85ce" member_type: VOTER last_known_addr { host: "127.22.31.196" port: 35195 } attrs { promote: false } }
I20260710 11:08:33.354666 23906 raft_consensus.cc:3060] T abfa68f6cad546abab1318416b9a5567 P f6e212a3e6e64885b4c76f3c42cb129d [term 1 FOLLOWER]: Advancing to term 2
I20260710 11:08:33.358029 23754 raft_consensus.cc:2468] T abfa68f6cad546abab1318416b9a5567 P f005e14ae81346e2811d4ea0f8349322 [term 2 FOLLOWER]: Leader election vote request: Granting yes vote for candidate ff7e32657faf4656a326e116569d85ce in term 2.
I20260710 11:08:33.358940 24146 leader_election.cc:304] T abfa68f6cad546abab1318416b9a5567 P ff7e32657faf4656a326e116569d85ce [CANDIDATE]: Term 2 election: Election decided. Result: candidate won. Election summary: received 2 responses out of 3 voters: 2 yes votes; 0 no votes. yes voters: f005e14ae81346e2811d4ea0f8349322, ff7e32657faf4656a326e116569d85ce; no voters: 
I20260710 11:08:33.359577 24546 raft_consensus.cc:2804] T abfa68f6cad546abab1318416b9a5567 P ff7e32657faf4656a326e116569d85ce [term 2 FOLLOWER]: Leader election won for term 2
I20260710 11:08:33.359552 23906 raft_consensus.cc:2468] T abfa68f6cad546abab1318416b9a5567 P f6e212a3e6e64885b4c76f3c42cb129d [term 2 FOLLOWER]: Leader election vote request: Granting yes vote for candidate ff7e32657faf4656a326e116569d85ce in term 2.
I20260710 11:08:33.360162 24546 raft_consensus.cc:697] T abfa68f6cad546abab1318416b9a5567 P ff7e32657faf4656a326e116569d85ce [term 2 LEADER]: Becoming Leader. State: Replica: ff7e32657faf4656a326e116569d85ce, State: Running, Role: LEADER
I20260710 11:08:33.360924 24546 consensus_queue.cc:237] T abfa68f6cad546abab1318416b9a5567 P ff7e32657faf4656a326e116569d85ce [LEADER]: Queue going to LEADER mode. State: All replicated index: 0, Majority replicated index: 4, Committed index: 4, Last appended: 1.4, Last appended by leader: 4, Current term: 2, Majority size: 2, State: 0, Mode: LEADER, active raft config: opid_index: 4 OBSOLETE_local: false peers { permanent_uuid: "f6e212a3e6e64885b4c76f3c42cb129d" member_type: VOTER last_known_addr { host: "127.22.31.195" port: 44143 } } peers { permanent_uuid: "f005e14ae81346e2811d4ea0f8349322" member_type: VOTER last_known_addr { host: "127.22.31.193" port: 46595 } } peers { permanent_uuid: "ff7e32657faf4656a326e116569d85ce" member_type: VOTER last_known_addr { host: "127.22.31.196" port: 35195 } attrs { promote: false } }
I20260710 11:08:33.371863 23655 catalog_manager.cc:5697] T abfa68f6cad546abab1318416b9a5567 P ff7e32657faf4656a326e116569d85ce reported cstate change: term changed from 1 to 2, leader changed from f6e212a3e6e64885b4c76f3c42cb129d (127.22.31.195) to ff7e32657faf4656a326e116569d85ce (127.22.31.196). New cstate: current_term: 2 leader_uuid: "ff7e32657faf4656a326e116569d85ce" committed_config { opid_index: 4 OBSOLETE_local: false peers { permanent_uuid: "f6e212a3e6e64885b4c76f3c42cb129d" member_type: VOTER last_known_addr { host: "127.22.31.195" port: 44143 } health_report { overall_health: UNKNOWN } } peers { permanent_uuid: "f005e14ae81346e2811d4ea0f8349322" member_type: VOTER last_known_addr { host: "127.22.31.193" port: 46595 } health_report { overall_health: UNKNOWN } } peers { permanent_uuid: "ff7e32657faf4656a326e116569d85ce" member_type: VOTER last_known_addr { host: "127.22.31.196" port: 35195 } attrs { promote: false } health_report { overall_health: HEALTHY } } }
I20260710 11:08:33.755304 23906 raft_consensus.cc:1275] T abfa68f6cad546abab1318416b9a5567 P f6e212a3e6e64885b4c76f3c42cb129d [term 2 FOLLOWER]: Refusing update from remote peer ff7e32657faf4656a326e116569d85ce: Log matching property violated. Preceding OpId in replica: term: 1 index: 4. Preceding OpId from leader: term: 2 index: 5. (index mismatch)
I20260710 11:08:33.756770 24546 consensus_queue.cc:1048] T abfa68f6cad546abab1318416b9a5567 P ff7e32657faf4656a326e116569d85ce [LEADER]: Connected to new peer: Peer: permanent_uuid: "f6e212a3e6e64885b4c76f3c42cb129d" member_type: VOTER last_known_addr { host: "127.22.31.195" port: 44143 }, Status: LMP_MISMATCH, Last received: 0.0, Next index: 5, Last known committed idx: 4, Time since last communication: 0.000s
I20260710 11:08:33.766600 23754 raft_consensus.cc:1275] T abfa68f6cad546abab1318416b9a5567 P f005e14ae81346e2811d4ea0f8349322 [term 2 FOLLOWER]: Refusing update from remote peer ff7e32657faf4656a326e116569d85ce: Log matching property violated. Preceding OpId in replica: term: 1 index: 4. Preceding OpId from leader: term: 2 index: 5. (index mismatch)
I20260710 11:08:33.768515 24560 consensus_queue.cc:1048] T abfa68f6cad546abab1318416b9a5567 P ff7e32657faf4656a326e116569d85ce [LEADER]: Connected to new peer: Peer: permanent_uuid: "f005e14ae81346e2811d4ea0f8349322" member_type: VOTER last_known_addr { host: "127.22.31.193" port: 46595 }, Status: LMP_MISMATCH, Last received: 0.0, Next index: 5, Last known committed idx: 4, Time since last communication: 0.001s
I20260710 11:08:34.249202 22655 auto_leader_rebalancer.cc:141] leader rebalance for table test-workload
I20260710 11:08:34.266104 22655 tablet_server.cc:179] TabletServer@127.22.31.193:0 shutting down...
I20260710 11:08:34.295674 22655 ts_tablet_manager.cc:1507] Shutting down tablet manager...
I20260710 11:08:34.296456 22655 tablet_replica.cc:333] T 4fab7eb56b73484dbcfbe52d660f67b6 P f005e14ae81346e2811d4ea0f8349322: stopping tablet replica
I20260710 11:08:34.297127 22655 raft_consensus.cc:2243] T 4fab7eb56b73484dbcfbe52d660f67b6 P f005e14ae81346e2811d4ea0f8349322 [term 1 FOLLOWER]: Raft consensus shutting down.
I20260710 11:08:34.298059 22655 raft_consensus.cc:2272] T 4fab7eb56b73484dbcfbe52d660f67b6 P f005e14ae81346e2811d4ea0f8349322 [term 1 FOLLOWER]: Raft consensus is shut down!
I20260710 11:08:34.300962 22655 tablet_replica.cc:333] T 07849c3385f64ae9892d0b37927d24c3 P f005e14ae81346e2811d4ea0f8349322: stopping tablet replica
W20260710 11:08:34.300758 24146 proxy.cc:239] Call had error, refreshing address and retrying: Remote error: Service unavailable: service kudu.consensus.ConsensusService not registered on TabletServer [suppressed 3 similar messages]
I20260710 11:08:34.303345 22655 raft_consensus.cc:2243] T 07849c3385f64ae9892d0b37927d24c3 P f005e14ae81346e2811d4ea0f8349322 [term 1 FOLLOWER]: Raft consensus shutting down.
I20260710 11:08:34.303936 22655 raft_consensus.cc:2272] T 07849c3385f64ae9892d0b37927d24c3 P f005e14ae81346e2811d4ea0f8349322 [term 1 FOLLOWER]: Raft consensus is shut down!
W20260710 11:08:34.304620 24146 consensus_peers.cc:597] T abfa68f6cad546abab1318416b9a5567 P ff7e32657faf4656a326e116569d85ce -> Peer f005e14ae81346e2811d4ea0f8349322 (127.22.31.193:46595): Couldn't send request to peer f005e14ae81346e2811d4ea0f8349322. Status: Remote error: Service unavailable: service kudu.consensus.ConsensusService not registered on TabletServer. This is attempt 1: this message will repeat every 5th retry.
I20260710 11:08:34.306249 22655 tablet_replica.cc:333] T 9ecae058bb364887b69438fa04e759ac P f005e14ae81346e2811d4ea0f8349322: stopping tablet replica
I20260710 11:08:34.306851 22655 raft_consensus.cc:2243] T 9ecae058bb364887b69438fa04e759ac P f005e14ae81346e2811d4ea0f8349322 [term 1 FOLLOWER]: Raft consensus shutting down.
I20260710 11:08:34.307387 22655 raft_consensus.cc:2272] T 9ecae058bb364887b69438fa04e759ac P f005e14ae81346e2811d4ea0f8349322 [term 1 FOLLOWER]: Raft consensus is shut down!
I20260710 11:08:34.309084 22655 tablet_replica.cc:333] T ac43aa7484e448c9b0db5b595bfd26c6 P f005e14ae81346e2811d4ea0f8349322: stopping tablet replica
I20260710 11:08:34.309603 22655 raft_consensus.cc:2243] T ac43aa7484e448c9b0db5b595bfd26c6 P f005e14ae81346e2811d4ea0f8349322 [term 2 LEADER]: Raft consensus shutting down.
I20260710 11:08:34.310240 22655 raft_consensus.cc:2272] T ac43aa7484e448c9b0db5b595bfd26c6 P f005e14ae81346e2811d4ea0f8349322 [term 2 FOLLOWER]: Raft consensus is shut down!
I20260710 11:08:34.312067 22655 tablet_replica.cc:333] T 59b95c84b0e747049a0f97e49b1a360c P f005e14ae81346e2811d4ea0f8349322: stopping tablet replica
I20260710 11:08:34.312654 22655 raft_consensus.cc:2243] T 59b95c84b0e747049a0f97e49b1a360c P f005e14ae81346e2811d4ea0f8349322 [term 1 FOLLOWER]: Raft consensus shutting down.
I20260710 11:08:34.313086 22655 raft_consensus.cc:2272] T 59b95c84b0e747049a0f97e49b1a360c P f005e14ae81346e2811d4ea0f8349322 [term 1 FOLLOWER]: Raft consensus is shut down!
I20260710 11:08:34.314599 22655 tablet_replica.cc:333] T f6169f1a2c5f4e1fac9aa524681794c3 P f005e14ae81346e2811d4ea0f8349322: stopping tablet replica
I20260710 11:08:34.315076 22655 raft_consensus.cc:2243] T f6169f1a2c5f4e1fac9aa524681794c3 P f005e14ae81346e2811d4ea0f8349322 [term 2 FOLLOWER]: Raft consensus shutting down.
I20260710 11:08:34.315563 22655 raft_consensus.cc:2272] T f6169f1a2c5f4e1fac9aa524681794c3 P f005e14ae81346e2811d4ea0f8349322 [term 2 FOLLOWER]: Raft consensus is shut down!
I20260710 11:08:34.317198 22655 tablet_replica.cc:333] T fcf376bfe3fc440c974f73e90a4cb5e5 P f005e14ae81346e2811d4ea0f8349322: stopping tablet replica
I20260710 11:08:34.317642 22655 raft_consensus.cc:2243] T fcf376bfe3fc440c974f73e90a4cb5e5 P f005e14ae81346e2811d4ea0f8349322 [term 1 LEADER]: Raft consensus shutting down.
I20260710 11:08:34.318300 22655 raft_consensus.cc:2272] T fcf376bfe3fc440c974f73e90a4cb5e5 P f005e14ae81346e2811d4ea0f8349322 [term 1 FOLLOWER]: Raft consensus is shut down!
I20260710 11:08:34.320694 22655 tablet_replica.cc:333] T abfa68f6cad546abab1318416b9a5567 P f005e14ae81346e2811d4ea0f8349322: stopping tablet replica
I20260710 11:08:34.321187 22655 raft_consensus.cc:2243] T abfa68f6cad546abab1318416b9a5567 P f005e14ae81346e2811d4ea0f8349322 [term 2 FOLLOWER]: Raft consensus shutting down.
I20260710 11:08:34.321705 22655 raft_consensus.cc:2272] T abfa68f6cad546abab1318416b9a5567 P f005e14ae81346e2811d4ea0f8349322 [term 2 FOLLOWER]: Raft consensus is shut down!
I20260710 11:08:34.324931 22655 tablet_replica.cc:333] T 2f5d5660280a42109ea550db6e48a8ef P f005e14ae81346e2811d4ea0f8349322: stopping tablet replica
I20260710 11:08:34.325479 22655 raft_consensus.cc:2243] T 2f5d5660280a42109ea550db6e48a8ef P f005e14ae81346e2811d4ea0f8349322 [term 1 LEADER]: Raft consensus shutting down.
I20260710 11:08:34.326179 22655 raft_consensus.cc:2272] T 2f5d5660280a42109ea550db6e48a8ef P f005e14ae81346e2811d4ea0f8349322 [term 1 FOLLOWER]: Raft consensus is shut down!
I20260710 11:08:34.328133 22655 tablet_replica.cc:333] T a1f35d5c48fc4530a9c94f24ebe0ebeb P f005e14ae81346e2811d4ea0f8349322: stopping tablet replica
I20260710 11:08:34.328739 22655 raft_consensus.cc:2243] T a1f35d5c48fc4530a9c94f24ebe0ebeb P f005e14ae81346e2811d4ea0f8349322 [term 1 LEADER]: Raft consensus shutting down.
I20260710 11:08:34.329505 22655 raft_consensus.cc:2272] T a1f35d5c48fc4530a9c94f24ebe0ebeb P f005e14ae81346e2811d4ea0f8349322 [term 1 FOLLOWER]: Raft consensus is shut down!
I20260710 11:08:34.331795 22655 tablet_replica.cc:333] T a03a3bcb65304e24a54101004ff77e9d P f005e14ae81346e2811d4ea0f8349322: stopping tablet replica
I20260710 11:08:34.332304 22655 raft_consensus.cc:2243] T a03a3bcb65304e24a54101004ff77e9d P f005e14ae81346e2811d4ea0f8349322 [term 2 FOLLOWER]: Raft consensus shutting down.
I20260710 11:08:34.332684 22655 raft_consensus.cc:2272] T a03a3bcb65304e24a54101004ff77e9d P f005e14ae81346e2811d4ea0f8349322 [term 2 FOLLOWER]: Raft consensus is shut down!
I20260710 11:08:34.334455 22655 tablet_replica.cc:333] T d51a0c7c00e34b838297d6d8ec087e72 P f005e14ae81346e2811d4ea0f8349322: stopping tablet replica
I20260710 11:08:34.335391 22655 raft_consensus.cc:2243] T d51a0c7c00e34b838297d6d8ec087e72 P f005e14ae81346e2811d4ea0f8349322 [term 1 FOLLOWER]: Raft consensus shutting down.
I20260710 11:08:34.335996 22655 raft_consensus.cc:2272] T d51a0c7c00e34b838297d6d8ec087e72 P f005e14ae81346e2811d4ea0f8349322 [term 1 FOLLOWER]: Raft consensus is shut down!
I20260710 11:08:34.337949 22655 tablet_replica.cc:333] T cffafeb746b04ec7a98040b2500ae894 P f005e14ae81346e2811d4ea0f8349322: stopping tablet replica
I20260710 11:08:34.338650 22655 raft_consensus.cc:2243] T cffafeb746b04ec7a98040b2500ae894 P f005e14ae81346e2811d4ea0f8349322 [term 1 FOLLOWER]: Raft consensus shutting down.
I20260710 11:08:34.339638 22655 raft_consensus.cc:2272] T cffafeb746b04ec7a98040b2500ae894 P f005e14ae81346e2811d4ea0f8349322 [term 1 FOLLOWER]: Raft consensus is shut down!
I20260710 11:08:34.341779 22655 tablet_replica.cc:333] T 32b73a2245dd46659a99f86a2015c400 P f005e14ae81346e2811d4ea0f8349322: stopping tablet replica
I20260710 11:08:34.342315 22655 raft_consensus.cc:2243] T 32b73a2245dd46659a99f86a2015c400 P f005e14ae81346e2811d4ea0f8349322 [term 1 LEADER]: Raft consensus shutting down.
I20260710 11:08:34.343101 22655 raft_consensus.cc:2272] T 32b73a2245dd46659a99f86a2015c400 P f005e14ae81346e2811d4ea0f8349322 [term 1 FOLLOWER]: Raft consensus is shut down!
I20260710 11:08:34.345381 22655 tablet_replica.cc:333] T 29c213ac7edf4c709fca937d40f1733b P f005e14ae81346e2811d4ea0f8349322: stopping tablet replica
I20260710 11:08:34.345883 22655 raft_consensus.cc:2243] T 29c213ac7edf4c709fca937d40f1733b P f005e14ae81346e2811d4ea0f8349322 [term 1 LEADER]: Raft consensus shutting down.
I20260710 11:08:34.346757 22655 raft_consensus.cc:2272] T 29c213ac7edf4c709fca937d40f1733b P f005e14ae81346e2811d4ea0f8349322 [term 1 FOLLOWER]: Raft consensus is shut down!
I20260710 11:08:34.349231 22655 tablet_replica.cc:333] T dfa9a656fbcf43b996d4df9be991b5d3 P f005e14ae81346e2811d4ea0f8349322: stopping tablet replica
I20260710 11:08:34.349921 22655 raft_consensus.cc:2243] T dfa9a656fbcf43b996d4df9be991b5d3 P f005e14ae81346e2811d4ea0f8349322 [term 1 FOLLOWER]: Raft consensus shutting down.
I20260710 11:08:34.350807 22655 raft_consensus.cc:2272] T dfa9a656fbcf43b996d4df9be991b5d3 P f005e14ae81346e2811d4ea0f8349322 [term 1 FOLLOWER]: Raft consensus is shut down!
I20260710 11:08:34.352563 22655 tablet_replica.cc:333] T b17d1b40e4444f719f34334d30a2b4b5 P f005e14ae81346e2811d4ea0f8349322: stopping tablet replica
I20260710 11:08:34.353060 22655 raft_consensus.cc:2243] T b17d1b40e4444f719f34334d30a2b4b5 P f005e14ae81346e2811d4ea0f8349322 [term 1 FOLLOWER]: Raft consensus shutting down.
I20260710 11:08:34.353463 22655 raft_consensus.cc:2272] T b17d1b40e4444f719f34334d30a2b4b5 P f005e14ae81346e2811d4ea0f8349322 [term 1 FOLLOWER]: Raft consensus is shut down!
I20260710 11:08:34.355218 22655 tablet_replica.cc:333] T 83c590d8fc7d48aaadb53f131c5b3993 P f005e14ae81346e2811d4ea0f8349322: stopping tablet replica
I20260710 11:08:34.355712 22655 raft_consensus.cc:2243] T 83c590d8fc7d48aaadb53f131c5b3993 P f005e14ae81346e2811d4ea0f8349322 [term 2 FOLLOWER]: Raft consensus shutting down.
I20260710 11:08:34.356184 22655 raft_consensus.cc:2272] T 83c590d8fc7d48aaadb53f131c5b3993 P f005e14ae81346e2811d4ea0f8349322 [term 2 FOLLOWER]: Raft consensus is shut down!
W20260710 11:08:34.365033 23797 consensus_peers.cc:597] T d51a0c7c00e34b838297d6d8ec087e72 P c0e998774cd84beea135dc47c1258d5c -> Peer f005e14ae81346e2811d4ea0f8349322 (127.22.31.193:46595): Couldn't send request to peer f005e14ae81346e2811d4ea0f8349322. Status: Remote error: Service unavailable: service kudu.consensus.ConsensusService not registered on TabletServer. This is attempt 1: this message will repeat every 5th retry.
W20260710 11:08:34.368479 24146 consensus_peers.cc:597] T 83c590d8fc7d48aaadb53f131c5b3993 P ff7e32657faf4656a326e116569d85ce -> Peer f005e14ae81346e2811d4ea0f8349322 (127.22.31.193:46595): Couldn't send request to peer f005e14ae81346e2811d4ea0f8349322. Status: Remote error: Service unavailable: service kudu.consensus.ConsensusService not registered on TabletServer. This is attempt 1: this message will repeat every 5th retry.
W20260710 11:08:34.384356 23871 consensus_peers.cc:597] T 07849c3385f64ae9892d0b37927d24c3 P f6e212a3e6e64885b4c76f3c42cb129d -> Peer f005e14ae81346e2811d4ea0f8349322 (127.22.31.193:46595): Couldn't send request to peer f005e14ae81346e2811d4ea0f8349322. Status: Remote error: Service unavailable: service kudu.consensus.ConsensusService not registered on TabletServer. This is attempt 1: this message will repeat every 5th retry.
W20260710 11:08:34.413133 23871 consensus_peers.cc:597] T dfa9a656fbcf43b996d4df9be991b5d3 P f6e212a3e6e64885b4c76f3c42cb129d -> Peer f005e14ae81346e2811d4ea0f8349322 (127.22.31.193:46595): Couldn't send request to peer f005e14ae81346e2811d4ea0f8349322. Status: Network error: Client connection negotiation failed: client connection to 127.22.31.193:46595: connect: Connection refused (error 111). This is attempt 1: this message will repeat every 5th retry.
I20260710 11:08:34.416531 22655 tablet_server.cc:196] TabletServer@127.22.31.193:0 shutdown complete.
W20260710 11:08:34.438898 24146 consensus_peers.cc:597] T f6169f1a2c5f4e1fac9aa524681794c3 P ff7e32657faf4656a326e116569d85ce -> Peer f005e14ae81346e2811d4ea0f8349322 (127.22.31.193:46595): Couldn't send request to peer f005e14ae81346e2811d4ea0f8349322. Status: Network error: Client connection negotiation failed: client connection to 127.22.31.193:46595: connect: Connection refused (error 111). This is attempt 1: this message will repeat every 5th retry.
W20260710 11:08:34.439352 23871 consensus_peers.cc:597] T cffafeb746b04ec7a98040b2500ae894 P f6e212a3e6e64885b4c76f3c42cb129d -> Peer f005e14ae81346e2811d4ea0f8349322 (127.22.31.193:46595): Couldn't send request to peer f005e14ae81346e2811d4ea0f8349322. Status: Network error: Client connection negotiation failed: client connection to 127.22.31.193:46595: connect: Connection refused (error 111). This is attempt 1: this message will repeat every 5th retry.
I20260710 11:08:34.456828 22655 tablet_server.cc:179] TabletServer@127.22.31.194:0 shutting down...
W20260710 11:08:34.461648 23797 consensus_peers.cc:597] T b17d1b40e4444f719f34334d30a2b4b5 P c0e998774cd84beea135dc47c1258d5c -> Peer f005e14ae81346e2811d4ea0f8349322 (127.22.31.193:46595): Couldn't send request to peer f005e14ae81346e2811d4ea0f8349322. Status: Network error: Client connection negotiation failed: client connection to 127.22.31.193:46595: connect: Connection refused (error 111). This is attempt 1: this message will repeat every 5th retry.
W20260710 11:08:34.464037 24146 consensus_peers.cc:597] T ea1208f6b6ae4e8ea381265052bde681 P ff7e32657faf4656a326e116569d85ce -> Peer c0e998774cd84beea135dc47c1258d5c (127.22.31.194:39843): Couldn't send request to peer c0e998774cd84beea135dc47c1258d5c. Status: Remote error: Service unavailable: service kudu.consensus.ConsensusService not registered on TabletServer. This is attempt 1: this message will repeat every 5th retry.
I20260710 11:08:34.488181 22655 ts_tablet_manager.cc:1507] Shutting down tablet manager...
I20260710 11:08:34.488850 22655 tablet_replica.cc:333] T 4fab7eb56b73484dbcfbe52d660f67b6 P c0e998774cd84beea135dc47c1258d5c: stopping tablet replica
I20260710 11:08:34.489423 22655 raft_consensus.cc:2243] T 4fab7eb56b73484dbcfbe52d660f67b6 P c0e998774cd84beea135dc47c1258d5c [term 1 LEADER]: Raft consensus shutting down.
I20260710 11:08:34.490196 22655 raft_consensus.cc:2272] T 4fab7eb56b73484dbcfbe52d660f67b6 P c0e998774cd84beea135dc47c1258d5c [term 1 FOLLOWER]: Raft consensus is shut down!
I20260710 11:08:34.491928 22655 tablet_replica.cc:333] T f6169f1a2c5f4e1fac9aa524681794c3 P c0e998774cd84beea135dc47c1258d5c: stopping tablet replica
I20260710 11:08:34.492599 22655 raft_consensus.cc:2243] T f6169f1a2c5f4e1fac9aa524681794c3 P c0e998774cd84beea135dc47c1258d5c [term 2 FOLLOWER]: Raft consensus shutting down.
I20260710 11:08:34.492985 22655 raft_consensus.cc:2272] T f6169f1a2c5f4e1fac9aa524681794c3 P c0e998774cd84beea135dc47c1258d5c [term 2 FOLLOWER]: Raft consensus is shut down!
I20260710 11:08:34.494379 22655 tablet_replica.cc:333] T 59b95c84b0e747049a0f97e49b1a360c P c0e998774cd84beea135dc47c1258d5c: stopping tablet replica
I20260710 11:08:34.494881 22655 raft_consensus.cc:2243] T 59b95c84b0e747049a0f97e49b1a360c P c0e998774cd84beea135dc47c1258d5c [term 1 LEADER]: Raft consensus shutting down.
I20260710 11:08:34.495610 22655 raft_consensus.cc:2272] T 59b95c84b0e747049a0f97e49b1a360c P c0e998774cd84beea135dc47c1258d5c [term 1 FOLLOWER]: Raft consensus is shut down!
I20260710 11:08:34.497262 22655 tablet_replica.cc:333] T 3e132aa01d294147b0b35a34378cacc9 P c0e998774cd84beea135dc47c1258d5c: stopping tablet replica
I20260710 11:08:34.497782 22655 raft_consensus.cc:2243] T 3e132aa01d294147b0b35a34378cacc9 P c0e998774cd84beea135dc47c1258d5c [term 1 FOLLOWER]: Raft consensus shutting down.
I20260710 11:08:34.498186 22655 raft_consensus.cc:2272] T 3e132aa01d294147b0b35a34378cacc9 P c0e998774cd84beea135dc47c1258d5c [term 1 FOLLOWER]: Raft consensus is shut down!
I20260710 11:08:34.499918 22655 tablet_replica.cc:333] T ac43aa7484e448c9b0db5b595bfd26c6 P c0e998774cd84beea135dc47c1258d5c: stopping tablet replica
I20260710 11:08:34.500412 22655 raft_consensus.cc:2243] T ac43aa7484e448c9b0db5b595bfd26c6 P c0e998774cd84beea135dc47c1258d5c [term 2 FOLLOWER]: Raft consensus shutting down.
I20260710 11:08:34.500871 22655 raft_consensus.cc:2272] T ac43aa7484e448c9b0db5b595bfd26c6 P c0e998774cd84beea135dc47c1258d5c [term 2 FOLLOWER]: Raft consensus is shut down!
I20260710 11:08:34.502786 22655 tablet_replica.cc:333] T 32b73a2245dd46659a99f86a2015c400 P c0e998774cd84beea135dc47c1258d5c: stopping tablet replica
I20260710 11:08:34.503243 22655 raft_consensus.cc:2243] T 32b73a2245dd46659a99f86a2015c400 P c0e998774cd84beea135dc47c1258d5c [term 1 FOLLOWER]: Raft consensus shutting down.
I20260710 11:08:34.503633 22655 raft_consensus.cc:2272] T 32b73a2245dd46659a99f86a2015c400 P c0e998774cd84beea135dc47c1258d5c [term 1 FOLLOWER]: Raft consensus is shut down!
I20260710 11:08:34.505189 22655 tablet_replica.cc:333] T ea1208f6b6ae4e8ea381265052bde681 P c0e998774cd84beea135dc47c1258d5c: stopping tablet replica
I20260710 11:08:34.505659 22655 raft_consensus.cc:2243] T ea1208f6b6ae4e8ea381265052bde681 P c0e998774cd84beea135dc47c1258d5c [term 2 FOLLOWER]: Raft consensus shutting down.
I20260710 11:08:34.506085 22655 raft_consensus.cc:2272] T ea1208f6b6ae4e8ea381265052bde681 P c0e998774cd84beea135dc47c1258d5c [term 2 FOLLOWER]: Raft consensus is shut down!
I20260710 11:08:34.507597 22655 tablet_replica.cc:333] T db4dbb66fcee4a63a147557ddd94bd79 P c0e998774cd84beea135dc47c1258d5c: stopping tablet replica
I20260710 11:08:34.508069 22655 raft_consensus.cc:2243] T db4dbb66fcee4a63a147557ddd94bd79 P c0e998774cd84beea135dc47c1258d5c [term 1 FOLLOWER]: Raft consensus shutting down.
I20260710 11:08:34.508561 22655 raft_consensus.cc:2272] T db4dbb66fcee4a63a147557ddd94bd79 P c0e998774cd84beea135dc47c1258d5c [term 1 FOLLOWER]: Raft consensus is shut down!
I20260710 11:08:34.510156 22655 tablet_replica.cc:333] T a1f35d5c48fc4530a9c94f24ebe0ebeb P c0e998774cd84beea135dc47c1258d5c: stopping tablet replica
I20260710 11:08:34.510656 22655 raft_consensus.cc:2243] T a1f35d5c48fc4530a9c94f24ebe0ebeb P c0e998774cd84beea135dc47c1258d5c [term 1 FOLLOWER]: Raft consensus shutting down.
I20260710 11:08:34.511080 22655 raft_consensus.cc:2272] T a1f35d5c48fc4530a9c94f24ebe0ebeb P c0e998774cd84beea135dc47c1258d5c [term 1 FOLLOWER]: Raft consensus is shut down!
I20260710 11:08:34.512686 22655 tablet_replica.cc:333] T 42f9b0ed830b4b79abaa4ea47d21f4bd P c0e998774cd84beea135dc47c1258d5c: stopping tablet replica
I20260710 11:08:34.513207 22655 raft_consensus.cc:2243] T 42f9b0ed830b4b79abaa4ea47d21f4bd P c0e998774cd84beea135dc47c1258d5c [term 1 LEADER]: Raft consensus shutting down.
I20260710 11:08:34.513893 22655 raft_consensus.cc:2272] T 42f9b0ed830b4b79abaa4ea47d21f4bd P c0e998774cd84beea135dc47c1258d5c [term 1 FOLLOWER]: Raft consensus is shut down!
I20260710 11:08:34.515507 22655 tablet_replica.cc:333] T a03a3bcb65304e24a54101004ff77e9d P c0e998774cd84beea135dc47c1258d5c: stopping tablet replica
I20260710 11:08:34.515969 22655 raft_consensus.cc:2243] T a03a3bcb65304e24a54101004ff77e9d P c0e998774cd84beea135dc47c1258d5c [term 2 FOLLOWER]: Raft consensus shutting down.
I20260710 11:08:34.516332 22655 raft_consensus.cc:2272] T a03a3bcb65304e24a54101004ff77e9d P c0e998774cd84beea135dc47c1258d5c [term 2 FOLLOWER]: Raft consensus is shut down!
I20260710 11:08:34.517890 22655 tablet_replica.cc:333] T 4acbf24bd72749a0a79edf352b903968 P c0e998774cd84beea135dc47c1258d5c: stopping tablet replica
I20260710 11:08:34.518347 22655 raft_consensus.cc:2243] T 4acbf24bd72749a0a79edf352b903968 P c0e998774cd84beea135dc47c1258d5c [term 2 FOLLOWER]: Raft consensus shutting down.
I20260710 11:08:34.518718 22655 raft_consensus.cc:2272] T 4acbf24bd72749a0a79edf352b903968 P c0e998774cd84beea135dc47c1258d5c [term 2 FOLLOWER]: Raft consensus is shut down!
I20260710 11:08:34.520599 22655 tablet_replica.cc:333] T 83c590d8fc7d48aaadb53f131c5b3993 P c0e998774cd84beea135dc47c1258d5c: stopping tablet replica
I20260710 11:08:34.521186 22655 raft_consensus.cc:2243] T 83c590d8fc7d48aaadb53f131c5b3993 P c0e998774cd84beea135dc47c1258d5c [term 2 FOLLOWER]: Raft consensus shutting down.
I20260710 11:08:34.521622 22655 raft_consensus.cc:2272] T 83c590d8fc7d48aaadb53f131c5b3993 P c0e998774cd84beea135dc47c1258d5c [term 2 FOLLOWER]: Raft consensus is shut down!
I20260710 11:08:34.523171 22655 tablet_replica.cc:333] T d51a0c7c00e34b838297d6d8ec087e72 P c0e998774cd84beea135dc47c1258d5c: stopping tablet replica
I20260710 11:08:34.523669 22655 raft_consensus.cc:2243] T d51a0c7c00e34b838297d6d8ec087e72 P c0e998774cd84beea135dc47c1258d5c [term 1 LEADER]: Raft consensus shutting down.
I20260710 11:08:34.524529 22655 raft_consensus.cc:2272] T d51a0c7c00e34b838297d6d8ec087e72 P c0e998774cd84beea135dc47c1258d5c [term 1 FOLLOWER]: Raft consensus is shut down!
W20260710 11:08:34.525887 23871 consensus_peers.cc:597] T 9ecae058bb364887b69438fa04e759ac P f6e212a3e6e64885b4c76f3c42cb129d -> Peer f005e14ae81346e2811d4ea0f8349322 (127.22.31.193:46595): Couldn't send request to peer f005e14ae81346e2811d4ea0f8349322. Status: Network error: Client connection negotiation failed: client connection to 127.22.31.193:46595: connect: Connection refused (error 111). This is attempt 1: this message will repeat every 5th retry.
I20260710 11:08:34.526238 22655 tablet_replica.cc:333] T 37cdc8da83b045a49877aa4a6e769203 P c0e998774cd84beea135dc47c1258d5c: stopping tablet replica
I20260710 11:08:34.526717 22655 raft_consensus.cc:2243] T 37cdc8da83b045a49877aa4a6e769203 P c0e998774cd84beea135dc47c1258d5c [term 1 LEADER]: Raft consensus shutting down.
