I20260710 11:08:09.869071  9483 tablet_bootstrap.cc:654] T 11f65b5ae87348e4ad8879405cf1faca P 988bf0720ec842dda7546208043b1453: Neither blocks nor log segments found. Creating new log.
I20260710 11:08:09.895013  9482 tablet_bootstrap.cc:492] T 11f65b5ae87348e4ad8879405cf1faca P ccb9691d1f594504a365537b3a001873: Bootstrap starting.
I20260710 11:08:09.891871  9481 consensus_queue.cc:260] T 82b13211dc3546478e13ccd966e61868 P 0de023b48e4744c297454ef68f97c968 [NON_LEADER]: Queue going to NON_LEADER mode. State: All replicated index: 0, Majority replicated index: 0, Committed index: 0, Last appended: 0.0, Last appended by leader: 0, Current term: 0, Majority size: -1, State: 0, Mode: NON_LEADER, active raft config: opid_index: -1 OBSOLETE_local: false peers { permanent_uuid: "ccb9691d1f594504a365537b3a001873" member_type: VOTER last_known_addr { host: "127.7.253.193" port: 34909 } } peers { permanent_uuid: "0de023b48e4744c297454ef68f97c968" member_type: VOTER last_known_addr { host: "127.7.253.194" port: 46055 } } peers { permanent_uuid: "988bf0720ec842dda7546208043b1453" member_type: VOTER last_known_addr { host: "127.7.253.195" port: 42365 } }
I20260710 11:08:09.897930  9481 ts_tablet_manager.cc:1434] T 82b13211dc3546478e13ccd966e61868 P 0de023b48e4744c297454ef68f97c968: Time spent starting tablet: real 0.011s	user 0.008s	sys 0.000s
I20260710 11:08:09.898941  9481 tablet_bootstrap.cc:492] T 21d017a83ffe41378aeaa3dcd3339120 P 0de023b48e4744c297454ef68f97c968: Bootstrap starting.
I20260710 11:08:09.902369  9482 tablet_bootstrap.cc:654] T 11f65b5ae87348e4ad8879405cf1faca P ccb9691d1f594504a365537b3a001873: Neither blocks nor log segments found. Creating new log.
I20260710 11:08:09.906309  9481 tablet_bootstrap.cc:654] T 21d017a83ffe41378aeaa3dcd3339120 P 0de023b48e4744c297454ef68f97c968: Neither blocks nor log segments found. Creating new log.
I20260710 11:08:09.912284  9483 tablet_bootstrap.cc:492] T 11f65b5ae87348e4ad8879405cf1faca P 988bf0720ec842dda7546208043b1453: No bootstrap required, opened a new log
I20260710 11:08:09.913005  9483 ts_tablet_manager.cc:1403] T 11f65b5ae87348e4ad8879405cf1faca P 988bf0720ec842dda7546208043b1453: Time spent bootstrapping tablet: real 0.055s	user 0.011s	sys 0.003s
I20260710 11:08:09.913609  9561 raft_consensus.cc:493] T 3808e10b244a455dbf2321db1df6b044 P 988bf0720ec842dda7546208043b1453 [term 0 FOLLOWER]: Starting pre-election (no leader contacted us within the election timeout)
I20260710 11:08:09.914384  9561 raft_consensus.cc:515] T 3808e10b244a455dbf2321db1df6b044 P 988bf0720ec842dda7546208043b1453 [term 0 FOLLOWER]: Starting pre-election with config: opid_index: -1 OBSOLETE_local: false peers { permanent_uuid: "ccb9691d1f594504a365537b3a001873" member_type: VOTER last_known_addr { host: "127.7.253.193" port: 34909 } } peers { permanent_uuid: "0de023b48e4744c297454ef68f97c968" member_type: VOTER last_known_addr { host: "127.7.253.194" port: 46055 } } peers { permanent_uuid: "988bf0720ec842dda7546208043b1453" member_type: VOTER last_known_addr { host: "127.7.253.195" port: 42365 } }
I20260710 11:08:09.916672  9487 raft_consensus.cc:493] T c7d44f0af81d42af8fe7292918b08267 P 0de023b48e4744c297454ef68f97c968 [term 0 FOLLOWER]: Starting pre-election (no leader contacted us within the election timeout)
I20260710 11:08:09.917511  9487 raft_consensus.cc:515] T c7d44f0af81d42af8fe7292918b08267 P 0de023b48e4744c297454ef68f97c968 [term 0 FOLLOWER]: Starting pre-election with config: opid_index: -1 OBSOLETE_local: false peers { permanent_uuid: "ccb9691d1f594504a365537b3a001873" member_type: VOTER last_known_addr { host: "127.7.253.193" port: 34909 } } peers { permanent_uuid: "0de023b48e4744c297454ef68f97c968" member_type: VOTER last_known_addr { host: "127.7.253.194" port: 46055 } } peers { permanent_uuid: "988bf0720ec842dda7546208043b1453" member_type: VOTER last_known_addr { host: "127.7.253.195" port: 42365 } }
I20260710 11:08:09.917119  9483 raft_consensus.cc:359] T 11f65b5ae87348e4ad8879405cf1faca P 988bf0720ec842dda7546208043b1453 [term 0 FOLLOWER]: Replica starting. Triggering 0 pending ops. Active config: opid_index: -1 OBSOLETE_local: false peers { permanent_uuid: "ccb9691d1f594504a365537b3a001873" member_type: VOTER last_known_addr { host: "127.7.253.193" port: 34909 } } peers { permanent_uuid: "0de023b48e4744c297454ef68f97c968" member_type: VOTER last_known_addr { host: "127.7.253.194" port: 46055 } } peers { permanent_uuid: "988bf0720ec842dda7546208043b1453" member_type: VOTER last_known_addr { host: "127.7.253.195" port: 42365 } }
I20260710 11:08:09.919380  9483 raft_consensus.cc:385] T 11f65b5ae87348e4ad8879405cf1faca P 988bf0720ec842dda7546208043b1453 [term 0 FOLLOWER]: Consensus starting up: Expiring failure detector timer to make a prompt election more likely
I20260710 11:08:09.919914  9483 raft_consensus.cc:740] T 11f65b5ae87348e4ad8879405cf1faca P 988bf0720ec842dda7546208043b1453 [term 0 FOLLOWER]: Becoming Follower/Learner. State: Replica: 988bf0720ec842dda7546208043b1453, State: Initialized, Role: FOLLOWER
I20260710 11:08:09.921561  9483 consensus_queue.cc:260] T 11f65b5ae87348e4ad8879405cf1faca P 988bf0720ec842dda7546208043b1453 [NON_LEADER]: Queue going to NON_LEADER mode. State: All replicated index: 0, Majority replicated index: 0, Committed index: 0, Last appended: 0.0, Last appended by leader: 0, Current term: 0, Majority size: -1, State: 0, Mode: NON_LEADER, active raft config: opid_index: -1 OBSOLETE_local: false peers { permanent_uuid: "ccb9691d1f594504a365537b3a001873" member_type: VOTER last_known_addr { host: "127.7.253.193" port: 34909 } } peers { permanent_uuid: "0de023b48e4744c297454ef68f97c968" member_type: VOTER last_known_addr { host: "127.7.253.194" port: 46055 } } peers { permanent_uuid: "988bf0720ec842dda7546208043b1453" member_type: VOTER last_known_addr { host: "127.7.253.195" port: 42365 } }
I20260710 11:08:09.922572  9288 tablet_service.cc:1917] Received RequestConsensusVote() RPC: tablet_id: "c7d44f0af81d42af8fe7292918b08267" candidate_uuid: "0de023b48e4744c297454ef68f97c968" candidate_term: 1 candidate_status { last_received { term: 0 index: 0 } } ignore_live_leader: false dest_uuid: "ccb9691d1f594504a365537b3a001873" is_pre_election: true
W20260710 11:08:09.924860  9330 leader_election.cc:343] T c7d44f0af81d42af8fe7292918b08267 P 0de023b48e4744c297454ef68f97c968 [CANDIDATE]: Term 1 pre-election: Tablet error from VoteRequest() call to peer ccb9691d1f594504a365537b3a001873 (127.7.253.193:34909): Illegal state: must be running to vote when last-logged opid is not known
I20260710 11:08:09.928059  9288 tablet_service.cc:1917] Received RequestConsensusVote() RPC: tablet_id: "3808e10b244a455dbf2321db1df6b044" candidate_uuid: "988bf0720ec842dda7546208043b1453" candidate_term: 1 candidate_status { last_received { term: 0 index: 0 } } ignore_live_leader: false dest_uuid: "ccb9691d1f594504a365537b3a001873" is_pre_election: true
W20260710 11:08:09.930260  9404 leader_election.cc:343] T 3808e10b244a455dbf2321db1df6b044 P 988bf0720ec842dda7546208043b1453 [CANDIDATE]: Term 1 pre-election: Tablet error from VoteRequest() call to peer ccb9691d1f594504a365537b3a001873 (127.7.253.193:34909): Illegal state: must be running to vote when last-logged opid is not known
I20260710 11:08:09.932821  9483 ts_tablet_manager.cc:1434] T 11f65b5ae87348e4ad8879405cf1faca P 988bf0720ec842dda7546208043b1453: Time spent starting tablet: real 0.019s	user 0.010s	sys 0.000s
I20260710 11:08:09.934049  9365 tablet_service.cc:1917] Received RequestConsensusVote() RPC: tablet_id: "3808e10b244a455dbf2321db1df6b044" candidate_uuid: "988bf0720ec842dda7546208043b1453" candidate_term: 1 candidate_status { last_received { term: 0 index: 0 } } ignore_live_leader: false dest_uuid: "0de023b48e4744c297454ef68f97c968" is_pre_election: true
I20260710 11:08:09.937237  9438 tablet_service.cc:1917] Received RequestConsensusVote() RPC: tablet_id: "c7d44f0af81d42af8fe7292918b08267" candidate_uuid: "0de023b48e4744c297454ef68f97c968" candidate_term: 1 candidate_status { last_received { term: 0 index: 0 } } ignore_live_leader: false dest_uuid: "988bf0720ec842dda7546208043b1453" is_pre_election: true
W20260710 11:08:09.940201  9333 leader_election.cc:343] T c7d44f0af81d42af8fe7292918b08267 P 0de023b48e4744c297454ef68f97c968 [CANDIDATE]: Term 1 pre-election: Tablet error from VoteRequest() call to peer 988bf0720ec842dda7546208043b1453 (127.7.253.195:42365): Illegal state: must be running to vote when last-logged opid is not known
I20260710 11:08:09.940985  9333 leader_election.cc:304] T c7d44f0af81d42af8fe7292918b08267 P 0de023b48e4744c297454ef68f97c968 [CANDIDATE]: Term 1 pre-election: Election decided. Result: candidate lost. Election summary: received 3 responses out of 3 voters: 1 yes votes; 2 no votes. yes voters: 0de023b48e4744c297454ef68f97c968; no voters: 988bf0720ec842dda7546208043b1453, ccb9691d1f594504a365537b3a001873
I20260710 11:08:09.944468  9559 raft_consensus.cc:2749] T c7d44f0af81d42af8fe7292918b08267 P 0de023b48e4744c297454ef68f97c968 [term 0 FOLLOWER]: Leader pre-election lost for term 1. Reason: could not achieve majority
I20260710 11:08:09.946143  9483 tablet_bootstrap.cc:492] T f5a3a581b21642df8bd034b4670d9ede P 988bf0720ec842dda7546208043b1453: Bootstrap starting.
I20260710 11:08:09.932133  9561 leader_election.cc:290] T 3808e10b244a455dbf2321db1df6b044 P 988bf0720ec842dda7546208043b1453 [CANDIDATE]: Term 1 pre-election: Requested pre-vote from peers ccb9691d1f594504a365537b3a001873 (127.7.253.193:34909), 0de023b48e4744c297454ef68f97c968 (127.7.253.194:46055)
W20260710 11:08:09.951768  9404 leader_election.cc:343] T 3808e10b244a455dbf2321db1df6b044 P 988bf0720ec842dda7546208043b1453 [CANDIDATE]: Term 1 pre-election: Tablet error from VoteRequest() call to peer 0de023b48e4744c297454ef68f97c968 (127.7.253.194:46055): Illegal state: must be running to vote when last-logged opid is not known
I20260710 11:08:09.955454  9404 leader_election.cc:304] T 3808e10b244a455dbf2321db1df6b044 P 988bf0720ec842dda7546208043b1453 [CANDIDATE]: Term 1 pre-election: Election decided. Result: candidate lost. Election summary: received 3 responses out of 3 voters: 1 yes votes; 2 no votes. yes voters: 988bf0720ec842dda7546208043b1453; no voters: 0de023b48e4744c297454ef68f97c968, ccb9691d1f594504a365537b3a001873
I20260710 11:08:09.956804  9545 raft_consensus.cc:2749] T 3808e10b244a455dbf2321db1df6b044 P 988bf0720ec842dda7546208043b1453 [term 0 FOLLOWER]: Leader pre-election lost for term 1. Reason: could not achieve majority
I20260710 11:08:09.938411  9487 leader_election.cc:290] T c7d44f0af81d42af8fe7292918b08267 P 0de023b48e4744c297454ef68f97c968 [CANDIDATE]: Term 1 pre-election: Requested pre-vote from peers ccb9691d1f594504a365537b3a001873 (127.7.253.193:34909), 988bf0720ec842dda7546208043b1453 (127.7.253.195:42365)
I20260710 11:08:09.963619  9483 tablet_bootstrap.cc:654] T f5a3a581b21642df8bd034b4670d9ede P 988bf0720ec842dda7546208043b1453: Neither blocks nor log segments found. Creating new log.
I20260710 11:08:09.964097  9481 tablet_bootstrap.cc:492] T 21d017a83ffe41378aeaa3dcd3339120 P 0de023b48e4744c297454ef68f97c968: No bootstrap required, opened a new log
I20260710 11:08:09.964679  9481 ts_tablet_manager.cc:1403] T 21d017a83ffe41378aeaa3dcd3339120 P 0de023b48e4744c297454ef68f97c968: Time spent bootstrapping tablet: real 0.066s	user 0.033s	sys 0.030s
I20260710 11:08:09.967700  9481 raft_consensus.cc:359] T 21d017a83ffe41378aeaa3dcd3339120 P 0de023b48e4744c297454ef68f97c968 [term 0 FOLLOWER]: Replica starting. Triggering 0 pending ops. Active config: opid_index: -1 OBSOLETE_local: false peers { permanent_uuid: "ccb9691d1f594504a365537b3a001873" member_type: VOTER last_known_addr { host: "127.7.253.193" port: 34909 } } peers { permanent_uuid: "0de023b48e4744c297454ef68f97c968" member_type: VOTER last_known_addr { host: "127.7.253.194" port: 46055 } } peers { permanent_uuid: "988bf0720ec842dda7546208043b1453" member_type: VOTER last_known_addr { host: "127.7.253.195" port: 42365 } }
I20260710 11:08:09.968264  9482 tablet_bootstrap.cc:492] T 11f65b5ae87348e4ad8879405cf1faca P ccb9691d1f594504a365537b3a001873: No bootstrap required, opened a new log
I20260710 11:08:09.968515  9481 raft_consensus.cc:385] T 21d017a83ffe41378aeaa3dcd3339120 P 0de023b48e4744c297454ef68f97c968 [term 0 FOLLOWER]: Consensus starting up: Expiring failure detector timer to make a prompt election more likely
I20260710 11:08:09.968747  9482 ts_tablet_manager.cc:1403] T 11f65b5ae87348e4ad8879405cf1faca P ccb9691d1f594504a365537b3a001873: Time spent bootstrapping tablet: real 0.074s	user 0.036s	sys 0.031s
I20260710 11:08:09.968991  9481 raft_consensus.cc:740] T 21d017a83ffe41378aeaa3dcd3339120 P 0de023b48e4744c297454ef68f97c968 [term 0 FOLLOWER]: Becoming Follower/Learner. State: Replica: 0de023b48e4744c297454ef68f97c968, State: Initialized, Role: FOLLOWER
I20260710 11:08:09.969703  9481 consensus_queue.cc:260] T 21d017a83ffe41378aeaa3dcd3339120 P 0de023b48e4744c297454ef68f97c968 [NON_LEADER]: Queue going to NON_LEADER mode. State: All replicated index: 0, Majority replicated index: 0, Committed index: 0, Last appended: 0.0, Last appended by leader: 0, Current term: 0, Majority size: -1, State: 0, Mode: NON_LEADER, active raft config: opid_index: -1 OBSOLETE_local: false peers { permanent_uuid: "ccb9691d1f594504a365537b3a001873" member_type: VOTER last_known_addr { host: "127.7.253.193" port: 34909 } } peers { permanent_uuid: "0de023b48e4744c297454ef68f97c968" member_type: VOTER last_known_addr { host: "127.7.253.194" port: 46055 } } peers { permanent_uuid: "988bf0720ec842dda7546208043b1453" member_type: VOTER last_known_addr { host: "127.7.253.195" port: 42365 } }
I20260710 11:08:09.970954  9483 tablet_bootstrap.cc:492] T f5a3a581b21642df8bd034b4670d9ede P 988bf0720ec842dda7546208043b1453: No bootstrap required, opened a new log
I20260710 11:08:09.971474  9483 ts_tablet_manager.cc:1403] T f5a3a581b21642df8bd034b4670d9ede P 988bf0720ec842dda7546208043b1453: Time spent bootstrapping tablet: real 0.026s	user 0.010s	sys 0.005s
I20260710 11:08:09.971637  9481 ts_tablet_manager.cc:1434] T 21d017a83ffe41378aeaa3dcd3339120 P 0de023b48e4744c297454ef68f97c968: Time spent starting tablet: real 0.007s	user 0.004s	sys 0.000s
I20260710 11:08:09.971653  9482 raft_consensus.cc:359] T 11f65b5ae87348e4ad8879405cf1faca P ccb9691d1f594504a365537b3a001873 [term 0 FOLLOWER]: Replica starting. Triggering 0 pending ops. Active config: opid_index: -1 OBSOLETE_local: false peers { permanent_uuid: "ccb9691d1f594504a365537b3a001873" member_type: VOTER last_known_addr { host: "127.7.253.193" port: 34909 } } peers { permanent_uuid: "0de023b48e4744c297454ef68f97c968" member_type: VOTER last_known_addr { host: "127.7.253.194" port: 46055 } } peers { permanent_uuid: "988bf0720ec842dda7546208043b1453" member_type: VOTER last_known_addr { host: "127.7.253.195" port: 42365 } }
I20260710 11:08:09.972697  9482 raft_consensus.cc:385] T 11f65b5ae87348e4ad8879405cf1faca P ccb9691d1f594504a365537b3a001873 [term 0 FOLLOWER]: Consensus starting up: Expiring failure detector timer to make a prompt election more likely
I20260710 11:08:09.972996  9482 raft_consensus.cc:740] T 11f65b5ae87348e4ad8879405cf1faca P ccb9691d1f594504a365537b3a001873 [term 0 FOLLOWER]: Becoming Follower/Learner. State: Replica: ccb9691d1f594504a365537b3a001873, State: Initialized, Role: FOLLOWER
I20260710 11:08:09.973126  9481 tablet_bootstrap.cc:492] T 9ac66955755843d689e23ff672b7321e P 0de023b48e4744c297454ef68f97c968: Bootstrap starting.
I20260710 11:08:09.973807  9482 consensus_queue.cc:260] T 11f65b5ae87348e4ad8879405cf1faca P ccb9691d1f594504a365537b3a001873 [NON_LEADER]: Queue going to NON_LEADER mode. State: All replicated index: 0, Majority replicated index: 0, Committed index: 0, Last appended: 0.0, Last appended by leader: 0, Current term: 0, Majority size: -1, State: 0, Mode: NON_LEADER, active raft config: opid_index: -1 OBSOLETE_local: false peers { permanent_uuid: "ccb9691d1f594504a365537b3a001873" member_type: VOTER last_known_addr { host: "127.7.253.193" port: 34909 } } peers { permanent_uuid: "0de023b48e4744c297454ef68f97c968" member_type: VOTER last_known_addr { host: "127.7.253.194" port: 46055 } } peers { permanent_uuid: "988bf0720ec842dda7546208043b1453" member_type: VOTER last_known_addr { host: "127.7.253.195" port: 42365 } }
I20260710 11:08:09.975016  9483 raft_consensus.cc:359] T f5a3a581b21642df8bd034b4670d9ede P 988bf0720ec842dda7546208043b1453 [term 0 FOLLOWER]: Replica starting. Triggering 0 pending ops. Active config: opid_index: -1 OBSOLETE_local: false peers { permanent_uuid: "ccb9691d1f594504a365537b3a001873" member_type: VOTER last_known_addr { host: "127.7.253.193" port: 34909 } } peers { permanent_uuid: "0de023b48e4744c297454ef68f97c968" member_type: VOTER last_known_addr { host: "127.7.253.194" port: 46055 } } peers { permanent_uuid: "988bf0720ec842dda7546208043b1453" member_type: VOTER last_known_addr { host: "127.7.253.195" port: 42365 } }
I20260710 11:08:09.975811  9483 raft_consensus.cc:385] T f5a3a581b21642df8bd034b4670d9ede P 988bf0720ec842dda7546208043b1453 [term 0 FOLLOWER]: Consensus starting up: Expiring failure detector timer to make a prompt election more likely
I20260710 11:08:09.976166  9483 raft_consensus.cc:740] T f5a3a581b21642df8bd034b4670d9ede P 988bf0720ec842dda7546208043b1453 [term 0 FOLLOWER]: Becoming Follower/Learner. State: Replica: 988bf0720ec842dda7546208043b1453, State: Initialized, Role: FOLLOWER
I20260710 11:08:09.977100  9483 consensus_queue.cc:260] T f5a3a581b21642df8bd034b4670d9ede P 988bf0720ec842dda7546208043b1453 [NON_LEADER]: Queue going to NON_LEADER mode. State: All replicated index: 0, Majority replicated index: 0, Committed index: 0, Last appended: 0.0, Last appended by leader: 0, Current term: 0, Majority size: -1, State: 0, Mode: NON_LEADER, active raft config: opid_index: -1 OBSOLETE_local: false peers { permanent_uuid: "ccb9691d1f594504a365537b3a001873" member_type: VOTER last_known_addr { host: "127.7.253.193" port: 34909 } } peers { permanent_uuid: "0de023b48e4744c297454ef68f97c968" member_type: VOTER last_known_addr { host: "127.7.253.194" port: 46055 } } peers { permanent_uuid: "988bf0720ec842dda7546208043b1453" member_type: VOTER last_known_addr { host: "127.7.253.195" port: 42365 } }
I20260710 11:08:09.980469  9481 tablet_bootstrap.cc:654] T 9ac66955755843d689e23ff672b7321e P 0de023b48e4744c297454ef68f97c968: Neither blocks nor log segments found. Creating new log.
I20260710 11:08:09.986986  9481 tablet_bootstrap.cc:492] T 9ac66955755843d689e23ff672b7321e P 0de023b48e4744c297454ef68f97c968: No bootstrap required, opened a new log
I20260710 11:08:09.987339  9481 ts_tablet_manager.cc:1403] T 9ac66955755843d689e23ff672b7321e P 0de023b48e4744c297454ef68f97c968: Time spent bootstrapping tablet: real 0.014s	user 0.004s	sys 0.008s
I20260710 11:08:09.987653  9483 ts_tablet_manager.cc:1434] T f5a3a581b21642df8bd034b4670d9ede P 988bf0720ec842dda7546208043b1453: Time spent starting tablet: real 0.016s	user 0.003s	sys 0.003s
I20260710 11:08:09.988725  9482 ts_tablet_manager.cc:1434] T 11f65b5ae87348e4ad8879405cf1faca P ccb9691d1f594504a365537b3a001873: Time spent starting tablet: real 0.020s	user 0.007s	sys 0.000s
I20260710 11:08:09.989764  9482 tablet_bootstrap.cc:492] T c7072b6c712e4105aebd8cc528f92c7f P ccb9691d1f594504a365537b3a001873: Bootstrap starting.
I20260710 11:08:09.989989  9481 raft_consensus.cc:359] T 9ac66955755843d689e23ff672b7321e P 0de023b48e4744c297454ef68f97c968 [term 0 FOLLOWER]: Replica starting. Triggering 0 pending ops. Active config: opid_index: -1 OBSOLETE_local: false peers { permanent_uuid: "ccb9691d1f594504a365537b3a001873" member_type: VOTER last_known_addr { host: "127.7.253.193" port: 34909 } } peers { permanent_uuid: "0de023b48e4744c297454ef68f97c968" member_type: VOTER last_known_addr { host: "127.7.253.194" port: 46055 } } peers { permanent_uuid: "988bf0720ec842dda7546208043b1453" member_type: VOTER last_known_addr { host: "127.7.253.195" port: 42365 } }
I20260710 11:08:09.990748  9481 raft_consensus.cc:385] T 9ac66955755843d689e23ff672b7321e P 0de023b48e4744c297454ef68f97c968 [term 0 FOLLOWER]: Consensus starting up: Expiring failure detector timer to make a prompt election more likely
I20260710 11:08:09.991040  9481 raft_consensus.cc:740] T 9ac66955755843d689e23ff672b7321e P 0de023b48e4744c297454ef68f97c968 [term 0 FOLLOWER]: Becoming Follower/Learner. State: Replica: 0de023b48e4744c297454ef68f97c968, State: Initialized, Role: FOLLOWER
I20260710 11:08:09.992170  9483 tablet_bootstrap.cc:492] T c7d44f0af81d42af8fe7292918b08267 P 988bf0720ec842dda7546208043b1453: Bootstrap starting.
I20260710 11:08:09.991878  9481 consensus_queue.cc:260] T 9ac66955755843d689e23ff672b7321e P 0de023b48e4744c297454ef68f97c968 [NON_LEADER]: Queue going to NON_LEADER mode. State: All replicated index: 0, Majority replicated index: 0, Committed index: 0, Last appended: 0.0, Last appended by leader: 0, Current term: 0, Majority size: -1, State: 0, Mode: NON_LEADER, active raft config: opid_index: -1 OBSOLETE_local: false peers { permanent_uuid: "ccb9691d1f594504a365537b3a001873" member_type: VOTER last_known_addr { host: "127.7.253.193" port: 34909 } } peers { permanent_uuid: "0de023b48e4744c297454ef68f97c968" member_type: VOTER last_known_addr { host: "127.7.253.194" port: 46055 } } peers { permanent_uuid: "988bf0720ec842dda7546208043b1453" member_type: VOTER last_known_addr { host: "127.7.253.195" port: 42365 } }
I20260710 11:08:09.997105  9481 ts_tablet_manager.cc:1434] T 9ac66955755843d689e23ff672b7321e P 0de023b48e4744c297454ef68f97c968: Time spent starting tablet: real 0.010s	user 0.008s	sys 0.000s
I20260710 11:08:09.998216  9481 tablet_bootstrap.cc:492] T bff7e6e288a241c29dae33a0fab3a4a6 P 0de023b48e4744c297454ef68f97c968: Bootstrap starting.
I20260710 11:08:09.999940  9483 tablet_bootstrap.cc:654] T c7d44f0af81d42af8fe7292918b08267 P 988bf0720ec842dda7546208043b1453: Neither blocks nor log segments found. Creating new log.
I20260710 11:08:10.003397  9482 tablet_bootstrap.cc:654] T c7072b6c712e4105aebd8cc528f92c7f P ccb9691d1f594504a365537b3a001873: Neither blocks nor log segments found. Creating new log.
I20260710 11:08:10.004927  9481 tablet_bootstrap.cc:654] T bff7e6e288a241c29dae33a0fab3a4a6 P 0de023b48e4744c297454ef68f97c968: Neither blocks nor log segments found. Creating new log.
I20260710 11:08:10.017607  9483 tablet_bootstrap.cc:492] T c7d44f0af81d42af8fe7292918b08267 P 988bf0720ec842dda7546208043b1453: No bootstrap required, opened a new log
I20260710 11:08:10.017975  9483 ts_tablet_manager.cc:1403] T c7d44f0af81d42af8fe7292918b08267 P 988bf0720ec842dda7546208043b1453: Time spent bootstrapping tablet: real 0.026s	user 0.015s	sys 0.007s
I20260710 11:08:10.019500  9482 tablet_bootstrap.cc:492] T c7072b6c712e4105aebd8cc528f92c7f P ccb9691d1f594504a365537b3a001873: No bootstrap required, opened a new log
I20260710 11:08:10.019992  9482 ts_tablet_manager.cc:1403] T c7072b6c712e4105aebd8cc528f92c7f P ccb9691d1f594504a365537b3a001873: Time spent bootstrapping tablet: real 0.030s	user 0.007s	sys 0.012s
I20260710 11:08:10.020624  9483 raft_consensus.cc:359] T c7d44f0af81d42af8fe7292918b08267 P 988bf0720ec842dda7546208043b1453 [term 0 FOLLOWER]: Replica starting. Triggering 0 pending ops. Active config: opid_index: -1 OBSOLETE_local: false peers { permanent_uuid: "ccb9691d1f594504a365537b3a001873" member_type: VOTER last_known_addr { host: "127.7.253.193" port: 34909 } } peers { permanent_uuid: "0de023b48e4744c297454ef68f97c968" member_type: VOTER last_known_addr { host: "127.7.253.194" port: 46055 } } peers { permanent_uuid: "988bf0720ec842dda7546208043b1453" member_type: VOTER last_known_addr { host: "127.7.253.195" port: 42365 } }
I20260710 11:08:10.021188  9483 raft_consensus.cc:385] T c7d44f0af81d42af8fe7292918b08267 P 988bf0720ec842dda7546208043b1453 [term 0 FOLLOWER]: Consensus starting up: Expiring failure detector timer to make a prompt election more likely
I20260710 11:08:10.021418  9483 raft_consensus.cc:740] T c7d44f0af81d42af8fe7292918b08267 P 988bf0720ec842dda7546208043b1453 [term 0 FOLLOWER]: Becoming Follower/Learner. State: Replica: 988bf0720ec842dda7546208043b1453, State: Initialized, Role: FOLLOWER
I20260710 11:08:10.021620  9481 tablet_bootstrap.cc:492] T bff7e6e288a241c29dae33a0fab3a4a6 P 0de023b48e4744c297454ef68f97c968: No bootstrap required, opened a new log
I20260710 11:08:10.022061  9481 ts_tablet_manager.cc:1403] T bff7e6e288a241c29dae33a0fab3a4a6 P 0de023b48e4744c297454ef68f97c968: Time spent bootstrapping tablet: real 0.024s	user 0.011s	sys 0.005s
I20260710 11:08:10.022118  9483 consensus_queue.cc:260] T c7d44f0af81d42af8fe7292918b08267 P 988bf0720ec842dda7546208043b1453 [NON_LEADER]: Queue going to NON_LEADER mode. State: All replicated index: 0, Majority replicated index: 0, Committed index: 0, Last appended: 0.0, Last appended by leader: 0, Current term: 0, Majority size: -1, State: 0, Mode: NON_LEADER, active raft config: opid_index: -1 OBSOLETE_local: false peers { permanent_uuid: "ccb9691d1f594504a365537b3a001873" member_type: VOTER last_known_addr { host: "127.7.253.193" port: 34909 } } peers { permanent_uuid: "0de023b48e4744c297454ef68f97c968" member_type: VOTER last_known_addr { host: "127.7.253.194" port: 46055 } } peers { permanent_uuid: "988bf0720ec842dda7546208043b1453" member_type: VOTER last_known_addr { host: "127.7.253.195" port: 42365 } }
I20260710 11:08:10.022671  9482 raft_consensus.cc:359] T c7072b6c712e4105aebd8cc528f92c7f P ccb9691d1f594504a365537b3a001873 [term 0 FOLLOWER]: Replica starting. Triggering 0 pending ops. Active config: opid_index: -1 OBSOLETE_local: false peers { permanent_uuid: "ccb9691d1f594504a365537b3a001873" member_type: VOTER last_known_addr { host: "127.7.253.193" port: 34909 } } peers { permanent_uuid: "0de023b48e4744c297454ef68f97c968" member_type: VOTER last_known_addr { host: "127.7.253.194" port: 46055 } } peers { permanent_uuid: "988bf0720ec842dda7546208043b1453" member_type: VOTER last_known_addr { host: "127.7.253.195" port: 42365 } }
I20260710 11:08:10.023723  9482 raft_consensus.cc:385] T c7072b6c712e4105aebd8cc528f92c7f P ccb9691d1f594504a365537b3a001873 [term 0 FOLLOWER]: Consensus starting up: Expiring failure detector timer to make a prompt election more likely
I20260710 11:08:10.023988  9482 raft_consensus.cc:740] T c7072b6c712e4105aebd8cc528f92c7f P ccb9691d1f594504a365537b3a001873 [term 0 FOLLOWER]: Becoming Follower/Learner. State: Replica: ccb9691d1f594504a365537b3a001873, State: Initialized, Role: FOLLOWER
I20260710 11:08:10.024178  9483 ts_tablet_manager.cc:1434] T c7d44f0af81d42af8fe7292918b08267 P 988bf0720ec842dda7546208043b1453: Time spent starting tablet: real 0.006s	user 0.006s	sys 0.000s
I20260710 11:08:10.024631  9482 consensus_queue.cc:260] T c7072b6c712e4105aebd8cc528f92c7f P ccb9691d1f594504a365537b3a001873 [NON_LEADER]: Queue going to NON_LEADER mode. State: All replicated index: 0, Majority replicated index: 0, Committed index: 0, Last appended: 0.0, Last appended by leader: 0, Current term: 0, Majority size: -1, State: 0, Mode: NON_LEADER, active raft config: opid_index: -1 OBSOLETE_local: false peers { permanent_uuid: "ccb9691d1f594504a365537b3a001873" member_type: VOTER last_known_addr { host: "127.7.253.193" port: 34909 } } peers { permanent_uuid: "0de023b48e4744c297454ef68f97c968" member_type: VOTER last_known_addr { host: "127.7.253.194" port: 46055 } } peers { permanent_uuid: "988bf0720ec842dda7546208043b1453" member_type: VOTER last_known_addr { host: "127.7.253.195" port: 42365 } }
I20260710 11:08:10.024849  9481 raft_consensus.cc:359] T bff7e6e288a241c29dae33a0fab3a4a6 P 0de023b48e4744c297454ef68f97c968 [term 0 FOLLOWER]: Replica starting. Triggering 0 pending ops. Active config: opid_index: -1 OBSOLETE_local: false peers { permanent_uuid: "ccb9691d1f594504a365537b3a001873" member_type: VOTER last_known_addr { host: "127.7.253.193" port: 34909 } } peers { permanent_uuid: "0de023b48e4744c297454ef68f97c968" member_type: VOTER last_known_addr { host: "127.7.253.194" port: 46055 } } peers { permanent_uuid: "988bf0720ec842dda7546208043b1453" member_type: VOTER last_known_addr { host: "127.7.253.195" port: 42365 } }
I20260710 11:08:10.025444  9481 raft_consensus.cc:385] T bff7e6e288a241c29dae33a0fab3a4a6 P 0de023b48e4744c297454ef68f97c968 [term 0 FOLLOWER]: Consensus starting up: Expiring failure detector timer to make a prompt election more likely
I20260710 11:08:10.025738  9481 raft_consensus.cc:740] T bff7e6e288a241c29dae33a0fab3a4a6 P 0de023b48e4744c297454ef68f97c968 [term 0 FOLLOWER]: Becoming Follower/Learner. State: Replica: 0de023b48e4744c297454ef68f97c968, State: Initialized, Role: FOLLOWER
I20260710 11:08:10.026770  9482 ts_tablet_manager.cc:1434] T c7072b6c712e4105aebd8cc528f92c7f P ccb9691d1f594504a365537b3a001873: Time spent starting tablet: real 0.006s	user 0.004s	sys 0.000s
I20260710 11:08:10.026475  9481 consensus_queue.cc:260] T bff7e6e288a241c29dae33a0fab3a4a6 P 0de023b48e4744c297454ef68f97c968 [NON_LEADER]: Queue going to NON_LEADER mode. State: All replicated index: 0, Majority replicated index: 0, Committed index: 0, Last appended: 0.0, Last appended by leader: 0, Current term: 0, Majority size: -1, State: 0, Mode: NON_LEADER, active raft config: opid_index: -1 OBSOLETE_local: false peers { permanent_uuid: "ccb9691d1f594504a365537b3a001873" member_type: VOTER last_known_addr { host: "127.7.253.193" port: 34909 } } peers { permanent_uuid: "0de023b48e4744c297454ef68f97c968" member_type: VOTER last_known_addr { host: "127.7.253.194" port: 46055 } } peers { permanent_uuid: "988bf0720ec842dda7546208043b1453" member_type: VOTER last_known_addr { host: "127.7.253.195" port: 42365 } }
I20260710 11:08:10.028093  9482 tablet_bootstrap.cc:492] T fd4c11b07bc44988a552173929ba10e5 P ccb9691d1f594504a365537b3a001873: Bootstrap starting.
I20260710 11:08:10.025352  9483 tablet_bootstrap.cc:492] T 21d017a83ffe41378aeaa3dcd3339120 P 988bf0720ec842dda7546208043b1453: Bootstrap starting.
I20260710 11:08:10.030850  9570 raft_consensus.cc:493] T bff7e6e288a241c29dae33a0fab3a4a6 P ccb9691d1f594504a365537b3a001873 [term 0 FOLLOWER]: Starting pre-election (no leader contacted us within the election timeout)
I20260710 11:08:10.031325  9570 raft_consensus.cc:515] T bff7e6e288a241c29dae33a0fab3a4a6 P ccb9691d1f594504a365537b3a001873 [term 0 FOLLOWER]: Starting pre-election with config: opid_index: -1 OBSOLETE_local: false peers { permanent_uuid: "ccb9691d1f594504a365537b3a001873" member_type: VOTER last_known_addr { host: "127.7.253.193" port: 34909 } } peers { permanent_uuid: "0de023b48e4744c297454ef68f97c968" member_type: VOTER last_known_addr { host: "127.7.253.194" port: 46055 } } peers { permanent_uuid: "988bf0720ec842dda7546208043b1453" member_type: VOTER last_known_addr { host: "127.7.253.195" port: 42365 } }
I20260710 11:08:10.032035  9481 ts_tablet_manager.cc:1434] T bff7e6e288a241c29dae33a0fab3a4a6 P 0de023b48e4744c297454ef68f97c968: Time spent starting tablet: real 0.010s	user 0.006s	sys 0.001s
I20260710 11:08:10.033145  9481 tablet_bootstrap.cc:492] T fd4c11b07bc44988a552173929ba10e5 P 0de023b48e4744c297454ef68f97c968: Bootstrap starting.
I20260710 11:08:10.033579  9570 leader_election.cc:290] T bff7e6e288a241c29dae33a0fab3a4a6 P ccb9691d1f594504a365537b3a001873 [CANDIDATE]: Term 1 pre-election: Requested pre-vote from peers 0de023b48e4744c297454ef68f97c968 (127.7.253.194:46055), 988bf0720ec842dda7546208043b1453 (127.7.253.195:42365)
I20260710 11:08:10.035848  9365 tablet_service.cc:1917] Received RequestConsensusVote() RPC: tablet_id: "bff7e6e288a241c29dae33a0fab3a4a6" candidate_uuid: "ccb9691d1f594504a365537b3a001873" candidate_term: 1 candidate_status { last_received { term: 0 index: 0 } } ignore_live_leader: false dest_uuid: "0de023b48e4744c297454ef68f97c968" is_pre_election: true
I20260710 11:08:10.036628  9487 raft_consensus.cc:493] T 21d017a83ffe41378aeaa3dcd3339120 P 0de023b48e4744c297454ef68f97c968 [term 0 FOLLOWER]: Starting pre-election (no leader contacted us within the election timeout)
I20260710 11:08:10.036541  9365 raft_consensus.cc:2468] T bff7e6e288a241c29dae33a0fab3a4a6 P 0de023b48e4744c297454ef68f97c968 [term 0 FOLLOWER]: Leader pre-election vote request: Granting yes vote for candidate ccb9691d1f594504a365537b3a001873 in term 0.
I20260710 11:08:10.037300  9487 raft_consensus.cc:515] T 21d017a83ffe41378aeaa3dcd3339120 P 0de023b48e4744c297454ef68f97c968 [term 0 FOLLOWER]: Starting pre-election with config: opid_index: -1 OBSOLETE_local: false peers { permanent_uuid: "ccb9691d1f594504a365537b3a001873" member_type: VOTER last_known_addr { host: "127.7.253.193" port: 34909 } } peers { permanent_uuid: "0de023b48e4744c297454ef68f97c968" member_type: VOTER last_known_addr { host: "127.7.253.194" port: 46055 } } peers { permanent_uuid: "988bf0720ec842dda7546208043b1453" member_type: VOTER last_known_addr { host: "127.7.253.195" port: 42365 } }
I20260710 11:08:10.038254  9438 tablet_service.cc:1917] Received RequestConsensusVote() RPC: tablet_id: "bff7e6e288a241c29dae33a0fab3a4a6" candidate_uuid: "ccb9691d1f594504a365537b3a001873" candidate_term: 1 candidate_status { last_received { term: 0 index: 0 } } ignore_live_leader: false dest_uuid: "988bf0720ec842dda7546208043b1453" is_pre_election: true
I20260710 11:08:10.038928  9438 raft_consensus.cc:2468] T bff7e6e288a241c29dae33a0fab3a4a6 P 988bf0720ec842dda7546208043b1453 [term 0 FOLLOWER]: Leader pre-election vote request: Granting yes vote for candidate ccb9691d1f594504a365537b3a001873 in term 0.
I20260710 11:08:10.040251  9258 leader_election.cc:304] T bff7e6e288a241c29dae33a0fab3a4a6 P ccb9691d1f594504a365537b3a001873 [CANDIDATE]: Term 1 pre-election: Election decided. Result: candidate won. Election summary: received 2 responses out of 3 voters: 2 yes votes; 0 no votes. yes voters: 988bf0720ec842dda7546208043b1453, ccb9691d1f594504a365537b3a001873; no voters: 
I20260710 11:08:10.041837  9288 tablet_service.cc:1917] Received RequestConsensusVote() RPC: tablet_id: "21d017a83ffe41378aeaa3dcd3339120" candidate_uuid: "0de023b48e4744c297454ef68f97c968" candidate_term: 1 candidate_status { last_received { term: 0 index: 0 } } ignore_live_leader: false dest_uuid: "ccb9691d1f594504a365537b3a001873" is_pre_election: true
I20260710 11:08:10.042930  9487 leader_election.cc:290] T 21d017a83ffe41378aeaa3dcd3339120 P 0de023b48e4744c297454ef68f97c968 [CANDIDATE]: Term 1 pre-election: Requested pre-vote from peers ccb9691d1f594504a365537b3a001873 (127.7.253.193:34909), 988bf0720ec842dda7546208043b1453 (127.7.253.195:42365)
W20260710 11:08:10.043176  9330 leader_election.cc:343] T 21d017a83ffe41378aeaa3dcd3339120 P 0de023b48e4744c297454ef68f97c968 [CANDIDATE]: Term 1 pre-election: Tablet error from VoteRequest() call to peer ccb9691d1f594504a365537b3a001873 (127.7.253.193:34909): Illegal state: must be running to vote when last-logged opid is not known
I20260710 11:08:10.045841  9482 tablet_bootstrap.cc:654] T fd4c11b07bc44988a552173929ba10e5 P ccb9691d1f594504a365537b3a001873: Neither blocks nor log segments found. Creating new log.
I20260710 11:08:10.047339  9438 tablet_service.cc:1917] Received RequestConsensusVote() RPC: tablet_id: "21d017a83ffe41378aeaa3dcd3339120" candidate_uuid: "0de023b48e4744c297454ef68f97c968" candidate_term: 1 candidate_status { last_received { term: 0 index: 0 } } ignore_live_leader: false dest_uuid: "988bf0720ec842dda7546208043b1453" is_pre_election: true
W20260710 11:08:10.050340  9333 leader_election.cc:343] T 21d017a83ffe41378aeaa3dcd3339120 P 0de023b48e4744c297454ef68f97c968 [CANDIDATE]: Term 1 pre-election: Tablet error from VoteRequest() call to peer 988bf0720ec842dda7546208043b1453 (127.7.253.195:42365): Illegal state: must be running to vote when last-logged opid is not known
I20260710 11:08:10.050827  9333 leader_election.cc:304] T 21d017a83ffe41378aeaa3dcd3339120 P 0de023b48e4744c297454ef68f97c968 [CANDIDATE]: Term 1 pre-election: Election decided. Result: candidate lost. Election summary: received 3 responses out of 3 voters: 1 yes votes; 2 no votes. yes voters: 0de023b48e4744c297454ef68f97c968; no voters: 988bf0720ec842dda7546208043b1453, ccb9691d1f594504a365537b3a001873
I20260710 11:08:10.051756  9481 tablet_bootstrap.cc:654] T fd4c11b07bc44988a552173929ba10e5 P 0de023b48e4744c297454ef68f97c968: Neither blocks nor log segments found. Creating new log.
I20260710 11:08:10.051640  9487 raft_consensus.cc:2749] T 21d017a83ffe41378aeaa3dcd3339120 P 0de023b48e4744c297454ef68f97c968 [term 0 FOLLOWER]: Leader pre-election lost for term 1. Reason: could not achieve majority
I20260710 11:08:10.051939  9570 raft_consensus.cc:2804] T bff7e6e288a241c29dae33a0fab3a4a6 P ccb9691d1f594504a365537b3a001873 [term 0 FOLLOWER]: Leader pre-election won for term 1
I20260710 11:08:10.052428  9570 raft_consensus.cc:493] T bff7e6e288a241c29dae33a0fab3a4a6 P ccb9691d1f594504a365537b3a001873 [term 0 FOLLOWER]: Starting leader election (no leader contacted us within the election timeout)
I20260710 11:08:10.052774  9570 raft_consensus.cc:3060] T bff7e6e288a241c29dae33a0fab3a4a6 P ccb9691d1f594504a365537b3a001873 [term 0 FOLLOWER]: Advancing to term 1
I20260710 11:08:10.057973  9483 tablet_bootstrap.cc:654] T 21d017a83ffe41378aeaa3dcd3339120 P 988bf0720ec842dda7546208043b1453: Neither blocks nor log segments found. Creating new log.
I20260710 11:08:10.060132  9570 raft_consensus.cc:515] T bff7e6e288a241c29dae33a0fab3a4a6 P ccb9691d1f594504a365537b3a001873 [term 1 FOLLOWER]: Starting leader election with config: opid_index: -1 OBSOLETE_local: false peers { permanent_uuid: "ccb9691d1f594504a365537b3a001873" member_type: VOTER last_known_addr { host: "127.7.253.193" port: 34909 } } peers { permanent_uuid: "0de023b48e4744c297454ef68f97c968" member_type: VOTER last_known_addr { host: "127.7.253.194" port: 46055 } } peers { permanent_uuid: "988bf0720ec842dda7546208043b1453" member_type: VOTER last_known_addr { host: "127.7.253.195" port: 42365 } }
I20260710 11:08:10.064186  9365 tablet_service.cc:1917] Received RequestConsensusVote() RPC: tablet_id: "bff7e6e288a241c29dae33a0fab3a4a6" candidate_uuid: "ccb9691d1f594504a365537b3a001873" candidate_term: 1 candidate_status { last_received { term: 0 index: 0 } } ignore_live_leader: false dest_uuid: "0de023b48e4744c297454ef68f97c968"
I20260710 11:08:10.065059  9365 raft_consensus.cc:3060] T bff7e6e288a241c29dae33a0fab3a4a6 P 0de023b48e4744c297454ef68f97c968 [term 0 FOLLOWER]: Advancing to term 1
I20260710 11:08:10.078955  9481 tablet_bootstrap.cc:492] T fd4c11b07bc44988a552173929ba10e5 P 0de023b48e4744c297454ef68f97c968: No bootstrap required, opened a new log
I20260710 11:08:10.079448  9481 ts_tablet_manager.cc:1403] T fd4c11b07bc44988a552173929ba10e5 P 0de023b48e4744c297454ef68f97c968: Time spent bootstrapping tablet: real 0.047s	user 0.014s	sys 0.005s
I20260710 11:08:10.080204  9570 leader_election.cc:290] T bff7e6e288a241c29dae33a0fab3a4a6 P ccb9691d1f594504a365537b3a001873 [CANDIDATE]: Term 1 election: Requested vote from peers 0de023b48e4744c297454ef68f97c968 (127.7.253.194:46055), 988bf0720ec842dda7546208043b1453 (127.7.253.195:42365)
I20260710 11:08:10.080438  9438 tablet_service.cc:1917] Received RequestConsensusVote() RPC: tablet_id: "bff7e6e288a241c29dae33a0fab3a4a6" candidate_uuid: "ccb9691d1f594504a365537b3a001873" candidate_term: 1 candidate_status { last_received { term: 0 index: 0 } } ignore_live_leader: false dest_uuid: "988bf0720ec842dda7546208043b1453"
I20260710 11:08:10.081151  9438 raft_consensus.cc:3060] T bff7e6e288a241c29dae33a0fab3a4a6 P 988bf0720ec842dda7546208043b1453 [term 0 FOLLOWER]: Advancing to term 1
I20260710 11:08:10.082530  9481 raft_consensus.cc:359] T fd4c11b07bc44988a552173929ba10e5 P 0de023b48e4744c297454ef68f97c968 [term 0 FOLLOWER]: Replica starting. Triggering 0 pending ops. Active config: opid_index: -1 OBSOLETE_local: false peers { permanent_uuid: "ccb9691d1f594504a365537b3a001873" member_type: VOTER last_known_addr { host: "127.7.253.193" port: 34909 } } peers { permanent_uuid: "0de023b48e4744c297454ef68f97c968" member_type: VOTER last_known_addr { host: "127.7.253.194" port: 46055 } } peers { permanent_uuid: "988bf0720ec842dda7546208043b1453" member_type: VOTER last_known_addr { host: "127.7.253.195" port: 42365 } }
I20260710 11:08:10.083292  9481 raft_consensus.cc:385] T fd4c11b07bc44988a552173929ba10e5 P 0de023b48e4744c297454ef68f97c968 [term 0 FOLLOWER]: Consensus starting up: Expiring failure detector timer to make a prompt election more likely
I20260710 11:08:10.082522  9365 raft_consensus.cc:2468] T bff7e6e288a241c29dae33a0fab3a4a6 P 0de023b48e4744c297454ef68f97c968 [term 1 FOLLOWER]: Leader election vote request: Granting yes vote for candidate ccb9691d1f594504a365537b3a001873 in term 1.
I20260710 11:08:10.085122  9255 leader_election.cc:304] T bff7e6e288a241c29dae33a0fab3a4a6 P ccb9691d1f594504a365537b3a001873 [CANDIDATE]: Term 1 election: Election decided. Result: candidate won. Election summary: received 2 responses out of 3 voters: 2 yes votes; 0 no votes. yes voters: 0de023b48e4744c297454ef68f97c968, ccb9691d1f594504a365537b3a001873; no voters: 
I20260710 11:08:10.086200  9570 raft_consensus.cc:2804] T bff7e6e288a241c29dae33a0fab3a4a6 P ccb9691d1f594504a365537b3a001873 [term 1 FOLLOWER]: Leader election won for term 1
I20260710 11:08:10.086488  9482 tablet_bootstrap.cc:492] T fd4c11b07bc44988a552173929ba10e5 P ccb9691d1f594504a365537b3a001873: No bootstrap required, opened a new log
I20260710 11:08:10.087041  9482 ts_tablet_manager.cc:1403] T fd4c11b07bc44988a552173929ba10e5 P ccb9691d1f594504a365537b3a001873: Time spent bootstrapping tablet: real 0.059s	user 0.024s	sys 0.000s
I20260710 11:08:10.086891  9570 raft_consensus.cc:697] T bff7e6e288a241c29dae33a0fab3a4a6 P ccb9691d1f594504a365537b3a001873 [term 1 LEADER]: Becoming Leader. State: Replica: ccb9691d1f594504a365537b3a001873, State: Running, Role: LEADER
I20260710 11:08:10.088109  9570 consensus_queue.cc:237] T bff7e6e288a241c29dae33a0fab3a4a6 P ccb9691d1f594504a365537b3a001873 [LEADER]: Queue going to LEADER mode. State: All replicated index: 0, Majority replicated index: 0, Committed index: 0, Last appended: 0.0, Last appended by leader: 0, Current term: 1, Majority size: 2, State: 0, Mode: LEADER, active raft config: opid_index: -1 OBSOLETE_local: false peers { permanent_uuid: "ccb9691d1f594504a365537b3a001873" member_type: VOTER last_known_addr { host: "127.7.253.193" port: 34909 } } peers { permanent_uuid: "0de023b48e4744c297454ef68f97c968" member_type: VOTER last_known_addr { host: "127.7.253.194" port: 46055 } } peers { permanent_uuid: "988bf0720ec842dda7546208043b1453" member_type: VOTER last_known_addr { host: "127.7.253.195" port: 42365 } }
I20260710 11:08:10.089715  9482 raft_consensus.cc:359] T fd4c11b07bc44988a552173929ba10e5 P ccb9691d1f594504a365537b3a001873 [term 0 FOLLOWER]: Replica starting. Triggering 0 pending ops. Active config: opid_index: -1 OBSOLETE_local: false peers { permanent_uuid: "ccb9691d1f594504a365537b3a001873" member_type: VOTER last_known_addr { host: "127.7.253.193" port: 34909 } } peers { permanent_uuid: "0de023b48e4744c297454ef68f97c968" member_type: VOTER last_known_addr { host: "127.7.253.194" port: 46055 } } peers { permanent_uuid: "988bf0720ec842dda7546208043b1453" member_type: VOTER last_known_addr { host: "127.7.253.195" port: 42365 } }
I20260710 11:08:10.090425  9482 raft_consensus.cc:385] T fd4c11b07bc44988a552173929ba10e5 P ccb9691d1f594504a365537b3a001873 [term 0 FOLLOWER]: Consensus starting up: Expiring failure detector timer to make a prompt election more likely
I20260710 11:08:10.083637  9481 raft_consensus.cc:740] T fd4c11b07bc44988a552173929ba10e5 P 0de023b48e4744c297454ef68f97c968 [term 0 FOLLOWER]: Becoming Follower/Learner. State: Replica: 0de023b48e4744c297454ef68f97c968, State: Initialized, Role: FOLLOWER
I20260710 11:08:10.092849  9482 raft_consensus.cc:740] T fd4c11b07bc44988a552173929ba10e5 P ccb9691d1f594504a365537b3a001873 [term 0 FOLLOWER]: Becoming Follower/Learner. State: Replica: ccb9691d1f594504a365537b3a001873, State: Initialized, Role: FOLLOWER
I20260710 11:08:10.093609  9482 consensus_queue.cc:260] T fd4c11b07bc44988a552173929ba10e5 P ccb9691d1f594504a365537b3a001873 [NON_LEADER]: Queue going to NON_LEADER mode. State: All replicated index: 0, Majority replicated index: 0, Committed index: 0, Last appended: 0.0, Last appended by leader: 0, Current term: 0, Majority size: -1, State: 0, Mode: NON_LEADER, active raft config: opid_index: -1 OBSOLETE_local: false peers { permanent_uuid: "ccb9691d1f594504a365537b3a001873" member_type: VOTER last_known_addr { host: "127.7.253.193" port: 34909 } } peers { permanent_uuid: "0de023b48e4744c297454ef68f97c968" member_type: VOTER last_known_addr { host: "127.7.253.194" port: 46055 } } peers { permanent_uuid: "988bf0720ec842dda7546208043b1453" member_type: VOTER last_known_addr { host: "127.7.253.195" port: 42365 } }
I20260710 11:08:10.094992  9481 consensus_queue.cc:260] T fd4c11b07bc44988a552173929ba10e5 P 0de023b48e4744c297454ef68f97c968 [NON_LEADER]: Queue going to NON_LEADER mode. State: All replicated index: 0, Majority replicated index: 0, Committed index: 0, Last appended: 0.0, Last appended by leader: 0, Current term: 0, Majority size: -1, State: 0, Mode: NON_LEADER, active raft config: opid_index: -1 OBSOLETE_local: false peers { permanent_uuid: "ccb9691d1f594504a365537b3a001873" member_type: VOTER last_known_addr { host: "127.7.253.193" port: 34909 } } peers { permanent_uuid: "0de023b48e4744c297454ef68f97c968" member_type: VOTER last_known_addr { host: "127.7.253.194" port: 46055 } } peers { permanent_uuid: "988bf0720ec842dda7546208043b1453" member_type: VOTER last_known_addr { host: "127.7.253.195" port: 42365 } }
I20260710 11:08:10.097039  9481 ts_tablet_manager.cc:1434] T fd4c11b07bc44988a552173929ba10e5 P 0de023b48e4744c297454ef68f97c968: Time spent starting tablet: real 0.017s	user 0.007s	sys 0.002s
I20260710 11:08:10.098142  9481 tablet_bootstrap.cc:492] T e29ae70381f14d1f957c0a3c2c4d1478 P 0de023b48e4744c297454ef68f97c968: Bootstrap starting.
I20260710 11:08:10.101751  9438 raft_consensus.cc:2468] T bff7e6e288a241c29dae33a0fab3a4a6 P 988bf0720ec842dda7546208043b1453 [term 1 FOLLOWER]: Leader election vote request: Granting yes vote for candidate ccb9691d1f594504a365537b3a001873 in term 1.
I20260710 11:08:10.102843  9545 raft_consensus.cc:493] T c7d44f0af81d42af8fe7292918b08267 P 988bf0720ec842dda7546208043b1453 [term 0 FOLLOWER]: Starting pre-election (no leader contacted us within the election timeout)
I20260710 11:08:10.104312  9545 raft_consensus.cc:515] T c7d44f0af81d42af8fe7292918b08267 P 988bf0720ec842dda7546208043b1453 [term 0 FOLLOWER]: Starting pre-election with config: opid_index: -1 OBSOLETE_local: false peers { permanent_uuid: "ccb9691d1f594504a365537b3a001873" member_type: VOTER last_known_addr { host: "127.7.253.193" port: 34909 } } peers { permanent_uuid: "0de023b48e4744c297454ef68f97c968" member_type: VOTER last_known_addr { host: "127.7.253.194" port: 46055 } } peers { permanent_uuid: "988bf0720ec842dda7546208043b1453" member_type: VOTER last_known_addr { host: "127.7.253.195" port: 42365 } }
I20260710 11:08:10.103430  9483 tablet_bootstrap.cc:492] T 21d017a83ffe41378aeaa3dcd3339120 P 988bf0720ec842dda7546208043b1453: No bootstrap required, opened a new log
I20260710 11:08:10.105861  9483 ts_tablet_manager.cc:1403] T 21d017a83ffe41378aeaa3dcd3339120 P 988bf0720ec842dda7546208043b1453: Time spent bootstrapping tablet: real 0.081s	user 0.014s	sys 0.028s
I20260710 11:08:10.107111  9545 leader_election.cc:290] T c7d44f0af81d42af8fe7292918b08267 P 988bf0720ec842dda7546208043b1453 [CANDIDATE]: Term 1 pre-election: Requested pre-vote from peers ccb9691d1f594504a365537b3a001873 (127.7.253.193:34909), 0de023b48e4744c297454ef68f97c968 (127.7.253.194:46055)
I20260710 11:08:10.108512  9483 raft_consensus.cc:359] T 21d017a83ffe41378aeaa3dcd3339120 P 988bf0720ec842dda7546208043b1453 [term 0 FOLLOWER]: Replica starting. Triggering 0 pending ops. Active config: opid_index: -1 OBSOLETE_local: false peers { permanent_uuid: "ccb9691d1f594504a365537b3a001873" member_type: VOTER last_known_addr { host: "127.7.253.193" port: 34909 } } peers { permanent_uuid: "0de023b48e4744c297454ef68f97c968" member_type: VOTER last_known_addr { host: "127.7.253.194" port: 46055 } } peers { permanent_uuid: "988bf0720ec842dda7546208043b1453" member_type: VOTER last_known_addr { host: "127.7.253.195" port: 42365 } }
I20260710 11:08:10.109177  9483 raft_consensus.cc:385] T 21d017a83ffe41378aeaa3dcd3339120 P 988bf0720ec842dda7546208043b1453 [term 0 FOLLOWER]: Consensus starting up: Expiring failure detector timer to make a prompt election more likely
I20260710 11:08:10.109228  9288 tablet_service.cc:1917] Received RequestConsensusVote() RPC: tablet_id: "c7d44f0af81d42af8fe7292918b08267" candidate_uuid: "988bf0720ec842dda7546208043b1453" candidate_term: 1 candidate_status { last_received { term: 0 index: 0 } } ignore_live_leader: false dest_uuid: "ccb9691d1f594504a365537b3a001873" is_pre_election: true
I20260710 11:08:10.109506  9483 raft_consensus.cc:740] T 21d017a83ffe41378aeaa3dcd3339120 P 988bf0720ec842dda7546208043b1453 [term 0 FOLLOWER]: Becoming Follower/Learner. State: Replica: 988bf0720ec842dda7546208043b1453, State: Initialized, Role: FOLLOWER
I20260710 11:08:10.109874  9365 tablet_service.cc:1917] Received RequestConsensusVote() RPC: tablet_id: "c7d44f0af81d42af8fe7292918b08267" candidate_uuid: "988bf0720ec842dda7546208043b1453" candidate_term: 1 candidate_status { last_received { term: 0 index: 0 } } ignore_live_leader: false dest_uuid: "0de023b48e4744c297454ef68f97c968" is_pre_election: true
