I20260710 11:07:57.681342 25110 ts_tablet_manager.cc:1403] T 4b0109b95d0b4c678d11c69dce7cb2cb P 241d907a8792475785603847514de949: Time spent bootstrapping tablet: real 0.062s	user 0.007s	sys 0.011s
I20260710 11:07:57.684535 25110 raft_consensus.cc:359] T 4b0109b95d0b4c678d11c69dce7cb2cb P 241d907a8792475785603847514de949 [term 0 FOLLOWER]: Replica starting. Triggering 0 pending ops. Active config: opid_index: -1 OBSOLETE_local: false peers { permanent_uuid: "241d907a8792475785603847514de949" member_type: VOTER last_known_addr { host: "127.23.184.129" port: 35185 } } peers { permanent_uuid: "e7f685c2ad204cf395e16f67e93e095d" member_type: VOTER last_known_addr { host: "127.23.184.130" port: 34329 } } peers { permanent_uuid: "1d554b5b3c464189a1bbb1cd4bfd2876" member_type: VOTER last_known_addr { host: "127.23.184.131" port: 42733 } }
I20260710 11:07:57.685631 25110 raft_consensus.cc:385] T 4b0109b95d0b4c678d11c69dce7cb2cb P 241d907a8792475785603847514de949 [term 0 FOLLOWER]: Consensus starting up: Expiring failure detector timer to make a prompt election more likely
I20260710 11:07:57.686038 25110 raft_consensus.cc:740] T 4b0109b95d0b4c678d11c69dce7cb2cb P 241d907a8792475785603847514de949 [term 0 FOLLOWER]: Becoming Follower/Learner. State: Replica: 241d907a8792475785603847514de949, State: Initialized, Role: FOLLOWER
I20260710 11:07:57.687028 25110 consensus_queue.cc:260] T 4b0109b95d0b4c678d11c69dce7cb2cb P 241d907a8792475785603847514de949 [NON_LEADER]: Queue going to NON_LEADER mode. State: All replicated index: 0, Majority replicated index: 0, Committed index: 0, Last appended: 0.0, Last appended by leader: 0, Current term: 0, Majority size: -1, State: 0, Mode: NON_LEADER, active raft config: opid_index: -1 OBSOLETE_local: false peers { permanent_uuid: "241d907a8792475785603847514de949" member_type: VOTER last_known_addr { host: "127.23.184.129" port: 35185 } } peers { permanent_uuid: "e7f685c2ad204cf395e16f67e93e095d" member_type: VOTER last_known_addr { host: "127.23.184.130" port: 34329 } } peers { permanent_uuid: "1d554b5b3c464189a1bbb1cd4bfd2876" member_type: VOTER last_known_addr { host: "127.23.184.131" port: 42733 } }
I20260710 11:07:57.690966 24978 tablet_service.cc:1511] Processing CreateTablet for tablet aafbc38b72ce4d07a4e9aeeb9a4ff2a4 (DEFAULT_TABLE table=test-workload [id=8497efd8e413432aa13fbd1d49fe6bbd]), partition=RANGE (key) PARTITION 1932735276 <= VALUES
I20260710 11:07:57.691069 25056 tablet_service.cc:1511] Processing CreateTablet for tablet 147227b5e64e45c5a2bd4433c983e5e0 (DEFAULT_TABLE table=test-workload [id=8497efd8e413432aa13fbd1d49fe6bbd]), partition=RANGE (key) PARTITION 1073741820 <= VALUES < 1288490184
I20260710 11:07:57.692440 24978 data_dirs.cc:400] Could only allocate 1 dirs of requested 3 for tablet aafbc38b72ce4d07a4e9aeeb9a4ff2a4. 1 dirs total, 0 dirs full, 0 dirs failed
I20260710 11:07:57.692443 25061 tablet_service.cc:1511] Processing CreateTablet for tablet 644b8c85281f45b88980f8e252de39d8 (DEFAULT_TABLE table=test-workload [id=8497efd8e413432aa13fbd1d49fe6bbd]), partition=RANGE (key) PARTITION VALUES < 214748364
I20260710 11:07:57.692500 25056 data_dirs.cc:400] Could only allocate 1 dirs of requested 3 for tablet 147227b5e64e45c5a2bd4433c983e5e0. 1 dirs total, 0 dirs full, 0 dirs failed
I20260710 11:07:57.693696 25060 tablet_service.cc:1511] Processing CreateTablet for tablet 4b0109b95d0b4c678d11c69dce7cb2cb (DEFAULT_TABLE table=test-workload [id=8497efd8e413432aa13fbd1d49fe6bbd]), partition=RANGE (key) PARTITION 214748364 <= VALUES < 429496728
I20260710 11:07:57.693935 25055 tablet_service.cc:1511] Processing CreateTablet for tablet 40fc339324a04acc929b768514af1354 (DEFAULT_TABLE table=test-workload [id=8497efd8e413432aa13fbd1d49fe6bbd]), partition=RANGE (key) PARTITION 1288490184 <= VALUES < 1503238548
I20260710 11:07:57.695799 25054 tablet_service.cc:1511] Processing CreateTablet for tablet 51b394b88bbf4b4b90ee97b1082e6e00 (DEFAULT_TABLE table=test-workload [id=8497efd8e413432aa13fbd1d49fe6bbd]), partition=RANGE (key) PARTITION 1503238548 <= VALUES < 1717986912
I20260710 11:07:57.696676 25058 tablet_service.cc:1511] Processing CreateTablet for tablet 805f97cfc13a4fef9164cfed1c6e3b73 (DEFAULT_TABLE table=test-workload [id=8497efd8e413432aa13fbd1d49fe6bbd]), partition=RANGE (key) PARTITION 644245092 <= VALUES < 858993456
I20260710 11:07:57.697861 25053 tablet_service.cc:1511] Processing CreateTablet for tablet f3d83dd842e544c9858d0822a420f37b (DEFAULT_TABLE table=test-workload [id=8497efd8e413432aa13fbd1d49fe6bbd]), partition=RANGE (key) PARTITION 1717986912 <= VALUES < 1932735276
I20260710 11:07:57.698676 25057 tablet_service.cc:1511] Processing CreateTablet for tablet 9930ac472823487789ce75833b87ef33 (DEFAULT_TABLE table=test-workload [id=8497efd8e413432aa13fbd1d49fe6bbd]), partition=RANGE (key) PARTITION 858993456 <= VALUES < 1073741820
I20260710 11:07:57.701419 25059 tablet_service.cc:1511] Processing CreateTablet for tablet ae4f17f9a36a4c898ad70a64239ed281 (DEFAULT_TABLE table=test-workload [id=8497efd8e413432aa13fbd1d49fe6bbd]), partition=RANGE (key) PARTITION 429496728 <= VALUES < 644245092
I20260710 11:07:57.704581 25052 tablet_service.cc:1511] Processing CreateTablet for tablet aafbc38b72ce4d07a4e9aeeb9a4ff2a4 (DEFAULT_TABLE table=test-workload [id=8497efd8e413432aa13fbd1d49fe6bbd]), partition=RANGE (key) PARTITION 1932735276 <= VALUES
I20260710 11:07:57.695078 25060 data_dirs.cc:400] Could only allocate 1 dirs of requested 3 for tablet 4b0109b95d0b4c678d11c69dce7cb2cb. 1 dirs total, 0 dirs full, 0 dirs failed
I20260710 11:07:57.708449 25061 data_dirs.cc:400] Could only allocate 1 dirs of requested 3 for tablet 644b8c85281f45b88980f8e252de39d8. 1 dirs total, 0 dirs full, 0 dirs failed
I20260710 11:07:57.711318 25057 data_dirs.cc:400] Could only allocate 1 dirs of requested 3 for tablet 9930ac472823487789ce75833b87ef33. 1 dirs total, 0 dirs full, 0 dirs failed
I20260710 11:07:57.714447 25052 data_dirs.cc:400] Could only allocate 1 dirs of requested 3 for tablet aafbc38b72ce4d07a4e9aeeb9a4ff2a4. 1 dirs total, 0 dirs full, 0 dirs failed
I20260710 11:07:57.717342 25053 data_dirs.cc:400] Could only allocate 1 dirs of requested 3 for tablet f3d83dd842e544c9858d0822a420f37b. 1 dirs total, 0 dirs full, 0 dirs failed
I20260710 11:07:57.721407 25054 data_dirs.cc:400] Could only allocate 1 dirs of requested 3 for tablet 51b394b88bbf4b4b90ee97b1082e6e00. 1 dirs total, 0 dirs full, 0 dirs failed
I20260710 11:07:57.725697 25055 data_dirs.cc:400] Could only allocate 1 dirs of requested 3 for tablet 40fc339324a04acc929b768514af1354. 1 dirs total, 0 dirs full, 0 dirs failed
I20260710 11:07:57.729313 25058 data_dirs.cc:400] Could only allocate 1 dirs of requested 3 for tablet 805f97cfc13a4fef9164cfed1c6e3b73. 1 dirs total, 0 dirs full, 0 dirs failed
I20260710 11:07:57.733460 25059 data_dirs.cc:400] Could only allocate 1 dirs of requested 3 for tablet ae4f17f9a36a4c898ad70a64239ed281. 1 dirs total, 0 dirs full, 0 dirs failed
I20260710 11:07:57.765611 25113 tablet_bootstrap.cc:492] T 644b8c85281f45b88980f8e252de39d8 P e7f685c2ad204cf395e16f67e93e095d: Bootstrap starting.
I20260710 11:07:57.767822 25110 ts_tablet_manager.cc:1434] T 4b0109b95d0b4c678d11c69dce7cb2cb P 241d907a8792475785603847514de949: Time spent starting tablet: real 0.086s	user 0.041s	sys 0.029s
I20260710 11:07:57.769085 25110 tablet_bootstrap.cc:492] T 40fc339324a04acc929b768514af1354 P 241d907a8792475785603847514de949: Bootstrap starting.
I20260710 11:07:57.773284 24947 heartbeater.cc:499] Master 127.23.184.190:46845 was elected leader, sending a full tablet report...
I20260710 11:07:57.778162 25110 tablet_bootstrap.cc:654] T 40fc339324a04acc929b768514af1354 P 241d907a8792475785603847514de949: Neither blocks nor log segments found. Creating new log.
I20260710 11:07:57.809497 25113 tablet_bootstrap.cc:654] T 644b8c85281f45b88980f8e252de39d8 P e7f685c2ad204cf395e16f67e93e095d: Neither blocks nor log segments found. Creating new log.
I20260710 11:07:57.816733 25114 tablet_bootstrap.cc:492] T 644b8c85281f45b88980f8e252de39d8 P 1d554b5b3c464189a1bbb1cd4bfd2876: Bootstrap starting.
I20260710 11:07:57.820266 25110 tablet_bootstrap.cc:492] T 40fc339324a04acc929b768514af1354 P 241d907a8792475785603847514de949: No bootstrap required, opened a new log
I20260710 11:07:57.820778 25110 ts_tablet_manager.cc:1403] T 40fc339324a04acc929b768514af1354 P 241d907a8792475785603847514de949: Time spent bootstrapping tablet: real 0.052s	user 0.009s	sys 0.003s
I20260710 11:07:57.823202 25110 raft_consensus.cc:359] T 40fc339324a04acc929b768514af1354 P 241d907a8792475785603847514de949 [term 0 FOLLOWER]: Replica starting. Triggering 0 pending ops. Active config: opid_index: -1 OBSOLETE_local: false peers { permanent_uuid: "241d907a8792475785603847514de949" member_type: VOTER last_known_addr { host: "127.23.184.129" port: 35185 } } peers { permanent_uuid: "e7f685c2ad204cf395e16f67e93e095d" member_type: VOTER last_known_addr { host: "127.23.184.130" port: 34329 } } peers { permanent_uuid: "1d554b5b3c464189a1bbb1cd4bfd2876" member_type: VOTER last_known_addr { host: "127.23.184.131" port: 42733 } }
I20260710 11:07:57.823828 25110 raft_consensus.cc:385] T 40fc339324a04acc929b768514af1354 P 241d907a8792475785603847514de949 [term 0 FOLLOWER]: Consensus starting up: Expiring failure detector timer to make a prompt election more likely
I20260710 11:07:57.824118 25110 raft_consensus.cc:740] T 40fc339324a04acc929b768514af1354 P 241d907a8792475785603847514de949 [term 0 FOLLOWER]: Becoming Follower/Learner. State: Replica: 241d907a8792475785603847514de949, State: Initialized, Role: FOLLOWER
I20260710 11:07:57.824709 25110 consensus_queue.cc:260] T 40fc339324a04acc929b768514af1354 P 241d907a8792475785603847514de949 [NON_LEADER]: Queue going to NON_LEADER mode. State: All replicated index: 0, Majority replicated index: 0, Committed index: 0, Last appended: 0.0, Last appended by leader: 0, Current term: 0, Majority size: -1, State: 0, Mode: NON_LEADER, active raft config: opid_index: -1 OBSOLETE_local: false peers { permanent_uuid: "241d907a8792475785603847514de949" member_type: VOTER last_known_addr { host: "127.23.184.129" port: 35185 } } peers { permanent_uuid: "e7f685c2ad204cf395e16f67e93e095d" member_type: VOTER last_known_addr { host: "127.23.184.130" port: 34329 } } peers { permanent_uuid: "1d554b5b3c464189a1bbb1cd4bfd2876" member_type: VOTER last_known_addr { host: "127.23.184.131" port: 42733 } }
I20260710 11:07:57.825420 25114 tablet_bootstrap.cc:654] T 644b8c85281f45b88980f8e252de39d8 P 1d554b5b3c464189a1bbb1cd4bfd2876: Neither blocks nor log segments found. Creating new log.
I20260710 11:07:57.826998 25110 ts_tablet_manager.cc:1434] T 40fc339324a04acc929b768514af1354 P 241d907a8792475785603847514de949: Time spent starting tablet: real 0.006s	user 0.004s	sys 0.000s
I20260710 11:07:57.828140 25110 tablet_bootstrap.cc:492] T 51b394b88bbf4b4b90ee97b1082e6e00 P 241d907a8792475785603847514de949: Bootstrap starting.
I20260710 11:07:57.828300 25113 tablet_bootstrap.cc:492] T 644b8c85281f45b88980f8e252de39d8 P e7f685c2ad204cf395e16f67e93e095d: No bootstrap required, opened a new log
I20260710 11:07:57.828828 25113 ts_tablet_manager.cc:1403] T 644b8c85281f45b88980f8e252de39d8 P e7f685c2ad204cf395e16f67e93e095d: Time spent bootstrapping tablet: real 0.064s	user 0.012s	sys 0.003s
I20260710 11:07:57.831872 25113 raft_consensus.cc:359] T 644b8c85281f45b88980f8e252de39d8 P e7f685c2ad204cf395e16f67e93e095d [term 0 FOLLOWER]: Replica starting. Triggering 0 pending ops. Active config: opid_index: -1 OBSOLETE_local: false peers { permanent_uuid: "241d907a8792475785603847514de949" member_type: VOTER last_known_addr { host: "127.23.184.129" port: 35185 } } peers { permanent_uuid: "1d554b5b3c464189a1bbb1cd4bfd2876" member_type: VOTER last_known_addr { host: "127.23.184.131" port: 42733 } } peers { permanent_uuid: "e7f685c2ad204cf395e16f67e93e095d" member_type: VOTER last_known_addr { host: "127.23.184.130" port: 34329 } }
I20260710 11:07:57.832720 25113 raft_consensus.cc:385] T 644b8c85281f45b88980f8e252de39d8 P e7f685c2ad204cf395e16f67e93e095d [term 0 FOLLOWER]: Consensus starting up: Expiring failure detector timer to make a prompt election more likely
I20260710 11:07:57.833128 25113 raft_consensus.cc:740] T 644b8c85281f45b88980f8e252de39d8 P e7f685c2ad204cf395e16f67e93e095d [term 0 FOLLOWER]: Becoming Follower/Learner. State: Replica: e7f685c2ad204cf395e16f67e93e095d, State: Initialized, Role: FOLLOWER
I20260710 11:07:57.834026 25113 consensus_queue.cc:260] T 644b8c85281f45b88980f8e252de39d8 P e7f685c2ad204cf395e16f67e93e095d [NON_LEADER]: Queue going to NON_LEADER mode. State: All replicated index: 0, Majority replicated index: 0, Committed index: 0, Last appended: 0.0, Last appended by leader: 0, Current term: 0, Majority size: -1, State: 0, Mode: NON_LEADER, active raft config: opid_index: -1 OBSOLETE_local: false peers { permanent_uuid: "241d907a8792475785603847514de949" member_type: VOTER last_known_addr { host: "127.23.184.129" port: 35185 } } peers { permanent_uuid: "1d554b5b3c464189a1bbb1cd4bfd2876" member_type: VOTER last_known_addr { host: "127.23.184.131" port: 42733 } } peers { permanent_uuid: "e7f685c2ad204cf395e16f67e93e095d" member_type: VOTER last_known_addr { host: "127.23.184.130" port: 34329 } }
I20260710 11:07:57.834604 25110 tablet_bootstrap.cc:654] T 51b394b88bbf4b4b90ee97b1082e6e00 P 241d907a8792475785603847514de949: Neither blocks nor log segments found. Creating new log.
I20260710 11:07:57.837261 25022 heartbeater.cc:499] Master 127.23.184.190:46845 was elected leader, sending a full tablet report...
I20260710 11:07:57.838049 25113 ts_tablet_manager.cc:1434] T 644b8c85281f45b88980f8e252de39d8 P e7f685c2ad204cf395e16f67e93e095d: Time spent starting tablet: real 0.009s	user 0.001s	sys 0.006s
I20260710 11:07:57.839381 25113 tablet_bootstrap.cc:492] T ae4f17f9a36a4c898ad70a64239ed281 P e7f685c2ad204cf395e16f67e93e095d: Bootstrap starting.
I20260710 11:07:57.844138 25114 tablet_bootstrap.cc:492] T 644b8c85281f45b88980f8e252de39d8 P 1d554b5b3c464189a1bbb1cd4bfd2876: No bootstrap required, opened a new log
I20260710 11:07:57.844697 25114 ts_tablet_manager.cc:1403] T 644b8c85281f45b88980f8e252de39d8 P 1d554b5b3c464189a1bbb1cd4bfd2876: Time spent bootstrapping tablet: real 0.028s	user 0.011s	sys 0.008s
I20260710 11:07:57.848497 25113 tablet_bootstrap.cc:654] T ae4f17f9a36a4c898ad70a64239ed281 P e7f685c2ad204cf395e16f67e93e095d: Neither blocks nor log segments found. Creating new log.
I20260710 11:07:57.848045 25114 raft_consensus.cc:359] T 644b8c85281f45b88980f8e252de39d8 P 1d554b5b3c464189a1bbb1cd4bfd2876 [term 0 FOLLOWER]: Replica starting. Triggering 0 pending ops. Active config: opid_index: -1 OBSOLETE_local: false peers { permanent_uuid: "241d907a8792475785603847514de949" member_type: VOTER last_known_addr { host: "127.23.184.129" port: 35185 } } peers { permanent_uuid: "1d554b5b3c464189a1bbb1cd4bfd2876" member_type: VOTER last_known_addr { host: "127.23.184.131" port: 42733 } } peers { permanent_uuid: "e7f685c2ad204cf395e16f67e93e095d" member_type: VOTER last_known_addr { host: "127.23.184.130" port: 34329 } }
I20260710 11:07:57.849284 25114 raft_consensus.cc:385] T 644b8c85281f45b88980f8e252de39d8 P 1d554b5b3c464189a1bbb1cd4bfd2876 [term 0 FOLLOWER]: Consensus starting up: Expiring failure detector timer to make a prompt election more likely
I20260710 11:07:57.849630 25114 raft_consensus.cc:740] T 644b8c85281f45b88980f8e252de39d8 P 1d554b5b3c464189a1bbb1cd4bfd2876 [term 0 FOLLOWER]: Becoming Follower/Learner. State: Replica: 1d554b5b3c464189a1bbb1cd4bfd2876, State: Initialized, Role: FOLLOWER
I20260710 11:07:57.850364 25114 consensus_queue.cc:260] T 644b8c85281f45b88980f8e252de39d8 P 1d554b5b3c464189a1bbb1cd4bfd2876 [NON_LEADER]: Queue going to NON_LEADER mode. State: All replicated index: 0, Majority replicated index: 0, Committed index: 0, Last appended: 0.0, Last appended by leader: 0, Current term: 0, Majority size: -1, State: 0, Mode: NON_LEADER, active raft config: opid_index: -1 OBSOLETE_local: false peers { permanent_uuid: "241d907a8792475785603847514de949" member_type: VOTER last_known_addr { host: "127.23.184.129" port: 35185 } } peers { permanent_uuid: "1d554b5b3c464189a1bbb1cd4bfd2876" member_type: VOTER last_known_addr { host: "127.23.184.131" port: 42733 } } peers { permanent_uuid: "e7f685c2ad204cf395e16f67e93e095d" member_type: VOTER last_known_addr { host: "127.23.184.130" port: 34329 } }
I20260710 11:07:57.852159 25110 tablet_bootstrap.cc:492] T 51b394b88bbf4b4b90ee97b1082e6e00 P 241d907a8792475785603847514de949: No bootstrap required, opened a new log
I20260710 11:07:57.852910 25110 ts_tablet_manager.cc:1403] T 51b394b88bbf4b4b90ee97b1082e6e00 P 241d907a8792475785603847514de949: Time spent bootstrapping tablet: real 0.025s	user 0.013s	sys 0.010s
I20260710 11:07:57.856667 25110 raft_consensus.cc:359] T 51b394b88bbf4b4b90ee97b1082e6e00 P 241d907a8792475785603847514de949 [term 0 FOLLOWER]: Replica starting. Triggering 0 pending ops. Active config: opid_index: -1 OBSOLETE_local: false peers { permanent_uuid: "241d907a8792475785603847514de949" member_type: VOTER last_known_addr { host: "127.23.184.129" port: 35185 } } peers { permanent_uuid: "e7f685c2ad204cf395e16f67e93e095d" member_type: VOTER last_known_addr { host: "127.23.184.130" port: 34329 } } peers { permanent_uuid: "1d554b5b3c464189a1bbb1cd4bfd2876" member_type: VOTER last_known_addr { host: "127.23.184.131" port: 42733 } }
I20260710 11:07:57.857857 25110 raft_consensus.cc:385] T 51b394b88bbf4b4b90ee97b1082e6e00 P 241d907a8792475785603847514de949 [term 0 FOLLOWER]: Consensus starting up: Expiring failure detector timer to make a prompt election more likely
I20260710 11:07:57.858327 25110 raft_consensus.cc:740] T 51b394b88bbf4b4b90ee97b1082e6e00 P 241d907a8792475785603847514de949 [term 0 FOLLOWER]: Becoming Follower/Learner. State: Replica: 241d907a8792475785603847514de949, State: Initialized, Role: FOLLOWER
I20260710 11:07:57.859633 25110 consensus_queue.cc:260] T 51b394b88bbf4b4b90ee97b1082e6e00 P 241d907a8792475785603847514de949 [NON_LEADER]: Queue going to NON_LEADER mode. State: All replicated index: 0, Majority replicated index: 0, Committed index: 0, Last appended: 0.0, Last appended by leader: 0, Current term: 0, Majority size: -1, State: 0, Mode: NON_LEADER, active raft config: opid_index: -1 OBSOLETE_local: false peers { permanent_uuid: "241d907a8792475785603847514de949" member_type: VOTER last_known_addr { host: "127.23.184.129" port: 35185 } } peers { permanent_uuid: "e7f685c2ad204cf395e16f67e93e095d" member_type: VOTER last_known_addr { host: "127.23.184.130" port: 34329 } } peers { permanent_uuid: "1d554b5b3c464189a1bbb1cd4bfd2876" member_type: VOTER last_known_addr { host: "127.23.184.131" port: 42733 } }
I20260710 11:07:57.862869 25110 ts_tablet_manager.cc:1434] T 51b394b88bbf4b4b90ee97b1082e6e00 P 241d907a8792475785603847514de949: Time spent starting tablet: real 0.009s	user 0.007s	sys 0.000s
I20260710 11:07:57.864413 25096 heartbeater.cc:499] Master 127.23.184.190:46845 was elected leader, sending a full tablet report...
I20260710 11:07:57.867663 25113 tablet_bootstrap.cc:492] T ae4f17f9a36a4c898ad70a64239ed281 P e7f685c2ad204cf395e16f67e93e095d: No bootstrap required, opened a new log
I20260710 11:07:57.869221 25113 ts_tablet_manager.cc:1403] T ae4f17f9a36a4c898ad70a64239ed281 P e7f685c2ad204cf395e16f67e93e095d: Time spent bootstrapping tablet: real 0.030s	user 0.010s	sys 0.016s
I20260710 11:07:57.868695 25110 tablet_bootstrap.cc:492] T 9930ac472823487789ce75833b87ef33 P 241d907a8792475785603847514de949: Bootstrap starting.
I20260710 11:07:57.872504 25113 raft_consensus.cc:359] T ae4f17f9a36a4c898ad70a64239ed281 P e7f685c2ad204cf395e16f67e93e095d [term 0 FOLLOWER]: Replica starting. Triggering 0 pending ops. Active config: opid_index: -1 OBSOLETE_local: false peers { permanent_uuid: "241d907a8792475785603847514de949" member_type: VOTER last_known_addr { host: "127.23.184.129" port: 35185 } } peers { permanent_uuid: "e7f685c2ad204cf395e16f67e93e095d" member_type: VOTER last_known_addr { host: "127.23.184.130" port: 34329 } } peers { permanent_uuid: "1d554b5b3c464189a1bbb1cd4bfd2876" member_type: VOTER last_known_addr { host: "127.23.184.131" port: 42733 } }
I20260710 11:07:57.873564 25113 raft_consensus.cc:385] T ae4f17f9a36a4c898ad70a64239ed281 P e7f685c2ad204cf395e16f67e93e095d [term 0 FOLLOWER]: Consensus starting up: Expiring failure detector timer to make a prompt election more likely
I20260710 11:07:57.873963 25113 raft_consensus.cc:740] T ae4f17f9a36a4c898ad70a64239ed281 P e7f685c2ad204cf395e16f67e93e095d [term 0 FOLLOWER]: Becoming Follower/Learner. State: Replica: e7f685c2ad204cf395e16f67e93e095d, State: Initialized, Role: FOLLOWER
I20260710 11:07:57.874985 25113 consensus_queue.cc:260] T ae4f17f9a36a4c898ad70a64239ed281 P e7f685c2ad204cf395e16f67e93e095d [NON_LEADER]: Queue going to NON_LEADER mode. State: All replicated index: 0, Majority replicated index: 0, Committed index: 0, Last appended: 0.0, Last appended by leader: 0, Current term: 0, Majority size: -1, State: 0, Mode: NON_LEADER, active raft config: opid_index: -1 OBSOLETE_local: false peers { permanent_uuid: "241d907a8792475785603847514de949" member_type: VOTER last_known_addr { host: "127.23.184.129" port: 35185 } } peers { permanent_uuid: "e7f685c2ad204cf395e16f67e93e095d" member_type: VOTER last_known_addr { host: "127.23.184.130" port: 34329 } } peers { permanent_uuid: "1d554b5b3c464189a1bbb1cd4bfd2876" member_type: VOTER last_known_addr { host: "127.23.184.131" port: 42733 } }
I20260710 11:07:57.877264 25113 ts_tablet_manager.cc:1434] T ae4f17f9a36a4c898ad70a64239ed281 P e7f685c2ad204cf395e16f67e93e095d: Time spent starting tablet: real 0.008s	user 0.004s	sys 0.003s
I20260710 11:07:57.877285 25118 raft_consensus.cc:493] T 644b8c85281f45b88980f8e252de39d8 P e7f685c2ad204cf395e16f67e93e095d [term 0 FOLLOWER]: Starting pre-election (no leader contacted us within the election timeout)
I20260710 11:07:57.877601 25110 tablet_bootstrap.cc:654] T 9930ac472823487789ce75833b87ef33 P 241d907a8792475785603847514de949: Neither blocks nor log segments found. Creating new log.
I20260710 11:07:57.877856 25118 raft_consensus.cc:515] T 644b8c85281f45b88980f8e252de39d8 P e7f685c2ad204cf395e16f67e93e095d [term 0 FOLLOWER]: Starting pre-election with config: opid_index: -1 OBSOLETE_local: false peers { permanent_uuid: "241d907a8792475785603847514de949" member_type: VOTER last_known_addr { host: "127.23.184.129" port: 35185 } } peers { permanent_uuid: "1d554b5b3c464189a1bbb1cd4bfd2876" member_type: VOTER last_known_addr { host: "127.23.184.131" port: 42733 } } peers { permanent_uuid: "e7f685c2ad204cf395e16f67e93e095d" member_type: VOTER last_known_addr { host: "127.23.184.130" port: 34329 } }
I20260710 11:07:57.878444 25113 tablet_bootstrap.cc:492] T 4b0109b95d0b4c678d11c69dce7cb2cb P e7f685c2ad204cf395e16f67e93e095d: Bootstrap starting.
I20260710 11:07:57.880666 25118 leader_election.cc:290] T 644b8c85281f45b88980f8e252de39d8 P e7f685c2ad204cf395e16f67e93e095d [CANDIDATE]: Term 1 pre-election: Requested pre-vote from peers 241d907a8792475785603847514de949 (127.23.184.129:35185), 1d554b5b3c464189a1bbb1cd4bfd2876 (127.23.184.131:42733)
I20260710 11:07:57.885747 25113 tablet_bootstrap.cc:654] T 4b0109b95d0b4c678d11c69dce7cb2cb P e7f685c2ad204cf395e16f67e93e095d: Neither blocks nor log segments found. Creating new log.
I20260710 11:07:57.865005 25114 ts_tablet_manager.cc:1434] T 644b8c85281f45b88980f8e252de39d8 P 1d554b5b3c464189a1bbb1cd4bfd2876: Time spent starting tablet: real 0.020s	user 0.008s	sys 0.010s
I20260710 11:07:57.889838 25114 tablet_bootstrap.cc:492] T 147227b5e64e45c5a2bd4433c983e5e0 P 1d554b5b3c464189a1bbb1cd4bfd2876: Bootstrap starting.
I20260710 11:07:57.900915 25114 tablet_bootstrap.cc:654] T 147227b5e64e45c5a2bd4433c983e5e0 P 1d554b5b3c464189a1bbb1cd4bfd2876: Neither blocks nor log segments found. Creating new log.
I20260710 11:07:57.905866 25113 tablet_bootstrap.cc:492] T 4b0109b95d0b4c678d11c69dce7cb2cb P e7f685c2ad204cf395e16f67e93e095d: No bootstrap required, opened a new log
I20260710 11:07:57.906651 25113 ts_tablet_manager.cc:1403] T 4b0109b95d0b4c678d11c69dce7cb2cb P e7f685c2ad204cf395e16f67e93e095d: Time spent bootstrapping tablet: real 0.028s	user 0.011s	sys 0.015s
I20260710 11:07:57.910661 25113 raft_consensus.cc:359] T 4b0109b95d0b4c678d11c69dce7cb2cb P e7f685c2ad204cf395e16f67e93e095d [term 0 FOLLOWER]: Replica starting. Triggering 0 pending ops. Active config: opid_index: -1 OBSOLETE_local: false peers { permanent_uuid: "241d907a8792475785603847514de949" member_type: VOTER last_known_addr { host: "127.23.184.129" port: 35185 } } peers { permanent_uuid: "e7f685c2ad204cf395e16f67e93e095d" member_type: VOTER last_known_addr { host: "127.23.184.130" port: 34329 } } peers { permanent_uuid: "1d554b5b3c464189a1bbb1cd4bfd2876" member_type: VOTER last_known_addr { host: "127.23.184.131" port: 42733 } }
I20260710 11:07:57.911721 25113 raft_consensus.cc:385] T 4b0109b95d0b4c678d11c69dce7cb2cb P e7f685c2ad204cf395e16f67e93e095d [term 0 FOLLOWER]: Consensus starting up: Expiring failure detector timer to make a prompt election more likely
I20260710 11:07:57.912111 25113 raft_consensus.cc:740] T 4b0109b95d0b4c678d11c69dce7cb2cb P e7f685c2ad204cf395e16f67e93e095d [term 0 FOLLOWER]: Becoming Follower/Learner. State: Replica: e7f685c2ad204cf395e16f67e93e095d, State: Initialized, Role: FOLLOWER
I20260710 11:07:57.912931 25113 consensus_queue.cc:260] T 4b0109b95d0b4c678d11c69dce7cb2cb P e7f685c2ad204cf395e16f67e93e095d [NON_LEADER]: Queue going to NON_LEADER mode. State: All replicated index: 0, Majority replicated index: 0, Committed index: 0, Last appended: 0.0, Last appended by leader: 0, Current term: 0, Majority size: -1, State: 0, Mode: NON_LEADER, active raft config: opid_index: -1 OBSOLETE_local: false peers { permanent_uuid: "241d907a8792475785603847514de949" member_type: VOTER last_known_addr { host: "127.23.184.129" port: 35185 } } peers { permanent_uuid: "e7f685c2ad204cf395e16f67e93e095d" member_type: VOTER last_known_addr { host: "127.23.184.130" port: 34329 } } peers { permanent_uuid: "1d554b5b3c464189a1bbb1cd4bfd2876" member_type: VOTER last_known_addr { host: "127.23.184.131" port: 42733 } }
I20260710 11:07:57.915166 25113 ts_tablet_manager.cc:1434] T 4b0109b95d0b4c678d11c69dce7cb2cb P e7f685c2ad204cf395e16f67e93e095d: Time spent starting tablet: real 0.008s	user 0.003s	sys 0.004s
I20260710 11:07:57.916222 25113 tablet_bootstrap.cc:492] T 805f97cfc13a4fef9164cfed1c6e3b73 P e7f685c2ad204cf395e16f67e93e095d: Bootstrap starting.
I20260710 11:07:57.917613 25114 tablet_bootstrap.cc:492] T 147227b5e64e45c5a2bd4433c983e5e0 P 1d554b5b3c464189a1bbb1cd4bfd2876: No bootstrap required, opened a new log
I20260710 11:07:57.918126 25114 ts_tablet_manager.cc:1403] T 147227b5e64e45c5a2bd4433c983e5e0 P 1d554b5b3c464189a1bbb1cd4bfd2876: Time spent bootstrapping tablet: real 0.029s	user 0.014s	sys 0.006s
I20260710 11:07:57.921242 25114 raft_consensus.cc:359] T 147227b5e64e45c5a2bd4433c983e5e0 P 1d554b5b3c464189a1bbb1cd4bfd2876 [term 0 FOLLOWER]: Replica starting. Triggering 0 pending ops. Active config: opid_index: -1 OBSOLETE_local: false peers { permanent_uuid: "241d907a8792475785603847514de949" member_type: VOTER last_known_addr { host: "127.23.184.129" port: 35185 } } peers { permanent_uuid: "e7f685c2ad204cf395e16f67e93e095d" member_type: VOTER last_known_addr { host: "127.23.184.130" port: 34329 } } peers { permanent_uuid: "1d554b5b3c464189a1bbb1cd4bfd2876" member_type: VOTER last_known_addr { host: "127.23.184.131" port: 42733 } }
I20260710 11:07:57.921984 25114 raft_consensus.cc:385] T 147227b5e64e45c5a2bd4433c983e5e0 P 1d554b5b3c464189a1bbb1cd4bfd2876 [term 0 FOLLOWER]: Consensus starting up: Expiring failure detector timer to make a prompt election more likely
I20260710 11:07:57.922279 25114 raft_consensus.cc:740] T 147227b5e64e45c5a2bd4433c983e5e0 P 1d554b5b3c464189a1bbb1cd4bfd2876 [term 0 FOLLOWER]: Becoming Follower/Learner. State: Replica: 1d554b5b3c464189a1bbb1cd4bfd2876, State: Initialized, Role: FOLLOWER
I20260710 11:07:57.923146 25113 tablet_bootstrap.cc:654] T 805f97cfc13a4fef9164cfed1c6e3b73 P e7f685c2ad204cf395e16f67e93e095d: Neither blocks nor log segments found. Creating new log.
I20260710 11:07:57.923228 25114 consensus_queue.cc:260] T 147227b5e64e45c5a2bd4433c983e5e0 P 1d554b5b3c464189a1bbb1cd4bfd2876 [NON_LEADER]: Queue going to NON_LEADER mode. State: All replicated index: 0, Majority replicated index: 0, Committed index: 0, Last appended: 0.0, Last appended by leader: 0, Current term: 0, Majority size: -1, State: 0, Mode: NON_LEADER, active raft config: opid_index: -1 OBSOLETE_local: false peers { permanent_uuid: "241d907a8792475785603847514de949" member_type: VOTER last_known_addr { host: "127.23.184.129" port: 35185 } } peers { permanent_uuid: "e7f685c2ad204cf395e16f67e93e095d" member_type: VOTER last_known_addr { host: "127.23.184.130" port: 34329 } } peers { permanent_uuid: "1d554b5b3c464189a1bbb1cd4bfd2876" member_type: VOTER last_known_addr { host: "127.23.184.131" port: 42733 } }
I20260710 11:07:57.925807 25114 ts_tablet_manager.cc:1434] T 147227b5e64e45c5a2bd4433c983e5e0 P 1d554b5b3c464189a1bbb1cd4bfd2876: Time spent starting tablet: real 0.007s	user 0.005s	sys 0.003s
I20260710 11:07:57.926893 25114 tablet_bootstrap.cc:492] T 40fc339324a04acc929b768514af1354 P 1d554b5b3c464189a1bbb1cd4bfd2876: Bootstrap starting.
I20260710 11:07:57.946524 25114 tablet_bootstrap.cc:654] T 40fc339324a04acc929b768514af1354 P 1d554b5b3c464189a1bbb1cd4bfd2876: Neither blocks nor log segments found. Creating new log.
I20260710 11:07:57.953130 25113 tablet_bootstrap.cc:492] T 805f97cfc13a4fef9164cfed1c6e3b73 P e7f685c2ad204cf395e16f67e93e095d: No bootstrap required, opened a new log
I20260710 11:07:57.953778 25113 ts_tablet_manager.cc:1403] T 805f97cfc13a4fef9164cfed1c6e3b73 P e7f685c2ad204cf395e16f67e93e095d: Time spent bootstrapping tablet: real 0.038s	user 0.019s	sys 0.017s
I20260710 11:07:57.955096 25114 tablet_bootstrap.cc:492] T 40fc339324a04acc929b768514af1354 P 1d554b5b3c464189a1bbb1cd4bfd2876: No bootstrap required, opened a new log
I20260710 11:07:57.955595 25114 ts_tablet_manager.cc:1403] T 40fc339324a04acc929b768514af1354 P 1d554b5b3c464189a1bbb1cd4bfd2876: Time spent bootstrapping tablet: real 0.029s	user 0.011s	sys 0.003s
I20260710 11:07:57.957099 25113 raft_consensus.cc:359] T 805f97cfc13a4fef9164cfed1c6e3b73 P e7f685c2ad204cf395e16f67e93e095d [term 0 FOLLOWER]: Replica starting. Triggering 0 pending ops. Active config: opid_index: -1 OBSOLETE_local: false peers { permanent_uuid: "241d907a8792475785603847514de949" member_type: VOTER last_known_addr { host: "127.23.184.129" port: 35185 } } peers { permanent_uuid: "e7f685c2ad204cf395e16f67e93e095d" member_type: VOTER last_known_addr { host: "127.23.184.130" port: 34329 } } peers { permanent_uuid: "1d554b5b3c464189a1bbb1cd4bfd2876" member_type: VOTER last_known_addr { host: "127.23.184.131" port: 42733 } }
I20260710 11:07:57.957970 25113 raft_consensus.cc:385] T 805f97cfc13a4fef9164cfed1c6e3b73 P e7f685c2ad204cf395e16f67e93e095d [term 0 FOLLOWER]: Consensus starting up: Expiring failure detector timer to make a prompt election more likely
I20260710 11:07:57.958331 25113 raft_consensus.cc:740] T 805f97cfc13a4fef9164cfed1c6e3b73 P e7f685c2ad204cf395e16f67e93e095d [term 0 FOLLOWER]: Becoming Follower/Learner. State: Replica: e7f685c2ad204cf395e16f67e93e095d, State: Initialized, Role: FOLLOWER
I20260710 11:07:57.958575 25114 raft_consensus.cc:359] T 40fc339324a04acc929b768514af1354 P 1d554b5b3c464189a1bbb1cd4bfd2876 [term 0 FOLLOWER]: Replica starting. Triggering 0 pending ops. Active config: opid_index: -1 OBSOLETE_local: false peers { permanent_uuid: "241d907a8792475785603847514de949" member_type: VOTER last_known_addr { host: "127.23.184.129" port: 35185 } } peers { permanent_uuid: "e7f685c2ad204cf395e16f67e93e095d" member_type: VOTER last_known_addr { host: "127.23.184.130" port: 34329 } } peers { permanent_uuid: "1d554b5b3c464189a1bbb1cd4bfd2876" member_type: VOTER last_known_addr { host: "127.23.184.131" port: 42733 } }
I20260710 11:07:57.959295 25114 raft_consensus.cc:385] T 40fc339324a04acc929b768514af1354 P 1d554b5b3c464189a1bbb1cd4bfd2876 [term 0 FOLLOWER]: Consensus starting up: Expiring failure detector timer to make a prompt election more likely
I20260710 11:07:57.959672 25114 raft_consensus.cc:740] T 40fc339324a04acc929b768514af1354 P 1d554b5b3c464189a1bbb1cd4bfd2876 [term 0 FOLLOWER]: Becoming Follower/Learner. State: Replica: 1d554b5b3c464189a1bbb1cd4bfd2876, State: Initialized, Role: FOLLOWER
I20260710 11:07:57.959347 25113 consensus_queue.cc:260] T 805f97cfc13a4fef9164cfed1c6e3b73 P e7f685c2ad204cf395e16f67e93e095d [NON_LEADER]: Queue going to NON_LEADER mode. State: All replicated index: 0, Majority replicated index: 0, Committed index: 0, Last appended: 0.0, Last appended by leader: 0, Current term: 0, Majority size: -1, State: 0, Mode: NON_LEADER, active raft config: opid_index: -1 OBSOLETE_local: false peers { permanent_uuid: "241d907a8792475785603847514de949" member_type: VOTER last_known_addr { host: "127.23.184.129" port: 35185 } } peers { permanent_uuid: "e7f685c2ad204cf395e16f67e93e095d" member_type: VOTER last_known_addr { host: "127.23.184.130" port: 34329 } } peers { permanent_uuid: "1d554b5b3c464189a1bbb1cd4bfd2876" member_type: VOTER last_known_addr { host: "127.23.184.131" port: 42733 } }
I20260710 11:07:57.961375 25114 consensus_queue.cc:260] T 40fc339324a04acc929b768514af1354 P 1d554b5b3c464189a1bbb1cd4bfd2876 [NON_LEADER]: Queue going to NON_LEADER mode. State: All replicated index: 0, Majority replicated index: 0, Committed index: 0, Last appended: 0.0, Last appended by leader: 0, Current term: 0, Majority size: -1, State: 0, Mode: NON_LEADER, active raft config: opid_index: -1 OBSOLETE_local: false peers { permanent_uuid: "241d907a8792475785603847514de949" member_type: VOTER last_known_addr { host: "127.23.184.129" port: 35185 } } peers { permanent_uuid: "e7f685c2ad204cf395e16f67e93e095d" member_type: VOTER last_known_addr { host: "127.23.184.130" port: 34329 } } peers { permanent_uuid: "1d554b5b3c464189a1bbb1cd4bfd2876" member_type: VOTER last_known_addr { host: "127.23.184.131" port: 42733 } }
I20260710 11:07:57.963826 25114 ts_tablet_manager.cc:1434] T 40fc339324a04acc929b768514af1354 P 1d554b5b3c464189a1bbb1cd4bfd2876: Time spent starting tablet: real 0.008s	user 0.006s	sys 0.001s
I20260710 11:07:57.964859 25114 tablet_bootstrap.cc:492] T f3d83dd842e544c9858d0822a420f37b P 1d554b5b3c464189a1bbb1cd4bfd2876: Bootstrap starting.
I20260710 11:07:57.965505 25113 ts_tablet_manager.cc:1434] T 805f97cfc13a4fef9164cfed1c6e3b73 P e7f685c2ad204cf395e16f67e93e095d: Time spent starting tablet: real 0.011s	user 0.005s	sys 0.002s
I20260710 11:07:57.966651 25113 tablet_bootstrap.cc:492] T 147227b5e64e45c5a2bd4433c983e5e0 P e7f685c2ad204cf395e16f67e93e095d: Bootstrap starting.
I20260710 11:07:57.975427 25114 tablet_bootstrap.cc:654] T f3d83dd842e544c9858d0822a420f37b P 1d554b5b3c464189a1bbb1cd4bfd2876: Neither blocks nor log segments found. Creating new log.
I20260710 11:07:57.976558 25120 raft_consensus.cc:493] T 147227b5e64e45c5a2bd4433c983e5e0 P 1d554b5b3c464189a1bbb1cd4bfd2876 [term 0 FOLLOWER]: Starting pre-election (no leader contacted us within the election timeout)
I20260710 11:07:57.977610 25120 raft_consensus.cc:515] T 147227b5e64e45c5a2bd4433c983e5e0 P 1d554b5b3c464189a1bbb1cd4bfd2876 [term 0 FOLLOWER]: Starting pre-election with config: opid_index: -1 OBSOLETE_local: false peers { permanent_uuid: "241d907a8792475785603847514de949" member_type: VOTER last_known_addr { host: "127.23.184.129" port: 35185 } } peers { permanent_uuid: "e7f685c2ad204cf395e16f67e93e095d" member_type: VOTER last_known_addr { host: "127.23.184.130" port: 34329 } } peers { permanent_uuid: "1d554b5b3c464189a1bbb1cd4bfd2876" member_type: VOTER last_known_addr { host: "127.23.184.131" port: 42733 } }
I20260710 11:07:57.989015 25113 tablet_bootstrap.cc:654] T 147227b5e64e45c5a2bd4433c983e5e0 P e7f685c2ad204cf395e16f67e93e095d: Neither blocks nor log segments found. Creating new log.
I20260710 11:07:57.993558 25120 leader_election.cc:290] T 147227b5e64e45c5a2bd4433c983e5e0 P 1d554b5b3c464189a1bbb1cd4bfd2876 [CANDIDATE]: Term 1 pre-election: Requested pre-vote from peers 241d907a8792475785603847514de949 (127.23.184.129:35185), e7f685c2ad204cf395e16f67e93e095d (127.23.184.130:34329)
I20260710 11:07:58.005362 25110 tablet_bootstrap.cc:492] T 9930ac472823487789ce75833b87ef33 P 241d907a8792475785603847514de949: No bootstrap required, opened a new log
I20260710 11:07:58.005930 25110 ts_tablet_manager.cc:1403] T 9930ac472823487789ce75833b87ef33 P 241d907a8792475785603847514de949: Time spent bootstrapping tablet: real 0.137s	user 0.035s	sys 0.073s
I20260710 11:07:58.005492 24922 tablet_service.cc:1917] Received RequestConsensusVote() RPC: tablet_id: "644b8c85281f45b88980f8e252de39d8" candidate_uuid: "e7f685c2ad204cf395e16f67e93e095d" candidate_term: 1 candidate_status { last_received { term: 0 index: 0 } } ignore_live_leader: false dest_uuid: "241d907a8792475785603847514de949" is_pre_election: true
W20260710 11:07:58.008486 24963 leader_election.cc:343] T 644b8c85281f45b88980f8e252de39d8 P e7f685c2ad204cf395e16f67e93e095d [CANDIDATE]: Term 1 pre-election: Tablet error from VoteRequest() call to peer 241d907a8792475785603847514de949 (127.23.184.129:35185): Illegal state: must be running to vote when last-logged opid is not known
W20260710 11:07:58.009491 24868 auto_rebalancer.cc:288] Could not retrieve cluster info: Service unavailable: Tablet not running
I20260710 11:07:58.010411 25118 raft_consensus.cc:493] T 4b0109b95d0b4c678d11c69dce7cb2cb P e7f685c2ad204cf395e16f67e93e095d [term 0 FOLLOWER]: Starting pre-election (no leader contacted us within the election timeout)
I20260710 11:07:58.013888 25118 raft_consensus.cc:515] T 4b0109b95d0b4c678d11c69dce7cb2cb P e7f685c2ad204cf395e16f67e93e095d [term 0 FOLLOWER]: Starting pre-election with config: opid_index: -1 OBSOLETE_local: false peers { permanent_uuid: "241d907a8792475785603847514de949" member_type: VOTER last_known_addr { host: "127.23.184.129" port: 35185 } } peers { permanent_uuid: "e7f685c2ad204cf395e16f67e93e095d" member_type: VOTER last_known_addr { host: "127.23.184.130" port: 34329 } } peers { permanent_uuid: "1d554b5b3c464189a1bbb1cd4bfd2876" member_type: VOTER last_known_addr { host: "127.23.184.131" port: 42733 } }
I20260710 11:07:58.018663 24922 tablet_service.cc:1917] Received RequestConsensusVote() RPC: tablet_id: "4b0109b95d0b4c678d11c69dce7cb2cb" candidate_uuid: "e7f685c2ad204cf395e16f67e93e095d" candidate_term: 1 candidate_status { last_received { term: 0 index: 0 } } ignore_live_leader: false dest_uuid: "241d907a8792475785603847514de949" is_pre_election: true
I20260710 11:07:58.019619 24922 raft_consensus.cc:2468] T 4b0109b95d0b4c678d11c69dce7cb2cb P 241d907a8792475785603847514de949 [term 0 FOLLOWER]: Leader pre-election vote request: Granting yes vote for candidate e7f685c2ad204cf395e16f67e93e095d in term 0.
I20260710 11:07:58.021413 24963 leader_election.cc:304] T 4b0109b95d0b4c678d11c69dce7cb2cb P e7f685c2ad204cf395e16f67e93e095d [CANDIDATE]: Term 1 pre-election: Election decided. Result: candidate won. Election summary: received 2 responses out of 3 voters: 2 yes votes; 0 no votes. yes voters: 241d907a8792475785603847514de949, e7f685c2ad204cf395e16f67e93e095d; no voters: 
I20260710 11:07:58.022197 25071 tablet_service.cc:1917] Received RequestConsensusVote() RPC: tablet_id: "644b8c85281f45b88980f8e252de39d8" candidate_uuid: "e7f685c2ad204cf395e16f67e93e095d" candidate_term: 1 candidate_status { last_received { term: 0 index: 0 } } ignore_live_leader: false dest_uuid: "1d554b5b3c464189a1bbb1cd4bfd2876" is_pre_election: true
I20260710 11:07:58.016692 25110 raft_consensus.cc:359] T 9930ac472823487789ce75833b87ef33 P 241d907a8792475785603847514de949 [term 0 FOLLOWER]: Replica starting. Triggering 0 pending ops. Active config: opid_index: -1 OBSOLETE_local: false peers { permanent_uuid: "241d907a8792475785603847514de949" member_type: VOTER last_known_addr { host: "127.23.184.129" port: 35185 } } peers { permanent_uuid: "e7f685c2ad204cf395e16f67e93e095d" member_type: VOTER last_known_addr { host: "127.23.184.130" port: 34329 } } peers { permanent_uuid: "1d554b5b3c464189a1bbb1cd4bfd2876" member_type: VOTER last_known_addr { host: "127.23.184.131" port: 42733 } }
I20260710 11:07:58.029696 25113 tablet_bootstrap.cc:492] T 147227b5e64e45c5a2bd4433c983e5e0 P e7f685c2ad204cf395e16f67e93e095d: No bootstrap required, opened a new log
I20260710 11:07:58.030009 25110 raft_consensus.cc:385] T 9930ac472823487789ce75833b87ef33 P 241d907a8792475785603847514de949 [term 0 FOLLOWER]: Consensus starting up: Expiring failure detector timer to make a prompt election more likely
I20260710 11:07:58.030316 25113 ts_tablet_manager.cc:1403] T 147227b5e64e45c5a2bd4433c983e5e0 P e7f685c2ad204cf395e16f67e93e095d: Time spent bootstrapping tablet: real 0.064s	user 0.030s	sys 0.014s
I20260710 11:07:58.030668 25114 tablet_bootstrap.cc:492] T f3d83dd842e544c9858d0822a420f37b P 1d554b5b3c464189a1bbb1cd4bfd2876: No bootstrap required, opened a new log
I20260710 11:07:58.031127 25114 ts_tablet_manager.cc:1403] T f3d83dd842e544c9858d0822a420f37b P 1d554b5b3c464189a1bbb1cd4bfd2876: Time spent bootstrapping tablet: real 0.067s	user 0.015s	sys 0.004s
I20260710 11:07:58.031025 25118 leader_election.cc:290] T 4b0109b95d0b4c678d11c69dce7cb2cb P e7f685c2ad204cf395e16f67e93e095d [CANDIDATE]: Term 1 pre-election: Requested pre-vote from peers 241d907a8792475785603847514de949 (127.23.184.129:35185), 1d554b5b3c464189a1bbb1cd4bfd2876 (127.23.184.131:42733)
I20260710 11:07:58.031989 25118 raft_consensus.cc:2804] T 4b0109b95d0b4c678d11c69dce7cb2cb P e7f685c2ad204cf395e16f67e93e095d [term 0 FOLLOWER]: Leader pre-election won for term 1
I20260710 11:07:58.032511 25118 raft_consensus.cc:493] T 4b0109b95d0b4c678d11c69dce7cb2cb P e7f685c2ad204cf395e16f67e93e095d [term 0 FOLLOWER]: Starting leader election (no leader contacted us within the election timeout)
I20260710 11:07:58.033038 25118 raft_consensus.cc:3060] T 4b0109b95d0b4c678d11c69dce7cb2cb P e7f685c2ad204cf395e16f67e93e095d [term 0 FOLLOWER]: Advancing to term 1
I20260710 11:07:58.030344 25110 raft_consensus.cc:740] T 9930ac472823487789ce75833b87ef33 P 241d907a8792475785603847514de949 [term 0 FOLLOWER]: Becoming Follower/Learner. State: Replica: 241d907a8792475785603847514de949, State: Initialized, Role: FOLLOWER
I20260710 11:07:58.033103 25071 raft_consensus.cc:2468] T 644b8c85281f45b88980f8e252de39d8 P 1d554b5b3c464189a1bbb1cd4bfd2876 [term 0 FOLLOWER]: Leader pre-election vote request: Granting yes vote for candidate e7f685c2ad204cf395e16f67e93e095d in term 0.
I20260710 11:07:58.033806 25112 raft_consensus.cc:493] T 40fc339324a04acc929b768514af1354 P 241d907a8792475785603847514de949 [term 0 FOLLOWER]: Starting pre-election (no leader contacted us within the election timeout)
I20260710 11:07:58.033354 25113 raft_consensus.cc:359] T 147227b5e64e45c5a2bd4433c983e5e0 P e7f685c2ad204cf395e16f67e93e095d [term 0 FOLLOWER]: Replica starting. Triggering 0 pending ops. Active config: opid_index: -1 OBSOLETE_local: false peers { permanent_uuid: "241d907a8792475785603847514de949" member_type: VOTER last_known_addr { host: "127.23.184.129" port: 35185 } } peers { permanent_uuid: "e7f685c2ad204cf395e16f67e93e095d" member_type: VOTER last_known_addr { host: "127.23.184.130" port: 34329 } } peers { permanent_uuid: "1d554b5b3c464189a1bbb1cd4bfd2876" member_type: VOTER last_known_addr { host: "127.23.184.131" port: 42733 } }
I20260710 11:07:58.041262 25113 raft_consensus.cc:385] T 147227b5e64e45c5a2bd4433c983e5e0 P e7f685c2ad204cf395e16f67e93e095d [term 0 FOLLOWER]: Consensus starting up: Expiring failure detector timer to make a prompt election more likely
I20260710 11:07:58.040800 25112 raft_consensus.cc:515] T 40fc339324a04acc929b768514af1354 P 241d907a8792475785603847514de949 [term 0 FOLLOWER]: Starting pre-election with config: opid_index: -1 OBSOLETE_local: false peers { permanent_uuid: "241d907a8792475785603847514de949" member_type: VOTER last_known_addr { host: "127.23.184.129" port: 35185 } } peers { permanent_uuid: "e7f685c2ad204cf395e16f67e93e095d" member_type: VOTER last_known_addr { host: "127.23.184.130" port: 34329 } } peers { permanent_uuid: "1d554b5b3c464189a1bbb1cd4bfd2876" member_type: VOTER last_known_addr { host: "127.23.184.131" port: 42733 } }
I20260710 11:07:58.041625 25113 raft_consensus.cc:740] T 147227b5e64e45c5a2bd4433c983e5e0 P e7f685c2ad204cf395e16f67e93e095d [term 0 FOLLOWER]: Becoming Follower/Learner. State: Replica: e7f685c2ad204cf395e16f67e93e095d, State: Initialized, Role: FOLLOWER
I20260710 11:07:58.041543 25110 consensus_queue.cc:260] T 9930ac472823487789ce75833b87ef33 P 241d907a8792475785603847514de949 [NON_LEADER]: Queue going to NON_LEADER mode. State: All replicated index: 0, Majority replicated index: 0, Committed index: 0, Last appended: 0.0, Last appended by leader: 0, Current term: 0, Majority size: -1, State: 0, Mode: NON_LEADER, active raft config: opid_index: -1 OBSOLETE_local: false peers { permanent_uuid: "241d907a8792475785603847514de949" member_type: VOTER last_known_addr { host: "127.23.184.129" port: 35185 } } peers { permanent_uuid: "e7f685c2ad204cf395e16f67e93e095d" member_type: VOTER last_known_addr { host: "127.23.184.130" port: 34329 } } peers { permanent_uuid: "1d554b5b3c464189a1bbb1cd4bfd2876" member_type: VOTER last_known_addr { host: "127.23.184.131" port: 42733 } }
I20260710 11:07:58.042486 25113 consensus_queue.cc:260] T 147227b5e64e45c5a2bd4433c983e5e0 P e7f685c2ad204cf395e16f67e93e095d [NON_LEADER]: Queue going to NON_LEADER mode. State: All replicated index: 0, Majority replicated index: 0, Committed index: 0, Last appended: 0.0, Last appended by leader: 0, Current term: 0, Majority size: -1, State: 0, Mode: NON_LEADER, active raft config: opid_index: -1 OBSOLETE_local: false peers { permanent_uuid: "241d907a8792475785603847514de949" member_type: VOTER last_known_addr { host: "127.23.184.129" port: 35185 } } peers { permanent_uuid: "e7f685c2ad204cf395e16f67e93e095d" member_type: VOTER last_known_addr { host: "127.23.184.130" port: 34329 } } peers { permanent_uuid: "1d554b5b3c464189a1bbb1cd4bfd2876" member_type: VOTER last_known_addr { host: "127.23.184.131" port: 42733 } }
I20260710 11:07:58.034686 25114 raft_consensus.cc:359] T f3d83dd842e544c9858d0822a420f37b P 1d554b5b3c464189a1bbb1cd4bfd2876 [term 0 FOLLOWER]: Replica starting. Triggering 0 pending ops. Active config: opid_index: -1 OBSOLETE_local: false peers { permanent_uuid: "241d907a8792475785603847514de949" member_type: VOTER last_known_addr { host: "127.23.184.129" port: 35185 } } peers { permanent_uuid: "e7f685c2ad204cf395e16f67e93e095d" member_type: VOTER last_known_addr { host: "127.23.184.130" port: 34329 } } peers { permanent_uuid: "1d554b5b3c464189a1bbb1cd4bfd2876" member_type: VOTER last_known_addr { host: "127.23.184.131" port: 42733 } }
I20260710 11:07:58.043367 25114 raft_consensus.cc:385] T f3d83dd842e544c9858d0822a420f37b P 1d554b5b3c464189a1bbb1cd4bfd2876 [term 0 FOLLOWER]: Consensus starting up: Expiring failure detector timer to make a prompt election more likely
I20260710 11:07:58.043670 25114 raft_consensus.cc:740] T f3d83dd842e544c9858d0822a420f37b P 1d554b5b3c464189a1bbb1cd4bfd2876 [term 0 FOLLOWER]: Becoming Follower/Learner. State: Replica: 1d554b5b3c464189a1bbb1cd4bfd2876, State: Initialized, Role: FOLLOWER
I20260710 11:07:58.044420 25114 consensus_queue.cc:260] T f3d83dd842e544c9858d0822a420f37b P 1d554b5b3c464189a1bbb1cd4bfd2876 [NON_LEADER]: Queue going to NON_LEADER mode. State: All replicated index: 0, Majority replicated index: 0, Committed index: 0, Last appended: 0.0, Last appended by leader: 0, Current term: 0, Majority size: -1, State: 0, Mode: NON_LEADER, active raft config: opid_index: -1 OBSOLETE_local: false peers { permanent_uuid: "241d907a8792475785603847514de949" member_type: VOTER last_known_addr { host: "127.23.184.129" port: 35185 } } peers { permanent_uuid: "e7f685c2ad204cf395e16f67e93e095d" member_type: VOTER last_known_addr { host: "127.23.184.130" port: 34329 } } peers { permanent_uuid: "1d554b5b3c464189a1bbb1cd4bfd2876" member_type: VOTER last_known_addr { host: "127.23.184.131" port: 42733 } }
I20260710 11:07:58.048678 25112 leader_election.cc:290] T 40fc339324a04acc929b768514af1354 P 241d907a8792475785603847514de949 [CANDIDATE]: Term 1 pre-election: Requested pre-vote from peers e7f685c2ad204cf395e16f67e93e095d (127.23.184.130:34329), 1d554b5b3c464189a1bbb1cd4bfd2876 (127.23.184.131:42733)
I20260710 11:07:58.052654 25113 ts_tablet_manager.cc:1434] T 147227b5e64e45c5a2bd4433c983e5e0 P e7f685c2ad204cf395e16f67e93e095d: Time spent starting tablet: real 0.022s	user 0.008s	sys 0.000s
I20260710 11:07:58.057094 25120 raft_consensus.cc:493] T f3d83dd842e544c9858d0822a420f37b P 1d554b5b3c464189a1bbb1cd4bfd2876 [term 0 FOLLOWER]: Starting pre-election (no leader contacted us within the election timeout)
I20260710 11:07:58.057606 25071 tablet_service.cc:1917] Received RequestConsensusVote() RPC: tablet_id: "4b0109b95d0b4c678d11c69dce7cb2cb" candidate_uuid: "e7f685c2ad204cf395e16f67e93e095d" candidate_term: 1 candidate_status { last_received { term: 0 index: 0 } } ignore_live_leader: false dest_uuid: "1d554b5b3c464189a1bbb1cd4bfd2876" is_pre_election: true
