[==========] Running 8 tests from 2 test suites.
[----------] Global test environment set-up.
[----------] 6 tests from LeaderRebalancerTest
[ RUN      ] LeaderRebalancerTest.FunctionalTestForDivided
WARNING: Logging before InitGoogleLogging() is written to STDERR
I20260710 11:07:43.180740 22715 internal_mini_cluster.cc:156] Creating distributed mini masters. Addrs: 127.22.46.254:34343
I20260710 11:07:43.182322 22715 env_posix.cc:2285] Not raising this process' open files per process limit of 1048576; it is already as high as it can go
I20260710 11:07:43.183434 22715 file_cache.cc:504] Constructed file cache file cache with capacity 419430
W20260710 11:07:43.201155 22724 instance_detector.cc:116] could not retrieve OpenStack instance metadata: Network error: curl error: HTTP response code said error: The requested URL returned error: 404
W20260710 11:07:43.201222 22721 instance_detector.cc:116] could not retrieve AWS instance metadata: Network error: curl error: HTTP response code said error: The requested URL returned error: 404
W20260710 11:07:43.201154 22722 instance_detector.cc:116] could not retrieve Azure instance metadata: Network error: curl error: HTTP response code said error: The requested URL returned error: 404
W20260710 11:07:44.392954 22723 instance_detector.cc:116] could not retrieve GCE instance metadata: Timed out: curl timeout: Timeout was reached: Connection time-out
I20260710 11:07:44.393143 22715 server_base.cc:1056] Not found: could not retrieve instance metadata: unable to detect cloud type of this node, probably running in non-cloud environment
I20260710 11:07:44.397866 22715 hybrid_clock.cc:584] initializing the hybrid clock with 'system_unsync' time source
W20260710 11:07:44.398128 22715 system_unsync_time.cc:38] NTP support is disabled. Clock error bounds will not be accurate. This configuration is not suitable for distributed clusters.
I20260710 11:07:44.398273 22715 hybrid_clock.cc:648] HybridClock initialized: now 1783681664398258 us; error 0 us; skew 500 ppm
I20260710 11:07:44.399144 22715 server_base.cc:861] Flag tcmalloc_max_total_thread_cache_bytes is not working since tcmalloc is not enabled.
I20260710 11:07:44.405978 22715 webserver.cc:533] Webserver started at http://127.22.46.254:38117/ using document root <none> and password file <none>
I20260710 11:07:44.406925 22715 fs_manager.cc:362] Metadata directory not provided
I20260710 11:07:44.407135 22715 fs_manager.cc:368] Using write-ahead log directory (fs_wal_dir) as metadata directory
I20260710 11:07:44.407541 22715 server_base.cc:909] This appears to be a new deployment of Kudu; creating new FS layout
I20260710 11:07:44.413587 22715 fs_manager.cc:1068] Generated new instance metadata in path /tmp/dist-test-taskmP5tPY/test-tmp/auto_leader_rebalancer-test.0.LeaderRebalancerTest.FunctionalTestForDivided.1783681663013765-22715-0/minicluster-data/master-0-root/instance:
uuid: "202572b3915b4d6f998d77c7e58c0039"
format_stamp: "Formatted at 2026-07-10 11:07:44 on dist-test-slave-8cn2"
I20260710 11:07:44.421916 22715 fs_manager.cc:696] Time spent creating directory manager: real 0.007s	user 0.010s	sys 0.000s
I20260710 11:07:44.427529 22730 log_block_manager.cc:4127] Time spent loading block containers with low live blocks: real 0.000s	user 0.000s	sys 0.000s
I20260710 11:07:44.428856 22715 fs_manager.cc:730] Time spent opening block manager: real 0.004s	user 0.003s	sys 0.002s
I20260710 11:07:44.429265 22715 fs_manager.cc:647] Opened local filesystem: /tmp/dist-test-taskmP5tPY/test-tmp/auto_leader_rebalancer-test.0.LeaderRebalancerTest.FunctionalTestForDivided.1783681663013765-22715-0/minicluster-data/master-0-root
uuid: "202572b3915b4d6f998d77c7e58c0039"
format_stamp: "Formatted at 2026-07-10 11:07:44 on dist-test-slave-8cn2"
I20260710 11:07:44.429584 22715 fs_report.cc:389] FS layout report
--------------------
wal directory: /tmp/dist-test-taskmP5tPY/test-tmp/auto_leader_rebalancer-test.0.LeaderRebalancerTest.FunctionalTestForDivided.1783681663013765-22715-0/minicluster-data/master-0-root
metadata directory: /tmp/dist-test-taskmP5tPY/test-tmp/auto_leader_rebalancer-test.0.LeaderRebalancerTest.FunctionalTestForDivided.1783681663013765-22715-0/minicluster-data/master-0-root
1 data directories: /tmp/dist-test-taskmP5tPY/test-tmp/auto_leader_rebalancer-test.0.LeaderRebalancerTest.FunctionalTestForDivided.1783681663013765-22715-0/minicluster-data/master-0-root/data
Total live blocks: 0
Total live bytes: 0
Total live bytes (after alignment): 0
Total number of LBM containers: 0 (0 full)
Did not check for missing blocks
Did not check for orphaned blocks
Total full LBM containers with extra space: 0 (0 repaired)
Total full LBM container extra space in bytes: 0 (0 repaired)
Total incomplete LBM containers: 0 (0 repaired)
Total LBM partial records: 0 (0 repaired)
Total corrupted LBM metadata records in RocksDB: 0 (0 repaired)
I20260710 11:07:44.488945 22715 rpc_server.cc:225] running with OpenSSL 1.1.1  11 Sep 2018
I20260710 11:07:44.490612 22715 env_posix.cc:2285] Not raising this process' running threads per effective uid limit of 18446744073709551615; it is already as high as it can go
I20260710 11:07:44.491071 22715 kserver.cc:163] Server-wide thread pool size limit: 3276
I20260710 11:07:44.567972 22715 rpc_server.cc:307] RPC server started. Bound to: 127.22.46.254:34343
I20260710 11:07:44.568078 22781 acceptor_pool.cc:272] collecting diagnostics on the listening RPC socket 127.22.46.254:34343 every 8 connection(s)
I20260710 11:07:44.576992 22782 data_dirs.cc:400] Could only allocate 1 dirs of requested 3 for tablet 00000000000000000000000000000000. 1 dirs total, 0 dirs full, 0 dirs failed
I20260710 11:07:44.601611 22782 tablet_bootstrap.cc:492] T 00000000000000000000000000000000 P 202572b3915b4d6f998d77c7e58c0039: Bootstrap starting.
I20260710 11:07:44.608271 22782 tablet_bootstrap.cc:654] T 00000000000000000000000000000000 P 202572b3915b4d6f998d77c7e58c0039: Neither blocks nor log segments found. Creating new log.
I20260710 11:07:44.610430 22782 log.cc:826] T 00000000000000000000000000000000 P 202572b3915b4d6f998d77c7e58c0039: Log is configured to *not* fsync() on all Append() calls
I20260710 11:07:44.615676 22782 tablet_bootstrap.cc:492] T 00000000000000000000000000000000 P 202572b3915b4d6f998d77c7e58c0039: No bootstrap required, opened a new log
I20260710 11:07:44.636755 22782 raft_consensus.cc:359] T 00000000000000000000000000000000 P 202572b3915b4d6f998d77c7e58c0039 [term 0 FOLLOWER]: Replica starting. Triggering 0 pending ops. Active config: opid_index: -1 OBSOLETE_local: true peers { permanent_uuid: "202572b3915b4d6f998d77c7e58c0039" member_type: VOTER }
I20260710 11:07:44.637403 22782 raft_consensus.cc:385] T 00000000000000000000000000000000 P 202572b3915b4d6f998d77c7e58c0039 [term 0 FOLLOWER]: Consensus starting up: Expiring failure detector timer to make a prompt election more likely
I20260710 11:07:44.637682 22782 raft_consensus.cc:740] T 00000000000000000000000000000000 P 202572b3915b4d6f998d77c7e58c0039 [term 0 FOLLOWER]: Becoming Follower/Learner. State: Replica: 202572b3915b4d6f998d77c7e58c0039, State: Initialized, Role: FOLLOWER
I20260710 11:07:44.638685 22782 consensus_queue.cc:260] T 00000000000000000000000000000000 P 202572b3915b4d6f998d77c7e58c0039 [NON_LEADER]: Queue going to NON_LEADER mode. State: All replicated index: 0, Majority replicated index: 0, Committed index: 0, Last appended: 0.0, Last appended by leader: 0, Current term: 0, Majority size: -1, State: 0, Mode: NON_LEADER, active raft config: opid_index: -1 OBSOLETE_local: true peers { permanent_uuid: "202572b3915b4d6f998d77c7e58c0039" member_type: VOTER }
I20260710 11:07:44.639415 22782 raft_consensus.cc:399] T 00000000000000000000000000000000 P 202572b3915b4d6f998d77c7e58c0039 [term 0 FOLLOWER]: Only one voter in the Raft config. Triggering election immediately
I20260710 11:07:44.639803 22782 raft_consensus.cc:493] T 00000000000000000000000000000000 P 202572b3915b4d6f998d77c7e58c0039 [term 0 FOLLOWER]: Starting leader election (initial election of a single-replica configuration)
I20260710 11:07:44.640250 22782 raft_consensus.cc:3060] T 00000000000000000000000000000000 P 202572b3915b4d6f998d77c7e58c0039 [term 0 FOLLOWER]: Advancing to term 1
I20260710 11:07:44.645115 22782 raft_consensus.cc:515] T 00000000000000000000000000000000 P 202572b3915b4d6f998d77c7e58c0039 [term 1 FOLLOWER]: Starting leader election with config: opid_index: -1 OBSOLETE_local: true peers { permanent_uuid: "202572b3915b4d6f998d77c7e58c0039" member_type: VOTER }
I20260710 11:07:44.645987 22782 leader_election.cc:304] T 00000000000000000000000000000000 P 202572b3915b4d6f998d77c7e58c0039 [CANDIDATE]: Term 1 election: Election decided. Result: candidate won. Election summary: received 1 responses out of 1 voters: 1 yes votes; 0 no votes. yes voters: 202572b3915b4d6f998d77c7e58c0039; no voters: 
I20260710 11:07:44.647835 22782 leader_election.cc:290] T 00000000000000000000000000000000 P 202572b3915b4d6f998d77c7e58c0039 [CANDIDATE]: Term 1 election: Requested vote from peers 
I20260710 11:07:44.648167 22785 raft_consensus.cc:2804] T 00000000000000000000000000000000 P 202572b3915b4d6f998d77c7e58c0039 [term 1 FOLLOWER]: Leader election won for term 1
I20260710 11:07:44.650478 22785 raft_consensus.cc:697] T 00000000000000000000000000000000 P 202572b3915b4d6f998d77c7e58c0039 [term 1 LEADER]: Becoming Leader. State: Replica: 202572b3915b4d6f998d77c7e58c0039, State: Running, Role: LEADER
I20260710 11:07:44.651520 22785 consensus_queue.cc:237] T 00000000000000000000000000000000 P 202572b3915b4d6f998d77c7e58c0039 [LEADER]: Queue going to LEADER mode. State: All replicated index: 0, Majority replicated index: 0, Committed index: 0, Last appended: 0.0, Last appended by leader: 0, Current term: 1, Majority size: 1, State: 0, Mode: LEADER, active raft config: opid_index: -1 OBSOLETE_local: true peers { permanent_uuid: "202572b3915b4d6f998d77c7e58c0039" member_type: VOTER }
I20260710 11:07:44.652609 22782 sys_catalog.cc:565] T 00000000000000000000000000000000 P 202572b3915b4d6f998d77c7e58c0039 [sys.catalog]: configured and running, proceeding with master startup.
I20260710 11:07:44.663358 22787 sys_catalog.cc:455] T 00000000000000000000000000000000 P 202572b3915b4d6f998d77c7e58c0039 [sys.catalog]: SysCatalogTable state changed. Reason: New leader 202572b3915b4d6f998d77c7e58c0039. Latest consensus state: current_term: 1 leader_uuid: "202572b3915b4d6f998d77c7e58c0039" committed_config { opid_index: -1 OBSOLETE_local: true peers { permanent_uuid: "202572b3915b4d6f998d77c7e58c0039" member_type: VOTER } }
I20260710 11:07:44.664209 22787 sys_catalog.cc:458] T 00000000000000000000000000000000 P 202572b3915b4d6f998d77c7e58c0039 [sys.catalog]: This master's current role is: LEADER
I20260710 11:07:44.664064 22786 sys_catalog.cc:455] T 00000000000000000000000000000000 P 202572b3915b4d6f998d77c7e58c0039 [sys.catalog]: SysCatalogTable state changed. Reason: RaftConsensus started. Latest consensus state: current_term: 1 leader_uuid: "202572b3915b4d6f998d77c7e58c0039" committed_config { opid_index: -1 OBSOLETE_local: true peers { permanent_uuid: "202572b3915b4d6f998d77c7e58c0039" member_type: VOTER } }
I20260710 11:07:44.664837 22786 sys_catalog.cc:458] T 00000000000000000000000000000000 P 202572b3915b4d6f998d77c7e58c0039 [sys.catalog]: This master's current role is: LEADER
I20260710 11:07:44.667966 22794 catalog_manager.cc:1511] Loading table and tablet metadata into memory...
I20260710 11:07:44.680923 22794 catalog_manager.cc:1520] Initializing Kudu cluster ID...
I20260710 11:07:44.683516 22715 internal_mini_cluster.cc:184] Waiting to initialize catalog manager on master 0
I20260710 11:07:44.700352 22794 catalog_manager.cc:1383] Generated new cluster ID: 9c36949e46f74956878709b92d78e9cb
I20260710 11:07:44.700700 22794 catalog_manager.cc:1531] Initializing Kudu internal certificate authority...
I20260710 11:07:44.726200 22794 catalog_manager.cc:1406] Generated new certificate authority record
I20260710 11:07:44.727850 22794 catalog_manager.cc:1540] Loading token signing keys...
I20260710 11:07:44.740693 22794 catalog_manager.cc:6070] T 00000000000000000000000000000000 P 202572b3915b4d6f998d77c7e58c0039: Generated new TSK 0
I20260710 11:07:44.741843 22794 catalog_manager.cc:1550] Initializing in-progress tserver states...
I20260710 11:07:44.750488 22715 file_cache.cc:504] Constructed file cache file cache with capacity 419430
W20260710 11:07:44.759534 22804 instance_detector.cc:116] could not retrieve AWS instance metadata: Network error: curl error: HTTP response code said error: The requested URL returned error: 404
W20260710 11:07:44.762336 22805 instance_detector.cc:116] could not retrieve Azure instance metadata: Network error: curl error: HTTP response code said error: The requested URL returned error: 404
W20260710 11:07:44.765622 22807 instance_detector.cc:116] could not retrieve OpenStack instance metadata: Network error: curl error: HTTP response code said error: The requested URL returned error: 404
I20260710 11:07:44.765686 22715 server_base.cc:1061] running on GCE node
I20260710 11:07:44.766978 22715 hybrid_clock.cc:584] initializing the hybrid clock with 'system_unsync' time source
W20260710 11:07:44.767278 22715 system_unsync_time.cc:38] NTP support is disabled. Clock error bounds will not be accurate. This configuration is not suitable for distributed clusters.
I20260710 11:07:44.767489 22715 hybrid_clock.cc:648] HybridClock initialized: now 1783681664767470 us; error 0 us; skew 500 ppm
I20260710 11:07:44.768334 22715 server_base.cc:861] Flag tcmalloc_max_total_thread_cache_bytes is not working since tcmalloc is not enabled.
I20260710 11:07:44.772643 22715 webserver.cc:533] Webserver started at http://127.22.46.193:36453/ using document root <none> and password file <none>
I20260710 11:07:44.773404 22715 fs_manager.cc:362] Metadata directory not provided
I20260710 11:07:44.773669 22715 fs_manager.cc:368] Using write-ahead log directory (fs_wal_dir) as metadata directory
I20260710 11:07:44.774058 22715 server_base.cc:909] This appears to be a new deployment of Kudu; creating new FS layout
I20260710 11:07:44.775736 22715 fs_manager.cc:1068] Generated new instance metadata in path /tmp/dist-test-taskmP5tPY/test-tmp/auto_leader_rebalancer-test.0.LeaderRebalancerTest.FunctionalTestForDivided.1783681663013765-22715-0/minicluster-data/ts-0-root/instance:
uuid: "8331aa984c5d45fba8debf0aa9e3f735"
format_stamp: "Formatted at 2026-07-10 11:07:44 on dist-test-slave-8cn2"
I20260710 11:07:44.783311 22715 fs_manager.cc:696] Time spent creating directory manager: real 0.007s	user 0.008s	sys 0.000s
I20260710 11:07:44.788834 22812 log_block_manager.cc:4127] Time spent loading block containers with low live blocks: real 0.000s	user 0.000s	sys 0.000s
I20260710 11:07:44.789868 22715 fs_manager.cc:730] Time spent opening block manager: real 0.003s	user 0.005s	sys 0.000s
I20260710 11:07:44.790275 22715 fs_manager.cc:647] Opened local filesystem: /tmp/dist-test-taskmP5tPY/test-tmp/auto_leader_rebalancer-test.0.LeaderRebalancerTest.FunctionalTestForDivided.1783681663013765-22715-0/minicluster-data/ts-0-root
uuid: "8331aa984c5d45fba8debf0aa9e3f735"
format_stamp: "Formatted at 2026-07-10 11:07:44 on dist-test-slave-8cn2"
I20260710 11:07:44.790726 22715 fs_report.cc:389] FS layout report
--------------------
wal directory: /tmp/dist-test-taskmP5tPY/test-tmp/auto_leader_rebalancer-test.0.LeaderRebalancerTest.FunctionalTestForDivided.1783681663013765-22715-0/minicluster-data/ts-0-root
metadata directory: /tmp/dist-test-taskmP5tPY/test-tmp/auto_leader_rebalancer-test.0.LeaderRebalancerTest.FunctionalTestForDivided.1783681663013765-22715-0/minicluster-data/ts-0-root
1 data directories: /tmp/dist-test-taskmP5tPY/test-tmp/auto_leader_rebalancer-test.0.LeaderRebalancerTest.FunctionalTestForDivided.1783681663013765-22715-0/minicluster-data/ts-0-root/data
Total live blocks: 0
Total live bytes: 0
Total live bytes (after alignment): 0
Total number of LBM containers: 0 (0 full)
Did not check for missing blocks
Did not check for orphaned blocks
Total full LBM containers with extra space: 0 (0 repaired)
Total full LBM container extra space in bytes: 0 (0 repaired)
Total incomplete LBM containers: 0 (0 repaired)
Total LBM partial records: 0 (0 repaired)
Total corrupted LBM metadata records in RocksDB: 0 (0 repaired)
I20260710 11:07:44.817966 22715 rpc_server.cc:225] running with OpenSSL 1.1.1  11 Sep 2018
I20260710 11:07:44.819468 22715 kserver.cc:163] Server-wide thread pool size limit: 3276
I20260710 11:07:44.821882 22715 txn_system_client.cc:432] TxnSystemClient initialization is disabled...
I20260710 11:07:44.826713 22715 ts_tablet_manager.cc:585] Loaded tablet metadata (0 total tablets, 0 live tablets)
I20260710 11:07:44.827004 22715 ts_tablet_manager.cc:531] Time spent load tablet metadata: real 0.000s	user 0.000s	sys 0.000s
I20260710 11:07:44.827294 22715 ts_tablet_manager.cc:616] Registered 0 tablets
I20260710 11:07:44.827494 22715 ts_tablet_manager.cc:595] Time spent register tablets: real 0.000s	user 0.000s	sys 0.000s
I20260710 11:07:44.931618 22715 rpc_server.cc:307] RPC server started. Bound to: 127.22.46.193:32855
I20260710 11:07:44.931699 22874 acceptor_pool.cc:272] collecting diagnostics on the listening RPC socket 127.22.46.193:32855 every 8 connection(s)
I20260710 11:07:44.939968 22715 file_cache.cc:504] Constructed file cache file cache with capacity 419430
W20260710 11:07:44.955102 22879 instance_detector.cc:116] could not retrieve AWS instance metadata: Network error: curl error: HTTP response code said error: The requested URL returned error: 404
W20260710 11:07:44.956674 22880 instance_detector.cc:116] could not retrieve Azure instance metadata: Network error: curl error: HTTP response code said error: The requested URL returned error: 404
I20260710 11:07:44.967374 22715 server_base.cc:1061] running on GCE node
W20260710 11:07:44.968760 22882 instance_detector.cc:116] could not retrieve OpenStack instance metadata: Network error: curl error: HTTP response code said error: The requested URL returned error: 404
I20260710 11:07:44.969887 22715 hybrid_clock.cc:584] initializing the hybrid clock with 'system_unsync' time source
W20260710 11:07:44.970150 22715 system_unsync_time.cc:38] NTP support is disabled. Clock error bounds will not be accurate. This configuration is not suitable for distributed clusters.
I20260710 11:07:44.970355 22715 hybrid_clock.cc:648] HybridClock initialized: now 1783681664970333 us; error 0 us; skew 500 ppm
I20260710 11:07:44.970996 22715 server_base.cc:861] Flag tcmalloc_max_total_thread_cache_bytes is not working since tcmalloc is not enabled.
I20260710 11:07:44.975761 22715 webserver.cc:533] Webserver started at http://127.22.46.194:44079/ using document root <none> and password file <none>
I20260710 11:07:44.976195 22875 heartbeater.cc:344] Connected to a master server at 127.22.46.254:34343
I20260710 11:07:44.976481 22715 fs_manager.cc:362] Metadata directory not provided
I20260710 11:07:44.976706 22875 heartbeater.cc:461] Registering TS with master...
I20260710 11:07:44.976758 22715 fs_manager.cc:368] Using write-ahead log directory (fs_wal_dir) as metadata directory
I20260710 11:07:44.977210 22715 server_base.cc:909] This appears to be a new deployment of Kudu; creating new FS layout
I20260710 11:07:44.978037 22875 heartbeater.cc:507] Master 127.22.46.254:34343 requested a full tablet report, sending...
I20260710 11:07:44.978785 22715 fs_manager.cc:1068] Generated new instance metadata in path /tmp/dist-test-taskmP5tPY/test-tmp/auto_leader_rebalancer-test.0.LeaderRebalancerTest.FunctionalTestForDivided.1783681663013765-22715-0/minicluster-data/ts-1-root/instance:
uuid: "ff2fd44ee1af490f9e0a8f64fb4e43a0"
format_stamp: "Formatted at 2026-07-10 11:07:44 on dist-test-slave-8cn2"
I20260710 11:07:44.981863 22747 ts_manager.cc:194] Registered new tserver with Master: 8331aa984c5d45fba8debf0aa9e3f735 (127.22.46.193:32855)
I20260710 11:07:44.985092 22747 master_service.cc:502] Signed X509 certificate for tserver {username='slave'} at 127.0.0.1:37492
I20260710 11:07:44.986132 22715 fs_manager.cc:696] Time spent creating directory manager: real 0.007s	user 0.002s	sys 0.005s
I20260710 11:07:44.991353 22887 log_block_manager.cc:4127] Time spent loading block containers with low live blocks: real 0.000s	user 0.000s	sys 0.000s
I20260710 11:07:44.992370 22715 fs_manager.cc:730] Time spent opening block manager: real 0.004s	user 0.004s	sys 0.000s
I20260710 11:07:44.992722 22715 fs_manager.cc:647] Opened local filesystem: /tmp/dist-test-taskmP5tPY/test-tmp/auto_leader_rebalancer-test.0.LeaderRebalancerTest.FunctionalTestForDivided.1783681663013765-22715-0/minicluster-data/ts-1-root
uuid: "ff2fd44ee1af490f9e0a8f64fb4e43a0"
format_stamp: "Formatted at 2026-07-10 11:07:44 on dist-test-slave-8cn2"
I20260710 11:07:44.993096 22715 fs_report.cc:389] FS layout report
--------------------
wal directory: /tmp/dist-test-taskmP5tPY/test-tmp/auto_leader_rebalancer-test.0.LeaderRebalancerTest.FunctionalTestForDivided.1783681663013765-22715-0/minicluster-data/ts-1-root
metadata directory: /tmp/dist-test-taskmP5tPY/test-tmp/auto_leader_rebalancer-test.0.LeaderRebalancerTest.FunctionalTestForDivided.1783681663013765-22715-0/minicluster-data/ts-1-root
1 data directories: /tmp/dist-test-taskmP5tPY/test-tmp/auto_leader_rebalancer-test.0.LeaderRebalancerTest.FunctionalTestForDivided.1783681663013765-22715-0/minicluster-data/ts-1-root/data
Total live blocks: 0
Total live bytes: 0
Total live bytes (after alignment): 0
Total number of LBM containers: 0 (0 full)
Did not check for missing blocks
Did not check for orphaned blocks
Total full LBM containers with extra space: 0 (0 repaired)
Total full LBM container extra space in bytes: 0 (0 repaired)
Total incomplete LBM containers: 0 (0 repaired)
Total LBM partial records: 0 (0 repaired)
Total corrupted LBM metadata records in RocksDB: 0 (0 repaired)
I20260710 11:07:45.005859 22715 rpc_server.cc:225] running with OpenSSL 1.1.1  11 Sep 2018
I20260710 11:07:45.007380 22715 kserver.cc:163] Server-wide thread pool size limit: 3276
I20260710 11:07:45.009548 22715 txn_system_client.cc:432] TxnSystemClient initialization is disabled...
I20260710 11:07:45.012650 22715 ts_tablet_manager.cc:585] Loaded tablet metadata (0 total tablets, 0 live tablets)
I20260710 11:07:45.013000 22715 ts_tablet_manager.cc:531] Time spent load tablet metadata: real 0.000s	user 0.000s	sys 0.000s
I20260710 11:07:45.013278 22715 ts_tablet_manager.cc:616] Registered 0 tablets
I20260710 11:07:45.013480 22715 ts_tablet_manager.cc:595] Time spent register tablets: real 0.000s	user 0.000s	sys 0.000s
I20260710 11:07:45.116369 22715 rpc_server.cc:307] RPC server started. Bound to: 127.22.46.194:41127
I20260710 11:07:45.116504 22949 acceptor_pool.cc:272] collecting diagnostics on the listening RPC socket 127.22.46.194:41127 every 8 connection(s)
I20260710 11:07:45.123582 22715 file_cache.cc:504] Constructed file cache file cache with capacity 419430
W20260710 11:07:45.136258 22954 instance_detector.cc:116] could not retrieve Azure instance metadata: Network error: curl error: HTTP response code said error: The requested URL returned error: 404
I20260710 11:07:45.139572 22950 heartbeater.cc:344] Connected to a master server at 127.22.46.254:34343
I20260710 11:07:45.139971 22950 heartbeater.cc:461] Registering TS with master...
I20260710 11:07:45.140988 22950 heartbeater.cc:507] Master 127.22.46.254:34343 requested a full tablet report, sending...
W20260710 11:07:45.143249 22953 instance_detector.cc:116] could not retrieve AWS instance metadata: Network error: curl error: HTTP response code said error: The requested URL returned error: 404
I20260710 11:07:45.143643 22747 ts_manager.cc:194] Registered new tserver with Master: ff2fd44ee1af490f9e0a8f64fb4e43a0 (127.22.46.194:41127)
I20260710 11:07:45.145125 22715 server_base.cc:1061] running on GCE node
I20260710 11:07:45.145529 22747 master_service.cc:502] Signed X509 certificate for tserver {username='slave'} at 127.0.0.1:37496
W20260710 11:07:45.146942 22956 instance_detector.cc:116] could not retrieve OpenStack instance metadata: Network error: curl error: HTTP response code said error: The requested URL returned error: 404
I20260710 11:07:45.148141 22715 hybrid_clock.cc:584] initializing the hybrid clock with 'system_unsync' time source
W20260710 11:07:45.148415 22715 system_unsync_time.cc:38] NTP support is disabled. Clock error bounds will not be accurate. This configuration is not suitable for distributed clusters.
I20260710 11:07:45.148624 22715 hybrid_clock.cc:648] HybridClock initialized: now 1783681665148607 us; error 0 us; skew 500 ppm
I20260710 11:07:45.149343 22715 server_base.cc:861] Flag tcmalloc_max_total_thread_cache_bytes is not working since tcmalloc is not enabled.
I20260710 11:07:45.152271 22715 webserver.cc:533] Webserver started at http://127.22.46.195:40353/ using document root <none> and password file <none>
I20260710 11:07:45.152925 22715 fs_manager.cc:362] Metadata directory not provided
I20260710 11:07:45.153167 22715 fs_manager.cc:368] Using write-ahead log directory (fs_wal_dir) as metadata directory
I20260710 11:07:45.153483 22715 server_base.cc:909] This appears to be a new deployment of Kudu; creating new FS layout
I20260710 11:07:45.155068 22715 fs_manager.cc:1068] Generated new instance metadata in path /tmp/dist-test-taskmP5tPY/test-tmp/auto_leader_rebalancer-test.0.LeaderRebalancerTest.FunctionalTestForDivided.1783681663013765-22715-0/minicluster-data/ts-2-root/instance:
uuid: "2351f3ff9b77423c92200eb5da29afa9"
format_stamp: "Formatted at 2026-07-10 11:07:45 on dist-test-slave-8cn2"
I20260710 11:07:45.161195 22715 fs_manager.cc:696] Time spent creating directory manager: real 0.005s	user 0.005s	sys 0.001s
I20260710 11:07:45.165745 22961 log_block_manager.cc:4127] Time spent loading block containers with low live blocks: real 0.000s	user 0.000s	sys 0.000s
I20260710 11:07:45.166769 22715 fs_manager.cc:730] Time spent opening block manager: real 0.003s	user 0.003s	sys 0.000s
I20260710 11:07:45.167147 22715 fs_manager.cc:647] Opened local filesystem: /tmp/dist-test-taskmP5tPY/test-tmp/auto_leader_rebalancer-test.0.LeaderRebalancerTest.FunctionalTestForDivided.1783681663013765-22715-0/minicluster-data/ts-2-root
uuid: "2351f3ff9b77423c92200eb5da29afa9"
format_stamp: "Formatted at 2026-07-10 11:07:45 on dist-test-slave-8cn2"
I20260710 11:07:45.167520 22715 fs_report.cc:389] FS layout report
--------------------
wal directory: /tmp/dist-test-taskmP5tPY/test-tmp/auto_leader_rebalancer-test.0.LeaderRebalancerTest.FunctionalTestForDivided.1783681663013765-22715-0/minicluster-data/ts-2-root
metadata directory: /tmp/dist-test-taskmP5tPY/test-tmp/auto_leader_rebalancer-test.0.LeaderRebalancerTest.FunctionalTestForDivided.1783681663013765-22715-0/minicluster-data/ts-2-root
1 data directories: /tmp/dist-test-taskmP5tPY/test-tmp/auto_leader_rebalancer-test.0.LeaderRebalancerTest.FunctionalTestForDivided.1783681663013765-22715-0/minicluster-data/ts-2-root/data
Total live blocks: 0
Total live bytes: 0
Total live bytes (after alignment): 0
Total number of LBM containers: 0 (0 full)
Did not check for missing blocks
Did not check for orphaned blocks
Total full LBM containers with extra space: 0 (0 repaired)
Total full LBM container extra space in bytes: 0 (0 repaired)
Total incomplete LBM containers: 0 (0 repaired)
Total LBM partial records: 0 (0 repaired)
Total corrupted LBM metadata records in RocksDB: 0 (0 repaired)
I20260710 11:07:45.180378 22715 rpc_server.cc:225] running with OpenSSL 1.1.1  11 Sep 2018
I20260710 11:07:45.182118 22715 kserver.cc:163] Server-wide thread pool size limit: 3276
I20260710 11:07:45.185001 22715 txn_system_client.cc:432] TxnSystemClient initialization is disabled...
I20260710 11:07:45.187458 22715 ts_tablet_manager.cc:585] Loaded tablet metadata (0 total tablets, 0 live tablets)
I20260710 11:07:45.187709 22715 ts_tablet_manager.cc:531] Time spent load tablet metadata: real 0.000s	user 0.000s	sys 0.000s
I20260710 11:07:45.187978 22715 ts_tablet_manager.cc:616] Registered 0 tablets
I20260710 11:07:45.188163 22715 ts_tablet_manager.cc:595] Time spent register tablets: real 0.000s	user 0.000s	sys 0.000s
I20260710 11:07:45.293965 22715 rpc_server.cc:307] RPC server started. Bound to: 127.22.46.195:44339
I20260710 11:07:45.294111 23023 acceptor_pool.cc:272] collecting diagnostics on the listening RPC socket 127.22.46.195:44339 every 8 connection(s)
I20260710 11:07:45.313308 23024 heartbeater.cc:344] Connected to a master server at 127.22.46.254:34343
I20260710 11:07:45.313787 23024 heartbeater.cc:461] Registering TS with master...
I20260710 11:07:45.314875 23024 heartbeater.cc:507] Master 127.22.46.254:34343 requested a full tablet report, sending...
I20260710 11:07:45.317411 22747 ts_manager.cc:194] Registered new tserver with Master: 2351f3ff9b77423c92200eb5da29afa9 (127.22.46.195:44339)
I20260710 11:07:45.317914 22715 internal_mini_cluster.cc:371] 3 TS(s) registered with all masters after 0.018175913s
I20260710 11:07:45.319084 22747 master_service.cc:502] Signed X509 certificate for tserver {username='slave'} at 127.0.0.1:37512
I20260710 11:07:45.376513 22747 catalog_manager.cc:2283] Servicing CreateTable request from {username='slave'} at 127.0.0.1:37526:
name: "test-workload"
schema {
  columns {
    name: "key"
    type: INT32
    is_key: true
    is_nullable: false
    encoding: AUTO_ENCODING
    compression: DEFAULT_COMPRESSION
    cfile_block_size: 0
    immutable: false
  }
  columns {
    name: "int_val"
    type: INT32
    is_key: false
    is_nullable: false
    encoding: AUTO_ENCODING
    compression: DEFAULT_COMPRESSION
    cfile_block_size: 0
    immutable: false
  }
  columns {
    name: "string_val"
    type: STRING
    is_key: false
    is_nullable: true
    encoding: AUTO_ENCODING
    compression: DEFAULT_COMPRESSION
    cfile_block_size: 0
    immutable: false
  }
}
num_replicas: 3
split_rows_range_bounds {
  rows: "\004\001\000\216\3438\016\004\001\000\034\307q\034\004\001\000\252\252\252*\004\001\0008\216\3438\004\001\000\306q\034G\004\001\000TUUU\004\001\000\3428\216c\004\001\000p\034\307q""\004\001\000\216\3438\016\004\001\000\034\307q\034\004\001\000\252\252\252*\004\001\0008\216\3438\004\001\000\306q\034G\004\001\000TUUU\004\001\000\3428\216c\004\001\000p\034\307q"
  indirect_data: """"
}
partition_schema {
  range_schema {
    columns {
      name: "key"
    }
  }
}
W20260710 11:07:45.380506 22747 catalog_manager.cc:7077] The number of live tablet servers is not enough to re-replicate a tablet replica of the newly created table test-workload in case of a server failure: 4 tablet servers would be needed, 3 are available. Consider bringing up more tablet servers.
I20260710 11:07:45.486342 22914 tablet_service.cc:1511] Processing CreateTablet for tablet f4e52ea9f2a54f66987555937fba0d1b (DEFAULT_TABLE table=test-workload [id=40d7c3c3062342d19b202ad7d4785a8e]), partition=RANGE (key) PARTITION 238609294 <= VALUES < 477218588
I20260710 11:07:45.488723 22914 data_dirs.cc:400] Could only allocate 1 dirs of requested 3 for tablet f4e52ea9f2a54f66987555937fba0d1b. 1 dirs total, 0 dirs full, 0 dirs failed
I20260710 11:07:45.489801 22913 tablet_service.cc:1511] Processing CreateTablet for tablet c3fccd2f32174159b57c1915152f05d7 (DEFAULT_TABLE table=test-workload [id=40d7c3c3062342d19b202ad7d4785a8e]), partition=RANGE (key) PARTITION 477218588 <= VALUES < 715827882
I20260710 11:07:45.490234 22915 tablet_service.cc:1511] Processing CreateTablet for tablet 4a2c516249bc4dbaa57ed67093944e09 (DEFAULT_TABLE table=test-workload [id=40d7c3c3062342d19b202ad7d4785a8e]), partition=RANGE (key) PARTITION VALUES < 238609294
I20260710 11:07:45.490942 22912 tablet_service.cc:1511] Processing CreateTablet for tablet 630881f0e2944d36a503f245cd0f5aec (DEFAULT_TABLE table=test-workload [id=40d7c3c3062342d19b202ad7d4785a8e]), partition=RANGE (key) PARTITION 715827882 <= VALUES < 954437176
I20260710 11:07:45.498248 22913 data_dirs.cc:400] Could only allocate 1 dirs of requested 3 for tablet c3fccd2f32174159b57c1915152f05d7. 1 dirs total, 0 dirs full, 0 dirs failed
I20260710 11:07:45.498550 22911 tablet_service.cc:1511] Processing CreateTablet for tablet 3a62ad8cfdb24e0e90e124f981a1327c (DEFAULT_TABLE table=test-workload [id=40d7c3c3062342d19b202ad7d4785a8e]), partition=RANGE (key) PARTITION 954437176 <= VALUES < 1193046470
I20260710 11:07:45.500097 22912 data_dirs.cc:400] Could only allocate 1 dirs of requested 3 for tablet 630881f0e2944d36a503f245cd0f5aec. 1 dirs total, 0 dirs full, 0 dirs failed
I20260710 11:07:45.502388 22915 data_dirs.cc:400] Could only allocate 1 dirs of requested 3 for tablet 4a2c516249bc4dbaa57ed67093944e09. 1 dirs total, 0 dirs full, 0 dirs failed
I20260710 11:07:45.504770 22911 data_dirs.cc:400] Could only allocate 1 dirs of requested 3 for tablet 3a62ad8cfdb24e0e90e124f981a1327c. 1 dirs total, 0 dirs full, 0 dirs failed
I20260710 11:07:45.525202 22840 tablet_service.cc:1511] Processing CreateTablet for tablet 4a2c516249bc4dbaa57ed67093944e09 (DEFAULT_TABLE table=test-workload [id=40d7c3c3062342d19b202ad7d4785a8e]), partition=RANGE (key) PARTITION VALUES < 238609294
I20260710 11:07:45.525548 22839 tablet_service.cc:1511] Processing CreateTablet for tablet f4e52ea9f2a54f66987555937fba0d1b (DEFAULT_TABLE table=test-workload [id=40d7c3c3062342d19b202ad7d4785a8e]), partition=RANGE (key) PARTITION 238609294 <= VALUES < 477218588
I20260710 11:07:45.526728 22840 data_dirs.cc:400] Could only allocate 1 dirs of requested 3 for tablet 4a2c516249bc4dbaa57ed67093944e09. 1 dirs total, 0 dirs full, 0 dirs failed
I20260710 11:07:45.528035 22838 tablet_service.cc:1511] Processing CreateTablet for tablet c3fccd2f32174159b57c1915152f05d7 (DEFAULT_TABLE table=test-workload [id=40d7c3c3062342d19b202ad7d4785a8e]), partition=RANGE (key) PARTITION 477218588 <= VALUES < 715827882
I20260710 11:07:45.529522 22838 data_dirs.cc:400] Could only allocate 1 dirs of requested 3 for tablet c3fccd2f32174159b57c1915152f05d7. 1 dirs total, 0 dirs full, 0 dirs failed
I20260710 11:07:45.531978 22835 tablet_service.cc:1511] Processing CreateTablet for tablet 0f4683f3c22f4ab9b399faacec4fea8c (DEFAULT_TABLE table=test-workload [id=40d7c3c3062342d19b202ad7d4785a8e]), partition=RANGE (key) PARTITION 1193046470 <= VALUES < 1431655764
I20260710 11:07:45.532683 22836 tablet_service.cc:1511] Processing CreateTablet for tablet 3a62ad8cfdb24e0e90e124f981a1327c (DEFAULT_TABLE table=test-workload [id=40d7c3c3062342d19b202ad7d4785a8e]), partition=RANGE (key) PARTITION 954437176 <= VALUES < 1193046470
I20260710 11:07:45.533056 22989 tablet_service.cc:1511] Processing CreateTablet for tablet 4a2c516249bc4dbaa57ed67093944e09 (DEFAULT_TABLE table=test-workload [id=40d7c3c3062342d19b202ad7d4785a8e]), partition=RANGE (key) PARTITION VALUES < 238609294
I20260710 11:07:45.533562 22835 data_dirs.cc:400] Could only allocate 1 dirs of requested 3 for tablet 0f4683f3c22f4ab9b399faacec4fea8c. 1 dirs total, 0 dirs full, 0 dirs failed
I20260710 11:07:45.535856 22988 tablet_service.cc:1511] Processing CreateTablet for tablet f4e52ea9f2a54f66987555937fba0d1b (DEFAULT_TABLE table=test-workload [id=40d7c3c3062342d19b202ad7d4785a8e]), partition=RANGE (key) PARTITION 238609294 <= VALUES < 477218588
I20260710 11:07:45.535765 22837 tablet_service.cc:1511] Processing CreateTablet for tablet 630881f0e2944d36a503f245cd0f5aec (DEFAULT_TABLE table=test-workload [id=40d7c3c3062342d19b202ad7d4785a8e]), partition=RANGE (key) PARTITION 715827882 <= VALUES < 954437176
I20260710 11:07:45.536782 22987 tablet_service.cc:1511] Processing CreateTablet for tablet c3fccd2f32174159b57c1915152f05d7 (DEFAULT_TABLE table=test-workload [id=40d7c3c3062342d19b202ad7d4785a8e]), partition=RANGE (key) PARTITION 477218588 <= VALUES < 715827882
I20260710 11:07:45.537674 22836 data_dirs.cc:400] Could only allocate 1 dirs of requested 3 for tablet 3a62ad8cfdb24e0e90e124f981a1327c. 1 dirs total, 0 dirs full, 0 dirs failed
I20260710 11:07:45.539031 22837 data_dirs.cc:400] Could only allocate 1 dirs of requested 3 for tablet 630881f0e2944d36a503f245cd0f5aec. 1 dirs total, 0 dirs full, 0 dirs failed
I20260710 11:07:45.539378 22986 tablet_service.cc:1511] Processing CreateTablet for tablet 630881f0e2944d36a503f245cd0f5aec (DEFAULT_TABLE table=test-workload [id=40d7c3c3062342d19b202ad7d4785a8e]), partition=RANGE (key) PARTITION 715827882 <= VALUES < 954437176
I20260710 11:07:45.541080 22985 tablet_service.cc:1511] Processing CreateTablet for tablet 3a62ad8cfdb24e0e90e124f981a1327c (DEFAULT_TABLE table=test-workload [id=40d7c3c3062342d19b202ad7d4785a8e]), partition=RANGE (key) PARTITION 954437176 <= VALUES < 1193046470
I20260710 11:07:45.542351 22989 data_dirs.cc:400] Could only allocate 1 dirs of requested 3 for tablet 4a2c516249bc4dbaa57ed67093944e09. 1 dirs total, 0 dirs full, 0 dirs failed
I20260710 11:07:45.543673 22985 data_dirs.cc:400] Could only allocate 1 dirs of requested 3 for tablet 3a62ad8cfdb24e0e90e124f981a1327c. 1 dirs total, 0 dirs full, 0 dirs failed
I20260710 11:07:45.543171 22839 data_dirs.cc:400] Could only allocate 1 dirs of requested 3 for tablet f4e52ea9f2a54f66987555937fba0d1b. 1 dirs total, 0 dirs full, 0 dirs failed
I20260710 11:07:45.546046 22988 data_dirs.cc:400] Could only allocate 1 dirs of requested 3 for tablet f4e52ea9f2a54f66987555937fba0d1b. 1 dirs total, 0 dirs full, 0 dirs failed
I20260710 11:07:45.549010 22987 data_dirs.cc:400] Could only allocate 1 dirs of requested 3 for tablet c3fccd2f32174159b57c1915152f05d7. 1 dirs total, 0 dirs full, 0 dirs failed
I20260710 11:07:45.572309 22986 data_dirs.cc:400] Could only allocate 1 dirs of requested 3 for tablet 630881f0e2944d36a503f245cd0f5aec. 1 dirs total, 0 dirs full, 0 dirs failed
I20260710 11:07:45.581070 22910 tablet_service.cc:1511] Processing CreateTablet for tablet 0f4683f3c22f4ab9b399faacec4fea8c (DEFAULT_TABLE table=test-workload [id=40d7c3c3062342d19b202ad7d4785a8e]), partition=RANGE (key) PARTITION 1193046470 <= VALUES < 1431655764
I20260710 11:07:45.583434 22910 data_dirs.cc:400] Could only allocate 1 dirs of requested 3 for tablet 0f4683f3c22f4ab9b399faacec4fea8c. 1 dirs total, 0 dirs full, 0 dirs failed
I20260710 11:07:45.615119 22984 tablet_service.cc:1511] Processing CreateTablet for tablet 0f4683f3c22f4ab9b399faacec4fea8c (DEFAULT_TABLE table=test-workload [id=40d7c3c3062342d19b202ad7d4785a8e]), partition=RANGE (key) PARTITION 1193046470 <= VALUES < 1431655764
I20260710 11:07:45.618266 22984 data_dirs.cc:400] Could only allocate 1 dirs of requested 3 for tablet 0f4683f3c22f4ab9b399faacec4fea8c. 1 dirs total, 0 dirs full, 0 dirs failed
I20260710 11:07:45.656327 23042 tablet_bootstrap.cc:492] T 3a62ad8cfdb24e0e90e124f981a1327c P ff2fd44ee1af490f9e0a8f64fb4e43a0: Bootstrap starting.
W20260710 11:07:45.672256 22795 auto_rebalancer.cc:288] Could not retrieve cluster info: Service unavailable: Tablet not running
I20260710 11:07:45.699996 22834 tablet_service.cc:1511] Processing CreateTablet for tablet c0e6a8e7f7bc4e589195d5c4e349e28f (DEFAULT_TABLE table=test-workload [id=40d7c3c3062342d19b202ad7d4785a8e]), partition=RANGE (key) PARTITION 1431655764 <= VALUES < 1670265058
I20260710 11:07:45.703428 22834 data_dirs.cc:400] Could only allocate 1 dirs of requested 3 for tablet c0e6a8e7f7bc4e589195d5c4e349e28f. 1 dirs total, 0 dirs full, 0 dirs failed
I20260710 11:07:45.708606 22983 tablet_service.cc:1511] Processing CreateTablet for tablet c0e6a8e7f7bc4e589195d5c4e349e28f (DEFAULT_TABLE table=test-workload [id=40d7c3c3062342d19b202ad7d4785a8e]), partition=RANGE (key) PARTITION 1431655764 <= VALUES < 1670265058
I20260710 11:07:45.711122 22983 data_dirs.cc:400] Could only allocate 1 dirs of requested 3 for tablet c0e6a8e7f7bc4e589195d5c4e349e28f. 1 dirs total, 0 dirs full, 0 dirs failed
I20260710 11:07:45.708602 22914 tablet_service.cc:1511] Processing CreateTablet for tablet c0e6a8e7f7bc4e589195d5c4e349e28f (DEFAULT_TABLE table=test-workload [id=40d7c3c3062342d19b202ad7d4785a8e]), partition=RANGE (key) PARTITION 1431655764 <= VALUES < 1670265058
I20260710 11:07:45.717741 22833 tablet_service.cc:1511] Processing CreateTablet for tablet d244e83f9ef443e9b12f0da5d6f35337 (DEFAULT_TABLE table=test-workload [id=40d7c3c3062342d19b202ad7d4785a8e]), partition=RANGE (key) PARTITION 1670265058 <= VALUES < 1908874352
I20260710 11:07:45.724483 22833 data_dirs.cc:400] Could only allocate 1 dirs of requested 3 for tablet d244e83f9ef443e9b12f0da5d6f35337. 1 dirs total, 0 dirs full, 0 dirs failed
I20260710 11:07:45.725613 22914 data_dirs.cc:400] Could only allocate 1 dirs of requested 3 for tablet c0e6a8e7f7bc4e589195d5c4e349e28f. 1 dirs total, 0 dirs full, 0 dirs failed
I20260710 11:07:45.734354 22982 tablet_service.cc:1511] Processing CreateTablet for tablet d244e83f9ef443e9b12f0da5d6f35337 (DEFAULT_TABLE table=test-workload [id=40d7c3c3062342d19b202ad7d4785a8e]), partition=RANGE (key) PARTITION 1670265058 <= VALUES < 1908874352
I20260710 11:07:45.729173 22912 tablet_service.cc:1511] Processing CreateTablet for tablet d244e83f9ef443e9b12f0da5d6f35337 (DEFAULT_TABLE table=test-workload [id=40d7c3c3062342d19b202ad7d4785a8e]), partition=RANGE (key) PARTITION 1670265058 <= VALUES < 1908874352
I20260710 11:07:45.739758 22982 data_dirs.cc:400] Could only allocate 1 dirs of requested 3 for tablet d244e83f9ef443e9b12f0da5d6f35337. 1 dirs total, 0 dirs full, 0 dirs failed
I20260710 11:07:45.740950 22832 tablet_service.cc:1511] Processing CreateTablet for tablet 6563520818424480ae5490560a1b3797 (DEFAULT_TABLE table=test-workload [id=40d7c3c3062342d19b202ad7d4785a8e]), partition=RANGE (key) PARTITION 1908874352 <= VALUES
I20260710 11:07:45.745666 22832 data_dirs.cc:400] Could only allocate 1 dirs of requested 3 for tablet 6563520818424480ae5490560a1b3797. 1 dirs total, 0 dirs full, 0 dirs failed
I20260710 11:07:45.749114 22912 data_dirs.cc:400] Could only allocate 1 dirs of requested 3 for tablet d244e83f9ef443e9b12f0da5d6f35337. 1 dirs total, 0 dirs full, 0 dirs failed
I20260710 11:07:45.767102 23042 tablet_bootstrap.cc:654] T 3a62ad8cfdb24e0e90e124f981a1327c P ff2fd44ee1af490f9e0a8f64fb4e43a0: Neither blocks nor log segments found. Creating new log.
I20260710 11:07:45.815585 22913 tablet_service.cc:1511] Processing CreateTablet for tablet 6563520818424480ae5490560a1b3797 (DEFAULT_TABLE table=test-workload [id=40d7c3c3062342d19b202ad7d4785a8e]), partition=RANGE (key) PARTITION 1908874352 <= VALUES
I20260710 11:07:45.817045 22913 data_dirs.cc:400] Could only allocate 1 dirs of requested 3 for tablet 6563520818424480ae5490560a1b3797. 1 dirs total, 0 dirs full, 0 dirs failed
I20260710 11:07:45.819353 23044 tablet_bootstrap.cc:492] T c3fccd2f32174159b57c1915152f05d7 P 8331aa984c5d45fba8debf0aa9e3f735: Bootstrap starting.
I20260710 11:07:45.824677 23043 tablet_bootstrap.cc:492] T 3a62ad8cfdb24e0e90e124f981a1327c P 2351f3ff9b77423c92200eb5da29afa9: Bootstrap starting.
I20260710 11:07:45.828431 23042 tablet_bootstrap.cc:492] T 3a62ad8cfdb24e0e90e124f981a1327c P ff2fd44ee1af490f9e0a8f64fb4e43a0: No bootstrap required, opened a new log
I20260710 11:07:45.828951 23042 ts_tablet_manager.cc:1403] T 3a62ad8cfdb24e0e90e124f981a1327c P ff2fd44ee1af490f9e0a8f64fb4e43a0: Time spent bootstrapping tablet: real 0.174s	user 0.013s	sys 0.007s
I20260710 11:07:45.836534 23042 raft_consensus.cc:359] T 3a62ad8cfdb24e0e90e124f981a1327c P ff2fd44ee1af490f9e0a8f64fb4e43a0 [term 0 FOLLOWER]: Replica starting. Triggering 0 pending ops. Active config: opid_index: -1 OBSOLETE_local: false peers { permanent_uuid: "8331aa984c5d45fba8debf0aa9e3f735" member_type: VOTER last_known_addr { host: "127.22.46.193" port: 32855 } } peers { permanent_uuid: "ff2fd44ee1af490f9e0a8f64fb4e43a0" member_type: VOTER last_known_addr { host: "127.22.46.194" port: 41127 } } peers { permanent_uuid: "2351f3ff9b77423c92200eb5da29afa9" member_type: VOTER last_known_addr { host: "127.22.46.195" port: 44339 } }
I20260710 11:07:45.837352 23042 raft_consensus.cc:385] T 3a62ad8cfdb24e0e90e124f981a1327c P ff2fd44ee1af490f9e0a8f64fb4e43a0 [term 0 FOLLOWER]: Consensus starting up: Expiring failure detector timer to make a prompt election more likely
I20260710 11:07:45.837698 23042 raft_consensus.cc:740] T 3a62ad8cfdb24e0e90e124f981a1327c P ff2fd44ee1af490f9e0a8f64fb4e43a0 [term 0 FOLLOWER]: Becoming Follower/Learner. State: Replica: ff2fd44ee1af490f9e0a8f64fb4e43a0, State: Initialized, Role: FOLLOWER
I20260710 11:07:45.839829 23042 consensus_queue.cc:260] T 3a62ad8cfdb24e0e90e124f981a1327c P ff2fd44ee1af490f9e0a8f64fb4e43a0 [NON_LEADER]: Queue going to NON_LEADER mode. State: All replicated index: 0, Majority replicated index: 0, Committed index: 0, Last appended: 0.0, Last appended by leader: 0, Current term: 0, Majority size: -1, State: 0, Mode: NON_LEADER, active raft config: opid_index: -1 OBSOLETE_local: false peers { permanent_uuid: "8331aa984c5d45fba8debf0aa9e3f735" member_type: VOTER last_known_addr { host: "127.22.46.193" port: 32855 } } peers { permanent_uuid: "ff2fd44ee1af490f9e0a8f64fb4e43a0" member_type: VOTER last_known_addr { host: "127.22.46.194" port: 41127 } } peers { permanent_uuid: "2351f3ff9b77423c92200eb5da29afa9" member_type: VOTER last_known_addr { host: "127.22.46.195" port: 44339 } }
I20260710 11:07:45.845460 22983 tablet_service.cc:1511] Processing CreateTablet for tablet 6563520818424480ae5490560a1b3797 (DEFAULT_TABLE table=test-workload [id=40d7c3c3062342d19b202ad7d4785a8e]), partition=RANGE (key) PARTITION 1908874352 <= VALUES
I20260710 11:07:45.847854 22983 data_dirs.cc:400] Could only allocate 1 dirs of requested 3 for tablet 6563520818424480ae5490560a1b3797. 1 dirs total, 0 dirs full, 0 dirs failed
I20260710 11:07:45.858808 22950 heartbeater.cc:499] Master 127.22.46.254:34343 was elected leader, sending a full tablet report...
I20260710 11:07:45.859377 23042 ts_tablet_manager.cc:1434] T 3a62ad8cfdb24e0e90e124f981a1327c P ff2fd44ee1af490f9e0a8f64fb4e43a0: Time spent starting tablet: real 0.030s	user 0.014s	sys 0.011s
I20260710 11:07:45.860435 23042 tablet_bootstrap.cc:492] T f4e52ea9f2a54f66987555937fba0d1b P ff2fd44ee1af490f9e0a8f64fb4e43a0: Bootstrap starting.
I20260710 11:07:45.864775 23044 tablet_bootstrap.cc:654] T c3fccd2f32174159b57c1915152f05d7 P 8331aa984c5d45fba8debf0aa9e3f735: Neither blocks nor log segments found. Creating new log.
I20260710 11:07:45.869581 23043 tablet_bootstrap.cc:654] T 3a62ad8cfdb24e0e90e124f981a1327c P 2351f3ff9b77423c92200eb5da29afa9: Neither blocks nor log segments found. Creating new log.
W20260710 11:07:45.879542 22951 tablet.cc:2406] T 3a62ad8cfdb24e0e90e124f981a1327c P ff2fd44ee1af490f9e0a8f64fb4e43a0: Can't schedule compaction. Clean time has not been advanced past its initial value.
I20260710 11:07:45.880692 23042 tablet_bootstrap.cc:654] T f4e52ea9f2a54f66987555937fba0d1b P ff2fd44ee1af490f9e0a8f64fb4e43a0: Neither blocks nor log segments found. Creating new log.
I20260710 11:07:45.883496 23044 tablet_bootstrap.cc:492] T c3fccd2f32174159b57c1915152f05d7 P 8331aa984c5d45fba8debf0aa9e3f735: No bootstrap required, opened a new log
I20260710 11:07:45.883982 23044 ts_tablet_manager.cc:1403] T c3fccd2f32174159b57c1915152f05d7 P 8331aa984c5d45fba8debf0aa9e3f735: Time spent bootstrapping tablet: real 0.087s	user 0.017s	sys 0.005s
I20260710 11:07:45.885869 23046 raft_consensus.cc:493] T 3a62ad8cfdb24e0e90e124f981a1327c P ff2fd44ee1af490f9e0a8f64fb4e43a0 [term 0 FOLLOWER]: Starting pre-election (no leader contacted us within the election timeout)
I20260710 11:07:45.886548 23046 raft_consensus.cc:515] T 3a62ad8cfdb24e0e90e124f981a1327c P ff2fd44ee1af490f9e0a8f64fb4e43a0 [term 0 FOLLOWER]: Starting pre-election with config: opid_index: -1 OBSOLETE_local: false peers { permanent_uuid: "8331aa984c5d45fba8debf0aa9e3f735" member_type: VOTER last_known_addr { host: "127.22.46.193" port: 32855 } } peers { permanent_uuid: "ff2fd44ee1af490f9e0a8f64fb4e43a0" member_type: VOTER last_known_addr { host: "127.22.46.194" port: 41127 } } peers { permanent_uuid: "2351f3ff9b77423c92200eb5da29afa9" member_type: VOTER last_known_addr { host: "127.22.46.195" port: 44339 } }
I20260710 11:07:45.889266 23043 tablet_bootstrap.cc:492] T 3a62ad8cfdb24e0e90e124f981a1327c P 2351f3ff9b77423c92200eb5da29afa9: No bootstrap required, opened a new log
I20260710 11:07:45.889736 23046 leader_election.cc:290] T 3a62ad8cfdb24e0e90e124f981a1327c P ff2fd44ee1af490f9e0a8f64fb4e43a0 [CANDIDATE]: Term 1 pre-election: Requested pre-vote from peers 8331aa984c5d45fba8debf0aa9e3f735 (127.22.46.193:32855), 2351f3ff9b77423c92200eb5da29afa9 (127.22.46.195:44339)
I20260710 11:07:45.896566 23043 ts_tablet_manager.cc:1403] T 3a62ad8cfdb24e0e90e124f981a1327c P 2351f3ff9b77423c92200eb5da29afa9: Time spent bootstrapping tablet: real 0.084s	user 0.015s	sys 0.004s
I20260710 11:07:45.898289 23044 raft_consensus.cc:359] T c3fccd2f32174159b57c1915152f05d7 P 8331aa984c5d45fba8debf0aa9e3f735 [term 0 FOLLOWER]: Replica starting. Triggering 0 pending ops. Active config: opid_index: -1 OBSOLETE_local: false peers { permanent_uuid: "8331aa984c5d45fba8debf0aa9e3f735" member_type: VOTER last_known_addr { host: "127.22.46.193" port: 32855 } } peers { permanent_uuid: "ff2fd44ee1af490f9e0a8f64fb4e43a0" member_type: VOTER last_known_addr { host: "127.22.46.194" port: 41127 } } peers { permanent_uuid: "2351f3ff9b77423c92200eb5da29afa9" member_type: VOTER last_known_addr { host: "127.22.46.195" port: 44339 } }
I20260710 11:07:45.901656 23044 raft_consensus.cc:385] T c3fccd2f32174159b57c1915152f05d7 P 8331aa984c5d45fba8debf0aa9e3f735 [term 0 FOLLOWER]: Consensus starting up: Expiring failure detector timer to make a prompt election more likely
