new_leader_uuid: "71bf9f5dec58488ea4b576bf2f62b146"
 from {username='slave'} at 127.0.0.1:40450
I20260710 11:07:54.157773  1592 raft_consensus.cc:606] T 61d062d4447f482e8f6f6be01f47fbf3 P e19a40533c8444bb928434631d568d69 [term 3 LEADER]: Received request to transfer leadership to TS 71bf9f5dec58488ea4b576bf2f62b146
I20260710 11:07:54.160061  1592 tablet_service.cc:2072] Received LeaderStepDown RPC: tablet_id: "70642ce2920a47f989f26d06dc03b845"
dest_uuid: "e19a40533c8444bb928434631d568d69"
mode: GRACEFUL
new_leader_uuid: "ae91e184f20a4d589d6f5cbd4b52af19"
 from {username='slave'} at 127.0.0.1:40450
I20260710 11:07:54.160481  1592 raft_consensus.cc:606] T 70642ce2920a47f989f26d06dc03b845 P e19a40533c8444bb928434631d568d69 [term 2 LEADER]: Received request to transfer leadership to TS ae91e184f20a4d589d6f5cbd4b52af19
I20260710 11:07:54.162863  1592 tablet_service.cc:2072] Received LeaderStepDown RPC: tablet_id: "94770e80307640af9f90507c1b2cfbc1"
dest_uuid: "e19a40533c8444bb928434631d568d69"
mode: GRACEFUL
new_leader_uuid: "71bf9f5dec58488ea4b576bf2f62b146"
 from {username='slave'} at 127.0.0.1:40450
I20260710 11:07:54.163408  1592 raft_consensus.cc:606] T 94770e80307640af9f90507c1b2cfbc1 P e19a40533c8444bb928434631d568d69 [term 3 LEADER]: Received request to transfer leadership to TS 71bf9f5dec58488ea4b576bf2f62b146
I20260710 11:07:54.165812  1592 tablet_service.cc:2072] Received LeaderStepDown RPC: tablet_id: "b2171b5689f445caad61fddf51a30961"
dest_uuid: "e19a40533c8444bb928434631d568d69"
mode: GRACEFUL
new_leader_uuid: "ae91e184f20a4d589d6f5cbd4b52af19"
 from {username='slave'} at 127.0.0.1:40450
I20260710 11:07:54.166410  1592 raft_consensus.cc:606] T b2171b5689f445caad61fddf51a30961 P e19a40533c8444bb928434631d568d69 [term 1 LEADER]: Received request to transfer leadership to TS ae91e184f20a4d589d6f5cbd4b52af19
I20260710 11:07:54.167418  1382 auto_leader_rebalancer.cc:452] table: test-workload, leader rebalance finish, leader transfer count: 5
I20260710 11:07:54.167901  1382 auto_leader_rebalancer.cc:527] All tables' leader rebalancing finished this round
I20260710 11:07:54.391848  1849 raft_consensus.cc:993] T 61d062d4447f482e8f6f6be01f47fbf3 P e19a40533c8444bb928434631d568d69: : Instructing follower 71bf9f5dec58488ea4b576bf2f62b146 to start an election
I20260710 11:07:54.392359  1850 raft_consensus.cc:1081] T 61d062d4447f482e8f6f6be01f47fbf3 P e19a40533c8444bb928434631d568d69 [term 3 LEADER]: Signalling peer 71bf9f5dec58488ea4b576bf2f62b146 to start an election
I20260710 11:07:54.393898  1664 tablet_service.cc:2044] Received Run Leader Election RPC: tablet_id: "61d062d4447f482e8f6f6be01f47fbf3"
dest_uuid: "71bf9f5dec58488ea4b576bf2f62b146"
 from {username='slave'} at 127.0.0.1:35614
I20260710 11:07:54.394539  1664 raft_consensus.cc:493] T 61d062d4447f482e8f6f6be01f47fbf3 P 71bf9f5dec58488ea4b576bf2f62b146 [term 3 FOLLOWER]: Starting forced leader election (received explicit request)
I20260710 11:07:54.394873  1664 raft_consensus.cc:3060] T 61d062d4447f482e8f6f6be01f47fbf3 P 71bf9f5dec58488ea4b576bf2f62b146 [term 3 FOLLOWER]: Advancing to term 4
I20260710 11:07:54.399801  1664 raft_consensus.cc:515] T 61d062d4447f482e8f6f6be01f47fbf3 P 71bf9f5dec58488ea4b576bf2f62b146 [term 4 FOLLOWER]: Starting forced leader election with config: opid_index: -1 OBSOLETE_local: false peers { permanent_uuid: "71bf9f5dec58488ea4b576bf2f62b146" member_type: VOTER last_known_addr { host: "127.1.89.131" port: 33095 } } peers { permanent_uuid: "ae91e184f20a4d589d6f5cbd4b52af19" member_type: VOTER last_known_addr { host: "127.1.89.129" port: 46085 } } peers { permanent_uuid: "e19a40533c8444bb928434631d568d69" member_type: VOTER last_known_addr { host: "127.1.89.130" port: 37347 } }
I20260710 11:07:54.402089  1664 leader_election.cc:290] T 61d062d4447f482e8f6f6be01f47fbf3 P 71bf9f5dec58488ea4b576bf2f62b146 [CANDIDATE]: Term 4 election: Requested vote from peers ae91e184f20a4d589d6f5cbd4b52af19 (127.1.89.129:46085), e19a40533c8444bb928434631d568d69 (127.1.89.130:37347)
I20260710 11:07:54.403134  1515 tablet_service.cc:1917] Received RequestConsensusVote() RPC: tablet_id: "61d062d4447f482e8f6f6be01f47fbf3" candidate_uuid: "71bf9f5dec58488ea4b576bf2f62b146" candidate_term: 4 candidate_status { last_received { term: 3 index: 3 } } ignore_live_leader: true dest_uuid: "ae91e184f20a4d589d6f5cbd4b52af19"
I20260710 11:07:54.404016  1515 raft_consensus.cc:3060] T 61d062d4447f482e8f6f6be01f47fbf3 P ae91e184f20a4d589d6f5cbd4b52af19 [term 3 FOLLOWER]: Advancing to term 4
I20260710 11:07:54.404027  1590 tablet_service.cc:1917] Received RequestConsensusVote() RPC: tablet_id: "61d062d4447f482e8f6f6be01f47fbf3" candidate_uuid: "71bf9f5dec58488ea4b576bf2f62b146" candidate_term: 4 candidate_status { last_received { term: 3 index: 3 } } ignore_live_leader: true dest_uuid: "e19a40533c8444bb928434631d568d69"
I20260710 11:07:54.404841  1590 raft_consensus.cc:3055] T 61d062d4447f482e8f6f6be01f47fbf3 P e19a40533c8444bb928434631d568d69 [term 3 LEADER]: Stepping down as leader of term 3
I20260710 11:07:54.405125  1590 raft_consensus.cc:740] T 61d062d4447f482e8f6f6be01f47fbf3 P e19a40533c8444bb928434631d568d69 [term 3 LEADER]: Becoming Follower/Learner. State: Replica: e19a40533c8444bb928434631d568d69, State: Running, Role: LEADER
I20260710 11:07:54.405848  1590 consensus_queue.cc:260] T 61d062d4447f482e8f6f6be01f47fbf3 P e19a40533c8444bb928434631d568d69 [NON_LEADER]: Queue going to NON_LEADER mode. State: All replicated index: 0, Majority replicated index: 3, Committed index: 3, Last appended: 3.3, Last appended by leader: 3, Current term: 3, Majority size: -1, State: 0, Mode: NON_LEADER, active raft config: opid_index: -1 OBSOLETE_local: false peers { permanent_uuid: "71bf9f5dec58488ea4b576bf2f62b146" member_type: VOTER last_known_addr { host: "127.1.89.131" port: 33095 } } peers { permanent_uuid: "ae91e184f20a4d589d6f5cbd4b52af19" member_type: VOTER last_known_addr { host: "127.1.89.129" port: 46085 } } peers { permanent_uuid: "e19a40533c8444bb928434631d568d69" member_type: VOTER last_known_addr { host: "127.1.89.130" port: 37347 } }
I20260710 11:07:54.406937  1590 raft_consensus.cc:3060] T 61d062d4447f482e8f6f6be01f47fbf3 P e19a40533c8444bb928434631d568d69 [term 3 FOLLOWER]: Advancing to term 4
I20260710 11:07:54.409744  1515 raft_consensus.cc:2468] T 61d062d4447f482e8f6f6be01f47fbf3 P ae91e184f20a4d589d6f5cbd4b52af19 [term 4 FOLLOWER]: Leader election vote request: Granting yes vote for candidate 71bf9f5dec58488ea4b576bf2f62b146 in term 4.
I20260710 11:07:54.411036  1630 leader_election.cc:304] T 61d062d4447f482e8f6f6be01f47fbf3 P 71bf9f5dec58488ea4b576bf2f62b146 [CANDIDATE]: Term 4 election: Election decided. Result: candidate won. Election summary: received 2 responses out of 3 voters: 2 yes votes; 0 no votes. yes voters: 71bf9f5dec58488ea4b576bf2f62b146, ae91e184f20a4d589d6f5cbd4b52af19; no voters: 
I20260710 11:07:54.411880  1807 raft_consensus.cc:2804] T 61d062d4447f482e8f6f6be01f47fbf3 P 71bf9f5dec58488ea4b576bf2f62b146 [term 4 FOLLOWER]: Leader election won for term 4
I20260710 11:07:54.412261  1590 raft_consensus.cc:2468] T 61d062d4447f482e8f6f6be01f47fbf3 P e19a40533c8444bb928434631d568d69 [term 4 FOLLOWER]: Leader election vote request: Granting yes vote for candidate 71bf9f5dec58488ea4b576bf2f62b146 in term 4.
I20260710 11:07:54.412835  1807 raft_consensus.cc:697] T 61d062d4447f482e8f6f6be01f47fbf3 P 71bf9f5dec58488ea4b576bf2f62b146 [term 4 LEADER]: Becoming Leader. State: Replica: 71bf9f5dec58488ea4b576bf2f62b146, State: Running, Role: LEADER
I20260710 11:07:54.413816  1807 consensus_queue.cc:237] T 61d062d4447f482e8f6f6be01f47fbf3 P 71bf9f5dec58488ea4b576bf2f62b146 [LEADER]: Queue going to LEADER mode. State: All replicated index: 0, Majority replicated index: 3, Committed index: 3, Last appended: 3.3, Last appended by leader: 3, Current term: 4, Majority size: 2, State: 0, Mode: LEADER, active raft config: opid_index: -1 OBSOLETE_local: false peers { permanent_uuid: "71bf9f5dec58488ea4b576bf2f62b146" member_type: VOTER last_known_addr { host: "127.1.89.131" port: 33095 } } peers { permanent_uuid: "ae91e184f20a4d589d6f5cbd4b52af19" member_type: VOTER last_known_addr { host: "127.1.89.129" port: 46085 } } peers { permanent_uuid: "e19a40533c8444bb928434631d568d69" member_type: VOTER last_known_addr { host: "127.1.89.130" port: 37347 } }
I20260710 11:07:54.421238  1413 catalog_manager.cc:5697] T 61d062d4447f482e8f6f6be01f47fbf3 P 71bf9f5dec58488ea4b576bf2f62b146 reported cstate change: term changed from 3 to 4, leader changed from e19a40533c8444bb928434631d568d69 (127.1.89.130) to 71bf9f5dec58488ea4b576bf2f62b146 (127.1.89.131). New cstate: current_term: 4 leader_uuid: "71bf9f5dec58488ea4b576bf2f62b146" committed_config { opid_index: -1 OBSOLETE_local: false peers { permanent_uuid: "71bf9f5dec58488ea4b576bf2f62b146" member_type: VOTER last_known_addr { host: "127.1.89.131" port: 33095 } health_report { overall_health: HEALTHY } } peers { permanent_uuid: "ae91e184f20a4d589d6f5cbd4b52af19" member_type: VOTER last_known_addr { host: "127.1.89.129" port: 46085 } health_report { overall_health: UNKNOWN } } peers { permanent_uuid: "e19a40533c8444bb928434631d568d69" member_type: VOTER last_known_addr { host: "127.1.89.130" port: 37347 } health_report { overall_health: UNKNOWN } } }
I20260710 11:07:54.465370  1849 raft_consensus.cc:993] T 70642ce2920a47f989f26d06dc03b845 P e19a40533c8444bb928434631d568d69: : Instructing follower ae91e184f20a4d589d6f5cbd4b52af19 to start an election
I20260710 11:07:54.465900  1849 raft_consensus.cc:1081] T 70642ce2920a47f989f26d06dc03b845 P e19a40533c8444bb928434631d568d69 [term 2 LEADER]: Signalling peer ae91e184f20a4d589d6f5cbd4b52af19 to start an election
I20260710 11:07:54.467607  1515 tablet_service.cc:2044] Received Run Leader Election RPC: tablet_id: "70642ce2920a47f989f26d06dc03b845"
dest_uuid: "ae91e184f20a4d589d6f5cbd4b52af19"
 from {username='slave'} at 127.0.0.1:35066
I20260710 11:07:54.468111  1515 raft_consensus.cc:493] T 70642ce2920a47f989f26d06dc03b845 P ae91e184f20a4d589d6f5cbd4b52af19 [term 2 FOLLOWER]: Starting forced leader election (received explicit request)
I20260710 11:07:54.468432  1515 raft_consensus.cc:3060] T 70642ce2920a47f989f26d06dc03b845 P ae91e184f20a4d589d6f5cbd4b52af19 [term 2 FOLLOWER]: Advancing to term 3
I20260710 11:07:54.473086  1515 raft_consensus.cc:515] T 70642ce2920a47f989f26d06dc03b845 P ae91e184f20a4d589d6f5cbd4b52af19 [term 3 FOLLOWER]: Starting forced leader election with config: opid_index: -1 OBSOLETE_local: false peers { permanent_uuid: "ae91e184f20a4d589d6f5cbd4b52af19" member_type: VOTER last_known_addr { host: "127.1.89.129" port: 46085 } } peers { permanent_uuid: "e19a40533c8444bb928434631d568d69" member_type: VOTER last_known_addr { host: "127.1.89.130" port: 37347 } } peers { permanent_uuid: "71bf9f5dec58488ea4b576bf2f62b146" member_type: VOTER last_known_addr { host: "127.1.89.131" port: 33095 } }
I20260710 11:07:54.474987  1515 leader_election.cc:290] T 70642ce2920a47f989f26d06dc03b845 P ae91e184f20a4d589d6f5cbd4b52af19 [CANDIDATE]: Term 3 election: Requested vote from peers e19a40533c8444bb928434631d568d69 (127.1.89.130:37347), 71bf9f5dec58488ea4b576bf2f62b146 (127.1.89.131:33095)
I20260710 11:07:54.475934  1590 tablet_service.cc:1917] Received RequestConsensusVote() RPC: tablet_id: "70642ce2920a47f989f26d06dc03b845" candidate_uuid: "ae91e184f20a4d589d6f5cbd4b52af19" candidate_term: 3 candidate_status { last_received { term: 2 index: 2 } } ignore_live_leader: true dest_uuid: "e19a40533c8444bb928434631d568d69"
I20260710 11:07:54.476311  1664 tablet_service.cc:1917] Received RequestConsensusVote() RPC: tablet_id: "70642ce2920a47f989f26d06dc03b845" candidate_uuid: "ae91e184f20a4d589d6f5cbd4b52af19" candidate_term: 3 candidate_status { last_received { term: 2 index: 2 } } ignore_live_leader: true dest_uuid: "71bf9f5dec58488ea4b576bf2f62b146"
I20260710 11:07:54.476540  1590 raft_consensus.cc:3055] T 70642ce2920a47f989f26d06dc03b845 P e19a40533c8444bb928434631d568d69 [term 2 LEADER]: Stepping down as leader of term 2
I20260710 11:07:54.476830  1664 raft_consensus.cc:3060] T 70642ce2920a47f989f26d06dc03b845 P 71bf9f5dec58488ea4b576bf2f62b146 [term 2 FOLLOWER]: Advancing to term 3
I20260710 11:07:54.476888  1590 raft_consensus.cc:740] T 70642ce2920a47f989f26d06dc03b845 P e19a40533c8444bb928434631d568d69 [term 2 LEADER]: Becoming Follower/Learner. State: Replica: e19a40533c8444bb928434631d568d69, State: Running, Role: LEADER
I20260710 11:07:54.477771  1590 consensus_queue.cc:260] T 70642ce2920a47f989f26d06dc03b845 P e19a40533c8444bb928434631d568d69 [NON_LEADER]: Queue going to NON_LEADER mode. State: All replicated index: 0, Majority replicated index: 2, Committed index: 2, Last appended: 2.2, Last appended by leader: 2, Current term: 2, Majority size: -1, State: 0, Mode: NON_LEADER, active raft config: opid_index: -1 OBSOLETE_local: false peers { permanent_uuid: "ae91e184f20a4d589d6f5cbd4b52af19" member_type: VOTER last_known_addr { host: "127.1.89.129" port: 46085 } } peers { permanent_uuid: "e19a40533c8444bb928434631d568d69" member_type: VOTER last_known_addr { host: "127.1.89.130" port: 37347 } } peers { permanent_uuid: "71bf9f5dec58488ea4b576bf2f62b146" member_type: VOTER last_known_addr { host: "127.1.89.131" port: 33095 } }
I20260710 11:07:54.478964  1590 raft_consensus.cc:3060] T 70642ce2920a47f989f26d06dc03b845 P e19a40533c8444bb928434631d568d69 [term 2 FOLLOWER]: Advancing to term 3
I20260710 11:07:54.483378  1664 raft_consensus.cc:2468] T 70642ce2920a47f989f26d06dc03b845 P 71bf9f5dec58488ea4b576bf2f62b146 [term 3 FOLLOWER]: Leader election vote request: Granting yes vote for candidate ae91e184f20a4d589d6f5cbd4b52af19 in term 3.
I20260710 11:07:54.484830  1483 leader_election.cc:304] T 70642ce2920a47f989f26d06dc03b845 P ae91e184f20a4d589d6f5cbd4b52af19 [CANDIDATE]: Term 3 election: Election decided. Result: candidate won. Election summary: received 2 responses out of 3 voters: 2 yes votes; 0 no votes. yes voters: 71bf9f5dec58488ea4b576bf2f62b146, ae91e184f20a4d589d6f5cbd4b52af19; no voters: 
I20260710 11:07:54.485754  1590 raft_consensus.cc:2468] T 70642ce2920a47f989f26d06dc03b845 P e19a40533c8444bb928434631d568d69 [term 3 FOLLOWER]: Leader election vote request: Granting yes vote for candidate ae91e184f20a4d589d6f5cbd4b52af19 in term 3.
I20260710 11:07:54.486806  1857 raft_consensus.cc:2804] T 70642ce2920a47f989f26d06dc03b845 P ae91e184f20a4d589d6f5cbd4b52af19 [term 3 FOLLOWER]: Leader election won for term 3
I20260710 11:07:54.488122  1857 raft_consensus.cc:697] T 70642ce2920a47f989f26d06dc03b845 P ae91e184f20a4d589d6f5cbd4b52af19 [term 3 LEADER]: Becoming Leader. State: Replica: ae91e184f20a4d589d6f5cbd4b52af19, State: Running, Role: LEADER
I20260710 11:07:54.488956  1857 consensus_queue.cc:237] T 70642ce2920a47f989f26d06dc03b845 P ae91e184f20a4d589d6f5cbd4b52af19 [LEADER]: Queue going to LEADER mode. State: All replicated index: 0, Majority replicated index: 2, Committed index: 2, Last appended: 2.2, Last appended by leader: 2, Current term: 3, Majority size: 2, State: 0, Mode: LEADER, active raft config: opid_index: -1 OBSOLETE_local: false peers { permanent_uuid: "ae91e184f20a4d589d6f5cbd4b52af19" member_type: VOTER last_known_addr { host: "127.1.89.129" port: 46085 } } peers { permanent_uuid: "e19a40533c8444bb928434631d568d69" member_type: VOTER last_known_addr { host: "127.1.89.130" port: 37347 } } peers { permanent_uuid: "71bf9f5dec58488ea4b576bf2f62b146" member_type: VOTER last_known_addr { host: "127.1.89.131" port: 33095 } }
I20260710 11:07:54.495922  1413 catalog_manager.cc:5697] T 70642ce2920a47f989f26d06dc03b845 P ae91e184f20a4d589d6f5cbd4b52af19 reported cstate change: term changed from 2 to 3, leader changed from e19a40533c8444bb928434631d568d69 (127.1.89.130) to ae91e184f20a4d589d6f5cbd4b52af19 (127.1.89.129). New cstate: current_term: 3 leader_uuid: "ae91e184f20a4d589d6f5cbd4b52af19" committed_config { opid_index: -1 OBSOLETE_local: false peers { permanent_uuid: "ae91e184f20a4d589d6f5cbd4b52af19" member_type: VOTER last_known_addr { host: "127.1.89.129" port: 46085 } health_report { overall_health: HEALTHY } } peers { permanent_uuid: "e19a40533c8444bb928434631d568d69" member_type: VOTER last_known_addr { host: "127.1.89.130" port: 37347 } health_report { overall_health: UNKNOWN } } peers { permanent_uuid: "71bf9f5dec58488ea4b576bf2f62b146" member_type: VOTER last_known_addr { host: "127.1.89.131" port: 33095 } health_report { overall_health: UNKNOWN } } }
I20260710 11:07:54.497222  1850 raft_consensus.cc:993] T 2016e82214b64adc9b3ae46075fbcb7b P e19a40533c8444bb928434631d568d69: : Instructing follower ae91e184f20a4d589d6f5cbd4b52af19 to start an election
I20260710 11:07:54.497705  1849 raft_consensus.cc:1081] T 2016e82214b64adc9b3ae46075fbcb7b P e19a40533c8444bb928434631d568d69 [term 4 LEADER]: Signalling peer ae91e184f20a4d589d6f5cbd4b52af19 to start an election
I20260710 11:07:54.499210  1515 tablet_service.cc:2044] Received Run Leader Election RPC: tablet_id: "2016e82214b64adc9b3ae46075fbcb7b"
dest_uuid: "ae91e184f20a4d589d6f5cbd4b52af19"
 from {username='slave'} at 127.0.0.1:35066
I20260710 11:07:54.499784  1515 raft_consensus.cc:493] T 2016e82214b64adc9b3ae46075fbcb7b P ae91e184f20a4d589d6f5cbd4b52af19 [term 4 FOLLOWER]: Starting forced leader election (received explicit request)
I20260710 11:07:54.500136  1515 raft_consensus.cc:3060] T 2016e82214b64adc9b3ae46075fbcb7b P ae91e184f20a4d589d6f5cbd4b52af19 [term 4 FOLLOWER]: Advancing to term 5
I20260710 11:07:54.505668  1515 raft_consensus.cc:515] T 2016e82214b64adc9b3ae46075fbcb7b P ae91e184f20a4d589d6f5cbd4b52af19 [term 5 FOLLOWER]: Starting forced leader election with config: opid_index: -1 OBSOLETE_local: false peers { permanent_uuid: "ae91e184f20a4d589d6f5cbd4b52af19" member_type: VOTER last_known_addr { host: "127.1.89.129" port: 46085 } } peers { permanent_uuid: "e19a40533c8444bb928434631d568d69" member_type: VOTER last_known_addr { host: "127.1.89.130" port: 37347 } } peers { permanent_uuid: "71bf9f5dec58488ea4b576bf2f62b146" member_type: VOTER last_known_addr { host: "127.1.89.131" port: 33095 } }
I20260710 11:07:54.507376  1515 leader_election.cc:290] T 2016e82214b64adc9b3ae46075fbcb7b P ae91e184f20a4d589d6f5cbd4b52af19 [CANDIDATE]: Term 5 election: Requested vote from peers e19a40533c8444bb928434631d568d69 (127.1.89.130:37347), 71bf9f5dec58488ea4b576bf2f62b146 (127.1.89.131:33095)
I20260710 11:07:54.508181  1590 tablet_service.cc:1917] Received RequestConsensusVote() RPC: tablet_id: "2016e82214b64adc9b3ae46075fbcb7b" candidate_uuid: "ae91e184f20a4d589d6f5cbd4b52af19" candidate_term: 5 candidate_status { last_received { term: 4 index: 4 } } ignore_live_leader: true dest_uuid: "e19a40533c8444bb928434631d568d69"
I20260710 11:07:54.508563  1664 tablet_service.cc:1917] Received RequestConsensusVote() RPC: tablet_id: "2016e82214b64adc9b3ae46075fbcb7b" candidate_uuid: "ae91e184f20a4d589d6f5cbd4b52af19" candidate_term: 5 candidate_status { last_received { term: 4 index: 4 } } ignore_live_leader: true dest_uuid: "71bf9f5dec58488ea4b576bf2f62b146"
I20260710 11:07:54.508775  1590 raft_consensus.cc:3055] T 2016e82214b64adc9b3ae46075fbcb7b P e19a40533c8444bb928434631d568d69 [term 4 LEADER]: Stepping down as leader of term 4
I20260710 11:07:54.509044  1664 raft_consensus.cc:3060] T 2016e82214b64adc9b3ae46075fbcb7b P 71bf9f5dec58488ea4b576bf2f62b146 [term 4 FOLLOWER]: Advancing to term 5
I20260710 11:07:54.509155  1590 raft_consensus.cc:740] T 2016e82214b64adc9b3ae46075fbcb7b P e19a40533c8444bb928434631d568d69 [term 4 LEADER]: Becoming Follower/Learner. State: Replica: e19a40533c8444bb928434631d568d69, State: Running, Role: LEADER
I20260710 11:07:54.510160  1590 consensus_queue.cc:260] T 2016e82214b64adc9b3ae46075fbcb7b P e19a40533c8444bb928434631d568d69 [NON_LEADER]: Queue going to NON_LEADER mode. State: All replicated index: 0, Majority replicated index: 4, Committed index: 4, Last appended: 4.4, Last appended by leader: 4, Current term: 4, Majority size: -1, State: 0, Mode: NON_LEADER, active raft config: opid_index: -1 OBSOLETE_local: false peers { permanent_uuid: "ae91e184f20a4d589d6f5cbd4b52af19" member_type: VOTER last_known_addr { host: "127.1.89.129" port: 46085 } } peers { permanent_uuid: "e19a40533c8444bb928434631d568d69" member_type: VOTER last_known_addr { host: "127.1.89.130" port: 37347 } } peers { permanent_uuid: "71bf9f5dec58488ea4b576bf2f62b146" member_type: VOTER last_known_addr { host: "127.1.89.131" port: 33095 } }
I20260710 11:07:54.511152  1590 raft_consensus.cc:3060] T 2016e82214b64adc9b3ae46075fbcb7b P e19a40533c8444bb928434631d568d69 [term 4 FOLLOWER]: Advancing to term 5
I20260710 11:07:54.513763  1664 raft_consensus.cc:2468] T 2016e82214b64adc9b3ae46075fbcb7b P 71bf9f5dec58488ea4b576bf2f62b146 [term 5 FOLLOWER]: Leader election vote request: Granting yes vote for candidate ae91e184f20a4d589d6f5cbd4b52af19 in term 5.
I20260710 11:07:54.514720  1483 leader_election.cc:304] T 2016e82214b64adc9b3ae46075fbcb7b P ae91e184f20a4d589d6f5cbd4b52af19 [CANDIDATE]: Term 5 election: Election decided. Result: candidate won. Election summary: received 2 responses out of 3 voters: 2 yes votes; 0 no votes. yes voters: 71bf9f5dec58488ea4b576bf2f62b146, ae91e184f20a4d589d6f5cbd4b52af19; no voters: 
I20260710 11:07:54.517045  1590 raft_consensus.cc:2468] T 2016e82214b64adc9b3ae46075fbcb7b P e19a40533c8444bb928434631d568d69 [term 5 FOLLOWER]: Leader election vote request: Granting yes vote for candidate ae91e184f20a4d589d6f5cbd4b52af19 in term 5.
I20260710 11:07:54.518710  1850 raft_consensus.cc:993] T 94770e80307640af9f90507c1b2cfbc1 P e19a40533c8444bb928434631d568d69: : Instructing follower 71bf9f5dec58488ea4b576bf2f62b146 to start an election
I20260710 11:07:54.519141  1849 raft_consensus.cc:1081] T 94770e80307640af9f90507c1b2cfbc1 P e19a40533c8444bb928434631d568d69 [term 3 LEADER]: Signalling peer 71bf9f5dec58488ea4b576bf2f62b146 to start an election
I20260710 11:07:54.520608  1664 tablet_service.cc:2044] Received Run Leader Election RPC: tablet_id: "94770e80307640af9f90507c1b2cfbc1"
dest_uuid: "71bf9f5dec58488ea4b576bf2f62b146"
 from {username='slave'} at 127.0.0.1:35614
I20260710 11:07:54.521133  1664 raft_consensus.cc:493] T 94770e80307640af9f90507c1b2cfbc1 P 71bf9f5dec58488ea4b576bf2f62b146 [term 3 FOLLOWER]: Starting forced leader election (received explicit request)
I20260710 11:07:54.521453  1664 raft_consensus.cc:3060] T 94770e80307640af9f90507c1b2cfbc1 P 71bf9f5dec58488ea4b576bf2f62b146 [term 3 FOLLOWER]: Advancing to term 4
I20260710 11:07:54.523718  1857 raft_consensus.cc:2804] T 2016e82214b64adc9b3ae46075fbcb7b P ae91e184f20a4d589d6f5cbd4b52af19 [term 5 FOLLOWER]: Leader election won for term 5
I20260710 11:07:54.524246  1857 raft_consensus.cc:697] T 2016e82214b64adc9b3ae46075fbcb7b P ae91e184f20a4d589d6f5cbd4b52af19 [term 5 LEADER]: Becoming Leader. State: Replica: ae91e184f20a4d589d6f5cbd4b52af19, State: Running, Role: LEADER
I20260710 11:07:54.525074  1857 consensus_queue.cc:237] T 2016e82214b64adc9b3ae46075fbcb7b P ae91e184f20a4d589d6f5cbd4b52af19 [LEADER]: Queue going to LEADER mode. State: All replicated index: 0, Majority replicated index: 4, Committed index: 4, Last appended: 4.4, Last appended by leader: 4, Current term: 5, Majority size: 2, State: 0, Mode: LEADER, active raft config: opid_index: -1 OBSOLETE_local: false peers { permanent_uuid: "ae91e184f20a4d589d6f5cbd4b52af19" member_type: VOTER last_known_addr { host: "127.1.89.129" port: 46085 } } peers { permanent_uuid: "e19a40533c8444bb928434631d568d69" member_type: VOTER last_known_addr { host: "127.1.89.130" port: 37347 } } peers { permanent_uuid: "71bf9f5dec58488ea4b576bf2f62b146" member_type: VOTER last_known_addr { host: "127.1.89.131" port: 33095 } }
I20260710 11:07:54.527719  1664 raft_consensus.cc:515] T 94770e80307640af9f90507c1b2cfbc1 P 71bf9f5dec58488ea4b576bf2f62b146 [term 4 FOLLOWER]: Starting forced leader election with config: opid_index: -1 OBSOLETE_local: false peers { permanent_uuid: "ae91e184f20a4d589d6f5cbd4b52af19" member_type: VOTER last_known_addr { host: "127.1.89.129" port: 46085 } } peers { permanent_uuid: "e19a40533c8444bb928434631d568d69" member_type: VOTER last_known_addr { host: "127.1.89.130" port: 37347 } } peers { permanent_uuid: "71bf9f5dec58488ea4b576bf2f62b146" member_type: VOTER last_known_addr { host: "127.1.89.131" port: 33095 } }
I20260710 11:07:54.531922  1664 leader_election.cc:290] T 94770e80307640af9f90507c1b2cfbc1 P 71bf9f5dec58488ea4b576bf2f62b146 [CANDIDATE]: Term 4 election: Requested vote from peers ae91e184f20a4d589d6f5cbd4b52af19 (127.1.89.129:46085), e19a40533c8444bb928434631d568d69 (127.1.89.130:37347)
I20260710 11:07:54.532495  1515 tablet_service.cc:1917] Received RequestConsensusVote() RPC: tablet_id: "94770e80307640af9f90507c1b2cfbc1" candidate_uuid: "71bf9f5dec58488ea4b576bf2f62b146" candidate_term: 4 candidate_status { last_received { term: 3 index: 3 } } ignore_live_leader: true dest_uuid: "ae91e184f20a4d589d6f5cbd4b52af19"
I20260710 11:07:54.532986  1590 tablet_service.cc:1917] Received RequestConsensusVote() RPC: tablet_id: "94770e80307640af9f90507c1b2cfbc1" candidate_uuid: "71bf9f5dec58488ea4b576bf2f62b146" candidate_term: 4 candidate_status { last_received { term: 3 index: 3 } } ignore_live_leader: true dest_uuid: "e19a40533c8444bb928434631d568d69"
I20260710 11:07:54.533310  1515 raft_consensus.cc:3060] T 94770e80307640af9f90507c1b2cfbc1 P ae91e184f20a4d589d6f5cbd4b52af19 [term 3 FOLLOWER]: Advancing to term 4
I20260710 11:07:54.533638  1590 raft_consensus.cc:3055] T 94770e80307640af9f90507c1b2cfbc1 P e19a40533c8444bb928434631d568d69 [term 3 LEADER]: Stepping down as leader of term 3
I20260710 11:07:54.533990  1590 raft_consensus.cc:740] T 94770e80307640af9f90507c1b2cfbc1 P e19a40533c8444bb928434631d568d69 [term 3 LEADER]: Becoming Follower/Learner. State: Replica: e19a40533c8444bb928434631d568d69, State: Running, Role: LEADER
I20260710 11:07:54.533496  1413 catalog_manager.cc:5697] T 2016e82214b64adc9b3ae46075fbcb7b P ae91e184f20a4d589d6f5cbd4b52af19 reported cstate change: term changed from 4 to 5, leader changed from e19a40533c8444bb928434631d568d69 (127.1.89.130) to ae91e184f20a4d589d6f5cbd4b52af19 (127.1.89.129). New cstate: current_term: 5 leader_uuid: "ae91e184f20a4d589d6f5cbd4b52af19" committed_config { opid_index: -1 OBSOLETE_local: false peers { permanent_uuid: "ae91e184f20a4d589d6f5cbd4b52af19" member_type: VOTER last_known_addr { host: "127.1.89.129" port: 46085 } health_report { overall_health: HEALTHY } } peers { permanent_uuid: "e19a40533c8444bb928434631d568d69" member_type: VOTER last_known_addr { host: "127.1.89.130" port: 37347 } health_report { overall_health: UNKNOWN } } peers { permanent_uuid: "71bf9f5dec58488ea4b576bf2f62b146" member_type: VOTER last_known_addr { host: "127.1.89.131" port: 33095 } health_report { overall_health: UNKNOWN } } }
I20260710 11:07:54.534699  1590 consensus_queue.cc:260] T 94770e80307640af9f90507c1b2cfbc1 P e19a40533c8444bb928434631d568d69 [NON_LEADER]: Queue going to NON_LEADER mode. State: All replicated index: 0, Majority replicated index: 3, Committed index: 3, Last appended: 3.3, Last appended by leader: 3, Current term: 3, Majority size: -1, State: 0, Mode: NON_LEADER, active raft config: opid_index: -1 OBSOLETE_local: false peers { permanent_uuid: "ae91e184f20a4d589d6f5cbd4b52af19" member_type: VOTER last_known_addr { host: "127.1.89.129" port: 46085 } } peers { permanent_uuid: "e19a40533c8444bb928434631d568d69" member_type: VOTER last_known_addr { host: "127.1.89.130" port: 37347 } } peers { permanent_uuid: "71bf9f5dec58488ea4b576bf2f62b146" member_type: VOTER last_known_addr { host: "127.1.89.131" port: 33095 } }
I20260710 11:07:54.535597  1590 raft_consensus.cc:3060] T 94770e80307640af9f90507c1b2cfbc1 P e19a40533c8444bb928434631d568d69 [term 3 FOLLOWER]: Advancing to term 4
I20260710 11:07:54.539515  1515 raft_consensus.cc:2468] T 94770e80307640af9f90507c1b2cfbc1 P ae91e184f20a4d589d6f5cbd4b52af19 [term 4 FOLLOWER]: Leader election vote request: Granting yes vote for candidate 71bf9f5dec58488ea4b576bf2f62b146 in term 4.
I20260710 11:07:54.540759  1630 leader_election.cc:304] T 94770e80307640af9f90507c1b2cfbc1 P 71bf9f5dec58488ea4b576bf2f62b146 [CANDIDATE]: Term 4 election: Election decided. Result: candidate won. Election summary: received 2 responses out of 3 voters: 2 yes votes; 0 no votes. yes voters: 71bf9f5dec58488ea4b576bf2f62b146, ae91e184f20a4d589d6f5cbd4b52af19; no voters: 
I20260710 11:07:54.541503  1807 raft_consensus.cc:2804] T 94770e80307640af9f90507c1b2cfbc1 P 71bf9f5dec58488ea4b576bf2f62b146 [term 4 FOLLOWER]: Leader election won for term 4
I20260710 11:07:54.542122  1807 raft_consensus.cc:697] T 94770e80307640af9f90507c1b2cfbc1 P 71bf9f5dec58488ea4b576bf2f62b146 [term 4 LEADER]: Becoming Leader. State: Replica: 71bf9f5dec58488ea4b576bf2f62b146, State: Running, Role: LEADER
I20260710 11:07:54.541813  1590 raft_consensus.cc:2468] T 94770e80307640af9f90507c1b2cfbc1 P e19a40533c8444bb928434631d568d69 [term 4 FOLLOWER]: Leader election vote request: Granting yes vote for candidate 71bf9f5dec58488ea4b576bf2f62b146 in term 4.
I20260710 11:07:54.543128  1807 consensus_queue.cc:237] T 94770e80307640af9f90507c1b2cfbc1 P 71bf9f5dec58488ea4b576bf2f62b146 [LEADER]: Queue going to LEADER mode. State: All replicated index: 0, Majority replicated index: 3, Committed index: 3, Last appended: 3.3, Last appended by leader: 3, Current term: 4, Majority size: 2, State: 0, Mode: LEADER, active raft config: opid_index: -1 OBSOLETE_local: false peers { permanent_uuid: "ae91e184f20a4d589d6f5cbd4b52af19" member_type: VOTER last_known_addr { host: "127.1.89.129" port: 46085 } } peers { permanent_uuid: "e19a40533c8444bb928434631d568d69" member_type: VOTER last_known_addr { host: "127.1.89.130" port: 37347 } } peers { permanent_uuid: "71bf9f5dec58488ea4b576bf2f62b146" member_type: VOTER last_known_addr { host: "127.1.89.131" port: 33095 } }
I20260710 11:07:54.550527  1413 catalog_manager.cc:5697] T 94770e80307640af9f90507c1b2cfbc1 P 71bf9f5dec58488ea4b576bf2f62b146 reported cstate change: term changed from 3 to 4, leader changed from e19a40533c8444bb928434631d568d69 (127.1.89.130) to 71bf9f5dec58488ea4b576bf2f62b146 (127.1.89.131). New cstate: current_term: 4 leader_uuid: "71bf9f5dec58488ea4b576bf2f62b146" committed_config { opid_index: -1 OBSOLETE_local: false peers { permanent_uuid: "ae91e184f20a4d589d6f5cbd4b52af19" member_type: VOTER last_known_addr { host: "127.1.89.129" port: 46085 } health_report { overall_health: UNKNOWN } } peers { permanent_uuid: "e19a40533c8444bb928434631d568d69" member_type: VOTER last_known_addr { host: "127.1.89.130" port: 37347 } health_report { overall_health: UNKNOWN } } peers { permanent_uuid: "71bf9f5dec58488ea4b576bf2f62b146" member_type: VOTER last_known_addr { host: "127.1.89.131" port: 33095 } health_report { overall_health: HEALTHY } } }
I20260710 11:07:54.587443  1850 raft_consensus.cc:993] T b2171b5689f445caad61fddf51a30961 P e19a40533c8444bb928434631d568d69: : Instructing follower ae91e184f20a4d589d6f5cbd4b52af19 to start an election
I20260710 11:07:54.587970  1849 raft_consensus.cc:1081] T b2171b5689f445caad61fddf51a30961 P e19a40533c8444bb928434631d568d69 [term 1 LEADER]: Signalling peer ae91e184f20a4d589d6f5cbd4b52af19 to start an election
I20260710 11:07:54.589365  1515 tablet_service.cc:2044] Received Run Leader Election RPC: tablet_id: "b2171b5689f445caad61fddf51a30961"
dest_uuid: "ae91e184f20a4d589d6f5cbd4b52af19"
 from {username='slave'} at 127.0.0.1:35066
I20260710 11:07:54.589830  1515 raft_consensus.cc:493] T b2171b5689f445caad61fddf51a30961 P ae91e184f20a4d589d6f5cbd4b52af19 [term 1 FOLLOWER]: Starting forced leader election (received explicit request)
I20260710 11:07:54.590138  1515 raft_consensus.cc:3060] T b2171b5689f445caad61fddf51a30961 P ae91e184f20a4d589d6f5cbd4b52af19 [term 1 FOLLOWER]: Advancing to term 2
I20260710 11:07:54.594910  1515 raft_consensus.cc:515] T b2171b5689f445caad61fddf51a30961 P ae91e184f20a4d589d6f5cbd4b52af19 [term 2 FOLLOWER]: Starting forced leader election with config: opid_index: -1 OBSOLETE_local: false peers { permanent_uuid: "ae91e184f20a4d589d6f5cbd4b52af19" member_type: VOTER last_known_addr { host: "127.1.89.129" port: 46085 } } peers { permanent_uuid: "e19a40533c8444bb928434631d568d69" member_type: VOTER last_known_addr { host: "127.1.89.130" port: 37347 } } peers { permanent_uuid: "71bf9f5dec58488ea4b576bf2f62b146" member_type: VOTER last_known_addr { host: "127.1.89.131" port: 33095 } }
I20260710 11:07:54.596782  1515 leader_election.cc:290] T b2171b5689f445caad61fddf51a30961 P ae91e184f20a4d589d6f5cbd4b52af19 [CANDIDATE]: Term 2 election: Requested vote from peers e19a40533c8444bb928434631d568d69 (127.1.89.130:37347), 71bf9f5dec58488ea4b576bf2f62b146 (127.1.89.131:33095)
I20260710 11:07:54.597580  1590 tablet_service.cc:1917] Received RequestConsensusVote() RPC: tablet_id: "b2171b5689f445caad61fddf51a30961" candidate_uuid: "ae91e184f20a4d589d6f5cbd4b52af19" candidate_term: 2 candidate_status { last_received { term: 1 index: 1 } } ignore_live_leader: true dest_uuid: "e19a40533c8444bb928434631d568d69"
I20260710 11:07:54.598218  1590 raft_consensus.cc:3055] T b2171b5689f445caad61fddf51a30961 P e19a40533c8444bb928434631d568d69 [term 1 LEADER]: Stepping down as leader of term 1
I20260710 11:07:54.598106  1665 tablet_service.cc:1917] Received RequestConsensusVote() RPC: tablet_id: "b2171b5689f445caad61fddf51a30961" candidate_uuid: "ae91e184f20a4d589d6f5cbd4b52af19" candidate_term: 2 candidate_status { last_received { term: 1 index: 1 } } ignore_live_leader: true dest_uuid: "71bf9f5dec58488ea4b576bf2f62b146"
I20260710 11:07:54.598587  1590 raft_consensus.cc:740] T b2171b5689f445caad61fddf51a30961 P e19a40533c8444bb928434631d568d69 [term 1 LEADER]: Becoming Follower/Learner. State: Replica: e19a40533c8444bb928434631d568d69, State: Running, Role: LEADER
I20260710 11:07:54.598810  1665 raft_consensus.cc:3060] T b2171b5689f445caad61fddf51a30961 P 71bf9f5dec58488ea4b576bf2f62b146 [term 1 FOLLOWER]: Advancing to term 2
I20260710 11:07:54.599438  1590 consensus_queue.cc:260] T b2171b5689f445caad61fddf51a30961 P e19a40533c8444bb928434631d568d69 [NON_LEADER]: Queue going to NON_LEADER mode. State: All replicated index: 0, Majority replicated index: 1, Committed index: 1, Last appended: 1.1, Last appended by leader: 1, Current term: 1, Majority size: -1, State: 0, Mode: NON_LEADER, active raft config: opid_index: -1 OBSOLETE_local: false peers { permanent_uuid: "ae91e184f20a4d589d6f5cbd4b52af19" member_type: VOTER last_known_addr { host: "127.1.89.129" port: 46085 } } peers { permanent_uuid: "e19a40533c8444bb928434631d568d69" member_type: VOTER last_known_addr { host: "127.1.89.130" port: 37347 } } peers { permanent_uuid: "71bf9f5dec58488ea4b576bf2f62b146" member_type: VOTER last_known_addr { host: "127.1.89.131" port: 33095 } }
I20260710 11:07:54.600780  1590 raft_consensus.cc:3060] T b2171b5689f445caad61fddf51a30961 P e19a40533c8444bb928434631d568d69 [term 1 FOLLOWER]: Advancing to term 2
I20260710 11:07:54.605935  1665 raft_consensus.cc:2468] T b2171b5689f445caad61fddf51a30961 P 71bf9f5dec58488ea4b576bf2f62b146 [term 2 FOLLOWER]: Leader election vote request: Granting yes vote for candidate ae91e184f20a4d589d6f5cbd4b52af19 in term 2.
I20260710 11:07:54.607189  1483 leader_election.cc:304] T b2171b5689f445caad61fddf51a30961 P ae91e184f20a4d589d6f5cbd4b52af19 [CANDIDATE]: Term 2 election: Election decided. Result: candidate won. Election summary: received 2 responses out of 3 voters: 2 yes votes; 0 no votes. yes voters: 71bf9f5dec58488ea4b576bf2f62b146, ae91e184f20a4d589d6f5cbd4b52af19; no voters: 
I20260710 11:07:54.607566  1590 raft_consensus.cc:2468] T b2171b5689f445caad61fddf51a30961 P e19a40533c8444bb928434631d568d69 [term 2 FOLLOWER]: Leader election vote request: Granting yes vote for candidate ae91e184f20a4d589d6f5cbd4b52af19 in term 2.
I20260710 11:07:54.608168  1857 raft_consensus.cc:2804] T b2171b5689f445caad61fddf51a30961 P ae91e184f20a4d589d6f5cbd4b52af19 [term 2 FOLLOWER]: Leader election won for term 2
I20260710 11:07:54.608755  1857 raft_consensus.cc:697] T b2171b5689f445caad61fddf51a30961 P ae91e184f20a4d589d6f5cbd4b52af19 [term 2 LEADER]: Becoming Leader. State: Replica: ae91e184f20a4d589d6f5cbd4b52af19, State: Running, Role: LEADER
I20260710 11:07:54.609866  1857 consensus_queue.cc:237] T b2171b5689f445caad61fddf51a30961 P ae91e184f20a4d589d6f5cbd4b52af19 [LEADER]: Queue going to LEADER mode. State: All replicated index: 0, Majority replicated index: 1, Committed index: 1, Last appended: 1.1, Last appended by leader: 1, Current term: 2, Majority size: 2, State: 0, Mode: LEADER, active raft config: opid_index: -1 OBSOLETE_local: false peers { permanent_uuid: "ae91e184f20a4d589d6f5cbd4b52af19" member_type: VOTER last_known_addr { host: "127.1.89.129" port: 46085 } } peers { permanent_uuid: "e19a40533c8444bb928434631d568d69" member_type: VOTER last_known_addr { host: "127.1.89.130" port: 37347 } } peers { permanent_uuid: "71bf9f5dec58488ea4b576bf2f62b146" member_type: VOTER last_known_addr { host: "127.1.89.131" port: 33095 } }
I20260710 11:07:54.616787  1413 catalog_manager.cc:5697] T b2171b5689f445caad61fddf51a30961 P ae91e184f20a4d589d6f5cbd4b52af19 reported cstate change: term changed from 1 to 2, leader changed from e19a40533c8444bb928434631d568d69 (127.1.89.130) to ae91e184f20a4d589d6f5cbd4b52af19 (127.1.89.129). New cstate: current_term: 2 leader_uuid: "ae91e184f20a4d589d6f5cbd4b52af19" committed_config { opid_index: -1 OBSOLETE_local: false peers { permanent_uuid: "ae91e184f20a4d589d6f5cbd4b52af19" member_type: VOTER last_known_addr { host: "127.1.89.129" port: 46085 } health_report { overall_health: HEALTHY } } peers { permanent_uuid: "e19a40533c8444bb928434631d568d69" member_type: VOTER last_known_addr { host: "127.1.89.130" port: 37347 } health_report { overall_health: UNKNOWN } } peers { permanent_uuid: "71bf9f5dec58488ea4b576bf2f62b146" member_type: VOTER last_known_addr { host: "127.1.89.131" port: 33095 } health_report { overall_health: UNKNOWN } } }
I20260710 11:07:54.898940  1665 raft_consensus.cc:1275] T 70642ce2920a47f989f26d06dc03b845 P 71bf9f5dec58488ea4b576bf2f62b146 [term 3 FOLLOWER]: Refusing update from remote peer ae91e184f20a4d589d6f5cbd4b52af19: Log matching property violated. Preceding OpId in replica: term: 2 index: 2. Preceding OpId from leader: term: 3 index: 3. (index mismatch)
I20260710 11:07:54.900355  1857 consensus_queue.cc:1048] T 70642ce2920a47f989f26d06dc03b845 P ae91e184f20a4d589d6f5cbd4b52af19 [LEADER]: Connected to new peer: Peer: permanent_uuid: "71bf9f5dec58488ea4b576bf2f62b146" member_type: VOTER last_known_addr { host: "127.1.89.131" port: 33095 }, Status: LMP_MISMATCH, Last received: 0.0, Next index: 3, Last known committed idx: 2, Time since last communication: 0.000s
I20260710 11:07:54.910589  1590 raft_consensus.cc:1275] T 70642ce2920a47f989f26d06dc03b845 P e19a40533c8444bb928434631d568d69 [term 3 FOLLOWER]: Refusing update from remote peer ae91e184f20a4d589d6f5cbd4b52af19: Log matching property violated. Preceding OpId in replica: term: 2 index: 2. Preceding OpId from leader: term: 3 index: 3. (index mismatch)
I20260710 11:07:54.913548  1865 consensus_queue.cc:1048] T 70642ce2920a47f989f26d06dc03b845 P ae91e184f20a4d589d6f5cbd4b52af19 [LEADER]: Connected to new peer: Peer: permanent_uuid: "e19a40533c8444bb928434631d568d69" member_type: VOTER last_known_addr { host: "127.1.89.130" port: 37347 }, Status: LMP_MISMATCH, Last received: 0.0, Next index: 3, Last known committed idx: 2, Time since last communication: 0.001s
I20260710 11:07:54.940335  1590 raft_consensus.cc:1275] T 61d062d4447f482e8f6f6be01f47fbf3 P e19a40533c8444bb928434631d568d69 [term 4 FOLLOWER]: Refusing update from remote peer 71bf9f5dec58488ea4b576bf2f62b146: Log matching property violated. Preceding OpId in replica: term: 3 index: 3. Preceding OpId from leader: term: 4 index: 4. (index mismatch)
I20260710 11:07:54.941560  1807 consensus_queue.cc:1048] T 61d062d4447f482e8f6f6be01f47fbf3 P 71bf9f5dec58488ea4b576bf2f62b146 [LEADER]: Connected to new peer: Peer: permanent_uuid: "e19a40533c8444bb928434631d568d69" member_type: VOTER last_known_addr { host: "127.1.89.130" port: 37347 }, Status: LMP_MISMATCH, Last received: 0.0, Next index: 4, Last known committed idx: 3, Time since last communication: 0.000s
I20260710 11:07:54.950105  1515 raft_consensus.cc:1275] T 61d062d4447f482e8f6f6be01f47fbf3 P ae91e184f20a4d589d6f5cbd4b52af19 [term 4 FOLLOWER]: Refusing update from remote peer 71bf9f5dec58488ea4b576bf2f62b146: Log matching property violated. Preceding OpId in replica: term: 3 index: 3. Preceding OpId from leader: term: 4 index: 4. (index mismatch)
I20260710 11:07:54.952286  1851 consensus_queue.cc:1048] T 61d062d4447f482e8f6f6be01f47fbf3 P 71bf9f5dec58488ea4b576bf2f62b146 [LEADER]: Connected to new peer: Peer: permanent_uuid: "ae91e184f20a4d589d6f5cbd4b52af19" member_type: VOTER last_known_addr { host: "127.1.89.129" port: 46085 }, Status: LMP_MISMATCH, Last received: 0.0, Next index: 4, Last known committed idx: 3, Time since last communication: 0.001s
I20260710 11:07:54.960796  1665 raft_consensus.cc:1275] T 2016e82214b64adc9b3ae46075fbcb7b P 71bf9f5dec58488ea4b576bf2f62b146 [term 5 FOLLOWER]: Refusing update from remote peer ae91e184f20a4d589d6f5cbd4b52af19: Log matching property violated. Preceding OpId in replica: term: 4 index: 4. Preceding OpId from leader: term: 5 index: 5. (index mismatch)
I20260710 11:07:54.962555  1865 consensus_queue.cc:1048] T 2016e82214b64adc9b3ae46075fbcb7b P ae91e184f20a4d589d6f5cbd4b52af19 [LEADER]: Connected to new peer: Peer: permanent_uuid: "71bf9f5dec58488ea4b576bf2f62b146" member_type: VOTER last_known_addr { host: "127.1.89.131" port: 33095 }, Status: LMP_MISMATCH, Last received: 0.0, Next index: 5, Last known committed idx: 4, Time since last communication: 0.000s
I20260710 11:07:54.975090  1590 raft_consensus.cc:1275] T 2016e82214b64adc9b3ae46075fbcb7b P e19a40533c8444bb928434631d568d69 [term 5 FOLLOWER]: Refusing update from remote peer ae91e184f20a4d589d6f5cbd4b52af19: Log matching property violated. Preceding OpId in replica: term: 4 index: 4. Preceding OpId from leader: term: 5 index: 5. (index mismatch)
I20260710 11:07:54.977260  1857 consensus_queue.cc:1048] T 2016e82214b64adc9b3ae46075fbcb7b P ae91e184f20a4d589d6f5cbd4b52af19 [LEADER]: Connected to new peer: Peer: permanent_uuid: "e19a40533c8444bb928434631d568d69" member_type: VOTER last_known_addr { host: "127.1.89.130" port: 37347 }, Status: LMP_MISMATCH, Last received: 0.0, Next index: 5, Last known committed idx: 4, Time since last communication: 0.000s
I20260710 11:07:54.992425  1590 raft_consensus.cc:1275] T b2171b5689f445caad61fddf51a30961 P e19a40533c8444bb928434631d568d69 [term 2 FOLLOWER]: Refusing update from remote peer ae91e184f20a4d589d6f5cbd4b52af19: Log matching property violated. Preceding OpId in replica: term: 1 index: 1. Preceding OpId from leader: term: 2 index: 2. (index mismatch)
I20260710 11:07:54.993605  1857 consensus_queue.cc:1048] T b2171b5689f445caad61fddf51a30961 P ae91e184f20a4d589d6f5cbd4b52af19 [LEADER]: Connected to new peer: Peer: permanent_uuid: "e19a40533c8444bb928434631d568d69" member_type: VOTER last_known_addr { host: "127.1.89.130" port: 37347 }, Status: LMP_MISMATCH, Last received: 0.0, Next index: 2, Last known committed idx: 1, Time since last communication: 0.000s
I20260710 11:07:55.003209  1665 raft_consensus.cc:1275] T b2171b5689f445caad61fddf51a30961 P 71bf9f5dec58488ea4b576bf2f62b146 [term 2 FOLLOWER]: Refusing update from remote peer ae91e184f20a4d589d6f5cbd4b52af19: Log matching property violated. Preceding OpId in replica: term: 1 index: 1. Preceding OpId from leader: term: 2 index: 2. (index mismatch)
I20260710 11:07:55.005231  1865 consensus_queue.cc:1048] T b2171b5689f445caad61fddf51a30961 P ae91e184f20a4d589d6f5cbd4b52af19 [LEADER]: Connected to new peer: Peer: permanent_uuid: "71bf9f5dec58488ea4b576bf2f62b146" member_type: VOTER last_known_addr { host: "127.1.89.131" port: 33095 }, Status: LMP_MISMATCH, Last received: 0.0, Next index: 2, Last known committed idx: 1, Time since last communication: 0.001s
I20260710 11:07:55.125780  1515 raft_consensus.cc:1275] T 94770e80307640af9f90507c1b2cfbc1 P ae91e184f20a4d589d6f5cbd4b52af19 [term 4 FOLLOWER]: Refusing update from remote peer 71bf9f5dec58488ea4b576bf2f62b146: Log matching property violated. Preceding OpId in replica: term: 3 index: 3. Preceding OpId from leader: term: 4 index: 4. (index mismatch)
I20260710 11:07:55.127056  1851 consensus_queue.cc:1048] T 94770e80307640af9f90507c1b2cfbc1 P 71bf9f5dec58488ea4b576bf2f62b146 [LEADER]: Connected to new peer: Peer: permanent_uuid: "ae91e184f20a4d589d6f5cbd4b52af19" member_type: VOTER last_known_addr { host: "127.1.89.129" port: 46085 }, Status: LMP_MISMATCH, Last received: 0.0, Next index: 4, Last known committed idx: 3, Time since last communication: 0.000s
I20260710 11:07:55.135910  1590 raft_consensus.cc:1275] T 94770e80307640af9f90507c1b2cfbc1 P e19a40533c8444bb928434631d568d69 [term 4 FOLLOWER]: Refusing update from remote peer 71bf9f5dec58488ea4b576bf2f62b146: Log matching property violated. Preceding OpId in replica: term: 3 index: 3. Preceding OpId from leader: term: 4 index: 4. (index mismatch)
I20260710 11:07:55.137698  1870 consensus_queue.cc:1048] T 94770e80307640af9f90507c1b2cfbc1 P 71bf9f5dec58488ea4b576bf2f62b146 [LEADER]: Connected to new peer: Peer: permanent_uuid: "e19a40533c8444bb928434631d568d69" member_type: VOTER last_known_addr { host: "127.1.89.130" port: 37347 }, Status: LMP_MISMATCH, Last received: 0.0, Next index: 4, Last known committed idx: 3, Time since last communication: 0.000s
I20260710 11:07:55.168828  1382 auto_leader_rebalancer.cc:141] leader rebalance for table test-workload
I20260710 11:07:55.174723  1382 tablet_server.cc:179] TabletServer@127.1.89.129:0 shutting down...
I20260710 11:07:55.203819  1382 ts_tablet_manager.cc:1507] Shutting down tablet manager...
I20260710 11:07:55.204659  1382 tablet_replica.cc:333] T 24d29673ed1448709165c3a5e4f9e9a1 P ae91e184f20a4d589d6f5cbd4b52af19: stopping tablet replica
I20260710 11:07:55.205740  1382 raft_consensus.cc:2243] T 24d29673ed1448709165c3a5e4f9e9a1 P ae91e184f20a4d589d6f5cbd4b52af19 [term 2 FOLLOWER]: Raft consensus shutting down.
I20260710 11:07:55.206457  1382 raft_consensus.cc:2272] T 24d29673ed1448709165c3a5e4f9e9a1 P ae91e184f20a4d589d6f5cbd4b52af19 [term 2 FOLLOWER]: Raft consensus is shut down!
I20260710 11:07:55.208791  1382 tablet_replica.cc:333] T b2171b5689f445caad61fddf51a30961 P ae91e184f20a4d589d6f5cbd4b52af19: stopping tablet replica
I20260710 11:07:55.209262  1382 raft_consensus.cc:2243] T b2171b5689f445caad61fddf51a30961 P ae91e184f20a4d589d6f5cbd4b52af19 [term 2 LEADER]: Raft consensus shutting down.
I20260710 11:07:55.209944  1382 raft_consensus.cc:2272] T b2171b5689f445caad61fddf51a30961 P ae91e184f20a4d589d6f5cbd4b52af19 [term 2 FOLLOWER]: Raft consensus is shut down!
I20260710 11:07:55.211930  1382 tablet_replica.cc:333] T 94770e80307640af9f90507c1b2cfbc1 P ae91e184f20a4d589d6f5cbd4b52af19: stopping tablet replica
I20260710 11:07:55.212378  1382 raft_consensus.cc:2243] T 94770e80307640af9f90507c1b2cfbc1 P ae91e184f20a4d589d6f5cbd4b52af19 [term 4 FOLLOWER]: Raft consensus shutting down.
I20260710 11:07:55.212723  1382 raft_consensus.cc:2272] T 94770e80307640af9f90507c1b2cfbc1 P ae91e184f20a4d589d6f5cbd4b52af19 [term 4 FOLLOWER]: Raft consensus is shut down!
I20260710 11:07:55.214475  1382 tablet_replica.cc:333] T 2016e82214b64adc9b3ae46075fbcb7b P ae91e184f20a4d589d6f5cbd4b52af19: stopping tablet replica
I20260710 11:07:55.214922  1382 raft_consensus.cc:2243] T 2016e82214b64adc9b3ae46075fbcb7b P ae91e184f20a4d589d6f5cbd4b52af19 [term 5 LEADER]: Raft consensus shutting down.
I20260710 11:07:55.215672  1382 raft_consensus.cc:2272] T 2016e82214b64adc9b3ae46075fbcb7b P ae91e184f20a4d589d6f5cbd4b52af19 [term 5 FOLLOWER]: Raft consensus is shut down!
I20260710 11:07:55.217418  1382 tablet_replica.cc:333] T 70642ce2920a47f989f26d06dc03b845 P ae91e184f20a4d589d6f5cbd4b52af19: stopping tablet replica
I20260710 11:07:55.217984  1382 raft_consensus.cc:2243] T 70642ce2920a47f989f26d06dc03b845 P ae91e184f20a4d589d6f5cbd4b52af19 [term 3 LEADER]: Raft consensus shutting down.
I20260710 11:07:55.218636  1382 raft_consensus.cc:2272] T 70642ce2920a47f989f26d06dc03b845 P ae91e184f20a4d589d6f5cbd4b52af19 [term 3 FOLLOWER]: Raft consensus is shut down!
I20260710 11:07:55.220875  1382 tablet_replica.cc:333] T 61d062d4447f482e8f6f6be01f47fbf3 P ae91e184f20a4d589d6f5cbd4b52af19: stopping tablet replica
I20260710 11:07:55.221380  1382 raft_consensus.cc:2243] T 61d062d4447f482e8f6f6be01f47fbf3 P ae91e184f20a4d589d6f5cbd4b52af19 [term 4 FOLLOWER]: Raft consensus shutting down.
I20260710 11:07:55.221815  1382 raft_consensus.cc:2272] T 61d062d4447f482e8f6f6be01f47fbf3 P ae91e184f20a4d589d6f5cbd4b52af19 [term 4 FOLLOWER]: Raft consensus is shut down!
W20260710 11:07:55.222108  1630 proxy.cc:239] Call had error, refreshing address and retrying: Remote error: Service unavailable: service kudu.consensus.ConsensusService not registered on TabletServer
I20260710 11:07:55.224190  1382 tablet_replica.cc:333] T b58da3e149134ab0b8883f52651618fc P ae91e184f20a4d589d6f5cbd4b52af19: stopping tablet replica
I20260710 11:07:55.224745  1382 raft_consensus.cc:2243] T b58da3e149134ab0b8883f52651618fc P ae91e184f20a4d589d6f5cbd4b52af19 [term 2 FOLLOWER]: Raft consensus shutting down.
