I20260710 11:08:08.533138  2685 raft_consensus.cc:385] T 264b3a7c04034ce5be58e492557e9974 P 0d4e4756073144c58bb3f0507ff1cb81 [term 0 FOLLOWER]: Consensus starting up: Expiring failure detector timer to make a prompt election more likely
I20260710 11:08:08.533453  2685 raft_consensus.cc:740] T 264b3a7c04034ce5be58e492557e9974 P 0d4e4756073144c58bb3f0507ff1cb81 [term 0 FOLLOWER]: Becoming Follower/Learner. State: Replica: 0d4e4756073144c58bb3f0507ff1cb81, State: Initialized, Role: FOLLOWER
I20260710 11:08:08.534276  2685 consensus_queue.cc:260] T 264b3a7c04034ce5be58e492557e9974 P 0d4e4756073144c58bb3f0507ff1cb81 [NON_LEADER]: Queue going to NON_LEADER mode. State: All replicated index: 0, Majority replicated index: 0, Committed index: 0, Last appended: 0.0, Last appended by leader: 0, Current term: 0, Majority size: -1, State: 0, Mode: NON_LEADER, active raft config: opid_index: -1 OBSOLETE_local: false peers { permanent_uuid: "a16cb8b7d7f549f6872b0f5b9bd6ebbe" member_type: VOTER last_known_addr { host: "127.1.89.129" port: 44639 } } peers { permanent_uuid: "af5b631c8e58496fbe56a7d5d6fae898" member_type: VOTER last_known_addr { host: "127.1.89.130" port: 34903 } } peers { permanent_uuid: "0d4e4756073144c58bb3f0507ff1cb81" member_type: VOTER last_known_addr { host: "127.1.89.131" port: 39203 } }
I20260710 11:08:08.534904  2643 tablet_service.cc:1917] Received RequestConsensusVote() RPC: tablet_id: "5efb76abb24742cca381612a955ee1a2" candidate_uuid: "a16cb8b7d7f549f6872b0f5b9bd6ebbe" candidate_term: 1 candidate_status { last_received { term: 0 index: 0 } } ignore_live_leader: false dest_uuid: "0d4e4756073144c58bb3f0507ff1cb81" is_pre_election: true
I20260710 11:08:08.535676  2643 raft_consensus.cc:2393] T 5efb76abb24742cca381612a955ee1a2 P 0d4e4756073144c58bb3f0507ff1cb81 [term 1 FOLLOWER]: Leader pre-election vote request: Denying vote to candidate a16cb8b7d7f549f6872b0f5b9bd6ebbe in current term 1: Already voted for candidate 0d4e4756073144c58bb3f0507ff1cb81 in this term.
I20260710 11:08:08.536526  2685 ts_tablet_manager.cc:1434] T 264b3a7c04034ce5be58e492557e9974 P 0d4e4756073144c58bb3f0507ff1cb81: Time spent starting tablet: real 0.007s	user 0.006s	sys 0.001s
I20260710 11:08:08.537417  2685 tablet_bootstrap.cc:492] T 6a0945056092461ca0753a9fcbee0ee5 P 0d4e4756073144c58bb3f0507ff1cb81: Bootstrap starting.
I20260710 11:08:08.537098  2459 leader_election.cc:304] T 5efb76abb24742cca381612a955ee1a2 P a16cb8b7d7f549f6872b0f5b9bd6ebbe [CANDIDATE]: Term 1 pre-election: Election decided. Result: candidate lost. Election summary: received 3 responses out of 3 voters: 1 yes votes; 2 no votes. yes voters: a16cb8b7d7f549f6872b0f5b9bd6ebbe; no voters: 0d4e4756073144c58bb3f0507ff1cb81, af5b631c8e58496fbe56a7d5d6fae898
I20260710 11:08:08.540539  2742 raft_consensus.cc:3060] T 5efb76abb24742cca381612a955ee1a2 P a16cb8b7d7f549f6872b0f5b9bd6ebbe [term 0 FOLLOWER]: Advancing to term 1
I20260710 11:08:08.544332  2685 tablet_bootstrap.cc:654] T 6a0945056092461ca0753a9fcbee0ee5 P 0d4e4756073144c58bb3f0507ff1cb81: Neither blocks nor log segments found. Creating new log.
I20260710 11:08:08.546209  2683 tablet_bootstrap.cc:654] T aacaa493e37e47b196c584f46c8a58be P af5b631c8e58496fbe56a7d5d6fae898: Neither blocks nor log segments found. Creating new log.
I20260710 11:08:08.563510  2742 raft_consensus.cc:2749] T 5efb76abb24742cca381612a955ee1a2 P a16cb8b7d7f549f6872b0f5b9bd6ebbe [term 1 FOLLOWER]: Leader pre-election lost for term 1. Reason: could not achieve majority
I20260710 11:08:08.566134  2685 tablet_bootstrap.cc:492] T 6a0945056092461ca0753a9fcbee0ee5 P 0d4e4756073144c58bb3f0507ff1cb81: No bootstrap required, opened a new log
I20260710 11:08:08.566622  2684 tablet_bootstrap.cc:492] T a2e066e4315b4adbb92495fd7026bb4d P a16cb8b7d7f549f6872b0f5b9bd6ebbe: No bootstrap required, opened a new log
I20260710 11:08:08.566646  2685 ts_tablet_manager.cc:1403] T 6a0945056092461ca0753a9fcbee0ee5 P 0d4e4756073144c58bb3f0507ff1cb81: Time spent bootstrapping tablet: real 0.029s	user 0.010s	sys 0.008s
I20260710 11:08:08.567166  2684 ts_tablet_manager.cc:1403] T a2e066e4315b4adbb92495fd7026bb4d P a16cb8b7d7f549f6872b0f5b9bd6ebbe: Time spent bootstrapping tablet: real 0.164s	user 0.008s	sys 0.015s
I20260710 11:08:08.567828  2690 raft_consensus.cc:493] T fddd6c1cd721444d841807e50641482d P af5b631c8e58496fbe56a7d5d6fae898 [term 0 FOLLOWER]: Starting pre-election (no leader contacted us within the election timeout)
I20260710 11:08:08.568761  2690 raft_consensus.cc:515] T fddd6c1cd721444d841807e50641482d P af5b631c8e58496fbe56a7d5d6fae898 [term 0 FOLLOWER]: Starting pre-election with config: opid_index: -1 OBSOLETE_local: false peers { permanent_uuid: "a16cb8b7d7f549f6872b0f5b9bd6ebbe" member_type: VOTER last_known_addr { host: "127.1.89.129" port: 44639 } } peers { permanent_uuid: "af5b631c8e58496fbe56a7d5d6fae898" member_type: VOTER last_known_addr { host: "127.1.89.130" port: 34903 } } peers { permanent_uuid: "0d4e4756073144c58bb3f0507ff1cb81" member_type: VOTER last_known_addr { host: "127.1.89.131" port: 39203 } }
I20260710 11:08:08.569502  2685 raft_consensus.cc:359] T 6a0945056092461ca0753a9fcbee0ee5 P 0d4e4756073144c58bb3f0507ff1cb81 [term 0 FOLLOWER]: Replica starting. Triggering 0 pending ops. Active config: opid_index: -1 OBSOLETE_local: false peers { permanent_uuid: "a16cb8b7d7f549f6872b0f5b9bd6ebbe" member_type: VOTER last_known_addr { host: "127.1.89.129" port: 44639 } } peers { permanent_uuid: "af5b631c8e58496fbe56a7d5d6fae898" member_type: VOTER last_known_addr { host: "127.1.89.130" port: 34903 } } peers { permanent_uuid: "0d4e4756073144c58bb3f0507ff1cb81" member_type: VOTER last_known_addr { host: "127.1.89.131" port: 39203 } }
I20260710 11:08:08.569830  2684 raft_consensus.cc:359] T a2e066e4315b4adbb92495fd7026bb4d P a16cb8b7d7f549f6872b0f5b9bd6ebbe [term 0 FOLLOWER]: Replica starting. Triggering 0 pending ops. Active config: opid_index: -1 OBSOLETE_local: false peers { permanent_uuid: "a16cb8b7d7f549f6872b0f5b9bd6ebbe" member_type: VOTER last_known_addr { host: "127.1.89.129" port: 44639 } } peers { permanent_uuid: "af5b631c8e58496fbe56a7d5d6fae898" member_type: VOTER last_known_addr { host: "127.1.89.130" port: 34903 } } peers { permanent_uuid: "0d4e4756073144c58bb3f0507ff1cb81" member_type: VOTER last_known_addr { host: "127.1.89.131" port: 39203 } }
I20260710 11:08:08.570176  2685 raft_consensus.cc:385] T 6a0945056092461ca0753a9fcbee0ee5 P 0d4e4756073144c58bb3f0507ff1cb81 [term 0 FOLLOWER]: Consensus starting up: Expiring failure detector timer to make a prompt election more likely
I20260710 11:08:08.570479  2684 raft_consensus.cc:385] T a2e066e4315b4adbb92495fd7026bb4d P a16cb8b7d7f549f6872b0f5b9bd6ebbe [term 0 FOLLOWER]: Consensus starting up: Expiring failure detector timer to make a prompt election more likely
I20260710 11:08:08.570528  2685 raft_consensus.cc:740] T 6a0945056092461ca0753a9fcbee0ee5 P 0d4e4756073144c58bb3f0507ff1cb81 [term 0 FOLLOWER]: Becoming Follower/Learner. State: Replica: 0d4e4756073144c58bb3f0507ff1cb81, State: Initialized, Role: FOLLOWER
I20260710 11:08:08.570750  2690 leader_election.cc:290] T fddd6c1cd721444d841807e50641482d P af5b631c8e58496fbe56a7d5d6fae898 [CANDIDATE]: Term 1 pre-election: Requested pre-vote from peers a16cb8b7d7f549f6872b0f5b9bd6ebbe (127.1.89.129:44639), 0d4e4756073144c58bb3f0507ff1cb81 (127.1.89.131:39203)
I20260710 11:08:08.570868  2684 raft_consensus.cc:740] T a2e066e4315b4adbb92495fd7026bb4d P a16cb8b7d7f549f6872b0f5b9bd6ebbe [term 0 FOLLOWER]: Becoming Follower/Learner. State: Replica: a16cb8b7d7f549f6872b0f5b9bd6ebbe, State: Initialized, Role: FOLLOWER
I20260710 11:08:08.571343  2685 consensus_queue.cc:260] T 6a0945056092461ca0753a9fcbee0ee5 P 0d4e4756073144c58bb3f0507ff1cb81 [NON_LEADER]: Queue going to NON_LEADER mode. State: All replicated index: 0, Majority replicated index: 0, Committed index: 0, Last appended: 0.0, Last appended by leader: 0, Current term: 0, Majority size: -1, State: 0, Mode: NON_LEADER, active raft config: opid_index: -1 OBSOLETE_local: false peers { permanent_uuid: "a16cb8b7d7f549f6872b0f5b9bd6ebbe" member_type: VOTER last_known_addr { host: "127.1.89.129" port: 44639 } } peers { permanent_uuid: "af5b631c8e58496fbe56a7d5d6fae898" member_type: VOTER last_known_addr { host: "127.1.89.130" port: 34903 } } peers { permanent_uuid: "0d4e4756073144c58bb3f0507ff1cb81" member_type: VOTER last_known_addr { host: "127.1.89.131" port: 39203 } }
I20260710 11:08:08.573024  2493 tablet_service.cc:1917] Received RequestConsensusVote() RPC: tablet_id: "fddd6c1cd721444d841807e50641482d" candidate_uuid: "af5b631c8e58496fbe56a7d5d6fae898" candidate_term: 1 candidate_status { last_received { term: 0 index: 0 } } ignore_live_leader: false dest_uuid: "a16cb8b7d7f549f6872b0f5b9bd6ebbe" is_pre_election: true
I20260710 11:08:08.573243  2643 tablet_service.cc:1917] Received RequestConsensusVote() RPC: tablet_id: "fddd6c1cd721444d841807e50641482d" candidate_uuid: "af5b631c8e58496fbe56a7d5d6fae898" candidate_term: 1 candidate_status { last_received { term: 0 index: 0 } } ignore_live_leader: false dest_uuid: "0d4e4756073144c58bb3f0507ff1cb81" is_pre_election: true
I20260710 11:08:08.573431  2685 ts_tablet_manager.cc:1434] T 6a0945056092461ca0753a9fcbee0ee5 P 0d4e4756073144c58bb3f0507ff1cb81: Time spent starting tablet: real 0.006s	user 0.005s	sys 0.000s
I20260710 11:08:08.573678  2493 raft_consensus.cc:2468] T fddd6c1cd721444d841807e50641482d P a16cb8b7d7f549f6872b0f5b9bd6ebbe [term 0 FOLLOWER]: Leader pre-election vote request: Granting yes vote for candidate af5b631c8e58496fbe56a7d5d6fae898 in term 0.
I20260710 11:08:08.574316  2685 tablet_bootstrap.cc:492] T fddd6c1cd721444d841807e50641482d P 0d4e4756073144c58bb3f0507ff1cb81: Bootstrap starting.
I20260710 11:08:08.574661  2534 leader_election.cc:304] T fddd6c1cd721444d841807e50641482d P af5b631c8e58496fbe56a7d5d6fae898 [CANDIDATE]: Term 1 pre-election: Election decided. Result: candidate won. Election summary: received 2 responses out of 3 voters: 2 yes votes; 0 no votes. yes voters: a16cb8b7d7f549f6872b0f5b9bd6ebbe, af5b631c8e58496fbe56a7d5d6fae898; no voters: 
I20260710 11:08:08.575013  2683 tablet_bootstrap.cc:492] T aacaa493e37e47b196c584f46c8a58be P af5b631c8e58496fbe56a7d5d6fae898: No bootstrap required, opened a new log
I20260710 11:08:08.575485  2683 ts_tablet_manager.cc:1403] T aacaa493e37e47b196c584f46c8a58be P af5b631c8e58496fbe56a7d5d6fae898: Time spent bootstrapping tablet: real 0.046s	user 0.006s	sys 0.016s
W20260710 11:08:08.575572  2534 leader_election.cc:343] T fddd6c1cd721444d841807e50641482d P af5b631c8e58496fbe56a7d5d6fae898 [CANDIDATE]: Term 1 pre-election: Tablet error from VoteRequest() call to peer 0d4e4756073144c58bb3f0507ff1cb81 (127.1.89.131:39203): Illegal state: must be running to vote when last-logged opid is not known
I20260710 11:08:08.576421  2706 raft_consensus.cc:493] T d179f297d2c34fa8a0694eb50213dcc3 P af5b631c8e58496fbe56a7d5d6fae898 [term 0 FOLLOWER]: Starting pre-election (no leader contacted us within the election timeout)
I20260710 11:08:08.576880  2706 raft_consensus.cc:515] T d179f297d2c34fa8a0694eb50213dcc3 P af5b631c8e58496fbe56a7d5d6fae898 [term 0 FOLLOWER]: Starting pre-election with config: opid_index: -1 OBSOLETE_local: false peers { permanent_uuid: "a16cb8b7d7f549f6872b0f5b9bd6ebbe" member_type: VOTER last_known_addr { host: "127.1.89.129" port: 44639 } } peers { permanent_uuid: "af5b631c8e58496fbe56a7d5d6fae898" member_type: VOTER last_known_addr { host: "127.1.89.130" port: 34903 } } peers { permanent_uuid: "0d4e4756073144c58bb3f0507ff1cb81" member_type: VOTER last_known_addr { host: "127.1.89.131" port: 39203 } }
I20260710 11:08:08.578047  2683 raft_consensus.cc:359] T aacaa493e37e47b196c584f46c8a58be P af5b631c8e58496fbe56a7d5d6fae898 [term 0 FOLLOWER]: Replica starting. Triggering 0 pending ops. Active config: opid_index: -1 OBSOLETE_local: false peers { permanent_uuid: "a16cb8b7d7f549f6872b0f5b9bd6ebbe" member_type: VOTER last_known_addr { host: "127.1.89.129" port: 44639 } } peers { permanent_uuid: "af5b631c8e58496fbe56a7d5d6fae898" member_type: VOTER last_known_addr { host: "127.1.89.130" port: 34903 } } peers { permanent_uuid: "0d4e4756073144c58bb3f0507ff1cb81" member_type: VOTER last_known_addr { host: "127.1.89.131" port: 39203 } }
I20260710 11:08:08.578689  2683 raft_consensus.cc:385] T aacaa493e37e47b196c584f46c8a58be P af5b631c8e58496fbe56a7d5d6fae898 [term 0 FOLLOWER]: Consensus starting up: Expiring failure detector timer to make a prompt election more likely
I20260710 11:08:08.579281  2713 raft_consensus.cc:493] T c7400fe340974108bc46f151f472603e P af5b631c8e58496fbe56a7d5d6fae898 [term 0 FOLLOWER]: Starting pre-election (no leader contacted us within the election timeout)
I20260710 11:08:08.579299  2683 raft_consensus.cc:740] T aacaa493e37e47b196c584f46c8a58be P af5b631c8e58496fbe56a7d5d6fae898 [term 0 FOLLOWER]: Becoming Follower/Learner. State: Replica: af5b631c8e58496fbe56a7d5d6fae898, State: Initialized, Role: FOLLOWER
I20260710 11:08:08.580257  2685 tablet_bootstrap.cc:654] T fddd6c1cd721444d841807e50641482d P 0d4e4756073144c58bb3f0507ff1cb81: Neither blocks nor log segments found. Creating new log.
I20260710 11:08:08.580022  2713 raft_consensus.cc:515] T c7400fe340974108bc46f151f472603e P af5b631c8e58496fbe56a7d5d6fae898 [term 0 FOLLOWER]: Starting pre-election with config: opid_index: -1 OBSOLETE_local: false peers { permanent_uuid: "a16cb8b7d7f549f6872b0f5b9bd6ebbe" member_type: VOTER last_known_addr { host: "127.1.89.129" port: 44639 } } peers { permanent_uuid: "af5b631c8e58496fbe56a7d5d6fae898" member_type: VOTER last_known_addr { host: "127.1.89.130" port: 34903 } } peers { permanent_uuid: "0d4e4756073144c58bb3f0507ff1cb81" member_type: VOTER last_known_addr { host: "127.1.89.131" port: 39203 } }
I20260710 11:08:08.580684  2683 consensus_queue.cc:260] T aacaa493e37e47b196c584f46c8a58be P af5b631c8e58496fbe56a7d5d6fae898 [NON_LEADER]: Queue going to NON_LEADER mode. State: All replicated index: 0, Majority replicated index: 0, Committed index: 0, Last appended: 0.0, Last appended by leader: 0, Current term: 0, Majority size: -1, State: 0, Mode: NON_LEADER, active raft config: opid_index: -1 OBSOLETE_local: false peers { permanent_uuid: "a16cb8b7d7f549f6872b0f5b9bd6ebbe" member_type: VOTER last_known_addr { host: "127.1.89.129" port: 44639 } } peers { permanent_uuid: "af5b631c8e58496fbe56a7d5d6fae898" member_type: VOTER last_known_addr { host: "127.1.89.130" port: 34903 } } peers { permanent_uuid: "0d4e4756073144c58bb3f0507ff1cb81" member_type: VOTER last_known_addr { host: "127.1.89.131" port: 39203 } }
I20260710 11:08:08.582012  2713 leader_election.cc:290] T c7400fe340974108bc46f151f472603e P af5b631c8e58496fbe56a7d5d6fae898 [CANDIDATE]: Term 1 pre-election: Requested pre-vote from peers a16cb8b7d7f549f6872b0f5b9bd6ebbe (127.1.89.129:44639), 0d4e4756073144c58bb3f0507ff1cb81 (127.1.89.131:39203)
I20260710 11:08:08.582505  2713 raft_consensus.cc:493] T 9e3f384285f44db38e4566bb6eeb6ba1 P af5b631c8e58496fbe56a7d5d6fae898 [term 0 FOLLOWER]: Starting pre-election (no leader contacted us within the election timeout)
I20260710 11:08:08.582896  2713 raft_consensus.cc:515] T 9e3f384285f44db38e4566bb6eeb6ba1 P af5b631c8e58496fbe56a7d5d6fae898 [term 0 FOLLOWER]: Starting pre-election with config: opid_index: -1 OBSOLETE_local: false peers { permanent_uuid: "a16cb8b7d7f549f6872b0f5b9bd6ebbe" member_type: VOTER last_known_addr { host: "127.1.89.129" port: 44639 } } peers { permanent_uuid: "af5b631c8e58496fbe56a7d5d6fae898" member_type: VOTER last_known_addr { host: "127.1.89.130" port: 34903 } } peers { permanent_uuid: "0d4e4756073144c58bb3f0507ff1cb81" member_type: VOTER last_known_addr { host: "127.1.89.131" port: 39203 } }
I20260710 11:08:08.579038  2719 raft_consensus.cc:2804] T fddd6c1cd721444d841807e50641482d P af5b631c8e58496fbe56a7d5d6fae898 [term 0 FOLLOWER]: Leader pre-election won for term 1
I20260710 11:08:08.594228  2719 raft_consensus.cc:493] T fddd6c1cd721444d841807e50641482d P af5b631c8e58496fbe56a7d5d6fae898 [term 0 FOLLOWER]: Starting leader election (no leader contacted us within the election timeout)
I20260710 11:08:08.594623  2719 raft_consensus.cc:3060] T fddd6c1cd721444d841807e50641482d P af5b631c8e58496fbe56a7d5d6fae898 [term 0 FOLLOWER]: Advancing to term 1
I20260710 11:08:08.595804  2713 leader_election.cc:290] T 9e3f384285f44db38e4566bb6eeb6ba1 P af5b631c8e58496fbe56a7d5d6fae898 [CANDIDATE]: Term 1 pre-election: Requested pre-vote from peers a16cb8b7d7f549f6872b0f5b9bd6ebbe (127.1.89.129:44639), 0d4e4756073144c58bb3f0507ff1cb81 (127.1.89.131:39203)
W20260710 11:08:08.589309  2441 auto_rebalancer.cc:288] Could not retrieve cluster info: Service unavailable: Tablet not running
I20260710 11:08:08.601994  2719 raft_consensus.cc:515] T fddd6c1cd721444d841807e50641482d P af5b631c8e58496fbe56a7d5d6fae898 [term 1 FOLLOWER]: Starting leader election with config: opid_index: -1 OBSOLETE_local: false peers { permanent_uuid: "a16cb8b7d7f549f6872b0f5b9bd6ebbe" member_type: VOTER last_known_addr { host: "127.1.89.129" port: 44639 } } peers { permanent_uuid: "af5b631c8e58496fbe56a7d5d6fae898" member_type: VOTER last_known_addr { host: "127.1.89.130" port: 34903 } } peers { permanent_uuid: "0d4e4756073144c58bb3f0507ff1cb81" member_type: VOTER last_known_addr { host: "127.1.89.131" port: 39203 } }
I20260710 11:08:08.588717  2684 consensus_queue.cc:260] T a2e066e4315b4adbb92495fd7026bb4d P a16cb8b7d7f549f6872b0f5b9bd6ebbe [NON_LEADER]: Queue going to NON_LEADER mode. State: All replicated index: 0, Majority replicated index: 0, Committed index: 0, Last appended: 0.0, Last appended by leader: 0, Current term: 0, Majority size: -1, State: 0, Mode: NON_LEADER, active raft config: opid_index: -1 OBSOLETE_local: false peers { permanent_uuid: "a16cb8b7d7f549f6872b0f5b9bd6ebbe" member_type: VOTER last_known_addr { host: "127.1.89.129" port: 44639 } } peers { permanent_uuid: "af5b631c8e58496fbe56a7d5d6fae898" member_type: VOTER last_known_addr { host: "127.1.89.130" port: 34903 } } peers { permanent_uuid: "0d4e4756073144c58bb3f0507ff1cb81" member_type: VOTER last_known_addr { host: "127.1.89.131" port: 39203 } }
I20260710 11:08:08.591126  2683 ts_tablet_manager.cc:1434] T aacaa493e37e47b196c584f46c8a58be P af5b631c8e58496fbe56a7d5d6fae898: Time spent starting tablet: real 0.015s	user 0.008s	sys 0.004s
I20260710 11:08:08.591706  2643 tablet_service.cc:1917] Received RequestConsensusVote() RPC: tablet_id: "c7400fe340974108bc46f151f472603e" candidate_uuid: "af5b631c8e58496fbe56a7d5d6fae898" candidate_term: 1 candidate_status { last_received { term: 0 index: 0 } } ignore_live_leader: false dest_uuid: "0d4e4756073144c58bb3f0507ff1cb81" is_pre_election: true
I20260710 11:08:08.592726  2644 tablet_service.cc:1917] Received RequestConsensusVote() RPC: tablet_id: "d179f297d2c34fa8a0694eb50213dcc3" candidate_uuid: "af5b631c8e58496fbe56a7d5d6fae898" candidate_term: 1 candidate_status { last_received { term: 0 index: 0 } } ignore_live_leader: false dest_uuid: "0d4e4756073144c58bb3f0507ff1cb81" is_pre_election: true
I20260710 11:08:08.603999  2643 raft_consensus.cc:2468] T c7400fe340974108bc46f151f472603e P 0d4e4756073144c58bb3f0507ff1cb81 [term 0 FOLLOWER]: Leader pre-election vote request: Granting yes vote for candidate af5b631c8e58496fbe56a7d5d6fae898 in term 0.
I20260710 11:08:08.578872  2706 leader_election.cc:290] T d179f297d2c34fa8a0694eb50213dcc3 P af5b631c8e58496fbe56a7d5d6fae898 [CANDIDATE]: Term 1 pre-election: Requested pre-vote from peers a16cb8b7d7f549f6872b0f5b9bd6ebbe (127.1.89.129:44639), 0d4e4756073144c58bb3f0507ff1cb81 (127.1.89.131:39203)
I20260710 11:08:08.604780  2719 leader_election.cc:290] T fddd6c1cd721444d841807e50641482d P af5b631c8e58496fbe56a7d5d6fae898 [CANDIDATE]: Term 1 election: Requested vote from peers a16cb8b7d7f549f6872b0f5b9bd6ebbe (127.1.89.129:44639), 0d4e4756073144c58bb3f0507ff1cb81 (127.1.89.131:39203)
W20260710 11:08:08.606087  2534 leader_election.cc:343] T d179f297d2c34fa8a0694eb50213dcc3 P af5b631c8e58496fbe56a7d5d6fae898 [CANDIDATE]: Term 1 pre-election: Tablet error from VoteRequest() call to peer 0d4e4756073144c58bb3f0507ff1cb81 (127.1.89.131:39203): Illegal state: must be running to vote when last-logged opid is not known
I20260710 11:08:08.606504  2490 tablet_service.cc:1917] Received RequestConsensusVote() RPC: tablet_id: "fddd6c1cd721444d841807e50641482d" candidate_uuid: "af5b631c8e58496fbe56a7d5d6fae898" candidate_term: 1 candidate_status { last_received { term: 0 index: 0 } } ignore_live_leader: false dest_uuid: "a16cb8b7d7f549f6872b0f5b9bd6ebbe"
I20260710 11:08:08.606819  2534 leader_election.cc:304] T c7400fe340974108bc46f151f472603e P af5b631c8e58496fbe56a7d5d6fae898 [CANDIDATE]: Term 1 pre-election: Election decided. Result: candidate won. Election summary: received 2 responses out of 3 voters: 2 yes votes; 0 no votes. yes voters: 0d4e4756073144c58bb3f0507ff1cb81, af5b631c8e58496fbe56a7d5d6fae898; no voters: 
I20260710 11:08:08.607072  2683 tablet_bootstrap.cc:492] T 1006717f4fe74210bcd31e784f70c7c1 P af5b631c8e58496fbe56a7d5d6fae898: Bootstrap starting.
I20260710 11:08:08.585939  2492 tablet_service.cc:1917] Received RequestConsensusVote() RPC: tablet_id: "c7400fe340974108bc46f151f472603e" candidate_uuid: "af5b631c8e58496fbe56a7d5d6fae898" candidate_term: 1 candidate_status { last_received { term: 0 index: 0 } } ignore_live_leader: false dest_uuid: "a16cb8b7d7f549f6872b0f5b9bd6ebbe" is_pre_election: true
I20260710 11:08:08.607832  2492 raft_consensus.cc:2468] T c7400fe340974108bc46f151f472603e P a16cb8b7d7f549f6872b0f5b9bd6ebbe [term 0 FOLLOWER]: Leader pre-election vote request: Granting yes vote for candidate af5b631c8e58496fbe56a7d5d6fae898 in term 0.
I20260710 11:08:08.597267  2491 tablet_service.cc:1917] Received RequestConsensusVote() RPC: tablet_id: "9e3f384285f44db38e4566bb6eeb6ba1" candidate_uuid: "af5b631c8e58496fbe56a7d5d6fae898" candidate_term: 1 candidate_status { last_received { term: 0 index: 0 } } ignore_live_leader: false dest_uuid: "a16cb8b7d7f549f6872b0f5b9bd6ebbe" is_pre_election: true
I20260710 11:08:08.608197  2643 tablet_service.cc:1917] Received RequestConsensusVote() RPC: tablet_id: "fddd6c1cd721444d841807e50641482d" candidate_uuid: "af5b631c8e58496fbe56a7d5d6fae898" candidate_term: 1 candidate_status { last_received { term: 0 index: 0 } } ignore_live_leader: false dest_uuid: "0d4e4756073144c58bb3f0507ff1cb81"
I20260710 11:08:08.597750  2685 tablet_bootstrap.cc:492] T fddd6c1cd721444d841807e50641482d P 0d4e4756073144c58bb3f0507ff1cb81: No bootstrap required, opened a new log
I20260710 11:08:08.598623  2764 consensus_queue.cc:1048] T 543d601359b74d13b4908baf8298c4f4 P af5b631c8e58496fbe56a7d5d6fae898 [LEADER]: Connected to new peer: Peer: permanent_uuid: "a16cb8b7d7f549f6872b0f5b9bd6ebbe" member_type: VOTER last_known_addr { host: "127.1.89.129" port: 44639 }, Status: LMP_MISMATCH, Last received: 0.0, Next index: 1, Last known committed idx: 0, Time since last communication: 0.001s
I20260710 11:08:08.609349  2706 raft_consensus.cc:493] T aacaa493e37e47b196c584f46c8a58be P af5b631c8e58496fbe56a7d5d6fae898 [term 0 FOLLOWER]: Starting pre-election (no leader contacted us within the election timeout)
I20260710 11:08:08.609701  2685 ts_tablet_manager.cc:1403] T fddd6c1cd721444d841807e50641482d P 0d4e4756073144c58bb3f0507ff1cb81: Time spent bootstrapping tablet: real 0.036s	user 0.012s	sys 0.007s
I20260710 11:08:08.609827  2706 raft_consensus.cc:515] T aacaa493e37e47b196c584f46c8a58be P af5b631c8e58496fbe56a7d5d6fae898 [term 0 FOLLOWER]: Starting pre-election with config: opid_index: -1 OBSOLETE_local: false peers { permanent_uuid: "a16cb8b7d7f549f6872b0f5b9bd6ebbe" member_type: VOTER last_known_addr { host: "127.1.89.129" port: 44639 } } peers { permanent_uuid: "af5b631c8e58496fbe56a7d5d6fae898" member_type: VOTER last_known_addr { host: "127.1.89.130" port: 34903 } } peers { permanent_uuid: "0d4e4756073144c58bb3f0507ff1cb81" member_type: VOTER last_known_addr { host: "127.1.89.131" port: 39203 } }
I20260710 11:08:08.599262  2641 tablet_service.cc:1917] Received RequestConsensusVote() RPC: tablet_id: "9e3f384285f44db38e4566bb6eeb6ba1" candidate_uuid: "af5b631c8e58496fbe56a7d5d6fae898" candidate_term: 1 candidate_status { last_received { term: 0 index: 0 } } ignore_live_leader: false dest_uuid: "0d4e4756073144c58bb3f0507ff1cb81" is_pre_election: true
I20260710 11:08:08.611392  2641 raft_consensus.cc:2468] T 9e3f384285f44db38e4566bb6eeb6ba1 P 0d4e4756073144c58bb3f0507ff1cb81 [term 0 FOLLOWER]: Leader pre-election vote request: Granting yes vote for candidate af5b631c8e58496fbe56a7d5d6fae898 in term 0.
I20260710 11:08:08.607123  2490 raft_consensus.cc:3060] T fddd6c1cd721444d841807e50641482d P a16cb8b7d7f549f6872b0f5b9bd6ebbe [term 0 FOLLOWER]: Advancing to term 1
I20260710 11:08:08.611681  2764 raft_consensus.cc:2804] T c7400fe340974108bc46f151f472603e P af5b631c8e58496fbe56a7d5d6fae898 [term 0 FOLLOWER]: Leader pre-election won for term 1
I20260710 11:08:08.617077  2764 raft_consensus.cc:493] T c7400fe340974108bc46f151f472603e P af5b631c8e58496fbe56a7d5d6fae898 [term 0 FOLLOWER]: Starting leader election (no leader contacted us within the election timeout)
I20260710 11:08:08.617523  2490 raft_consensus.cc:2468] T fddd6c1cd721444d841807e50641482d P a16cb8b7d7f549f6872b0f5b9bd6ebbe [term 1 FOLLOWER]: Leader election vote request: Granting yes vote for candidate af5b631c8e58496fbe56a7d5d6fae898 in term 1.
I20260710 11:08:08.618027  2684 ts_tablet_manager.cc:1434] T a2e066e4315b4adbb92495fd7026bb4d P a16cb8b7d7f549f6872b0f5b9bd6ebbe: Time spent starting tablet: real 0.051s	user 0.002s	sys 0.007s
I20260710 11:08:08.617539  2764 raft_consensus.cc:3060] T c7400fe340974108bc46f151f472603e P af5b631c8e58496fbe56a7d5d6fae898 [term 0 FOLLOWER]: Advancing to term 1
I20260710 11:08:08.619185  2684 tablet_bootstrap.cc:492] T d179f297d2c34fa8a0694eb50213dcc3 P a16cb8b7d7f549f6872b0f5b9bd6ebbe: Bootstrap starting.
I20260710 11:08:08.616607  2706 leader_election.cc:290] T aacaa493e37e47b196c584f46c8a58be P af5b631c8e58496fbe56a7d5d6fae898 [CANDIDATE]: Term 1 pre-election: Requested pre-vote from peers a16cb8b7d7f549f6872b0f5b9bd6ebbe (127.1.89.129:44639), 0d4e4756073144c58bb3f0507ff1cb81 (127.1.89.131:39203)
I20260710 11:08:08.593744  2493 tablet_service.cc:1917] Received RequestConsensusVote() RPC: tablet_id: "d179f297d2c34fa8a0694eb50213dcc3" candidate_uuid: "af5b631c8e58496fbe56a7d5d6fae898" candidate_term: 1 candidate_status { last_received { term: 0 index: 0 } } ignore_live_leader: false dest_uuid: "a16cb8b7d7f549f6872b0f5b9bd6ebbe" is_pre_election: true
I20260710 11:08:08.616735  2683 tablet_bootstrap.cc:654] T 1006717f4fe74210bcd31e784f70c7c1 P af5b631c8e58496fbe56a7d5d6fae898: Neither blocks nor log segments found. Creating new log.
I20260710 11:08:08.612331  2685 raft_consensus.cc:359] T fddd6c1cd721444d841807e50641482d P 0d4e4756073144c58bb3f0507ff1cb81 [term 0 FOLLOWER]: Replica starting. Triggering 0 pending ops. Active config: opid_index: -1 OBSOLETE_local: false peers { permanent_uuid: "a16cb8b7d7f549f6872b0f5b9bd6ebbe" member_type: VOTER last_known_addr { host: "127.1.89.129" port: 44639 } } peers { permanent_uuid: "af5b631c8e58496fbe56a7d5d6fae898" member_type: VOTER last_known_addr { host: "127.1.89.130" port: 34903 } } peers { permanent_uuid: "0d4e4756073144c58bb3f0507ff1cb81" member_type: VOTER last_known_addr { host: "127.1.89.131" port: 39203 } }
I20260710 11:08:08.624117  2685 raft_consensus.cc:385] T fddd6c1cd721444d841807e50641482d P 0d4e4756073144c58bb3f0507ff1cb81 [term 0 FOLLOWER]: Consensus starting up: Expiring failure detector timer to make a prompt election more likely
I20260710 11:08:08.624614  2685 raft_consensus.cc:740] T fddd6c1cd721444d841807e50641482d P 0d4e4756073144c58bb3f0507ff1cb81 [term 0 FOLLOWER]: Becoming Follower/Learner. State: Replica: 0d4e4756073144c58bb3f0507ff1cb81, State: Initialized, Role: FOLLOWER
I20260710 11:08:08.625362  2685 consensus_queue.cc:260] T fddd6c1cd721444d841807e50641482d P 0d4e4756073144c58bb3f0507ff1cb81 [NON_LEADER]: Queue going to NON_LEADER mode. State: All replicated index: 0, Majority replicated index: 0, Committed index: 0, Last appended: 0.0, Last appended by leader: 0, Current term: 0, Majority size: -1, State: 0, Mode: NON_LEADER, active raft config: opid_index: -1 OBSOLETE_local: false peers { permanent_uuid: "a16cb8b7d7f549f6872b0f5b9bd6ebbe" member_type: VOTER last_known_addr { host: "127.1.89.129" port: 44639 } } peers { permanent_uuid: "af5b631c8e58496fbe56a7d5d6fae898" member_type: VOTER last_known_addr { host: "127.1.89.130" port: 34903 } } peers { permanent_uuid: "0d4e4756073144c58bb3f0507ff1cb81" member_type: VOTER last_known_addr { host: "127.1.89.131" port: 39203 } }
I20260710 11:08:08.627244  2641 tablet_service.cc:1917] Received RequestConsensusVote() RPC: tablet_id: "aacaa493e37e47b196c584f46c8a58be" candidate_uuid: "af5b631c8e58496fbe56a7d5d6fae898" candidate_term: 1 candidate_status { last_received { term: 0 index: 0 } } ignore_live_leader: false dest_uuid: "0d4e4756073144c58bb3f0507ff1cb81" is_pre_election: true
I20260710 11:08:08.627784  2684 tablet_bootstrap.cc:654] T d179f297d2c34fa8a0694eb50213dcc3 P a16cb8b7d7f549f6872b0f5b9bd6ebbe: Neither blocks nor log segments found. Creating new log.
I20260710 11:08:08.626535  2493 tablet_service.cc:1917] Received RequestConsensusVote() RPC: tablet_id: "aacaa493e37e47b196c584f46c8a58be" candidate_uuid: "af5b631c8e58496fbe56a7d5d6fae898" candidate_term: 1 candidate_status { last_received { term: 0 index: 0 } } ignore_live_leader: false dest_uuid: "a16cb8b7d7f549f6872b0f5b9bd6ebbe" is_pre_election: true
I20260710 11:08:08.629011  2493 raft_consensus.cc:2468] T aacaa493e37e47b196c584f46c8a58be P a16cb8b7d7f549f6872b0f5b9bd6ebbe [term 0 FOLLOWER]: Leader pre-election vote request: Granting yes vote for candidate af5b631c8e58496fbe56a7d5d6fae898 in term 0.
W20260710 11:08:08.627276  2534 leader_election.cc:343] T 9e3f384285f44db38e4566bb6eeb6ba1 P af5b631c8e58496fbe56a7d5d6fae898 [CANDIDATE]: Term 1 pre-election: Tablet error from VoteRequest() call to peer a16cb8b7d7f549f6872b0f5b9bd6ebbe (127.1.89.129:44639): Illegal state: must be running to vote when last-logged opid is not known
I20260710 11:08:08.627789  2685 ts_tablet_manager.cc:1434] T fddd6c1cd721444d841807e50641482d P 0d4e4756073144c58bb3f0507ff1cb81: Time spent starting tablet: real 0.018s	user 0.006s	sys 0.001s
I20260710 11:08:08.631546  2534 leader_election.cc:304] T fddd6c1cd721444d841807e50641482d P af5b631c8e58496fbe56a7d5d6fae898 [CANDIDATE]: Term 1 election: Election decided. Result: candidate won. Election summary: received 2 responses out of 3 voters: 2 yes votes; 0 no votes. yes voters: a16cb8b7d7f549f6872b0f5b9bd6ebbe, af5b631c8e58496fbe56a7d5d6fae898; no voters: 
W20260710 11:08:08.632558  2534 leader_election.cc:343] T d179f297d2c34fa8a0694eb50213dcc3 P af5b631c8e58496fbe56a7d5d6fae898 [CANDIDATE]: Term 1 pre-election: Tablet error from VoteRequest() call to peer a16cb8b7d7f549f6872b0f5b9bd6ebbe (127.1.89.129:44639): Illegal state: must be running to vote when last-logged opid is not known
I20260710 11:08:08.632722  2719 raft_consensus.cc:2804] T fddd6c1cd721444d841807e50641482d P af5b631c8e58496fbe56a7d5d6fae898 [term 1 FOLLOWER]: Leader election won for term 1
I20260710 11:08:08.633028  2534 leader_election.cc:304] T d179f297d2c34fa8a0694eb50213dcc3 P af5b631c8e58496fbe56a7d5d6fae898 [CANDIDATE]: Term 1 pre-election: Election decided. Result: candidate lost. Election summary: received 3 responses out of 3 voters: 1 yes votes; 2 no votes. yes voters: af5b631c8e58496fbe56a7d5d6fae898; no voters: 0d4e4756073144c58bb3f0507ff1cb81, a16cb8b7d7f549f6872b0f5b9bd6ebbe
I20260710 11:08:08.632769  2685 tablet_bootstrap.cc:492] T d179f297d2c34fa8a0694eb50213dcc3 P 0d4e4756073144c58bb3f0507ff1cb81: Bootstrap starting.
I20260710 11:08:08.633461  2719 raft_consensus.cc:697] T fddd6c1cd721444d841807e50641482d P af5b631c8e58496fbe56a7d5d6fae898 [term 1 LEADER]: Becoming Leader. State: Replica: af5b631c8e58496fbe56a7d5d6fae898, State: Running, Role: LEADER
I20260710 11:08:08.634207  2706 raft_consensus.cc:2749] T d179f297d2c34fa8a0694eb50213dcc3 P af5b631c8e58496fbe56a7d5d6fae898 [term 0 FOLLOWER]: Leader pre-election lost for term 1. Reason: could not achieve majority
I20260710 11:08:08.634459  2719 consensus_queue.cc:237] T fddd6c1cd721444d841807e50641482d P af5b631c8e58496fbe56a7d5d6fae898 [LEADER]: Queue going to LEADER mode. State: All replicated index: 0, Majority replicated index: 0, Committed index: 0, Last appended: 0.0, Last appended by leader: 0, Current term: 1, Majority size: 2, State: 0, Mode: LEADER, active raft config: opid_index: -1 OBSOLETE_local: false peers { permanent_uuid: "a16cb8b7d7f549f6872b0f5b9bd6ebbe" member_type: VOTER last_known_addr { host: "127.1.89.129" port: 44639 } } peers { permanent_uuid: "af5b631c8e58496fbe56a7d5d6fae898" member_type: VOTER last_known_addr { host: "127.1.89.130" port: 34903 } } peers { permanent_uuid: "0d4e4756073144c58bb3f0507ff1cb81" member_type: VOTER last_known_addr { host: "127.1.89.131" port: 39203 } }
I20260710 11:08:08.635298  2534 leader_election.cc:304] T aacaa493e37e47b196c584f46c8a58be P af5b631c8e58496fbe56a7d5d6fae898 [CANDIDATE]: Term 1 pre-election: Election decided. Result: candidate won. Election summary: received 2 responses out of 3 voters: 2 yes votes; 0 no votes. yes voters: a16cb8b7d7f549f6872b0f5b9bd6ebbe, af5b631c8e58496fbe56a7d5d6fae898; no voters: 
I20260710 11:08:08.637235  2706 raft_consensus.cc:2804] T aacaa493e37e47b196c584f46c8a58be P af5b631c8e58496fbe56a7d5d6fae898 [term 0 FOLLOWER]: Leader pre-election won for term 1
I20260710 11:08:08.637665  2706 raft_consensus.cc:493] T aacaa493e37e47b196c584f46c8a58be P af5b631c8e58496fbe56a7d5d6fae898 [term 0 FOLLOWER]: Starting leader election (no leader contacted us within the election timeout)
I20260710 11:08:08.638024  2706 raft_consensus.cc:3060] T aacaa493e37e47b196c584f46c8a58be P af5b631c8e58496fbe56a7d5d6fae898 [term 0 FOLLOWER]: Advancing to term 1
I20260710 11:08:08.631037  2764 raft_consensus.cc:515] T c7400fe340974108bc46f151f472603e P af5b631c8e58496fbe56a7d5d6fae898 [term 1 FOLLOWER]: Starting leader election with config: opid_index: -1 OBSOLETE_local: false peers { permanent_uuid: "a16cb8b7d7f549f6872b0f5b9bd6ebbe" member_type: VOTER last_known_addr { host: "127.1.89.129" port: 44639 } } peers { permanent_uuid: "af5b631c8e58496fbe56a7d5d6fae898" member_type: VOTER last_known_addr { host: "127.1.89.130" port: 34903 } } peers { permanent_uuid: "0d4e4756073144c58bb3f0507ff1cb81" member_type: VOTER last_known_addr { host: "127.1.89.131" port: 39203 } }
I20260710 11:08:08.642390  2764 leader_election.cc:290] T c7400fe340974108bc46f151f472603e P af5b631c8e58496fbe56a7d5d6fae898 [CANDIDATE]: Term 1 election: Requested vote from peers a16cb8b7d7f549f6872b0f5b9bd6ebbe (127.1.89.129:44639), 0d4e4756073144c58bb3f0507ff1cb81 (127.1.89.131:39203)
I20260710 11:08:08.642715  2685 tablet_bootstrap.cc:654] T d179f297d2c34fa8a0694eb50213dcc3 P 0d4e4756073144c58bb3f0507ff1cb81: Neither blocks nor log segments found. Creating new log.
I20260710 11:08:08.642989  2494 raft_consensus.cc:2468] T 01a5145c4cc84869840fabed501b3c00 P a16cb8b7d7f549f6872b0f5b9bd6ebbe [term 1 FOLLOWER]: Leader election vote request: Granting yes vote for candidate 0d4e4756073144c58bb3f0507ff1cb81 in term 1.
I20260710 11:08:08.644335  2608 leader_election.cc:304] T 01a5145c4cc84869840fabed501b3c00 P 0d4e4756073144c58bb3f0507ff1cb81 [CANDIDATE]: Term 1 election: Election decided. Result: candidate won. Election summary: received 3 responses out of 3 voters: 2 yes votes; 1 no votes. yes voters: 0d4e4756073144c58bb3f0507ff1cb81, a16cb8b7d7f549f6872b0f5b9bd6ebbe; no voters: af5b631c8e58496fbe56a7d5d6fae898
I20260710 11:08:08.645280  2706 raft_consensus.cc:515] T aacaa493e37e47b196c584f46c8a58be P af5b631c8e58496fbe56a7d5d6fae898 [term 1 FOLLOWER]: Starting leader election with config: opid_index: -1 OBSOLETE_local: false peers { permanent_uuid: "a16cb8b7d7f549f6872b0f5b9bd6ebbe" member_type: VOTER last_known_addr { host: "127.1.89.129" port: 44639 } } peers { permanent_uuid: "af5b631c8e58496fbe56a7d5d6fae898" member_type: VOTER last_known_addr { host: "127.1.89.130" port: 34903 } } peers { permanent_uuid: "0d4e4756073144c58bb3f0507ff1cb81" member_type: VOTER last_known_addr { host: "127.1.89.131" port: 39203 } }
I20260710 11:08:08.645762  2684 tablet_bootstrap.cc:492] T d179f297d2c34fa8a0694eb50213dcc3 P a16cb8b7d7f549f6872b0f5b9bd6ebbe: No bootstrap required, opened a new log
I20260710 11:08:08.648329  2684 ts_tablet_manager.cc:1403] T d179f297d2c34fa8a0694eb50213dcc3 P a16cb8b7d7f549f6872b0f5b9bd6ebbe: Time spent bootstrapping tablet: real 0.029s	user 0.012s	sys 0.004s
I20260710 11:08:08.649653  2683 tablet_bootstrap.cc:492] T 1006717f4fe74210bcd31e784f70c7c1 P af5b631c8e58496fbe56a7d5d6fae898: No bootstrap required, opened a new log
I20260710 11:08:08.650103  2683 ts_tablet_manager.cc:1403] T 1006717f4fe74210bcd31e784f70c7c1 P af5b631c8e58496fbe56a7d5d6fae898: Time spent bootstrapping tablet: real 0.043s	user 0.006s	sys 0.006s
I20260710 11:08:08.651422  2684 raft_consensus.cc:359] T d179f297d2c34fa8a0694eb50213dcc3 P a16cb8b7d7f549f6872b0f5b9bd6ebbe [term 0 FOLLOWER]: Replica starting. Triggering 0 pending ops. Active config: opid_index: -1 OBSOLETE_local: false peers { permanent_uuid: "a16cb8b7d7f549f6872b0f5b9bd6ebbe" member_type: VOTER last_known_addr { host: "127.1.89.129" port: 44639 } } peers { permanent_uuid: "af5b631c8e58496fbe56a7d5d6fae898" member_type: VOTER last_known_addr { host: "127.1.89.130" port: 34903 } } peers { permanent_uuid: "0d4e4756073144c58bb3f0507ff1cb81" member_type: VOTER last_known_addr { host: "127.1.89.131" port: 39203 } }
I20260710 11:08:08.652161  2684 raft_consensus.cc:385] T d179f297d2c34fa8a0694eb50213dcc3 P a16cb8b7d7f549f6872b0f5b9bd6ebbe [term 0 FOLLOWER]: Consensus starting up: Expiring failure detector timer to make a prompt election more likely
I20260710 11:08:08.652482  2684 raft_consensus.cc:740] T d179f297d2c34fa8a0694eb50213dcc3 P a16cb8b7d7f549f6872b0f5b9bd6ebbe [term 0 FOLLOWER]: Becoming Follower/Learner. State: Replica: a16cb8b7d7f549f6872b0f5b9bd6ebbe, State: Initialized, Role: FOLLOWER
I20260710 11:08:08.653167  2684 consensus_queue.cc:260] T d179f297d2c34fa8a0694eb50213dcc3 P a16cb8b7d7f549f6872b0f5b9bd6ebbe [NON_LEADER]: Queue going to NON_LEADER mode. State: All replicated index: 0, Majority replicated index: 0, Committed index: 0, Last appended: 0.0, Last appended by leader: 0, Current term: 0, Majority size: -1, State: 0, Mode: NON_LEADER, active raft config: opid_index: -1 OBSOLETE_local: false peers { permanent_uuid: "a16cb8b7d7f549f6872b0f5b9bd6ebbe" member_type: VOTER last_known_addr { host: "127.1.89.129" port: 44639 } } peers { permanent_uuid: "af5b631c8e58496fbe56a7d5d6fae898" member_type: VOTER last_known_addr { host: "127.1.89.130" port: 34903 } } peers { permanent_uuid: "0d4e4756073144c58bb3f0507ff1cb81" member_type: VOTER last_known_addr { host: "127.1.89.131" port: 39203 } }
I20260710 11:08:08.655421  2684 ts_tablet_manager.cc:1434] T d179f297d2c34fa8a0694eb50213dcc3 P a16cb8b7d7f549f6872b0f5b9bd6ebbe: Time spent starting tablet: real 0.007s	user 0.001s	sys 0.004s
I20260710 11:08:08.646865  2714 raft_consensus.cc:2804] T 01a5145c4cc84869840fabed501b3c00 P 0d4e4756073144c58bb3f0507ff1cb81 [term 1 FOLLOWER]: Leader election won for term 1
I20260710 11:08:08.656152  2714 raft_consensus.cc:697] T 01a5145c4cc84869840fabed501b3c00 P 0d4e4756073144c58bb3f0507ff1cb81 [term 1 LEADER]: Becoming Leader. State: Replica: 0d4e4756073144c58bb3f0507ff1cb81, State: Running, Role: LEADER
I20260710 11:08:08.656731  2684 tablet_bootstrap.cc:492] T 9e3f384285f44db38e4566bb6eeb6ba1 P a16cb8b7d7f549f6872b0f5b9bd6ebbe: Bootstrap starting.
I20260710 11:08:08.657068  2714 consensus_queue.cc:237] T 01a5145c4cc84869840fabed501b3c00 P 0d4e4756073144c58bb3f0507ff1cb81 [LEADER]: Queue going to LEADER mode. State: All replicated index: 0, Majority replicated index: 0, Committed index: 0, Last appended: 0.0, Last appended by leader: 0, Current term: 1, Majority size: 2, State: 0, Mode: LEADER, active raft config: opid_index: -1 OBSOLETE_local: false peers { permanent_uuid: "a16cb8b7d7f549f6872b0f5b9bd6ebbe" member_type: VOTER last_known_addr { host: "127.1.89.129" port: 44639 } } peers { permanent_uuid: "af5b631c8e58496fbe56a7d5d6fae898" member_type: VOTER last_known_addr { host: "127.1.89.130" port: 34903 } } peers { permanent_uuid: "0d4e4756073144c58bb3f0507ff1cb81" member_type: VOTER last_known_addr { host: "127.1.89.131" port: 39203 } }
W20260710 11:08:08.658352  2534 leader_election.cc:343] T fddd6c1cd721444d841807e50641482d P af5b631c8e58496fbe56a7d5d6fae898 [CANDIDATE]: Term 1 election: Tablet error from VoteRequest() call to peer 0d4e4756073144c58bb3f0507ff1cb81 (127.1.89.131:39203): Illegal state: must be running to vote when last-logged opid is not known
I20260710 11:08:08.659430  2534 leader_election.cc:304] T 9e3f384285f44db38e4566bb6eeb6ba1 P af5b631c8e58496fbe56a7d5d6fae898 [CANDIDATE]: Term 1 pre-election: Election decided. Result: candidate won. Election summary: received 3 responses out of 3 voters: 2 yes votes; 1 no votes. yes voters: 0d4e4756073144c58bb3f0507ff1cb81, af5b631c8e58496fbe56a7d5d6fae898; no voters: a16cb8b7d7f549f6872b0f5b9bd6ebbe
I20260710 11:08:08.660244  2690 raft_consensus.cc:2804] T 9e3f384285f44db38e4566bb6eeb6ba1 P af5b631c8e58496fbe56a7d5d6fae898 [term 0 FOLLOWER]: Leader pre-election won for term 1
I20260710 11:08:08.660604  2690 raft_consensus.cc:493] T 9e3f384285f44db38e4566bb6eeb6ba1 P af5b631c8e58496fbe56a7d5d6fae898 [term 0 FOLLOWER]: Starting leader election (no leader contacted us within the election timeout)
I20260710 11:08:08.661083  2690 raft_consensus.cc:3060] T 9e3f384285f44db38e4566bb6eeb6ba1 P af5b631c8e58496fbe56a7d5d6fae898 [term 0 FOLLOWER]: Advancing to term 1
I20260710 11:08:08.647401  2706 leader_election.cc:290] T aacaa493e37e47b196c584f46c8a58be P af5b631c8e58496fbe56a7d5d6fae898 [CANDIDATE]: Term 1 election: Requested vote from peers a16cb8b7d7f549f6872b0f5b9bd6ebbe (127.1.89.129:44639), 0d4e4756073144c58bb3f0507ff1cb81 (127.1.89.131:39203)
I20260710 11:08:08.661646  2683 raft_consensus.cc:359] T 1006717f4fe74210bcd31e784f70c7c1 P af5b631c8e58496fbe56a7d5d6fae898 [term 0 FOLLOWER]: Replica starting. Triggering 0 pending ops. Active config: opid_index: -1 OBSOLETE_local: false peers { permanent_uuid: "a16cb8b7d7f549f6872b0f5b9bd6ebbe" member_type: VOTER last_known_addr { host: "127.1.89.129" port: 44639 } } peers { permanent_uuid: "af5b631c8e58496fbe56a7d5d6fae898" member_type: VOTER last_known_addr { host: "127.1.89.130" port: 34903 } } peers { permanent_uuid: "0d4e4756073144c58bb3f0507ff1cb81" member_type: VOTER last_known_addr { host: "127.1.89.131" port: 39203 } }
I20260710 11:08:08.662326  2683 raft_consensus.cc:385] T 1006717f4fe74210bcd31e784f70c7c1 P af5b631c8e58496fbe56a7d5d6fae898 [term 0 FOLLOWER]: Consensus starting up: Expiring failure detector timer to make a prompt election more likely
I20260710 11:08:08.662580  2683 raft_consensus.cc:740] T 1006717f4fe74210bcd31e784f70c7c1 P af5b631c8e58496fbe56a7d5d6fae898 [term 0 FOLLOWER]: Becoming Follower/Learner. State: Replica: af5b631c8e58496fbe56a7d5d6fae898, State: Initialized, Role: FOLLOWER
I20260710 11:08:08.663177  2683 consensus_queue.cc:260] T 1006717f4fe74210bcd31e784f70c7c1 P af5b631c8e58496fbe56a7d5d6fae898 [NON_LEADER]: Queue going to NON_LEADER mode. State: All replicated index: 0, Majority replicated index: 0, Committed index: 0, Last appended: 0.0, Last appended by leader: 0, Current term: 0, Majority size: -1, State: 0, Mode: NON_LEADER, active raft config: opid_index: -1 OBSOLETE_local: false peers { permanent_uuid: "a16cb8b7d7f549f6872b0f5b9bd6ebbe" member_type: VOTER last_known_addr { host: "127.1.89.129" port: 44639 } } peers { permanent_uuid: "af5b631c8e58496fbe56a7d5d6fae898" member_type: VOTER last_known_addr { host: "127.1.89.130" port: 34903 } } peers { permanent_uuid: "0d4e4756073144c58bb3f0507ff1cb81" member_type: VOTER last_known_addr { host: "127.1.89.131" port: 39203 } }
I20260710 11:08:08.665120  2683 ts_tablet_manager.cc:1434] T 1006717f4fe74210bcd31e784f70c7c1 P af5b631c8e58496fbe56a7d5d6fae898: Time spent starting tablet: real 0.015s	user 0.007s	sys 0.000s
I20260710 11:08:08.665992  2683 tablet_bootstrap.cc:492] T fb61231c055e49f59c52978306064ef7 P af5b631c8e58496fbe56a7d5d6fae898: Bootstrap starting.
W20260710 11:08:08.660564  2534 leader_election.cc:343] T aacaa493e37e47b196c584f46c8a58be P af5b631c8e58496fbe56a7d5d6fae898 [CANDIDATE]: Term 1 pre-election: Tablet error from VoteRequest() call to peer 0d4e4756073144c58bb3f0507ff1cb81 (127.1.89.131:39203): Illegal state: must be running to vote when last-logged opid is not known
I20260710 11:08:08.670811  2690 raft_consensus.cc:515] T 9e3f384285f44db38e4566bb6eeb6ba1 P af5b631c8e58496fbe56a7d5d6fae898 [term 1 FOLLOWER]: Starting leader election with config: opid_index: -1 OBSOLETE_local: false peers { permanent_uuid: "a16cb8b7d7f549f6872b0f5b9bd6ebbe" member_type: VOTER last_known_addr { host: "127.1.89.129" port: 44639 } } peers { permanent_uuid: "af5b631c8e58496fbe56a7d5d6fae898" member_type: VOTER last_known_addr { host: "127.1.89.130" port: 34903 } } peers { permanent_uuid: "0d4e4756073144c58bb3f0507ff1cb81" member_type: VOTER last_known_addr { host: "127.1.89.131" port: 39203 } }
I20260710 11:08:08.672857  2690 leader_election.cc:290] T 9e3f384285f44db38e4566bb6eeb6ba1 P af5b631c8e58496fbe56a7d5d6fae898 [CANDIDATE]: Term 1 election: Requested vote from peers a16cb8b7d7f549f6872b0f5b9bd6ebbe (127.1.89.129:44639), 0d4e4756073144c58bb3f0507ff1cb81 (127.1.89.131:39203)
I20260710 11:08:08.676364  2494 tablet_service.cc:1917] Received RequestConsensusVote() RPC: tablet_id: "c7400fe340974108bc46f151f472603e" candidate_uuid: "af5b631c8e58496fbe56a7d5d6fae898" candidate_term: 1 candidate_status { last_received { term: 0 index: 0 } } ignore_live_leader: false dest_uuid: "a16cb8b7d7f549f6872b0f5b9bd6ebbe"
I20260710 11:08:08.676680  2684 tablet_bootstrap.cc:654] T 9e3f384285f44db38e4566bb6eeb6ba1 P a16cb8b7d7f549f6872b0f5b9bd6ebbe: Neither blocks nor log segments found. Creating new log.
I20260710 11:08:08.677031  2494 raft_consensus.cc:3060] T c7400fe340974108bc46f151f472603e P a16cb8b7d7f549f6872b0f5b9bd6ebbe [term 0 FOLLOWER]: Advancing to term 1
I20260710 11:08:08.669699  2392 catalog_manager.cc:5697] T fddd6c1cd721444d841807e50641482d P af5b631c8e58496fbe56a7d5d6fae898 reported cstate change: term changed from 0 to 1, leader changed from <none> to af5b631c8e58496fbe56a7d5d6fae898 (127.1.89.130). New cstate: current_term: 1 leader_uuid: "af5b631c8e58496fbe56a7d5d6fae898" committed_config { opid_index: -1 OBSOLETE_local: false peers { permanent_uuid: "a16cb8b7d7f549f6872b0f5b9bd6ebbe" member_type: VOTER last_known_addr { host: "127.1.89.129" port: 44639 } health_report { overall_health: UNKNOWN } } peers { permanent_uuid: "af5b631c8e58496fbe56a7d5d6fae898" member_type: VOTER last_known_addr { host: "127.1.89.130" port: 34903 } health_report { overall_health: HEALTHY } } peers { permanent_uuid: "0d4e4756073144c58bb3f0507ff1cb81" member_type: VOTER last_known_addr { host: "127.1.89.131" port: 39203 } health_report { overall_health: UNKNOWN } } }
I20260710 11:08:08.681314  2742 raft_consensus.cc:493] T a2e066e4315b4adbb92495fd7026bb4d P a16cb8b7d7f549f6872b0f5b9bd6ebbe [term 0 FOLLOWER]: Starting pre-election (no leader contacted us within the election timeout)
I20260710 11:08:08.681811  2742 raft_consensus.cc:515] T a2e066e4315b4adbb92495fd7026bb4d P a16cb8b7d7f549f6872b0f5b9bd6ebbe [term 0 FOLLOWER]: Starting pre-election with config: opid_index: -1 OBSOLETE_local: false peers { permanent_uuid: "a16cb8b7d7f549f6872b0f5b9bd6ebbe" member_type: VOTER last_known_addr { host: "127.1.89.129" port: 44639 } } peers { permanent_uuid: "af5b631c8e58496fbe56a7d5d6fae898" member_type: VOTER last_known_addr { host: "127.1.89.130" port: 34903 } } peers { permanent_uuid: "0d4e4756073144c58bb3f0507ff1cb81" member_type: VOTER last_known_addr { host: "127.1.89.131" port: 39203 } }
I20260710 11:08:08.683892  2742 leader_election.cc:290] T a2e066e4315b4adbb92495fd7026bb4d P a16cb8b7d7f549f6872b0f5b9bd6ebbe [CANDIDATE]: Term 1 pre-election: Requested pre-vote from peers af5b631c8e58496fbe56a7d5d6fae898 (127.1.89.130:34903), 0d4e4756073144c58bb3f0507ff1cb81 (127.1.89.131:39203)
I20260710 11:08:08.686064  2569 tablet_service.cc:1917] Received RequestConsensusVote() RPC: tablet_id: "a2e066e4315b4adbb92495fd7026bb4d" candidate_uuid: "a16cb8b7d7f549f6872b0f5b9bd6ebbe" candidate_term: 1 candidate_status { last_received { term: 0 index: 0 } } ignore_live_leader: false dest_uuid: "af5b631c8e58496fbe56a7d5d6fae898" is_pre_election: true
I20260710 11:08:08.686733  2569 raft_consensus.cc:2468] T a2e066e4315b4adbb92495fd7026bb4d P af5b631c8e58496fbe56a7d5d6fae898 [term 0 FOLLOWER]: Leader pre-election vote request: Granting yes vote for candidate a16cb8b7d7f549f6872b0f5b9bd6ebbe in term 0.
I20260710 11:08:08.687784  2641 tablet_service.cc:1917] Received RequestConsensusVote() RPC: tablet_id: "a2e066e4315b4adbb92495fd7026bb4d" candidate_uuid: "a16cb8b7d7f549f6872b0f5b9bd6ebbe" candidate_term: 1 candidate_status { last_received { term: 0 index: 0 } } ignore_live_leader: false dest_uuid: "0d4e4756073144c58bb3f0507ff1cb81" is_pre_election: true
I20260710 11:08:08.687978  2643 tablet_service.cc:1917] Received RequestConsensusVote() RPC: tablet_id: "c7400fe340974108bc46f151f472603e" candidate_uuid: "af5b631c8e58496fbe56a7d5d6fae898" candidate_term: 1 candidate_status { last_received { term: 0 index: 0 } } ignore_live_leader: false dest_uuid: "0d4e4756073144c58bb3f0507ff1cb81"
