W20260710 11:00:16.305714  4348 consensus_peers.cc:597] T e1c74c280e6742acad89c3fa06aa4d99 P 4492b2e5103e4525abf0d2c642f39db3 -> Peer b3ac292cd52c4a0baa4595fa8bc4029c (127.3.2.68:32911): Couldn't send request to peer b3ac292cd52c4a0baa4595fa8bc4029c. Error code: TABLET_NOT_FOUND (6). Status: Not found: Tablet not found: e1c74c280e6742acad89c3fa06aa4d99. This is attempt 1: this message will repeat every 5th retry.
I20260710 11:00:16.310437  4800 raft_consensus.cc:2955] T e1c74c280e6742acad89c3fa06aa4d99 P 4492b2e5103e4525abf0d2c642f39db3 [term 1 LEADER]: Committing config change with OpId 1.2: config changed from index -1 to 2, NON_VOTER b3ac292cd52c4a0baa4595fa8bc4029c (127.3.2.68) added. New config: { opid_index: 2 OBSOLETE_local: false peers { permanent_uuid: "2977fab0f88b4337a3fb819cdd5c1fff" member_type: VOTER last_known_addr { host: "127.3.2.65" port: 36359 } attrs { replace: true } } peers { permanent_uuid: "3e9af8cd9e534e97a35e4545a14bc81b" member_type: VOTER last_known_addr { host: "127.3.2.66" port: 39817 } } peers { permanent_uuid: "4492b2e5103e4525abf0d2c642f39db3" member_type: VOTER last_known_addr { host: "127.3.2.67" port: 42553 } } peers { permanent_uuid: "b3ac292cd52c4a0baa4595fa8bc4029c" member_type: NON_VOTER last_known_addr { host: "127.3.2.68" port: 32911 } attrs { promote: true } } }
I20260710 11:00:16.311872  4307 raft_consensus.cc:2955] T e1c74c280e6742acad89c3fa06aa4d99 P 3e9af8cd9e534e97a35e4545a14bc81b [term 1 FOLLOWER]: Committing config change with OpId 1.2: config changed from index -1 to 2, NON_VOTER b3ac292cd52c4a0baa4595fa8bc4029c (127.3.2.68) added. New config: { opid_index: 2 OBSOLETE_local: false peers { permanent_uuid: "2977fab0f88b4337a3fb819cdd5c1fff" member_type: VOTER last_known_addr { host: "127.3.2.65" port: 36359 } attrs { replace: true } } peers { permanent_uuid: "3e9af8cd9e534e97a35e4545a14bc81b" member_type: VOTER last_known_addr { host: "127.3.2.66" port: 39817 } } peers { permanent_uuid: "4492b2e5103e4525abf0d2c642f39db3" member_type: VOTER last_known_addr { host: "127.3.2.67" port: 42553 } } peers { permanent_uuid: "b3ac292cd52c4a0baa4595fa8bc4029c" member_type: NON_VOTER last_known_addr { host: "127.3.2.68" port: 32911 } attrs { promote: true } } }
I20260710 11:00:16.315704  4232 raft_consensus.cc:2955] T e1c74c280e6742acad89c3fa06aa4d99 P 2977fab0f88b4337a3fb819cdd5c1fff [term 1 FOLLOWER]: Committing config change with OpId 1.2: config changed from index -1 to 2, NON_VOTER b3ac292cd52c4a0baa4595fa8bc4029c (127.3.2.68) added. New config: { opid_index: 2 OBSOLETE_local: false peers { permanent_uuid: "2977fab0f88b4337a3fb819cdd5c1fff" member_type: VOTER last_known_addr { host: "127.3.2.65" port: 36359 } attrs { replace: true } } peers { permanent_uuid: "3e9af8cd9e534e97a35e4545a14bc81b" member_type: VOTER last_known_addr { host: "127.3.2.66" port: 39817 } } peers { permanent_uuid: "4492b2e5103e4525abf0d2c642f39db3" member_type: VOTER last_known_addr { host: "127.3.2.67" port: 42553 } } peers { permanent_uuid: "b3ac292cd52c4a0baa4595fa8bc4029c" member_type: NON_VOTER last_known_addr { host: "127.3.2.68" port: 32911 } attrs { promote: true } } }
I20260710 11:00:16.323880  4233 consensus_queue.cc:237] T b750ba2392c348fe83bdd39e7b8c8615 P 2977fab0f88b4337a3fb819cdd5c1fff [LEADER]: Queue going to LEADER mode. State: All replicated index: 0, Majority replicated index: 1, Committed index: 1, Last appended: 1.1, Last appended by leader: 0, Current term: 1, Majority size: 2, State: 0, Mode: LEADER, active raft config: opid_index: 2 OBSOLETE_local: false peers { permanent_uuid: "2977fab0f88b4337a3fb819cdd5c1fff" member_type: VOTER last_known_addr { host: "127.3.2.65" port: 36359 } } peers { permanent_uuid: "3e9af8cd9e534e97a35e4545a14bc81b" member_type: VOTER last_known_addr { host: "127.3.2.66" port: 39817 } } peers { permanent_uuid: "4492b2e5103e4525abf0d2c642f39db3" member_type: VOTER last_known_addr { host: "127.3.2.67" port: 42553 } attrs { replace: true } } peers { permanent_uuid: "b3ac292cd52c4a0baa4595fa8bc4029c" member_type: NON_VOTER last_known_addr { host: "127.3.2.68" port: 32911 } attrs { promote: true } }
I20260710 11:00:16.324604  4130 catalog_manager.cc:5697] T e1c74c280e6742acad89c3fa06aa4d99 P 4492b2e5103e4525abf0d2c642f39db3 reported cstate change: config changed from index -1 to 2, NON_VOTER b3ac292cd52c4a0baa4595fa8bc4029c (127.3.2.68) added. New cstate: current_term: 1 leader_uuid: "4492b2e5103e4525abf0d2c642f39db3" committed_config { opid_index: 2 OBSOLETE_local: false peers { permanent_uuid: "2977fab0f88b4337a3fb819cdd5c1fff" member_type: VOTER last_known_addr { host: "127.3.2.65" port: 36359 } attrs { replace: true } health_report { overall_health: HEALTHY } } peers { permanent_uuid: "3e9af8cd9e534e97a35e4545a14bc81b" member_type: VOTER last_known_addr { host: "127.3.2.66" port: 39817 } health_report { overall_health: HEALTHY } } peers { permanent_uuid: "4492b2e5103e4525abf0d2c642f39db3" member_type: VOTER last_known_addr { host: "127.3.2.67" port: 42553 } health_report { overall_health: HEALTHY } } peers { permanent_uuid: "b3ac292cd52c4a0baa4595fa8bc4029c" member_type: NON_VOTER last_known_addr { host: "127.3.2.68" port: 32911 } attrs { promote: true } health_report { overall_health: UNKNOWN } } }
W20260710 11:00:16.343755  4199 consensus_peers.cc:597] T b750ba2392c348fe83bdd39e7b8c8615 P 2977fab0f88b4337a3fb819cdd5c1fff -> Peer b3ac292cd52c4a0baa4595fa8bc4029c (127.3.2.68:32911): Couldn't send request to peer b3ac292cd52c4a0baa4595fa8bc4029c. Error code: TABLET_NOT_FOUND (6). Status: Not found: Tablet not found: b750ba2392c348fe83bdd39e7b8c8615. This is attempt 1: this message will repeat every 5th retry.
I20260710 11:00:16.343860  4383 raft_consensus.cc:1275] T b750ba2392c348fe83bdd39e7b8c8615 P 4492b2e5103e4525abf0d2c642f39db3 [term 1 FOLLOWER]: Refusing update from remote peer 2977fab0f88b4337a3fb819cdd5c1fff: Log matching property violated. Preceding OpId in replica: term: 1 index: 1. Preceding OpId from leader: term: 1 index: 2. (index mismatch)
I20260710 11:00:16.345067  4827 consensus_queue.cc:1048] T b750ba2392c348fe83bdd39e7b8c8615 P 2977fab0f88b4337a3fb819cdd5c1fff [LEADER]: Connected to new peer: Peer: permanent_uuid: "4492b2e5103e4525abf0d2c642f39db3" member_type: VOTER last_known_addr { host: "127.3.2.67" port: 42553 } attrs { replace: true }, Status: LMP_MISMATCH, Last received: 0.0, Next index: 2, Last known committed idx: 1, Time since last communication: 0.000s
I20260710 11:00:16.345542  4307 raft_consensus.cc:1275] T b750ba2392c348fe83bdd39e7b8c8615 P 3e9af8cd9e534e97a35e4545a14bc81b [term 1 FOLLOWER]: Refusing update from remote peer 2977fab0f88b4337a3fb819cdd5c1fff: Log matching property violated. Preceding OpId in replica: term: 1 index: 1. Preceding OpId from leader: term: 1 index: 2. (index mismatch)
I20260710 11:00:16.347793  4827 consensus_queue.cc:1048] T b750ba2392c348fe83bdd39e7b8c8615 P 2977fab0f88b4337a3fb819cdd5c1fff [LEADER]: Connected to new peer: Peer: permanent_uuid: "3e9af8cd9e534e97a35e4545a14bc81b" member_type: VOTER last_known_addr { host: "127.3.2.66" port: 39817 }, Status: LMP_MISMATCH, Last received: 0.0, Next index: 2, Last known committed idx: 1, Time since last communication: 0.000s
I20260710 11:00:16.351975  4737 raft_consensus.cc:2955] T b750ba2392c348fe83bdd39e7b8c8615 P 2977fab0f88b4337a3fb819cdd5c1fff [term 1 LEADER]: Committing config change with OpId 1.2: config changed from index -1 to 2, NON_VOTER b3ac292cd52c4a0baa4595fa8bc4029c (127.3.2.68) added. New config: { opid_index: 2 OBSOLETE_local: false peers { permanent_uuid: "2977fab0f88b4337a3fb819cdd5c1fff" member_type: VOTER last_known_addr { host: "127.3.2.65" port: 36359 } } peers { permanent_uuid: "3e9af8cd9e534e97a35e4545a14bc81b" member_type: VOTER last_known_addr { host: "127.3.2.66" port: 39817 } } peers { permanent_uuid: "4492b2e5103e4525abf0d2c642f39db3" member_type: VOTER last_known_addr { host: "127.3.2.67" port: 42553 } attrs { replace: true } } peers { permanent_uuid: "b3ac292cd52c4a0baa4595fa8bc4029c" member_type: NON_VOTER last_known_addr { host: "127.3.2.68" port: 32911 } attrs { promote: true } } }
I20260710 11:00:16.355801  4383 raft_consensus.cc:2955] T b750ba2392c348fe83bdd39e7b8c8615 P 4492b2e5103e4525abf0d2c642f39db3 [term 1 FOLLOWER]: Committing config change with OpId 1.2: config changed from index -1 to 2, NON_VOTER b3ac292cd52c4a0baa4595fa8bc4029c (127.3.2.68) added. New config: { opid_index: 2 OBSOLETE_local: false peers { permanent_uuid: "2977fab0f88b4337a3fb819cdd5c1fff" member_type: VOTER last_known_addr { host: "127.3.2.65" port: 36359 } } peers { permanent_uuid: "3e9af8cd9e534e97a35e4545a14bc81b" member_type: VOTER last_known_addr { host: "127.3.2.66" port: 39817 } } peers { permanent_uuid: "4492b2e5103e4525abf0d2c642f39db3" member_type: VOTER last_known_addr { host: "127.3.2.67" port: 42553 } attrs { replace: true } } peers { permanent_uuid: "b3ac292cd52c4a0baa4595fa8bc4029c" member_type: NON_VOTER last_known_addr { host: "127.3.2.68" port: 32911 } attrs { promote: true } } }
I20260710 11:00:16.357306  4304 raft_consensus.cc:2955] T b750ba2392c348fe83bdd39e7b8c8615 P 3e9af8cd9e534e97a35e4545a14bc81b [term 1 FOLLOWER]: Committing config change with OpId 1.2: config changed from index -1 to 2, NON_VOTER b3ac292cd52c4a0baa4595fa8bc4029c (127.3.2.68) added. New config: { opid_index: 2 OBSOLETE_local: false peers { permanent_uuid: "2977fab0f88b4337a3fb819cdd5c1fff" member_type: VOTER last_known_addr { host: "127.3.2.65" port: 36359 } } peers { permanent_uuid: "3e9af8cd9e534e97a35e4545a14bc81b" member_type: VOTER last_known_addr { host: "127.3.2.66" port: 39817 } } peers { permanent_uuid: "4492b2e5103e4525abf0d2c642f39db3" member_type: VOTER last_known_addr { host: "127.3.2.67" port: 42553 } attrs { replace: true } } peers { permanent_uuid: "b3ac292cd52c4a0baa4595fa8bc4029c" member_type: NON_VOTER last_known_addr { host: "127.3.2.68" port: 32911 } attrs { promote: true } } }
I20260710 11:00:16.362386  4381 consensus_queue.cc:237] T 82b91866327341dda9bf1ea04d62fb6a P 4492b2e5103e4525abf0d2c642f39db3 [LEADER]: Queue going to LEADER mode. State: All replicated index: 0, Majority replicated index: 1, Committed index: 1, Last appended: 1.1, Last appended by leader: 0, Current term: 1, Majority size: 2, State: 0, Mode: LEADER, active raft config: opid_index: 2 OBSOLETE_local: false peers { permanent_uuid: "2977fab0f88b4337a3fb819cdd5c1fff" member_type: VOTER last_known_addr { host: "127.3.2.65" port: 36359 } attrs { replace: true } } peers { permanent_uuid: "3e9af8cd9e534e97a35e4545a14bc81b" member_type: VOTER last_known_addr { host: "127.3.2.66" port: 39817 } } peers { permanent_uuid: "4492b2e5103e4525abf0d2c642f39db3" member_type: VOTER last_known_addr { host: "127.3.2.67" port: 42553 } } peers { permanent_uuid: "b3ac292cd52c4a0baa4595fa8bc4029c" member_type: NON_VOTER last_known_addr { host: "127.3.2.68" port: 32911 } attrs { promote: true } }
I20260710 11:00:16.368870  4128 catalog_manager.cc:5697] T b750ba2392c348fe83bdd39e7b8c8615 P 4492b2e5103e4525abf0d2c642f39db3 reported cstate change: config changed from index -1 to 2, NON_VOTER b3ac292cd52c4a0baa4595fa8bc4029c (127.3.2.68) added. New cstate: current_term: 1 leader_uuid: "2977fab0f88b4337a3fb819cdd5c1fff" committed_config { opid_index: 2 OBSOLETE_local: false peers { permanent_uuid: "2977fab0f88b4337a3fb819cdd5c1fff" member_type: VOTER last_known_addr { host: "127.3.2.65" port: 36359 } } peers { permanent_uuid: "3e9af8cd9e534e97a35e4545a14bc81b" member_type: VOTER last_known_addr { host: "127.3.2.66" port: 39817 } } peers { permanent_uuid: "4492b2e5103e4525abf0d2c642f39db3" member_type: VOTER last_known_addr { host: "127.3.2.67" port: 42553 } attrs { replace: true } } peers { permanent_uuid: "b3ac292cd52c4a0baa4595fa8bc4029c" member_type: NON_VOTER last_known_addr { host: "127.3.2.68" port: 32911 } attrs { promote: true } } }
W20260710 11:00:16.374711  4348 consensus_peers.cc:597] T 82b91866327341dda9bf1ea04d62fb6a P 4492b2e5103e4525abf0d2c642f39db3 -> Peer b3ac292cd52c4a0baa4595fa8bc4029c (127.3.2.68:32911): Couldn't send request to peer b3ac292cd52c4a0baa4595fa8bc4029c. Error code: TABLET_NOT_FOUND (6). Status: Not found: Tablet not found: 82b91866327341dda9bf1ea04d62fb6a. This is attempt 1: this message will repeat every 5th retry.
I20260710 11:00:16.376098  4304 raft_consensus.cc:1275] T 82b91866327341dda9bf1ea04d62fb6a P 3e9af8cd9e534e97a35e4545a14bc81b [term 1 FOLLOWER]: Refusing update from remote peer 4492b2e5103e4525abf0d2c642f39db3: Log matching property violated. Preceding OpId in replica: term: 1 index: 1. Preceding OpId from leader: term: 1 index: 2. (index mismatch)
I20260710 11:00:16.377761  4233 raft_consensus.cc:1275] T 82b91866327341dda9bf1ea04d62fb6a P 2977fab0f88b4337a3fb819cdd5c1fff [term 1 FOLLOWER]: Refusing update from remote peer 4492b2e5103e4525abf0d2c642f39db3: Log matching property violated. Preceding OpId in replica: term: 1 index: 1. Preceding OpId from leader: term: 1 index: 2. (index mismatch)
I20260710 11:00:16.377961  4800 consensus_queue.cc:1048] T 82b91866327341dda9bf1ea04d62fb6a P 4492b2e5103e4525abf0d2c642f39db3 [LEADER]: Connected to new peer: Peer: permanent_uuid: "3e9af8cd9e534e97a35e4545a14bc81b" member_type: VOTER last_known_addr { host: "127.3.2.66" port: 39817 }, Status: LMP_MISMATCH, Last received: 0.0, Next index: 2, Last known committed idx: 1, Time since last communication: 0.001s
I20260710 11:00:16.380273  4819 consensus_queue.cc:1048] T 82b91866327341dda9bf1ea04d62fb6a P 4492b2e5103e4525abf0d2c642f39db3 [LEADER]: Connected to new peer: Peer: permanent_uuid: "2977fab0f88b4337a3fb819cdd5c1fff" member_type: VOTER last_known_addr { host: "127.3.2.65" port: 36359 } attrs { replace: true }, Status: LMP_MISMATCH, Last received: 0.0, Next index: 2, Last known committed idx: 1, Time since last communication: 0.000s
I20260710 11:00:16.389286  4800 raft_consensus.cc:2955] T 82b91866327341dda9bf1ea04d62fb6a P 4492b2e5103e4525abf0d2c642f39db3 [term 1 LEADER]: Committing config change with OpId 1.2: config changed from index -1 to 2, NON_VOTER b3ac292cd52c4a0baa4595fa8bc4029c (127.3.2.68) added. New config: { opid_index: 2 OBSOLETE_local: false peers { permanent_uuid: "2977fab0f88b4337a3fb819cdd5c1fff" member_type: VOTER last_known_addr { host: "127.3.2.65" port: 36359 } attrs { replace: true } } peers { permanent_uuid: "3e9af8cd9e534e97a35e4545a14bc81b" member_type: VOTER last_known_addr { host: "127.3.2.66" port: 39817 } } peers { permanent_uuid: "4492b2e5103e4525abf0d2c642f39db3" member_type: VOTER last_known_addr { host: "127.3.2.67" port: 42553 } } peers { permanent_uuid: "b3ac292cd52c4a0baa4595fa8bc4029c" member_type: NON_VOTER last_known_addr { host: "127.3.2.68" port: 32911 } attrs { promote: true } } }
I20260710 11:00:16.390792  4304 raft_consensus.cc:2955] T 82b91866327341dda9bf1ea04d62fb6a P 3e9af8cd9e534e97a35e4545a14bc81b [term 1 FOLLOWER]: Committing config change with OpId 1.2: config changed from index -1 to 2, NON_VOTER b3ac292cd52c4a0baa4595fa8bc4029c (127.3.2.68) added. New config: { opid_index: 2 OBSOLETE_local: false peers { permanent_uuid: "2977fab0f88b4337a3fb819cdd5c1fff" member_type: VOTER last_known_addr { host: "127.3.2.65" port: 36359 } attrs { replace: true } } peers { permanent_uuid: "3e9af8cd9e534e97a35e4545a14bc81b" member_type: VOTER last_known_addr { host: "127.3.2.66" port: 39817 } } peers { permanent_uuid: "4492b2e5103e4525abf0d2c642f39db3" member_type: VOTER last_known_addr { host: "127.3.2.67" port: 42553 } } peers { permanent_uuid: "b3ac292cd52c4a0baa4595fa8bc4029c" member_type: NON_VOTER last_known_addr { host: "127.3.2.68" port: 32911 } attrs { promote: true } } }
I20260710 11:00:16.392814  4233 raft_consensus.cc:2955] T 82b91866327341dda9bf1ea04d62fb6a P 2977fab0f88b4337a3fb819cdd5c1fff [term 1 FOLLOWER]: Committing config change with OpId 1.2: config changed from index -1 to 2, NON_VOTER b3ac292cd52c4a0baa4595fa8bc4029c (127.3.2.68) added. New config: { opid_index: 2 OBSOLETE_local: false peers { permanent_uuid: "2977fab0f88b4337a3fb819cdd5c1fff" member_type: VOTER last_known_addr { host: "127.3.2.65" port: 36359 } attrs { replace: true } } peers { permanent_uuid: "3e9af8cd9e534e97a35e4545a14bc81b" member_type: VOTER last_known_addr { host: "127.3.2.66" port: 39817 } } peers { permanent_uuid: "4492b2e5103e4525abf0d2c642f39db3" member_type: VOTER last_known_addr { host: "127.3.2.67" port: 42553 } } peers { permanent_uuid: "b3ac292cd52c4a0baa4595fa8bc4029c" member_type: NON_VOTER last_known_addr { host: "127.3.2.68" port: 32911 } attrs { promote: true } } }
I20260710 11:00:16.405345  4128 catalog_manager.cc:5697] T 82b91866327341dda9bf1ea04d62fb6a P 3e9af8cd9e534e97a35e4545a14bc81b reported cstate change: config changed from index -1 to 2, NON_VOTER b3ac292cd52c4a0baa4595fa8bc4029c (127.3.2.68) added. New cstate: current_term: 1 leader_uuid: "4492b2e5103e4525abf0d2c642f39db3" committed_config { opid_index: 2 OBSOLETE_local: false peers { permanent_uuid: "2977fab0f88b4337a3fb819cdd5c1fff" member_type: VOTER last_known_addr { host: "127.3.2.65" port: 36359 } attrs { replace: true } } peers { permanent_uuid: "3e9af8cd9e534e97a35e4545a14bc81b" member_type: VOTER last_known_addr { host: "127.3.2.66" port: 39817 } } peers { permanent_uuid: "4492b2e5103e4525abf0d2c642f39db3" member_type: VOTER last_known_addr { host: "127.3.2.67" port: 42553 } } peers { permanent_uuid: "b3ac292cd52c4a0baa4595fa8bc4029c" member_type: NON_VOTER last_known_addr { host: "127.3.2.68" port: 32911 } attrs { promote: true } } }
I20260710 11:00:16.406791  4233 consensus_queue.cc:237] T 3f40c5682fa64a188f3a56ba7a3e5b4e P 2977fab0f88b4337a3fb819cdd5c1fff [LEADER]: Queue going to LEADER mode. State: All replicated index: 0, Majority replicated index: 1, Committed index: 1, Last appended: 1.1, Last appended by leader: 0, Current term: 1, Majority size: 2, State: 0, Mode: LEADER, active raft config: opid_index: 2 OBSOLETE_local: false peers { permanent_uuid: "2977fab0f88b4337a3fb819cdd5c1fff" member_type: VOTER last_known_addr { host: "127.3.2.65" port: 36359 } } peers { permanent_uuid: "3e9af8cd9e534e97a35e4545a14bc81b" member_type: VOTER last_known_addr { host: "127.3.2.66" port: 39817 } attrs { replace: true } } peers { permanent_uuid: "4492b2e5103e4525abf0d2c642f39db3" member_type: VOTER last_known_addr { host: "127.3.2.67" port: 42553 } } peers { permanent_uuid: "b3ac292cd52c4a0baa4595fa8bc4029c" member_type: NON_VOTER last_known_addr { host: "127.3.2.68" port: 32911 } attrs { promote: true } }
I20260710 11:00:16.414667  4381 raft_consensus.cc:1275] T 3f40c5682fa64a188f3a56ba7a3e5b4e P 4492b2e5103e4525abf0d2c642f39db3 [term 1 FOLLOWER]: Refusing update from remote peer 2977fab0f88b4337a3fb819cdd5c1fff: Log matching property violated. Preceding OpId in replica: term: 1 index: 1. Preceding OpId from leader: term: 1 index: 2. (index mismatch)
I20260710 11:00:16.414968  4304 raft_consensus.cc:1275] T 3f40c5682fa64a188f3a56ba7a3e5b4e P 3e9af8cd9e534e97a35e4545a14bc81b [term 1 FOLLOWER]: Refusing update from remote peer 2977fab0f88b4337a3fb819cdd5c1fff: Log matching property violated. Preceding OpId in replica: term: 1 index: 1. Preceding OpId from leader: term: 1 index: 2. (index mismatch)
W20260710 11:00:16.415766  4199 consensus_peers.cc:597] T 3f40c5682fa64a188f3a56ba7a3e5b4e P 2977fab0f88b4337a3fb819cdd5c1fff -> Peer b3ac292cd52c4a0baa4595fa8bc4029c (127.3.2.68:32911): Couldn't send request to peer b3ac292cd52c4a0baa4595fa8bc4029c. Error code: TABLET_NOT_FOUND (6). Status: Not found: Tablet not found: 3f40c5682fa64a188f3a56ba7a3e5b4e. This is attempt 1: this message will repeat every 5th retry.
I20260710 11:00:16.415937  4830 consensus_queue.cc:1048] T 3f40c5682fa64a188f3a56ba7a3e5b4e P 2977fab0f88b4337a3fb819cdd5c1fff [LEADER]: Connected to new peer: Peer: permanent_uuid: "4492b2e5103e4525abf0d2c642f39db3" member_type: VOTER last_known_addr { host: "127.3.2.67" port: 42553 }, Status: LMP_MISMATCH, Last received: 0.0, Next index: 2, Last known committed idx: 1, Time since last communication: 0.000s
I20260710 11:00:16.416805  4737 consensus_queue.cc:1048] T 3f40c5682fa64a188f3a56ba7a3e5b4e P 2977fab0f88b4337a3fb819cdd5c1fff [LEADER]: Connected to new peer: Peer: permanent_uuid: "3e9af8cd9e534e97a35e4545a14bc81b" member_type: VOTER last_known_addr { host: "127.3.2.66" port: 39817 } attrs { replace: true }, Status: LMP_MISMATCH, Last received: 0.0, Next index: 2, Last known committed idx: 1, Time since last communication: 0.000s
I20260710 11:00:16.424451  4737 raft_consensus.cc:2955] T 3f40c5682fa64a188f3a56ba7a3e5b4e P 2977fab0f88b4337a3fb819cdd5c1fff [term 1 LEADER]: Committing config change with OpId 1.2: config changed from index -1 to 2, NON_VOTER b3ac292cd52c4a0baa4595fa8bc4029c (127.3.2.68) added. New config: { opid_index: 2 OBSOLETE_local: false peers { permanent_uuid: "2977fab0f88b4337a3fb819cdd5c1fff" member_type: VOTER last_known_addr { host: "127.3.2.65" port: 36359 } } peers { permanent_uuid: "3e9af8cd9e534e97a35e4545a14bc81b" member_type: VOTER last_known_addr { host: "127.3.2.66" port: 39817 } attrs { replace: true } } peers { permanent_uuid: "4492b2e5103e4525abf0d2c642f39db3" member_type: VOTER last_known_addr { host: "127.3.2.67" port: 42553 } } peers { permanent_uuid: "b3ac292cd52c4a0baa4595fa8bc4029c" member_type: NON_VOTER last_known_addr { host: "127.3.2.68" port: 32911 } attrs { promote: true } } }
I20260710 11:00:16.426106  4304 raft_consensus.cc:2955] T 3f40c5682fa64a188f3a56ba7a3e5b4e P 3e9af8cd9e534e97a35e4545a14bc81b [term 1 FOLLOWER]: Committing config change with OpId 1.2: config changed from index -1 to 2, NON_VOTER b3ac292cd52c4a0baa4595fa8bc4029c (127.3.2.68) added. New config: { opid_index: 2 OBSOLETE_local: false peers { permanent_uuid: "2977fab0f88b4337a3fb819cdd5c1fff" member_type: VOTER last_known_addr { host: "127.3.2.65" port: 36359 } } peers { permanent_uuid: "3e9af8cd9e534e97a35e4545a14bc81b" member_type: VOTER last_known_addr { host: "127.3.2.66" port: 39817 } attrs { replace: true } } peers { permanent_uuid: "4492b2e5103e4525abf0d2c642f39db3" member_type: VOTER last_known_addr { host: "127.3.2.67" port: 42553 } } peers { permanent_uuid: "b3ac292cd52c4a0baa4595fa8bc4029c" member_type: NON_VOTER last_known_addr { host: "127.3.2.68" port: 32911 } attrs { promote: true } } }
I20260710 11:00:16.427220  4381 raft_consensus.cc:2955] T 3f40c5682fa64a188f3a56ba7a3e5b4e P 4492b2e5103e4525abf0d2c642f39db3 [term 1 FOLLOWER]: Committing config change with OpId 1.2: config changed from index -1 to 2, NON_VOTER b3ac292cd52c4a0baa4595fa8bc4029c (127.3.2.68) added. New config: { opid_index: 2 OBSOLETE_local: false peers { permanent_uuid: "2977fab0f88b4337a3fb819cdd5c1fff" member_type: VOTER last_known_addr { host: "127.3.2.65" port: 36359 } } peers { permanent_uuid: "3e9af8cd9e534e97a35e4545a14bc81b" member_type: VOTER last_known_addr { host: "127.3.2.66" port: 39817 } attrs { replace: true } } peers { permanent_uuid: "4492b2e5103e4525abf0d2c642f39db3" member_type: VOTER last_known_addr { host: "127.3.2.67" port: 42553 } } peers { permanent_uuid: "b3ac292cd52c4a0baa4595fa8bc4029c" member_type: NON_VOTER last_known_addr { host: "127.3.2.68" port: 32911 } attrs { promote: true } } }
I20260710 11:00:16.437114  4130 catalog_manager.cc:5697] T 3f40c5682fa64a188f3a56ba7a3e5b4e P 3e9af8cd9e534e97a35e4545a14bc81b reported cstate change: config changed from index -1 to 2, NON_VOTER b3ac292cd52c4a0baa4595fa8bc4029c (127.3.2.68) added. New cstate: current_term: 1 leader_uuid: "2977fab0f88b4337a3fb819cdd5c1fff" committed_config { opid_index: 2 OBSOLETE_local: false peers { permanent_uuid: "2977fab0f88b4337a3fb819cdd5c1fff" member_type: VOTER last_known_addr { host: "127.3.2.65" port: 36359 } } peers { permanent_uuid: "3e9af8cd9e534e97a35e4545a14bc81b" member_type: VOTER last_known_addr { host: "127.3.2.66" port: 39817 } attrs { replace: true } } peers { permanent_uuid: "4492b2e5103e4525abf0d2c642f39db3" member_type: VOTER last_known_addr { host: "127.3.2.67" port: 42553 } } peers { permanent_uuid: "b3ac292cd52c4a0baa4595fa8bc4029c" member_type: NON_VOTER last_known_addr { host: "127.3.2.68" port: 32911 } attrs { promote: true } } }
I20260710 11:00:16.776228  4837 ts_tablet_manager.cc:933] T e1c74c280e6742acad89c3fa06aa4d99 P b3ac292cd52c4a0baa4595fa8bc4029c: Initiating tablet copy from peer 4492b2e5103e4525abf0d2c642f39db3 (127.3.2.67:42553)
I20260710 11:00:16.778955  4837 tablet_copy_client.cc:323] T e1c74c280e6742acad89c3fa06aa4d99 P b3ac292cd52c4a0baa4595fa8bc4029c: tablet copy: Beginning tablet copy session from remote peer at address 127.3.2.67:42553
I20260710 11:00:16.780510  4393 tablet_copy_service.cc:140] P 4492b2e5103e4525abf0d2c642f39db3: Received BeginTabletCopySession request for tablet e1c74c280e6742acad89c3fa06aa4d99 from peer b3ac292cd52c4a0baa4595fa8bc4029c ({username='slave'} at 127.0.0.1:56310)
I20260710 11:00:16.781010  4393 tablet_copy_service.cc:161] P 4492b2e5103e4525abf0d2c642f39db3: Beginning new tablet copy session on tablet e1c74c280e6742acad89c3fa06aa4d99 from peer b3ac292cd52c4a0baa4595fa8bc4029c at {username='slave'} at 127.0.0.1:56310: session id = b3ac292cd52c4a0baa4595fa8bc4029c-e1c74c280e6742acad89c3fa06aa4d99
I20260710 11:00:16.788080  4393 tablet_copy_source_session.cc:215] T e1c74c280e6742acad89c3fa06aa4d99 P 4492b2e5103e4525abf0d2c642f39db3: Tablet Copy: opened 0 blocks and 1 log segments
I20260710 11:00:16.790975  4837 data_dirs.cc:400] Could only allocate 1 dirs of requested 3 for tablet e1c74c280e6742acad89c3fa06aa4d99. 1 dirs total, 0 dirs full, 0 dirs failed
I20260710 11:00:16.805015  4837 tablet_copy_client.cc:806] T e1c74c280e6742acad89c3fa06aa4d99 P b3ac292cd52c4a0baa4595fa8bc4029c: tablet copy: Starting download of 0 data blocks...
I20260710 11:00:16.805492  4837 tablet_copy_client.cc:670] T e1c74c280e6742acad89c3fa06aa4d99 P b3ac292cd52c4a0baa4595fa8bc4029c: tablet copy: Starting download of 1 WAL segments...
I20260710 11:00:16.808745  4837 tablet_copy_client.cc:538] T e1c74c280e6742acad89c3fa06aa4d99 P b3ac292cd52c4a0baa4595fa8bc4029c: tablet copy: Tablet Copy complete. Replacing tablet superblock.
I20260710 11:00:16.816268  4837 tablet_bootstrap.cc:492] T e1c74c280e6742acad89c3fa06aa4d99 P b3ac292cd52c4a0baa4595fa8bc4029c: Bootstrap starting.
I20260710 11:00:16.834545  4837 tablet_bootstrap.cc:492] T e1c74c280e6742acad89c3fa06aa4d99 P b3ac292cd52c4a0baa4595fa8bc4029c: Bootstrap replayed 1/1 log segments. Stats: ops{read=2 overwritten=0 applied=2 ignored=0} inserts{seen=0 ignored=0} mutations{seen=0 ignored=0} orphaned_commits=0. Pending: 0 replicates
I20260710 11:00:16.835354  4837 tablet_bootstrap.cc:492] T e1c74c280e6742acad89c3fa06aa4d99 P b3ac292cd52c4a0baa4595fa8bc4029c: Bootstrap complete.
I20260710 11:00:16.835924  4837 ts_tablet_manager.cc:1403] T e1c74c280e6742acad89c3fa06aa4d99 P b3ac292cd52c4a0baa4595fa8bc4029c: Time spent bootstrapping tablet: real 0.020s	user 0.012s	sys 0.008s
I20260710 11:00:16.837394  4840 ts_tablet_manager.cc:933] T 82b91866327341dda9bf1ea04d62fb6a P b3ac292cd52c4a0baa4595fa8bc4029c: Initiating tablet copy from peer 4492b2e5103e4525abf0d2c642f39db3 (127.3.2.67:42553)
I20260710 11:00:16.838583  4837 raft_consensus.cc:359] T e1c74c280e6742acad89c3fa06aa4d99 P b3ac292cd52c4a0baa4595fa8bc4029c [term 1 LEARNER]: Replica starting. Triggering 0 pending ops. Active config: opid_index: 2 OBSOLETE_local: false peers { permanent_uuid: "2977fab0f88b4337a3fb819cdd5c1fff" member_type: VOTER last_known_addr { host: "127.3.2.65" port: 36359 } attrs { replace: true } } peers { permanent_uuid: "3e9af8cd9e534e97a35e4545a14bc81b" member_type: VOTER last_known_addr { host: "127.3.2.66" port: 39817 } } peers { permanent_uuid: "4492b2e5103e4525abf0d2c642f39db3" member_type: VOTER last_known_addr { host: "127.3.2.67" port: 42553 } } peers { permanent_uuid: "b3ac292cd52c4a0baa4595fa8bc4029c" member_type: NON_VOTER last_known_addr { host: "127.3.2.68" port: 32911 } attrs { promote: true } }
I20260710 11:00:16.839401  4837 raft_consensus.cc:740] T e1c74c280e6742acad89c3fa06aa4d99 P b3ac292cd52c4a0baa4595fa8bc4029c [term 1 LEARNER]: Becoming Follower/Learner. State: Replica: b3ac292cd52c4a0baa4595fa8bc4029c, State: Initialized, Role: LEARNER
I20260710 11:00:16.839977  4837 consensus_queue.cc:260] T e1c74c280e6742acad89c3fa06aa4d99 P b3ac292cd52c4a0baa4595fa8bc4029c [NON_LEADER]: Queue going to NON_LEADER mode. State: All replicated index: 0, Majority replicated index: 0, Committed index: 2, Last appended: 1.2, Last appended by leader: 2, Current term: 0, Majority size: -1, State: 0, Mode: NON_LEADER, active raft config: opid_index: 2 OBSOLETE_local: false peers { permanent_uuid: "2977fab0f88b4337a3fb819cdd5c1fff" member_type: VOTER last_known_addr { host: "127.3.2.65" port: 36359 } attrs { replace: true } } peers { permanent_uuid: "3e9af8cd9e534e97a35e4545a14bc81b" member_type: VOTER last_known_addr { host: "127.3.2.66" port: 39817 } } peers { permanent_uuid: "4492b2e5103e4525abf0d2c642f39db3" member_type: VOTER last_known_addr { host: "127.3.2.67" port: 42553 } } peers { permanent_uuid: "b3ac292cd52c4a0baa4595fa8bc4029c" member_type: NON_VOTER last_known_addr { host: "127.3.2.68" port: 32911 } attrs { promote: true } }
I20260710 11:00:16.841084  4840 tablet_copy_client.cc:323] T 82b91866327341dda9bf1ea04d62fb6a P b3ac292cd52c4a0baa4595fa8bc4029c: tablet copy: Beginning tablet copy session from remote peer at address 127.3.2.67:42553
I20260710 11:00:16.843799  4393 tablet_copy_service.cc:140] P 4492b2e5103e4525abf0d2c642f39db3: Received BeginTabletCopySession request for tablet 82b91866327341dda9bf1ea04d62fb6a from peer b3ac292cd52c4a0baa4595fa8bc4029c ({username='slave'} at 127.0.0.1:56310)
I20260710 11:00:16.844277  4393 tablet_copy_service.cc:161] P 4492b2e5103e4525abf0d2c642f39db3: Beginning new tablet copy session on tablet 82b91866327341dda9bf1ea04d62fb6a from peer b3ac292cd52c4a0baa4595fa8bc4029c at {username='slave'} at 127.0.0.1:56310: session id = b3ac292cd52c4a0baa4595fa8bc4029c-82b91866327341dda9bf1ea04d62fb6a
I20260710 11:00:16.846371  4837 ts_tablet_manager.cc:1434] T e1c74c280e6742acad89c3fa06aa4d99 P b3ac292cd52c4a0baa4595fa8bc4029c: Time spent starting tablet: real 0.010s	user 0.007s	sys 0.001s
I20260710 11:00:16.851290  4392 tablet_copy_service.cc:342] P 4492b2e5103e4525abf0d2c642f39db3: Request end of tablet copy session b3ac292cd52c4a0baa4595fa8bc4029c-e1c74c280e6742acad89c3fa06aa4d99 received from {username='slave'} at 127.0.0.1:56310
I20260710 11:00:16.851624  4393 tablet_copy_source_session.cc:215] T 82b91866327341dda9bf1ea04d62fb6a P 4492b2e5103e4525abf0d2c642f39db3: Tablet Copy: opened 0 blocks and 1 log segments
I20260710 11:00:16.851696  4392 tablet_copy_service.cc:434] P 4492b2e5103e4525abf0d2c642f39db3: ending tablet copy session b3ac292cd52c4a0baa4595fa8bc4029c-e1c74c280e6742acad89c3fa06aa4d99 on tablet e1c74c280e6742acad89c3fa06aa4d99 with peer b3ac292cd52c4a0baa4595fa8bc4029c
I20260710 11:00:16.854686  4840 data_dirs.cc:400] Could only allocate 1 dirs of requested 3 for tablet 82b91866327341dda9bf1ea04d62fb6a. 1 dirs total, 0 dirs full, 0 dirs failed
I20260710 11:00:16.858944  4843 ts_tablet_manager.cc:933] T 3f40c5682fa64a188f3a56ba7a3e5b4e P b3ac292cd52c4a0baa4595fa8bc4029c: Initiating tablet copy from peer 2977fab0f88b4337a3fb819cdd5c1fff (127.3.2.65:36359)
I20260710 11:00:16.860739  4843 tablet_copy_client.cc:323] T 3f40c5682fa64a188f3a56ba7a3e5b4e P b3ac292cd52c4a0baa4595fa8bc4029c: tablet copy: Beginning tablet copy session from remote peer at address 127.3.2.65:36359
I20260710 11:00:16.862154  4244 tablet_copy_service.cc:140] P 2977fab0f88b4337a3fb819cdd5c1fff: Received BeginTabletCopySession request for tablet 3f40c5682fa64a188f3a56ba7a3e5b4e from peer b3ac292cd52c4a0baa4595fa8bc4029c ({username='slave'} at 127.0.0.1:56340)
I20260710 11:00:16.862653  4244 tablet_copy_service.cc:161] P 2977fab0f88b4337a3fb819cdd5c1fff: Beginning new tablet copy session on tablet 3f40c5682fa64a188f3a56ba7a3e5b4e from peer b3ac292cd52c4a0baa4595fa8bc4029c at {username='slave'} at 127.0.0.1:56340: session id = b3ac292cd52c4a0baa4595fa8bc4029c-3f40c5682fa64a188f3a56ba7a3e5b4e
I20260710 11:00:16.869632  4840 tablet_copy_client.cc:806] T 82b91866327341dda9bf1ea04d62fb6a P b3ac292cd52c4a0baa4595fa8bc4029c: tablet copy: Starting download of 0 data blocks...
I20260710 11:00:16.870105  4244 tablet_copy_source_session.cc:215] T 3f40c5682fa64a188f3a56ba7a3e5b4e P 2977fab0f88b4337a3fb819cdd5c1fff: Tablet Copy: opened 0 blocks and 1 log segments
I20260710 11:00:16.870136  4840 tablet_copy_client.cc:670] T 82b91866327341dda9bf1ea04d62fb6a P b3ac292cd52c4a0baa4595fa8bc4029c: tablet copy: Starting download of 1 WAL segments...
I20260710 11:00:16.873191  4843 data_dirs.cc:400] Could only allocate 1 dirs of requested 3 for tablet 3f40c5682fa64a188f3a56ba7a3e5b4e. 1 dirs total, 0 dirs full, 0 dirs failed
I20260710 11:00:16.874840  4840 tablet_copy_client.cc:538] T 82b91866327341dda9bf1ea04d62fb6a P b3ac292cd52c4a0baa4595fa8bc4029c: tablet copy: Tablet Copy complete. Replacing tablet superblock.
I20260710 11:00:16.882455  4840 tablet_bootstrap.cc:492] T 82b91866327341dda9bf1ea04d62fb6a P b3ac292cd52c4a0baa4595fa8bc4029c: Bootstrap starting.
I20260710 11:00:16.891360  4843 tablet_copy_client.cc:806] T 3f40c5682fa64a188f3a56ba7a3e5b4e P b3ac292cd52c4a0baa4595fa8bc4029c: tablet copy: Starting download of 0 data blocks...
I20260710 11:00:16.892341  4843 tablet_copy_client.cc:670] T 3f40c5682fa64a188f3a56ba7a3e5b4e P b3ac292cd52c4a0baa4595fa8bc4029c: tablet copy: Starting download of 1 WAL segments...
I20260710 11:00:16.895856  4843 tablet_copy_client.cc:538] T 3f40c5682fa64a188f3a56ba7a3e5b4e P b3ac292cd52c4a0baa4595fa8bc4029c: tablet copy: Tablet Copy complete. Replacing tablet superblock.
I20260710 11:00:16.902094  4843 tablet_bootstrap.cc:492] T 3f40c5682fa64a188f3a56ba7a3e5b4e P b3ac292cd52c4a0baa4595fa8bc4029c: Bootstrap starting.
I20260710 11:00:16.902571  4840 tablet_bootstrap.cc:492] T 82b91866327341dda9bf1ea04d62fb6a P b3ac292cd52c4a0baa4595fa8bc4029c: Bootstrap replayed 1/1 log segments. Stats: ops{read=2 overwritten=0 applied=2 ignored=0} inserts{seen=0 ignored=0} mutations{seen=0 ignored=0} orphaned_commits=0. Pending: 0 replicates
I20260710 11:00:16.903764  4840 tablet_bootstrap.cc:492] T 82b91866327341dda9bf1ea04d62fb6a P b3ac292cd52c4a0baa4595fa8bc4029c: Bootstrap complete.
I20260710 11:00:16.904361  4840 ts_tablet_manager.cc:1403] T 82b91866327341dda9bf1ea04d62fb6a P b3ac292cd52c4a0baa4595fa8bc4029c: Time spent bootstrapping tablet: real 0.022s	user 0.009s	sys 0.013s
I20260710 11:00:16.907156  4840 raft_consensus.cc:359] T 82b91866327341dda9bf1ea04d62fb6a P b3ac292cd52c4a0baa4595fa8bc4029c [term 1 LEARNER]: Replica starting. Triggering 0 pending ops. Active config: opid_index: 2 OBSOLETE_local: false peers { permanent_uuid: "2977fab0f88b4337a3fb819cdd5c1fff" member_type: VOTER last_known_addr { host: "127.3.2.65" port: 36359 } attrs { replace: true } } peers { permanent_uuid: "3e9af8cd9e534e97a35e4545a14bc81b" member_type: VOTER last_known_addr { host: "127.3.2.66" port: 39817 } } peers { permanent_uuid: "4492b2e5103e4525abf0d2c642f39db3" member_type: VOTER last_known_addr { host: "127.3.2.67" port: 42553 } } peers { permanent_uuid: "b3ac292cd52c4a0baa4595fa8bc4029c" member_type: NON_VOTER last_known_addr { host: "127.3.2.68" port: 32911 } attrs { promote: true } }
I20260710 11:00:16.907924  4840 raft_consensus.cc:740] T 82b91866327341dda9bf1ea04d62fb6a P b3ac292cd52c4a0baa4595fa8bc4029c [term 1 LEARNER]: Becoming Follower/Learner. State: Replica: b3ac292cd52c4a0baa4595fa8bc4029c, State: Initialized, Role: LEARNER
I20260710 11:00:16.908515  4840 consensus_queue.cc:260] T 82b91866327341dda9bf1ea04d62fb6a P b3ac292cd52c4a0baa4595fa8bc4029c [NON_LEADER]: Queue going to NON_LEADER mode. State: All replicated index: 0, Majority replicated index: 0, Committed index: 2, Last appended: 1.2, Last appended by leader: 2, Current term: 0, Majority size: -1, State: 0, Mode: NON_LEADER, active raft config: opid_index: 2 OBSOLETE_local: false peers { permanent_uuid: "2977fab0f88b4337a3fb819cdd5c1fff" member_type: VOTER last_known_addr { host: "127.3.2.65" port: 36359 } attrs { replace: true } } peers { permanent_uuid: "3e9af8cd9e534e97a35e4545a14bc81b" member_type: VOTER last_known_addr { host: "127.3.2.66" port: 39817 } } peers { permanent_uuid: "4492b2e5103e4525abf0d2c642f39db3" member_type: VOTER last_known_addr { host: "127.3.2.67" port: 42553 } } peers { permanent_uuid: "b3ac292cd52c4a0baa4595fa8bc4029c" member_type: NON_VOTER last_known_addr { host: "127.3.2.68" port: 32911 } attrs { promote: true } }
I20260710 11:00:16.912338  4840 ts_tablet_manager.cc:1434] T 82b91866327341dda9bf1ea04d62fb6a P b3ac292cd52c4a0baa4595fa8bc4029c: Time spent starting tablet: real 0.008s	user 0.006s	sys 0.002s
I20260710 11:00:16.913997  4393 tablet_copy_service.cc:342] P 4492b2e5103e4525abf0d2c642f39db3: Request end of tablet copy session b3ac292cd52c4a0baa4595fa8bc4029c-82b91866327341dda9bf1ea04d62fb6a received from {username='slave'} at 127.0.0.1:56310
I20260710 11:00:16.914383  4393 tablet_copy_service.cc:434] P 4492b2e5103e4525abf0d2c642f39db3: ending tablet copy session b3ac292cd52c4a0baa4595fa8bc4029c-82b91866327341dda9bf1ea04d62fb6a on tablet 82b91866327341dda9bf1ea04d62fb6a with peer b3ac292cd52c4a0baa4595fa8bc4029c
I20260710 11:00:16.922349  4843 tablet_bootstrap.cc:492] T 3f40c5682fa64a188f3a56ba7a3e5b4e P b3ac292cd52c4a0baa4595fa8bc4029c: Bootstrap replayed 1/1 log segments. Stats: ops{read=2 overwritten=0 applied=2 ignored=0} inserts{seen=0 ignored=0} mutations{seen=0 ignored=0} orphaned_commits=0. Pending: 0 replicates
I20260710 11:00:16.923164  4843 tablet_bootstrap.cc:492] T 3f40c5682fa64a188f3a56ba7a3e5b4e P b3ac292cd52c4a0baa4595fa8bc4029c: Bootstrap complete.
I20260710 11:00:16.923753  4843 ts_tablet_manager.cc:1403] T 3f40c5682fa64a188f3a56ba7a3e5b4e P b3ac292cd52c4a0baa4595fa8bc4029c: Time spent bootstrapping tablet: real 0.022s	user 0.017s	sys 0.004s
I20260710 11:00:16.924121  4840 ts_tablet_manager.cc:933] T b750ba2392c348fe83bdd39e7b8c8615 P b3ac292cd52c4a0baa4595fa8bc4029c: Initiating tablet copy from peer 2977fab0f88b4337a3fb819cdd5c1fff (127.3.2.65:36359)
I20260710 11:00:16.925650  4840 tablet_copy_client.cc:323] T b750ba2392c348fe83bdd39e7b8c8615 P b3ac292cd52c4a0baa4595fa8bc4029c: tablet copy: Beginning tablet copy session from remote peer at address 127.3.2.65:36359
I20260710 11:00:16.926200  4843 raft_consensus.cc:359] T 3f40c5682fa64a188f3a56ba7a3e5b4e P b3ac292cd52c4a0baa4595fa8bc4029c [term 1 LEARNER]: Replica starting. Triggering 0 pending ops. Active config: opid_index: 2 OBSOLETE_local: false peers { permanent_uuid: "2977fab0f88b4337a3fb819cdd5c1fff" member_type: VOTER last_known_addr { host: "127.3.2.65" port: 36359 } } peers { permanent_uuid: "3e9af8cd9e534e97a35e4545a14bc81b" member_type: VOTER last_known_addr { host: "127.3.2.66" port: 39817 } attrs { replace: true } } peers { permanent_uuid: "4492b2e5103e4525abf0d2c642f39db3" member_type: VOTER last_known_addr { host: "127.3.2.67" port: 42553 } } peers { permanent_uuid: "b3ac292cd52c4a0baa4595fa8bc4029c" member_type: NON_VOTER last_known_addr { host: "127.3.2.68" port: 32911 } attrs { promote: true } }
I20260710 11:00:16.926914  4843 raft_consensus.cc:740] T 3f40c5682fa64a188f3a56ba7a3e5b4e P b3ac292cd52c4a0baa4595fa8bc4029c [term 1 LEARNER]: Becoming Follower/Learner. State: Replica: b3ac292cd52c4a0baa4595fa8bc4029c, State: Initialized, Role: LEARNER
I20260710 11:00:16.927170  4244 tablet_copy_service.cc:140] P 2977fab0f88b4337a3fb819cdd5c1fff: Received BeginTabletCopySession request for tablet b750ba2392c348fe83bdd39e7b8c8615 from peer b3ac292cd52c4a0baa4595fa8bc4029c ({username='slave'} at 127.0.0.1:56340)
I20260710 11:00:16.927699  4244 tablet_copy_service.cc:161] P 2977fab0f88b4337a3fb819cdd5c1fff: Beginning new tablet copy session on tablet b750ba2392c348fe83bdd39e7b8c8615 from peer b3ac292cd52c4a0baa4595fa8bc4029c at {username='slave'} at 127.0.0.1:56340: session id = b3ac292cd52c4a0baa4595fa8bc4029c-b750ba2392c348fe83bdd39e7b8c8615
I20260710 11:00:16.927510  4843 consensus_queue.cc:260] T 3f40c5682fa64a188f3a56ba7a3e5b4e P b3ac292cd52c4a0baa4595fa8bc4029c [NON_LEADER]: Queue going to NON_LEADER mode. State: All replicated index: 0, Majority replicated index: 0, Committed index: 2, Last appended: 1.2, Last appended by leader: 2, Current term: 0, Majority size: -1, State: 0, Mode: NON_LEADER, active raft config: opid_index: 2 OBSOLETE_local: false peers { permanent_uuid: "2977fab0f88b4337a3fb819cdd5c1fff" member_type: VOTER last_known_addr { host: "127.3.2.65" port: 36359 } } peers { permanent_uuid: "3e9af8cd9e534e97a35e4545a14bc81b" member_type: VOTER last_known_addr { host: "127.3.2.66" port: 39817 } attrs { replace: true } } peers { permanent_uuid: "4492b2e5103e4525abf0d2c642f39db3" member_type: VOTER last_known_addr { host: "127.3.2.67" port: 42553 } } peers { permanent_uuid: "b3ac292cd52c4a0baa4595fa8bc4029c" member_type: NON_VOTER last_known_addr { host: "127.3.2.68" port: 32911 } attrs { promote: true } }
I20260710 11:00:16.929642  4843 ts_tablet_manager.cc:1434] T 3f40c5682fa64a188f3a56ba7a3e5b4e P b3ac292cd52c4a0baa4595fa8bc4029c: Time spent starting tablet: real 0.006s	user 0.004s	sys 0.000s
I20260710 11:00:16.931245  4243 tablet_copy_service.cc:342] P 2977fab0f88b4337a3fb819cdd5c1fff: Request end of tablet copy session b3ac292cd52c4a0baa4595fa8bc4029c-3f40c5682fa64a188f3a56ba7a3e5b4e received from {username='slave'} at 127.0.0.1:56340
I20260710 11:00:16.931632  4243 tablet_copy_service.cc:434] P 2977fab0f88b4337a3fb819cdd5c1fff: ending tablet copy session b3ac292cd52c4a0baa4595fa8bc4029c-3f40c5682fa64a188f3a56ba7a3e5b4e on tablet 3f40c5682fa64a188f3a56ba7a3e5b4e with peer b3ac292cd52c4a0baa4595fa8bc4029c
I20260710 11:00:16.934296  4244 tablet_copy_source_session.cc:215] T b750ba2392c348fe83bdd39e7b8c8615 P 2977fab0f88b4337a3fb819cdd5c1fff: Tablet Copy: opened 0 blocks and 1 log segments
I20260710 11:00:16.937417  4840 data_dirs.cc:400] Could only allocate 1 dirs of requested 3 for tablet b750ba2392c348fe83bdd39e7b8c8615. 1 dirs total, 0 dirs full, 0 dirs failed
I20260710 11:00:16.951695  4840 tablet_copy_client.cc:806] T b750ba2392c348fe83bdd39e7b8c8615 P b3ac292cd52c4a0baa4595fa8bc4029c: tablet copy: Starting download of 0 data blocks...
I20260710 11:00:16.952163  4840 tablet_copy_client.cc:670] T b750ba2392c348fe83bdd39e7b8c8615 P b3ac292cd52c4a0baa4595fa8bc4029c: tablet copy: Starting download of 1 WAL segments...
I20260710 11:00:16.955509  4840 tablet_copy_client.cc:538] T b750ba2392c348fe83bdd39e7b8c8615 P b3ac292cd52c4a0baa4595fa8bc4029c: tablet copy: Tablet Copy complete. Replacing tablet superblock.
I20260710 11:00:16.961158  4840 tablet_bootstrap.cc:492] T b750ba2392c348fe83bdd39e7b8c8615 P b3ac292cd52c4a0baa4595fa8bc4029c: Bootstrap starting.
I20260710 11:00:16.974776  4840 tablet_bootstrap.cc:492] T b750ba2392c348fe83bdd39e7b8c8615 P b3ac292cd52c4a0baa4595fa8bc4029c: Bootstrap replayed 1/1 log segments. Stats: ops{read=2 overwritten=0 applied=2 ignored=0} inserts{seen=0 ignored=0} mutations{seen=0 ignored=0} orphaned_commits=0. Pending: 0 replicates
I20260710 11:00:16.975389  4840 tablet_bootstrap.cc:492] T b750ba2392c348fe83bdd39e7b8c8615 P b3ac292cd52c4a0baa4595fa8bc4029c: Bootstrap complete.
I20260710 11:00:16.975855  4840 ts_tablet_manager.cc:1403] T b750ba2392c348fe83bdd39e7b8c8615 P b3ac292cd52c4a0baa4595fa8bc4029c: Time spent bootstrapping tablet: real 0.015s	user 0.015s	sys 0.001s
I20260710 11:00:16.978016  4840 raft_consensus.cc:359] T b750ba2392c348fe83bdd39e7b8c8615 P b3ac292cd52c4a0baa4595fa8bc4029c [term 1 LEARNER]: Replica starting. Triggering 0 pending ops. Active config: opid_index: 2 OBSOLETE_local: false peers { permanent_uuid: "2977fab0f88b4337a3fb819cdd5c1fff" member_type: VOTER last_known_addr { host: "127.3.2.65" port: 36359 } } peers { permanent_uuid: "3e9af8cd9e534e97a35e4545a14bc81b" member_type: VOTER last_known_addr { host: "127.3.2.66" port: 39817 } } peers { permanent_uuid: "4492b2e5103e4525abf0d2c642f39db3" member_type: VOTER last_known_addr { host: "127.3.2.67" port: 42553 } attrs { replace: true } } peers { permanent_uuid: "b3ac292cd52c4a0baa4595fa8bc4029c" member_type: NON_VOTER last_known_addr { host: "127.3.2.68" port: 32911 } attrs { promote: true } }
I20260710 11:00:16.978701  4840 raft_consensus.cc:740] T b750ba2392c348fe83bdd39e7b8c8615 P b3ac292cd52c4a0baa4595fa8bc4029c [term 1 LEARNER]: Becoming Follower/Learner. State: Replica: b3ac292cd52c4a0baa4595fa8bc4029c, State: Initialized, Role: LEARNER
I20260710 11:00:16.979283  4840 consensus_queue.cc:260] T b750ba2392c348fe83bdd39e7b8c8615 P b3ac292cd52c4a0baa4595fa8bc4029c [NON_LEADER]: Queue going to NON_LEADER mode. State: All replicated index: 0, Majority replicated index: 0, Committed index: 2, Last appended: 1.2, Last appended by leader: 2, Current term: 0, Majority size: -1, State: 0, Mode: NON_LEADER, active raft config: opid_index: 2 OBSOLETE_local: false peers { permanent_uuid: "2977fab0f88b4337a3fb819cdd5c1fff" member_type: VOTER last_known_addr { host: "127.3.2.65" port: 36359 } } peers { permanent_uuid: "3e9af8cd9e534e97a35e4545a14bc81b" member_type: VOTER last_known_addr { host: "127.3.2.66" port: 39817 } } peers { permanent_uuid: "4492b2e5103e4525abf0d2c642f39db3" member_type: VOTER last_known_addr { host: "127.3.2.67" port: 42553 } attrs { replace: true } } peers { permanent_uuid: "b3ac292cd52c4a0baa4595fa8bc4029c" member_type: NON_VOTER last_known_addr { host: "127.3.2.68" port: 32911 } attrs { promote: true } }
I20260710 11:00:16.981189  4840 ts_tablet_manager.cc:1434] T b750ba2392c348fe83bdd39e7b8c8615 P b3ac292cd52c4a0baa4595fa8bc4029c: Time spent starting tablet: real 0.005s	user 0.004s	sys 0.000s
I20260710 11:00:16.982712  4244 tablet_copy_service.cc:342] P 2977fab0f88b4337a3fb819cdd5c1fff: Request end of tablet copy session b3ac292cd52c4a0baa4595fa8bc4029c-b750ba2392c348fe83bdd39e7b8c8615 received from {username='slave'} at 127.0.0.1:56340
I20260710 11:00:16.983124  4244 tablet_copy_service.cc:434] P 2977fab0f88b4337a3fb819cdd5c1fff: ending tablet copy session b3ac292cd52c4a0baa4595fa8bc4029c-b750ba2392c348fe83bdd39e7b8c8615 on tablet b750ba2392c348fe83bdd39e7b8c8615 with peer b3ac292cd52c4a0baa4595fa8bc4029c
I20260710 11:00:17.233924  4650 raft_consensus.cc:1217] T 3f40c5682fa64a188f3a56ba7a3e5b4e P b3ac292cd52c4a0baa4595fa8bc4029c [term 1 LEARNER]: Deduplicated request from leader. Original: 1.1->[1.2-1.2]   Dedup: 1.2->[]
I20260710 11:00:17.307643  4650 raft_consensus.cc:1217] T e1c74c280e6742acad89c3fa06aa4d99 P b3ac292cd52c4a0baa4595fa8bc4029c [term 1 LEARNER]: Deduplicated request from leader. Original: 1.1->[1.2-1.2]   Dedup: 1.2->[]
I20260710 11:00:17.322014  4650 raft_consensus.cc:1217] T 82b91866327341dda9bf1ea04d62fb6a P b3ac292cd52c4a0baa4595fa8bc4029c [term 1 LEARNER]: Deduplicated request from leader. Original: 1.1->[1.2-1.2]   Dedup: 1.2->[]
I20260710 11:00:17.544509  4650 raft_consensus.cc:1217] T b750ba2392c348fe83bdd39e7b8c8615 P b3ac292cd52c4a0baa4595fa8bc4029c [term 1 LEARNER]: Deduplicated request from leader. Original: 1.1->[1.2-1.2]   Dedup: 1.2->[]
I20260710 11:00:17.765637  4804 raft_consensus.cc:1064] T 82b91866327341dda9bf1ea04d62fb6a P 4492b2e5103e4525abf0d2c642f39db3: attempting to promote NON_VOTER b3ac292cd52c4a0baa4595fa8bc4029c to VOTER
I20260710 11:00:17.767398  4804 consensus_queue.cc:237] T 82b91866327341dda9bf1ea04d62fb6a P 4492b2e5103e4525abf0d2c642f39db3 [LEADER]: Queue going to LEADER mode. State: All replicated index: 0, Majority replicated index: 2, Committed index: 2, Last appended: 1.2, Last appended by leader: 0, Current term: 1, Majority size: 3, State: 0, Mode: LEADER, active raft config: opid_index: 3 OBSOLETE_local: false peers { permanent_uuid: "2977fab0f88b4337a3fb819cdd5c1fff" member_type: VOTER last_known_addr { host: "127.3.2.65" port: 36359 } attrs { replace: true } } peers { permanent_uuid: "3e9af8cd9e534e97a35e4545a14bc81b" member_type: VOTER last_known_addr { host: "127.3.2.66" port: 39817 } } peers { permanent_uuid: "4492b2e5103e4525abf0d2c642f39db3" member_type: VOTER last_known_addr { host: "127.3.2.67" port: 42553 } } peers { permanent_uuid: "b3ac292cd52c4a0baa4595fa8bc4029c" member_type: VOTER last_known_addr { host: "127.3.2.68" port: 32911 } attrs { promote: false } }
I20260710 11:00:17.773391  4650 raft_consensus.cc:1275] T 82b91866327341dda9bf1ea04d62fb6a P b3ac292cd52c4a0baa4595fa8bc4029c [term 1 LEARNER]: Refusing update from remote peer 4492b2e5103e4525abf0d2c642f39db3: Log matching property violated. Preceding OpId in replica: term: 1 index: 2. Preceding OpId from leader: term: 1 index: 3. (index mismatch)
I20260710 11:00:17.774501  4307 raft_consensus.cc:1275] T 82b91866327341dda9bf1ea04d62fb6a P 3e9af8cd9e534e97a35e4545a14bc81b [term 1 FOLLOWER]: Refusing update from remote peer 4492b2e5103e4525abf0d2c642f39db3: Log matching property violated. Preceding OpId in replica: term: 1 index: 2. Preceding OpId from leader: term: 1 index: 3. (index mismatch)
I20260710 11:00:17.776103  4849 raft_consensus.cc:1064] T 3f40c5682fa64a188f3a56ba7a3e5b4e P 2977fab0f88b4337a3fb819cdd5c1fff: attempting to promote NON_VOTER b3ac292cd52c4a0baa4595fa8bc4029c to VOTER
I20260710 11:00:17.776382  4232 raft_consensus.cc:1275] T 82b91866327341dda9bf1ea04d62fb6a P 2977fab0f88b4337a3fb819cdd5c1fff [term 1 FOLLOWER]: Refusing update from remote peer 4492b2e5103e4525abf0d2c642f39db3: Log matching property violated. Preceding OpId in replica: term: 1 index: 2. Preceding OpId from leader: term: 1 index: 3. (index mismatch)
