I20260710 11:07:56.609920 18665 consensus_queue.cc:1048] T 6dbe0f1bb1254157881b0e123dd25833 P 5a14af257fbb4b0694b5d55da5e03543 [LEADER]: Connected to new peer: Peer: permanent_uuid: "97ad1204fc81474f94cfbff4bb7995bf" member_type: VOTER last_known_addr { host: "127.17.102.2" port: 33435 }, Status: LMP_MISMATCH, Last received: 0.0, Next index: 1, Last known committed idx: 0, Time since last communication: 0.000s
I20260710 11:07:56.695675 18665 consensus_queue.cc:1048] T 39d6fd22c26b409ebbbfaf1a03aa0693 P 5a14af257fbb4b0694b5d55da5e03543 [LEADER]: Connected to new peer: Peer: permanent_uuid: "abe3161cb43c41e487d8cbcab99253fc" member_type: VOTER last_known_addr { host: "127.17.102.3" port: 33623 }, Status: LMP_MISMATCH, Last received: 0.0, Next index: 1, Last known committed idx: 0, Time since last communication: 0.000s
I20260710 11:07:56.709033 18642 consensus_queue.cc:1048] T 39d6fd22c26b409ebbbfaf1a03aa0693 P 5a14af257fbb4b0694b5d55da5e03543 [LEADER]: Connected to new peer: Peer: permanent_uuid: "97ad1204fc81474f94cfbff4bb7995bf" member_type: VOTER last_known_addr { host: "127.17.102.2" port: 33435 }, Status: LMP_MISMATCH, Last received: 0.0, Next index: 1, Last known committed idx: 0, Time since last communication: 0.000s
I20260710 11:07:56.715095 18595 tablet_service.cc:2072] Received LeaderStepDown RPC: tablet_id: "9c71b43f44534ca1aa3bfbf85d6c4e90"
dest_uuid: "abe3161cb43c41e487d8cbcab99253fc"
mode: GRACEFUL
new_leader_uuid: "5a14af257fbb4b0694b5d55da5e03543"
 from {username='slave'} at 127.0.0.1:57562
I20260710 11:07:56.715655 18595 raft_consensus.cc:606] T 9c71b43f44534ca1aa3bfbf85d6c4e90 P abe3161cb43c41e487d8cbcab99253fc [term 1 LEADER]: Received request to transfer leadership to TS 5a14af257fbb4b0694b5d55da5e03543
I20260710 11:07:56.729480 18595 tablet_service.cc:2072] Received LeaderStepDown RPC: tablet_id: "6bfde36de0064c9d8b451947b23ae229"
dest_uuid: "abe3161cb43c41e487d8cbcab99253fc"
mode: GRACEFUL
new_leader_uuid: "5a14af257fbb4b0694b5d55da5e03543"
 from {username='slave'} at 127.0.0.1:57562
I20260710 11:07:56.730036 18595 raft_consensus.cc:606] T 6bfde36de0064c9d8b451947b23ae229 P abe3161cb43c41e487d8cbcab99253fc [term 1 LEADER]: Received request to transfer leadership to TS 5a14af257fbb4b0694b5d55da5e03543
I20260710 11:07:56.746176 18446 tablet_service.cc:2072] Received LeaderStepDown RPC: tablet_id: "9d899390ead249b0baae6b88c702b3da"
dest_uuid: "5a14af257fbb4b0694b5d55da5e03543"
mode: GRACEFUL
new_leader_uuid: "97ad1204fc81474f94cfbff4bb7995bf"
 from {username='slave'} at 127.0.0.1:33080
I20260710 11:07:56.746709 18446 raft_consensus.cc:606] T 9d899390ead249b0baae6b88c702b3da P 5a14af257fbb4b0694b5d55da5e03543 [term 1 LEADER]: Received request to transfer leadership to TS 97ad1204fc81474f94cfbff4bb7995bf
I20260710 11:07:56.749876 18708 raft_consensus.cc:993] T 6bfde36de0064c9d8b451947b23ae229 P abe3161cb43c41e487d8cbcab99253fc: : Instructing follower 5a14af257fbb4b0694b5d55da5e03543 to start an election
I20260710 11:07:56.750365 18707 raft_consensus.cc:1081] T 6bfde36de0064c9d8b451947b23ae229 P abe3161cb43c41e487d8cbcab99253fc [term 1 LEADER]: Signalling peer 5a14af257fbb4b0694b5d55da5e03543 to start an election
I20260710 11:07:56.751868 18446 tablet_service.cc:2044] Received Run Leader Election RPC: tablet_id: "6bfde36de0064c9d8b451947b23ae229"
dest_uuid: "5a14af257fbb4b0694b5d55da5e03543"
 from {username='slave'} at 127.0.0.1:33058
I20260710 11:07:56.751969 18444 tablet_service.cc:2072] Received LeaderStepDown RPC: tablet_id: "5e0c890ef6b148639858aaa1872c0092"
dest_uuid: "5a14af257fbb4b0694b5d55da5e03543"
mode: GRACEFUL
new_leader_uuid: "97ad1204fc81474f94cfbff4bb7995bf"
 from {username='slave'} at 127.0.0.1:33080
I20260710 11:07:56.752358 18446 raft_consensus.cc:493] T 6bfde36de0064c9d8b451947b23ae229 P 5a14af257fbb4b0694b5d55da5e03543 [term 1 FOLLOWER]: Starting forced leader election (received explicit request)
I20260710 11:07:56.752506 18444 raft_consensus.cc:606] T 5e0c890ef6b148639858aaa1872c0092 P 5a14af257fbb4b0694b5d55da5e03543 [term 1 LEADER]: Received request to transfer leadership to TS 97ad1204fc81474f94cfbff4bb7995bf
I20260710 11:07:56.752712 18446 raft_consensus.cc:3060] T 6bfde36de0064c9d8b451947b23ae229 P 5a14af257fbb4b0694b5d55da5e03543 [term 1 FOLLOWER]: Advancing to term 2
I20260710 11:07:56.758121 18444 tablet_service.cc:2072] Received LeaderStepDown RPC: tablet_id: "39d6fd22c26b409ebbbfaf1a03aa0693"
dest_uuid: "5a14af257fbb4b0694b5d55da5e03543"
mode: GRACEFUL
new_leader_uuid: "97ad1204fc81474f94cfbff4bb7995bf"
 from {username='slave'} at 127.0.0.1:33080
I20260710 11:07:56.758706 18444 raft_consensus.cc:606] T 39d6fd22c26b409ebbbfaf1a03aa0693 P 5a14af257fbb4b0694b5d55da5e03543 [term 1 LEADER]: Received request to transfer leadership to TS 97ad1204fc81474f94cfbff4bb7995bf
I20260710 11:07:56.758734 18446 raft_consensus.cc:515] T 6bfde36de0064c9d8b451947b23ae229 P 5a14af257fbb4b0694b5d55da5e03543 [term 2 FOLLOWER]: Starting forced leader election with config: opid_index: -1 OBSOLETE_local: false peers { permanent_uuid: "5a14af257fbb4b0694b5d55da5e03543" member_type: VOTER last_known_addr { host: "127.17.102.1" port: 43363 } } peers { permanent_uuid: "97ad1204fc81474f94cfbff4bb7995bf" member_type: VOTER last_known_addr { host: "127.17.102.2" port: 33435 } } peers { permanent_uuid: "abe3161cb43c41e487d8cbcab99253fc" member_type: VOTER last_known_addr { host: "127.17.102.3" port: 33623 } }
I20260710 11:07:56.759843 18701 consensus_queue.cc:1048] T 77a8ed022b514d6bb867355c3be704af P 97ad1204fc81474f94cfbff4bb7995bf [LEADER]: Connected to new peer: Peer: permanent_uuid: "abe3161cb43c41e487d8cbcab99253fc" member_type: VOTER last_known_addr { host: "127.17.102.3" port: 33623 }, Status: LMP_MISMATCH, Last received: 0.0, Next index: 1, Last known committed idx: 0, Time since last communication: 0.000s
I20260710 11:07:56.761327 18446 leader_election.cc:290] T 6bfde36de0064c9d8b451947b23ae229 P 5a14af257fbb4b0694b5d55da5e03543 [CANDIDATE]: Term 2 election: Requested vote from peers 97ad1204fc81474f94cfbff4bb7995bf (127.17.102.2:33435), abe3161cb43c41e487d8cbcab99253fc (127.17.102.3:33623)
I20260710 11:07:56.761768 18519 tablet_service.cc:1917] Received RequestConsensusVote() RPC: tablet_id: "6bfde36de0064c9d8b451947b23ae229" candidate_uuid: "5a14af257fbb4b0694b5d55da5e03543" candidate_term: 2 candidate_status { last_received { term: 1 index: 1 } } ignore_live_leader: true dest_uuid: "97ad1204fc81474f94cfbff4bb7995bf"
I20260710 11:07:56.762369 18519 raft_consensus.cc:3060] T 6bfde36de0064c9d8b451947b23ae229 P 97ad1204fc81474f94cfbff4bb7995bf [term 1 FOLLOWER]: Advancing to term 2
I20260710 11:07:56.763604 18593 tablet_service.cc:1917] Received RequestConsensusVote() RPC: tablet_id: "6bfde36de0064c9d8b451947b23ae229" candidate_uuid: "5a14af257fbb4b0694b5d55da5e03543" candidate_term: 2 candidate_status { last_received { term: 1 index: 1 } } ignore_live_leader: true dest_uuid: "abe3161cb43c41e487d8cbcab99253fc"
I20260710 11:07:56.764194 18593 raft_consensus.cc:3055] T 6bfde36de0064c9d8b451947b23ae229 P abe3161cb43c41e487d8cbcab99253fc [term 1 LEADER]: Stepping down as leader of term 1
I20260710 11:07:56.764549 18593 raft_consensus.cc:740] T 6bfde36de0064c9d8b451947b23ae229 P abe3161cb43c41e487d8cbcab99253fc [term 1 LEADER]: Becoming Follower/Learner. State: Replica: abe3161cb43c41e487d8cbcab99253fc, State: Running, Role: LEADER
I20260710 11:07:56.765407 18593 consensus_queue.cc:260] T 6bfde36de0064c9d8b451947b23ae229 P abe3161cb43c41e487d8cbcab99253fc [NON_LEADER]: Queue going to NON_LEADER mode. State: All replicated index: 0, Majority replicated index: 1, Committed index: 1, Last appended: 1.1, Last appended by leader: 1, Current term: 1, Majority size: -1, State: 0, Mode: NON_LEADER, active raft config: opid_index: -1 OBSOLETE_local: false peers { permanent_uuid: "5a14af257fbb4b0694b5d55da5e03543" member_type: VOTER last_known_addr { host: "127.17.102.1" port: 43363 } } peers { permanent_uuid: "97ad1204fc81474f94cfbff4bb7995bf" member_type: VOTER last_known_addr { host: "127.17.102.2" port: 33435 } } peers { permanent_uuid: "abe3161cb43c41e487d8cbcab99253fc" member_type: VOTER last_known_addr { host: "127.17.102.3" port: 33623 } }
I20260710 11:07:56.766645 18593 raft_consensus.cc:3060] T 6bfde36de0064c9d8b451947b23ae229 P abe3161cb43c41e487d8cbcab99253fc [term 1 FOLLOWER]: Advancing to term 2
I20260710 11:07:56.771088 18519 raft_consensus.cc:2468] T 6bfde36de0064c9d8b451947b23ae229 P 97ad1204fc81474f94cfbff4bb7995bf [term 2 FOLLOWER]: Leader election vote request: Granting yes vote for candidate 5a14af257fbb4b0694b5d55da5e03543 in term 2.
I20260710 11:07:56.772498 18411 leader_election.cc:304] T 6bfde36de0064c9d8b451947b23ae229 P 5a14af257fbb4b0694b5d55da5e03543 [CANDIDATE]: Term 2 election: Election decided. Result: candidate won. Election summary: received 2 responses out of 3 voters: 2 yes votes; 0 no votes. yes voters: 5a14af257fbb4b0694b5d55da5e03543, 97ad1204fc81474f94cfbff4bb7995bf; no voters: 
I20260710 11:07:56.773383 18642 raft_consensus.cc:2804] T 6bfde36de0064c9d8b451947b23ae229 P 5a14af257fbb4b0694b5d55da5e03543 [term 2 FOLLOWER]: Leader election won for term 2
I20260710 11:07:56.773885 18642 raft_consensus.cc:697] T 6bfde36de0064c9d8b451947b23ae229 P 5a14af257fbb4b0694b5d55da5e03543 [term 2 LEADER]: Becoming Leader. State: Replica: 5a14af257fbb4b0694b5d55da5e03543, State: Running, Role: LEADER
I20260710 11:07:56.774667 18593 raft_consensus.cc:2468] T 6bfde36de0064c9d8b451947b23ae229 P abe3161cb43c41e487d8cbcab99253fc [term 2 FOLLOWER]: Leader election vote request: Granting yes vote for candidate 5a14af257fbb4b0694b5d55da5e03543 in term 2.
I20260710 11:07:56.774718 18642 consensus_queue.cc:237] T 6bfde36de0064c9d8b451947b23ae229 P 5a14af257fbb4b0694b5d55da5e03543 [LEADER]: Queue going to LEADER mode. State: All replicated index: 0, Majority replicated index: 1, Committed index: 1, Last appended: 1.1, Last appended by leader: 1, Current term: 2, Majority size: 2, State: 0, Mode: LEADER, active raft config: opid_index: -1 OBSOLETE_local: false peers { permanent_uuid: "5a14af257fbb4b0694b5d55da5e03543" member_type: VOTER last_known_addr { host: "127.17.102.1" port: 43363 } } peers { permanent_uuid: "97ad1204fc81474f94cfbff4bb7995bf" member_type: VOTER last_known_addr { host: "127.17.102.2" port: 33435 } } peers { permanent_uuid: "abe3161cb43c41e487d8cbcab99253fc" member_type: VOTER last_known_addr { host: "127.17.102.3" port: 33623 } }
I20260710 11:07:56.776692 18446 tablet_service.cc:2072] Received LeaderStepDown RPC: tablet_id: "c7bdcfcd50014a50b2712e3eabe3e5b2"
dest_uuid: "5a14af257fbb4b0694b5d55da5e03543"
mode: GRACEFUL
new_leader_uuid: "97ad1204fc81474f94cfbff4bb7995bf"
 from {username='slave'} at 127.0.0.1:33080
I20260710 11:07:56.777554 18446 raft_consensus.cc:606] T c7bdcfcd50014a50b2712e3eabe3e5b2 P 5a14af257fbb4b0694b5d55da5e03543 [term 1 LEADER]: Received request to transfer leadership to TS 97ad1204fc81474f94cfbff4bb7995bf
I20260710 11:07:56.782797 18342 catalog_manager.cc:5697] T 6bfde36de0064c9d8b451947b23ae229 P 5a14af257fbb4b0694b5d55da5e03543 reported cstate change: term changed from 1 to 2, leader changed from abe3161cb43c41e487d8cbcab99253fc (127.17.102.3) to 5a14af257fbb4b0694b5d55da5e03543 (127.17.102.1). New cstate: current_term: 2 leader_uuid: "5a14af257fbb4b0694b5d55da5e03543" committed_config { opid_index: -1 OBSOLETE_local: false peers { permanent_uuid: "5a14af257fbb4b0694b5d55da5e03543" member_type: VOTER last_known_addr { host: "127.17.102.1" port: 43363 } health_report { overall_health: HEALTHY } } peers { permanent_uuid: "97ad1204fc81474f94cfbff4bb7995bf" member_type: VOTER last_known_addr { host: "127.17.102.2" port: 33435 } health_report { overall_health: UNKNOWN } } peers { permanent_uuid: "abe3161cb43c41e487d8cbcab99253fc" member_type: VOTER last_known_addr { host: "127.17.102.3" port: 33623 } health_report { overall_health: UNKNOWN } } }
I20260710 11:07:56.787663 18641 consensus_queue.cc:1048] T 77a8ed022b514d6bb867355c3be704af P 97ad1204fc81474f94cfbff4bb7995bf [LEADER]: Connected to new peer: Peer: permanent_uuid: "5a14af257fbb4b0694b5d55da5e03543" member_type: VOTER last_known_addr { host: "127.17.102.1" port: 43363 }, Status: LMP_MISMATCH, Last received: 0.0, Next index: 1, Last known committed idx: 0, Time since last communication: 0.000s
I20260710 11:07:56.801551 18519 tablet_service.cc:2072] Received LeaderStepDown RPC: tablet_id: "77a8ed022b514d6bb867355c3be704af"
dest_uuid: "97ad1204fc81474f94cfbff4bb7995bf"
mode: GRACEFUL
new_leader_uuid: "abe3161cb43c41e487d8cbcab99253fc"
 from {username='slave'} at 127.0.0.1:54152
I20260710 11:07:56.802175 18519 raft_consensus.cc:606] T 77a8ed022b514d6bb867355c3be704af P 97ad1204fc81474f94cfbff4bb7995bf [term 1 LEADER]: Received request to transfer leadership to TS abe3161cb43c41e487d8cbcab99253fc
I20260710 11:07:56.846225 18667 raft_consensus.cc:993] T c7bdcfcd50014a50b2712e3eabe3e5b2 P 5a14af257fbb4b0694b5d55da5e03543: : Instructing follower 97ad1204fc81474f94cfbff4bb7995bf to start an election
I20260710 11:07:56.846657 18642 raft_consensus.cc:1081] T c7bdcfcd50014a50b2712e3eabe3e5b2 P 5a14af257fbb4b0694b5d55da5e03543 [term 1 LEADER]: Signalling peer 97ad1204fc81474f94cfbff4bb7995bf to start an election
I20260710 11:07:56.848161 18519 tablet_service.cc:2044] Received Run Leader Election RPC: tablet_id: "c7bdcfcd50014a50b2712e3eabe3e5b2"
dest_uuid: "97ad1204fc81474f94cfbff4bb7995bf"
 from {username='slave'} at 127.0.0.1:54122
I20260710 11:07:56.848650 18519 raft_consensus.cc:493] T c7bdcfcd50014a50b2712e3eabe3e5b2 P 97ad1204fc81474f94cfbff4bb7995bf [term 1 FOLLOWER]: Starting forced leader election (received explicit request)
I20260710 11:07:56.848953 18519 raft_consensus.cc:3060] T c7bdcfcd50014a50b2712e3eabe3e5b2 P 97ad1204fc81474f94cfbff4bb7995bf [term 1 FOLLOWER]: Advancing to term 2
I20260710 11:07:56.850069 18642 raft_consensus.cc:993] T 5e0c890ef6b148639858aaa1872c0092 P 5a14af257fbb4b0694b5d55da5e03543: : Instructing follower 97ad1204fc81474f94cfbff4bb7995bf to start an election
I20260710 11:07:56.850543 18667 raft_consensus.cc:1081] T 5e0c890ef6b148639858aaa1872c0092 P 5a14af257fbb4b0694b5d55da5e03543 [term 1 LEADER]: Signalling peer 97ad1204fc81474f94cfbff4bb7995bf to start an election
I20260710 11:07:56.851918 18521 tablet_service.cc:2044] Received Run Leader Election RPC: tablet_id: "5e0c890ef6b148639858aaa1872c0092"
dest_uuid: "97ad1204fc81474f94cfbff4bb7995bf"
 from {username='slave'} at 127.0.0.1:54122
I20260710 11:07:56.852368 18521 raft_consensus.cc:493] T 5e0c890ef6b148639858aaa1872c0092 P 97ad1204fc81474f94cfbff4bb7995bf [term 1 FOLLOWER]: Starting forced leader election (received explicit request)
I20260710 11:07:56.852664 18521 raft_consensus.cc:3060] T 5e0c890ef6b148639858aaa1872c0092 P 97ad1204fc81474f94cfbff4bb7995bf [term 1 FOLLOWER]: Advancing to term 2
I20260710 11:07:56.854707 18519 raft_consensus.cc:515] T c7bdcfcd50014a50b2712e3eabe3e5b2 P 97ad1204fc81474f94cfbff4bb7995bf [term 2 FOLLOWER]: Starting forced leader election with config: opid_index: -1 OBSOLETE_local: false peers { permanent_uuid: "5a14af257fbb4b0694b5d55da5e03543" member_type: VOTER last_known_addr { host: "127.17.102.1" port: 43363 } } peers { permanent_uuid: "97ad1204fc81474f94cfbff4bb7995bf" member_type: VOTER last_known_addr { host: "127.17.102.2" port: 33435 } } peers { permanent_uuid: "abe3161cb43c41e487d8cbcab99253fc" member_type: VOTER last_known_addr { host: "127.17.102.3" port: 33623 } }
I20260710 11:07:56.856336 18519 leader_election.cc:290] T c7bdcfcd50014a50b2712e3eabe3e5b2 P 97ad1204fc81474f94cfbff4bb7995bf [CANDIDATE]: Term 2 election: Requested vote from peers 5a14af257fbb4b0694b5d55da5e03543 (127.17.102.1:43363), abe3161cb43c41e487d8cbcab99253fc (127.17.102.3:33623)
I20260710 11:07:56.857266 18444 tablet_service.cc:1917] Received RequestConsensusVote() RPC: tablet_id: "c7bdcfcd50014a50b2712e3eabe3e5b2" candidate_uuid: "97ad1204fc81474f94cfbff4bb7995bf" candidate_term: 2 candidate_status { last_received { term: 1 index: 1 } } ignore_live_leader: true dest_uuid: "5a14af257fbb4b0694b5d55da5e03543"
I20260710 11:07:56.857419 18595 tablet_service.cc:1917] Received RequestConsensusVote() RPC: tablet_id: "c7bdcfcd50014a50b2712e3eabe3e5b2" candidate_uuid: "97ad1204fc81474f94cfbff4bb7995bf" candidate_term: 2 candidate_status { last_received { term: 1 index: 1 } } ignore_live_leader: true dest_uuid: "abe3161cb43c41e487d8cbcab99253fc"
I20260710 11:07:56.857900 18444 raft_consensus.cc:3055] T c7bdcfcd50014a50b2712e3eabe3e5b2 P 5a14af257fbb4b0694b5d55da5e03543 [term 1 LEADER]: Stepping down as leader of term 1
I20260710 11:07:56.858001 18595 raft_consensus.cc:3060] T c7bdcfcd50014a50b2712e3eabe3e5b2 P abe3161cb43c41e487d8cbcab99253fc [term 1 FOLLOWER]: Advancing to term 2
I20260710 11:07:56.857899 18521 raft_consensus.cc:515] T 5e0c890ef6b148639858aaa1872c0092 P 97ad1204fc81474f94cfbff4bb7995bf [term 2 FOLLOWER]: Starting forced leader election with config: opid_index: -1 OBSOLETE_local: false peers { permanent_uuid: "5a14af257fbb4b0694b5d55da5e03543" member_type: VOTER last_known_addr { host: "127.17.102.1" port: 43363 } } peers { permanent_uuid: "97ad1204fc81474f94cfbff4bb7995bf" member_type: VOTER last_known_addr { host: "127.17.102.2" port: 33435 } } peers { permanent_uuid: "abe3161cb43c41e487d8cbcab99253fc" member_type: VOTER last_known_addr { host: "127.17.102.3" port: 33623 } }
I20260710 11:07:56.858484 18444 raft_consensus.cc:740] T c7bdcfcd50014a50b2712e3eabe3e5b2 P 5a14af257fbb4b0694b5d55da5e03543 [term 1 LEADER]: Becoming Follower/Learner. State: Replica: 5a14af257fbb4b0694b5d55da5e03543, State: Running, Role: LEADER
I20260710 11:07:56.859284 18444 consensus_queue.cc:260] T c7bdcfcd50014a50b2712e3eabe3e5b2 P 5a14af257fbb4b0694b5d55da5e03543 [NON_LEADER]: Queue going to NON_LEADER mode. State: All replicated index: 0, Majority replicated index: 1, Committed index: 1, Last appended: 1.1, Last appended by leader: 1, Current term: 1, Majority size: -1, State: 0, Mode: NON_LEADER, active raft config: opid_index: -1 OBSOLETE_local: false peers { permanent_uuid: "5a14af257fbb4b0694b5d55da5e03543" member_type: VOTER last_known_addr { host: "127.17.102.1" port: 43363 } } peers { permanent_uuid: "97ad1204fc81474f94cfbff4bb7995bf" member_type: VOTER last_known_addr { host: "127.17.102.2" port: 33435 } } peers { permanent_uuid: "abe3161cb43c41e487d8cbcab99253fc" member_type: VOTER last_known_addr { host: "127.17.102.3" port: 33623 } }
I20260710 11:07:56.860497 18444 raft_consensus.cc:3060] T c7bdcfcd50014a50b2712e3eabe3e5b2 P 5a14af257fbb4b0694b5d55da5e03543 [term 1 FOLLOWER]: Advancing to term 2
I20260710 11:07:56.861024 18446 tablet_service.cc:1917] Received RequestConsensusVote() RPC: tablet_id: "5e0c890ef6b148639858aaa1872c0092" candidate_uuid: "97ad1204fc81474f94cfbff4bb7995bf" candidate_term: 2 candidate_status { last_received { term: 1 index: 1 } } ignore_live_leader: true dest_uuid: "5a14af257fbb4b0694b5d55da5e03543"
I20260710 11:07:56.861303 18593 tablet_service.cc:1917] Received RequestConsensusVote() RPC: tablet_id: "5e0c890ef6b148639858aaa1872c0092" candidate_uuid: "97ad1204fc81474f94cfbff4bb7995bf" candidate_term: 2 candidate_status { last_received { term: 1 index: 1 } } ignore_live_leader: true dest_uuid: "abe3161cb43c41e487d8cbcab99253fc"
I20260710 11:07:56.861632 18446 raft_consensus.cc:3055] T 5e0c890ef6b148639858aaa1872c0092 P 5a14af257fbb4b0694b5d55da5e03543 [term 1 LEADER]: Stepping down as leader of term 1
I20260710 11:07:56.861904 18593 raft_consensus.cc:3060] T 5e0c890ef6b148639858aaa1872c0092 P abe3161cb43c41e487d8cbcab99253fc [term 1 FOLLOWER]: Advancing to term 2
I20260710 11:07:56.861990 18446 raft_consensus.cc:740] T 5e0c890ef6b148639858aaa1872c0092 P 5a14af257fbb4b0694b5d55da5e03543 [term 1 LEADER]: Becoming Follower/Learner. State: Replica: 5a14af257fbb4b0694b5d55da5e03543, State: Running, Role: LEADER
I20260710 11:07:56.862941 18446 consensus_queue.cc:260] T 5e0c890ef6b148639858aaa1872c0092 P 5a14af257fbb4b0694b5d55da5e03543 [NON_LEADER]: Queue going to NON_LEADER mode. State: All replicated index: 0, Majority replicated index: 1, Committed index: 1, Last appended: 1.1, Last appended by leader: 1, Current term: 1, Majority size: -1, State: 0, Mode: NON_LEADER, active raft config: opid_index: -1 OBSOLETE_local: false peers { permanent_uuid: "5a14af257fbb4b0694b5d55da5e03543" member_type: VOTER last_known_addr { host: "127.17.102.1" port: 43363 } } peers { permanent_uuid: "97ad1204fc81474f94cfbff4bb7995bf" member_type: VOTER last_known_addr { host: "127.17.102.2" port: 33435 } } peers { permanent_uuid: "abe3161cb43c41e487d8cbcab99253fc" member_type: VOTER last_known_addr { host: "127.17.102.3" port: 33623 } }
I20260710 11:07:56.864008 18446 raft_consensus.cc:3060] T 5e0c890ef6b148639858aaa1872c0092 P 5a14af257fbb4b0694b5d55da5e03543 [term 1 FOLLOWER]: Advancing to term 2
I20260710 11:07:56.864609 18595 raft_consensus.cc:2468] T c7bdcfcd50014a50b2712e3eabe3e5b2 P abe3161cb43c41e487d8cbcab99253fc [term 2 FOLLOWER]: Leader election vote request: Granting yes vote for candidate 97ad1204fc81474f94cfbff4bb7995bf in term 2.
I20260710 11:07:56.865965 18486 leader_election.cc:304] T c7bdcfcd50014a50b2712e3eabe3e5b2 P 97ad1204fc81474f94cfbff4bb7995bf [CANDIDATE]: Term 2 election: Election decided. Result: candidate won. Election summary: received 2 responses out of 3 voters: 2 yes votes; 0 no votes. yes voters: 97ad1204fc81474f94cfbff4bb7995bf, abe3161cb43c41e487d8cbcab99253fc; no voters: 
I20260710 11:07:56.866883 18641 raft_consensus.cc:2804] T c7bdcfcd50014a50b2712e3eabe3e5b2 P 97ad1204fc81474f94cfbff4bb7995bf [term 2 FOLLOWER]: Leader election won for term 2
I20260710 11:07:56.867334 18641 raft_consensus.cc:697] T c7bdcfcd50014a50b2712e3eabe3e5b2 P 97ad1204fc81474f94cfbff4bb7995bf [term 2 LEADER]: Becoming Leader. State: Replica: 97ad1204fc81474f94cfbff4bb7995bf, State: Running, Role: LEADER
I20260710 11:07:56.868182 18641 consensus_queue.cc:237] T c7bdcfcd50014a50b2712e3eabe3e5b2 P 97ad1204fc81474f94cfbff4bb7995bf [LEADER]: Queue going to LEADER mode. State: All replicated index: 0, Majority replicated index: 1, Committed index: 1, Last appended: 1.1, Last appended by leader: 1, Current term: 2, Majority size: 2, State: 0, Mode: LEADER, active raft config: opid_index: -1 OBSOLETE_local: false peers { permanent_uuid: "5a14af257fbb4b0694b5d55da5e03543" member_type: VOTER last_known_addr { host: "127.17.102.1" port: 43363 } } peers { permanent_uuid: "97ad1204fc81474f94cfbff4bb7995bf" member_type: VOTER last_known_addr { host: "127.17.102.2" port: 33435 } } peers { permanent_uuid: "abe3161cb43c41e487d8cbcab99253fc" member_type: VOTER last_known_addr { host: "127.17.102.3" port: 33623 } }
I20260710 11:07:56.869705 18593 raft_consensus.cc:2468] T 5e0c890ef6b148639858aaa1872c0092 P abe3161cb43c41e487d8cbcab99253fc [term 2 FOLLOWER]: Leader election vote request: Granting yes vote for candidate 97ad1204fc81474f94cfbff4bb7995bf in term 2.
I20260710 11:07:56.870560 18521 leader_election.cc:290] T 5e0c890ef6b148639858aaa1872c0092 P 97ad1204fc81474f94cfbff4bb7995bf [CANDIDATE]: Term 2 election: Requested vote from peers 5a14af257fbb4b0694b5d55da5e03543 (127.17.102.1:43363), abe3161cb43c41e487d8cbcab99253fc (127.17.102.3:33623)
I20260710 11:07:56.871145 18446 raft_consensus.cc:2468] T 5e0c890ef6b148639858aaa1872c0092 P 5a14af257fbb4b0694b5d55da5e03543 [term 2 FOLLOWER]: Leader election vote request: Granting yes vote for candidate 97ad1204fc81474f94cfbff4bb7995bf in term 2.
I20260710 11:07:56.871310 18444 raft_consensus.cc:2468] T c7bdcfcd50014a50b2712e3eabe3e5b2 P 5a14af257fbb4b0694b5d55da5e03543 [term 2 FOLLOWER]: Leader election vote request: Granting yes vote for candidate 97ad1204fc81474f94cfbff4bb7995bf in term 2.
I20260710 11:07:56.873185 18486 leader_election.cc:304] T 5e0c890ef6b148639858aaa1872c0092 P 97ad1204fc81474f94cfbff4bb7995bf [CANDIDATE]: Term 2 election: Election decided. Result: candidate won. Election summary: received 2 responses out of 3 voters: 2 yes votes; 0 no votes. yes voters: 97ad1204fc81474f94cfbff4bb7995bf, abe3161cb43c41e487d8cbcab99253fc; no voters: 
I20260710 11:07:56.874209 18641 raft_consensus.cc:2804] T 5e0c890ef6b148639858aaa1872c0092 P 97ad1204fc81474f94cfbff4bb7995bf [term 2 FOLLOWER]: Leader election won for term 2
I20260710 11:07:56.874804 18641 raft_consensus.cc:697] T 5e0c890ef6b148639858aaa1872c0092 P 97ad1204fc81474f94cfbff4bb7995bf [term 2 LEADER]: Becoming Leader. State: Replica: 97ad1204fc81474f94cfbff4bb7995bf, State: Running, Role: LEADER
I20260710 11:07:56.875525 18641 consensus_queue.cc:237] T 5e0c890ef6b148639858aaa1872c0092 P 97ad1204fc81474f94cfbff4bb7995bf [LEADER]: Queue going to LEADER mode. State: All replicated index: 0, Majority replicated index: 1, Committed index: 1, Last appended: 1.1, Last appended by leader: 1, Current term: 2, Majority size: 2, State: 0, Mode: LEADER, active raft config: opid_index: -1 OBSOLETE_local: false peers { permanent_uuid: "5a14af257fbb4b0694b5d55da5e03543" member_type: VOTER last_known_addr { host: "127.17.102.1" port: 43363 } } peers { permanent_uuid: "97ad1204fc81474f94cfbff4bb7995bf" member_type: VOTER last_known_addr { host: "127.17.102.2" port: 33435 } } peers { permanent_uuid: "abe3161cb43c41e487d8cbcab99253fc" member_type: VOTER last_known_addr { host: "127.17.102.3" port: 33623 } }
I20260710 11:07:56.876327 18708 raft_consensus.cc:993] T 9c71b43f44534ca1aa3bfbf85d6c4e90 P abe3161cb43c41e487d8cbcab99253fc: : Instructing follower 5a14af257fbb4b0694b5d55da5e03543 to start an election
I20260710 11:07:56.876807 18707 raft_consensus.cc:1081] T 9c71b43f44534ca1aa3bfbf85d6c4e90 P abe3161cb43c41e487d8cbcab99253fc [term 1 LEADER]: Signalling peer 5a14af257fbb4b0694b5d55da5e03543 to start an election
I20260710 11:07:56.878240 18343 catalog_manager.cc:5697] T c7bdcfcd50014a50b2712e3eabe3e5b2 P 97ad1204fc81474f94cfbff4bb7995bf reported cstate change: term changed from 1 to 2, leader changed from 5a14af257fbb4b0694b5d55da5e03543 (127.17.102.1) to 97ad1204fc81474f94cfbff4bb7995bf (127.17.102.2). New cstate: current_term: 2 leader_uuid: "97ad1204fc81474f94cfbff4bb7995bf" committed_config { opid_index: -1 OBSOLETE_local: false peers { permanent_uuid: "5a14af257fbb4b0694b5d55da5e03543" member_type: VOTER last_known_addr { host: "127.17.102.1" port: 43363 } health_report { overall_health: UNKNOWN } } peers { permanent_uuid: "97ad1204fc81474f94cfbff4bb7995bf" member_type: VOTER last_known_addr { host: "127.17.102.2" port: 33435 } health_report { overall_health: HEALTHY } } peers { permanent_uuid: "abe3161cb43c41e487d8cbcab99253fc" member_type: VOTER last_known_addr { host: "127.17.102.3" port: 33623 } health_report { overall_health: UNKNOWN } } }
I20260710 11:07:56.880616 18444 tablet_service.cc:2044] Received Run Leader Election RPC: tablet_id: "9c71b43f44534ca1aa3bfbf85d6c4e90"
dest_uuid: "5a14af257fbb4b0694b5d55da5e03543"
 from {username='slave'} at 127.0.0.1:33058
I20260710 11:07:56.881086 18444 raft_consensus.cc:493] T 9c71b43f44534ca1aa3bfbf85d6c4e90 P 5a14af257fbb4b0694b5d55da5e03543 [term 1 FOLLOWER]: Starting forced leader election (received explicit request)
I20260710 11:07:56.881378 18444 raft_consensus.cc:3060] T 9c71b43f44534ca1aa3bfbf85d6c4e90 P 5a14af257fbb4b0694b5d55da5e03543 [term 1 FOLLOWER]: Advancing to term 2
I20260710 11:07:56.886353 18444 raft_consensus.cc:515] T 9c71b43f44534ca1aa3bfbf85d6c4e90 P 5a14af257fbb4b0694b5d55da5e03543 [term 2 FOLLOWER]: Starting forced leader election with config: opid_index: -1 OBSOLETE_local: false peers { permanent_uuid: "abe3161cb43c41e487d8cbcab99253fc" member_type: VOTER last_known_addr { host: "127.17.102.3" port: 33623 } } peers { permanent_uuid: "5a14af257fbb4b0694b5d55da5e03543" member_type: VOTER last_known_addr { host: "127.17.102.1" port: 43363 } } peers { permanent_uuid: "97ad1204fc81474f94cfbff4bb7995bf" member_type: VOTER last_known_addr { host: "127.17.102.2" port: 33435 } }
I20260710 11:07:56.888115 18444 leader_election.cc:290] T 9c71b43f44534ca1aa3bfbf85d6c4e90 P 5a14af257fbb4b0694b5d55da5e03543 [CANDIDATE]: Term 2 election: Requested vote from peers abe3161cb43c41e487d8cbcab99253fc (127.17.102.3:33623), 97ad1204fc81474f94cfbff4bb7995bf (127.17.102.2:33435)
I20260710 11:07:56.889768 18519 tablet_service.cc:1917] Received RequestConsensusVote() RPC: tablet_id: "9c71b43f44534ca1aa3bfbf85d6c4e90" candidate_uuid: "5a14af257fbb4b0694b5d55da5e03543" candidate_term: 2 candidate_status { last_received { term: 1 index: 1 } } ignore_live_leader: true dest_uuid: "97ad1204fc81474f94cfbff4bb7995bf"
I20260710 11:07:56.890430 18519 raft_consensus.cc:3060] T 9c71b43f44534ca1aa3bfbf85d6c4e90 P 97ad1204fc81474f94cfbff4bb7995bf [term 1 FOLLOWER]: Advancing to term 2
I20260710 11:07:56.889887 18593 tablet_service.cc:1917] Received RequestConsensusVote() RPC: tablet_id: "9c71b43f44534ca1aa3bfbf85d6c4e90" candidate_uuid: "5a14af257fbb4b0694b5d55da5e03543" candidate_term: 2 candidate_status { last_received { term: 1 index: 1 } } ignore_live_leader: true dest_uuid: "abe3161cb43c41e487d8cbcab99253fc"
I20260710 11:07:56.891302 18593 raft_consensus.cc:3055] T 9c71b43f44534ca1aa3bfbf85d6c4e90 P abe3161cb43c41e487d8cbcab99253fc [term 1 LEADER]: Stepping down as leader of term 1
I20260710 11:07:56.890813 18343 catalog_manager.cc:5697] T 5e0c890ef6b148639858aaa1872c0092 P 97ad1204fc81474f94cfbff4bb7995bf reported cstate change: term changed from 1 to 2, leader changed from 5a14af257fbb4b0694b5d55da5e03543 (127.17.102.1) to 97ad1204fc81474f94cfbff4bb7995bf (127.17.102.2). New cstate: current_term: 2 leader_uuid: "97ad1204fc81474f94cfbff4bb7995bf" committed_config { opid_index: -1 OBSOLETE_local: false peers { permanent_uuid: "5a14af257fbb4b0694b5d55da5e03543" member_type: VOTER last_known_addr { host: "127.17.102.1" port: 43363 } health_report { overall_health: UNKNOWN } } peers { permanent_uuid: "97ad1204fc81474f94cfbff4bb7995bf" member_type: VOTER last_known_addr { host: "127.17.102.2" port: 33435 } health_report { overall_health: HEALTHY } } peers { permanent_uuid: "abe3161cb43c41e487d8cbcab99253fc" member_type: VOTER last_known_addr { host: "127.17.102.3" port: 33623 } health_report { overall_health: UNKNOWN } } }
I20260710 11:07:56.891654 18593 raft_consensus.cc:740] T 9c71b43f44534ca1aa3bfbf85d6c4e90 P abe3161cb43c41e487d8cbcab99253fc [term 1 LEADER]: Becoming Follower/Learner. State: Replica: abe3161cb43c41e487d8cbcab99253fc, State: Running, Role: LEADER
I20260710 11:07:56.892463 18593 consensus_queue.cc:260] T 9c71b43f44534ca1aa3bfbf85d6c4e90 P abe3161cb43c41e487d8cbcab99253fc [NON_LEADER]: Queue going to NON_LEADER mode. State: All replicated index: 0, Majority replicated index: 1, Committed index: 1, Last appended: 1.1, Last appended by leader: 1, Current term: 1, Majority size: -1, State: 0, Mode: NON_LEADER, active raft config: opid_index: -1 OBSOLETE_local: false peers { permanent_uuid: "abe3161cb43c41e487d8cbcab99253fc" member_type: VOTER last_known_addr { host: "127.17.102.3" port: 33623 } } peers { permanent_uuid: "5a14af257fbb4b0694b5d55da5e03543" member_type: VOTER last_known_addr { host: "127.17.102.1" port: 43363 } } peers { permanent_uuid: "97ad1204fc81474f94cfbff4bb7995bf" member_type: VOTER last_known_addr { host: "127.17.102.2" port: 33435 } }
I20260710 11:07:56.894518 18593 raft_consensus.cc:3060] T 9c71b43f44534ca1aa3bfbf85d6c4e90 P abe3161cb43c41e487d8cbcab99253fc [term 1 FOLLOWER]: Advancing to term 2
I20260710 11:07:56.896929 18519 raft_consensus.cc:2468] T 9c71b43f44534ca1aa3bfbf85d6c4e90 P 97ad1204fc81474f94cfbff4bb7995bf [term 2 FOLLOWER]: Leader election vote request: Granting yes vote for candidate 5a14af257fbb4b0694b5d55da5e03543 in term 2.
I20260710 11:07:56.898192 18411 leader_election.cc:304] T 9c71b43f44534ca1aa3bfbf85d6c4e90 P 5a14af257fbb4b0694b5d55da5e03543 [CANDIDATE]: Term 2 election: Election decided. Result: candidate won. Election summary: received 2 responses out of 3 voters: 2 yes votes; 0 no votes. yes voters: 5a14af257fbb4b0694b5d55da5e03543, 97ad1204fc81474f94cfbff4bb7995bf; no voters: 
I20260710 11:07:56.898998 18667 raft_consensus.cc:2804] T 9c71b43f44534ca1aa3bfbf85d6c4e90 P 5a14af257fbb4b0694b5d55da5e03543 [term 2 FOLLOWER]: Leader election won for term 2
I20260710 11:07:56.899411 18667 raft_consensus.cc:697] T 9c71b43f44534ca1aa3bfbf85d6c4e90 P 5a14af257fbb4b0694b5d55da5e03543 [term 2 LEADER]: Becoming Leader. State: Replica: 5a14af257fbb4b0694b5d55da5e03543, State: Running, Role: LEADER
I20260710 11:07:56.900264 18667 consensus_queue.cc:237] T 9c71b43f44534ca1aa3bfbf85d6c4e90 P 5a14af257fbb4b0694b5d55da5e03543 [LEADER]: Queue going to LEADER mode. State: All replicated index: 0, Majority replicated index: 1, Committed index: 1, Last appended: 1.1, Last appended by leader: 1, Current term: 2, Majority size: 2, State: 0, Mode: LEADER, active raft config: opid_index: -1 OBSOLETE_local: false peers { permanent_uuid: "abe3161cb43c41e487d8cbcab99253fc" member_type: VOTER last_known_addr { host: "127.17.102.3" port: 33623 } } peers { permanent_uuid: "5a14af257fbb4b0694b5d55da5e03543" member_type: VOTER last_known_addr { host: "127.17.102.1" port: 43363 } } peers { permanent_uuid: "97ad1204fc81474f94cfbff4bb7995bf" member_type: VOTER last_known_addr { host: "127.17.102.2" port: 33435 } }
I20260710 11:07:56.901805 18593 raft_consensus.cc:2468] T 9c71b43f44534ca1aa3bfbf85d6c4e90 P abe3161cb43c41e487d8cbcab99253fc [term 2 FOLLOWER]: Leader election vote request: Granting yes vote for candidate 5a14af257fbb4b0694b5d55da5e03543 in term 2.
I20260710 11:07:56.906443 18343 catalog_manager.cc:5697] T 9c71b43f44534ca1aa3bfbf85d6c4e90 P 5a14af257fbb4b0694b5d55da5e03543 reported cstate change: term changed from 1 to 2, leader changed from abe3161cb43c41e487d8cbcab99253fc (127.17.102.3) to 5a14af257fbb4b0694b5d55da5e03543 (127.17.102.1). New cstate: current_term: 2 leader_uuid: "5a14af257fbb4b0694b5d55da5e03543" committed_config { opid_index: -1 OBSOLETE_local: false peers { permanent_uuid: "abe3161cb43c41e487d8cbcab99253fc" member_type: VOTER last_known_addr { host: "127.17.102.3" port: 33623 } health_report { overall_health: UNKNOWN } } peers { permanent_uuid: "5a14af257fbb4b0694b5d55da5e03543" member_type: VOTER last_known_addr { host: "127.17.102.1" port: 43363 } health_report { overall_health: HEALTHY } } peers { permanent_uuid: "97ad1204fc81474f94cfbff4bb7995bf" member_type: VOTER last_known_addr { host: "127.17.102.2" port: 33435 } health_report { overall_health: UNKNOWN } } }
I20260710 11:07:57.027571 18642 raft_consensus.cc:993] T 9d899390ead249b0baae6b88c702b3da P 5a14af257fbb4b0694b5d55da5e03543: : Instructing follower 97ad1204fc81474f94cfbff4bb7995bf to start an election
I20260710 11:07:57.027980 18667 raft_consensus.cc:1081] T 9d899390ead249b0baae6b88c702b3da P 5a14af257fbb4b0694b5d55da5e03543 [term 1 LEADER]: Signalling peer 97ad1204fc81474f94cfbff4bb7995bf to start an election
I20260710 11:07:57.029325 18519 tablet_service.cc:2044] Received Run Leader Election RPC: tablet_id: "9d899390ead249b0baae6b88c702b3da"
dest_uuid: "97ad1204fc81474f94cfbff4bb7995bf"
 from {username='slave'} at 127.0.0.1:54122
I20260710 11:07:57.029793 18519 raft_consensus.cc:493] T 9d899390ead249b0baae6b88c702b3da P 97ad1204fc81474f94cfbff4bb7995bf [term 1 FOLLOWER]: Starting forced leader election (received explicit request)
I20260710 11:07:57.030133 18519 raft_consensus.cc:3060] T 9d899390ead249b0baae6b88c702b3da P 97ad1204fc81474f94cfbff4bb7995bf [term 1 FOLLOWER]: Advancing to term 2
I20260710 11:07:57.034739 18519 raft_consensus.cc:515] T 9d899390ead249b0baae6b88c702b3da P 97ad1204fc81474f94cfbff4bb7995bf [term 2 FOLLOWER]: Starting forced leader election with config: opid_index: -1 OBSOLETE_local: false peers { permanent_uuid: "5a14af257fbb4b0694b5d55da5e03543" member_type: VOTER last_known_addr { host: "127.17.102.1" port: 43363 } } peers { permanent_uuid: "97ad1204fc81474f94cfbff4bb7995bf" member_type: VOTER last_known_addr { host: "127.17.102.2" port: 33435 } } peers { permanent_uuid: "abe3161cb43c41e487d8cbcab99253fc" member_type: VOTER last_known_addr { host: "127.17.102.3" port: 33623 } }
I20260710 11:07:57.036388 18519 leader_election.cc:290] T 9d899390ead249b0baae6b88c702b3da P 97ad1204fc81474f94cfbff4bb7995bf [CANDIDATE]: Term 2 election: Requested vote from peers 5a14af257fbb4b0694b5d55da5e03543 (127.17.102.1:43363), abe3161cb43c41e487d8cbcab99253fc (127.17.102.3:33623)
I20260710 11:07:57.037189 18444 tablet_service.cc:1917] Received RequestConsensusVote() RPC: tablet_id: "9d899390ead249b0baae6b88c702b3da" candidate_uuid: "97ad1204fc81474f94cfbff4bb7995bf" candidate_term: 2 candidate_status { last_received { term: 1 index: 1 } } ignore_live_leader: true dest_uuid: "5a14af257fbb4b0694b5d55da5e03543"
I20260710 11:07:57.037384 18593 tablet_service.cc:1917] Received RequestConsensusVote() RPC: tablet_id: "9d899390ead249b0baae6b88c702b3da" candidate_uuid: "97ad1204fc81474f94cfbff4bb7995bf" candidate_term: 2 candidate_status { last_received { term: 1 index: 1 } } ignore_live_leader: true dest_uuid: "abe3161cb43c41e487d8cbcab99253fc"
I20260710 11:07:57.037833 18444 raft_consensus.cc:3055] T 9d899390ead249b0baae6b88c702b3da P 5a14af257fbb4b0694b5d55da5e03543 [term 1 LEADER]: Stepping down as leader of term 1
I20260710 11:07:57.037889 18593 raft_consensus.cc:3060] T 9d899390ead249b0baae6b88c702b3da P abe3161cb43c41e487d8cbcab99253fc [term 1 FOLLOWER]: Advancing to term 2
I20260710 11:07:57.038195 18444 raft_consensus.cc:740] T 9d899390ead249b0baae6b88c702b3da P 5a14af257fbb4b0694b5d55da5e03543 [term 1 LEADER]: Becoming Follower/Learner. State: Replica: 5a14af257fbb4b0694b5d55da5e03543, State: Running, Role: LEADER
I20260710 11:07:57.038916 18444 consensus_queue.cc:260] T 9d899390ead249b0baae6b88c702b3da P 5a14af257fbb4b0694b5d55da5e03543 [NON_LEADER]: Queue going to NON_LEADER mode. State: All replicated index: 0, Majority replicated index: 1, Committed index: 1, Last appended: 1.1, Last appended by leader: 1, Current term: 1, Majority size: -1, State: 0, Mode: NON_LEADER, active raft config: opid_index: -1 OBSOLETE_local: false peers { permanent_uuid: "5a14af257fbb4b0694b5d55da5e03543" member_type: VOTER last_known_addr { host: "127.17.102.1" port: 43363 } } peers { permanent_uuid: "97ad1204fc81474f94cfbff4bb7995bf" member_type: VOTER last_known_addr { host: "127.17.102.2" port: 33435 } } peers { permanent_uuid: "abe3161cb43c41e487d8cbcab99253fc" member_type: VOTER last_known_addr { host: "127.17.102.3" port: 33623 } }
I20260710 11:07:57.039834 18444 raft_consensus.cc:3060] T 9d899390ead249b0baae6b88c702b3da P 5a14af257fbb4b0694b5d55da5e03543 [term 1 FOLLOWER]: Advancing to term 2
I20260710 11:07:57.043159 18593 raft_consensus.cc:2468] T 9d899390ead249b0baae6b88c702b3da P abe3161cb43c41e487d8cbcab99253fc [term 2 FOLLOWER]: Leader election vote request: Granting yes vote for candidate 97ad1204fc81474f94cfbff4bb7995bf in term 2.
I20260710 11:07:57.044245 18486 leader_election.cc:304] T 9d899390ead249b0baae6b88c702b3da P 97ad1204fc81474f94cfbff4bb7995bf [CANDIDATE]: Term 2 election: Election decided. Result: candidate won. Election summary: received 2 responses out of 3 voters: 2 yes votes; 0 no votes. yes voters: 97ad1204fc81474f94cfbff4bb7995bf, abe3161cb43c41e487d8cbcab99253fc; no voters: 
I20260710 11:07:57.044765 18444 raft_consensus.cc:2468] T 9d899390ead249b0baae6b88c702b3da P 5a14af257fbb4b0694b5d55da5e03543 [term 2 FOLLOWER]: Leader election vote request: Granting yes vote for candidate 97ad1204fc81474f94cfbff4bb7995bf in term 2.
I20260710 11:07:57.044986 18641 raft_consensus.cc:2804] T 9d899390ead249b0baae6b88c702b3da P 97ad1204fc81474f94cfbff4bb7995bf [term 2 FOLLOWER]: Leader election won for term 2
I20260710 11:07:57.045461 18641 raft_consensus.cc:697] T 9d899390ead249b0baae6b88c702b3da P 97ad1204fc81474f94cfbff4bb7995bf [term 2 LEADER]: Becoming Leader. State: Replica: 97ad1204fc81474f94cfbff4bb7995bf, State: Running, Role: LEADER
I20260710 11:07:57.046387 18641 consensus_queue.cc:237] T 9d899390ead249b0baae6b88c702b3da P 97ad1204fc81474f94cfbff4bb7995bf [LEADER]: Queue going to LEADER mode. State: All replicated index: 0, Majority replicated index: 1, Committed index: 1, Last appended: 1.1, Last appended by leader: 1, Current term: 2, Majority size: 2, State: 0, Mode: LEADER, active raft config: opid_index: -1 OBSOLETE_local: false peers { permanent_uuid: "5a14af257fbb4b0694b5d55da5e03543" member_type: VOTER last_known_addr { host: "127.17.102.1" port: 43363 } } peers { permanent_uuid: "97ad1204fc81474f94cfbff4bb7995bf" member_type: VOTER last_known_addr { host: "127.17.102.2" port: 33435 } } peers { permanent_uuid: "abe3161cb43c41e487d8cbcab99253fc" member_type: VOTER last_known_addr { host: "127.17.102.3" port: 33623 } }
I20260710 11:07:57.053025 18343 catalog_manager.cc:5697] T 9d899390ead249b0baae6b88c702b3da P 97ad1204fc81474f94cfbff4bb7995bf reported cstate change: term changed from 1 to 2, leader changed from 5a14af257fbb4b0694b5d55da5e03543 (127.17.102.1) to 97ad1204fc81474f94cfbff4bb7995bf (127.17.102.2). New cstate: current_term: 2 leader_uuid: "97ad1204fc81474f94cfbff4bb7995bf" committed_config { opid_index: -1 OBSOLETE_local: false peers { permanent_uuid: "5a14af257fbb4b0694b5d55da5e03543" member_type: VOTER last_known_addr { host: "127.17.102.1" port: 43363 } health_report { overall_health: UNKNOWN } } peers { permanent_uuid: "97ad1204fc81474f94cfbff4bb7995bf" member_type: VOTER last_known_addr { host: "127.17.102.2" port: 33435 } health_report { overall_health: HEALTHY } } peers { permanent_uuid: "abe3161cb43c41e487d8cbcab99253fc" member_type: VOTER last_known_addr { host: "127.17.102.3" port: 33623 } health_report { overall_health: UNKNOWN } } }
I20260710 11:07:57.218113 18729 raft_consensus.cc:993] T 77a8ed022b514d6bb867355c3be704af P 97ad1204fc81474f94cfbff4bb7995bf: : Instructing follower abe3161cb43c41e487d8cbcab99253fc to start an election
I20260710 11:07:57.218547 18701 raft_consensus.cc:1081] T 77a8ed022b514d6bb867355c3be704af P 97ad1204fc81474f94cfbff4bb7995bf [term 1 LEADER]: Signalling peer abe3161cb43c41e487d8cbcab99253fc to start an election
I20260710 11:07:57.219882 18593 tablet_service.cc:2044] Received Run Leader Election RPC: tablet_id: "77a8ed022b514d6bb867355c3be704af"
dest_uuid: "abe3161cb43c41e487d8cbcab99253fc"
 from {username='slave'} at 127.0.0.1:57556
I20260710 11:07:57.220326 18593 raft_consensus.cc:493] T 77a8ed022b514d6bb867355c3be704af P abe3161cb43c41e487d8cbcab99253fc [term 1 FOLLOWER]: Starting forced leader election (received explicit request)
I20260710 11:07:57.220579 18593 raft_consensus.cc:3060] T 77a8ed022b514d6bb867355c3be704af P abe3161cb43c41e487d8cbcab99253fc [term 1 FOLLOWER]: Advancing to term 2
I20260710 11:07:57.225643 18593 raft_consensus.cc:515] T 77a8ed022b514d6bb867355c3be704af P abe3161cb43c41e487d8cbcab99253fc [term 2 FOLLOWER]: Starting forced leader election with config: opid_index: -1 OBSOLETE_local: false peers { permanent_uuid: "5a14af257fbb4b0694b5d55da5e03543" member_type: VOTER last_known_addr { host: "127.17.102.1" port: 43363 } } peers { permanent_uuid: "97ad1204fc81474f94cfbff4bb7995bf" member_type: VOTER last_known_addr { host: "127.17.102.2" port: 33435 } } peers { permanent_uuid: "abe3161cb43c41e487d8cbcab99253fc" member_type: VOTER last_known_addr { host: "127.17.102.3" port: 33623 } }
I20260710 11:07:57.228020 18519 raft_consensus.cc:1275] T 6bfde36de0064c9d8b451947b23ae229 P 97ad1204fc81474f94cfbff4bb7995bf [term 2 FOLLOWER]: Refusing update from remote peer 5a14af257fbb4b0694b5d55da5e03543: Log matching property violated. Preceding OpId in replica: term: 1 index: 1. Preceding OpId from leader: term: 2 index: 2. (index mismatch)
I20260710 11:07:57.228067 18593 leader_election.cc:290] T 77a8ed022b514d6bb867355c3be704af P abe3161cb43c41e487d8cbcab99253fc [CANDIDATE]: Term 2 election: Requested vote from peers 5a14af257fbb4b0694b5d55da5e03543 (127.17.102.1:43363), 97ad1204fc81474f94cfbff4bb7995bf (127.17.102.2:33435)
I20260710 11:07:57.228622 18521 tablet_service.cc:1917] Received RequestConsensusVote() RPC: tablet_id: "77a8ed022b514d6bb867355c3be704af" candidate_uuid: "abe3161cb43c41e487d8cbcab99253fc" candidate_term: 2 candidate_status { last_received { term: 1 index: 1 } } ignore_live_leader: true dest_uuid: "97ad1204fc81474f94cfbff4bb7995bf"
I20260710 11:07:57.228276 18444 tablet_service.cc:1917] Received RequestConsensusVote() RPC: tablet_id: "77a8ed022b514d6bb867355c3be704af" candidate_uuid: "abe3161cb43c41e487d8cbcab99253fc" candidate_term: 2 candidate_status { last_received { term: 1 index: 1 } } ignore_live_leader: true dest_uuid: "5a14af257fbb4b0694b5d55da5e03543"
I20260710 11:07:57.229398 18521 raft_consensus.cc:3055] T 77a8ed022b514d6bb867355c3be704af P 97ad1204fc81474f94cfbff4bb7995bf [term 1 LEADER]: Stepping down as leader of term 1
I20260710 11:07:57.229665 18444 raft_consensus.cc:3060] T 77a8ed022b514d6bb867355c3be704af P 5a14af257fbb4b0694b5d55da5e03543 [term 1 FOLLOWER]: Advancing to term 2
I20260710 11:07:57.229724 18521 raft_consensus.cc:740] T 77a8ed022b514d6bb867355c3be704af P 97ad1204fc81474f94cfbff4bb7995bf [term 1 LEADER]: Becoming Follower/Learner. State: Replica: 97ad1204fc81474f94cfbff4bb7995bf, State: Running, Role: LEADER
I20260710 11:07:57.229724 18667 consensus_queue.cc:1048] T 6bfde36de0064c9d8b451947b23ae229 P 5a14af257fbb4b0694b5d55da5e03543 [LEADER]: Connected to new peer: Peer: permanent_uuid: "97ad1204fc81474f94cfbff4bb7995bf" member_type: VOTER last_known_addr { host: "127.17.102.2" port: 33435 }, Status: LMP_MISMATCH, Last received: 0.0, Next index: 2, Last known committed idx: 1, Time since last communication: 0.001s
I20260710 11:07:57.230733 18521 consensus_queue.cc:260] T 77a8ed022b514d6bb867355c3be704af P 97ad1204fc81474f94cfbff4bb7995bf [NON_LEADER]: Queue going to NON_LEADER mode. State: All replicated index: 0, Majority replicated index: 1, Committed index: 1, Last appended: 1.1, Last appended by leader: 1, Current term: 1, Majority size: -1, State: 0, Mode: NON_LEADER, active raft config: opid_index: -1 OBSOLETE_local: false peers { permanent_uuid: "5a14af257fbb4b0694b5d55da5e03543" member_type: VOTER last_known_addr { host: "127.17.102.1" port: 43363 } } peers { permanent_uuid: "97ad1204fc81474f94cfbff4bb7995bf" member_type: VOTER last_known_addr { host: "127.17.102.2" port: 33435 } } peers { permanent_uuid: "abe3161cb43c41e487d8cbcab99253fc" member_type: VOTER last_known_addr { host: "127.17.102.3" port: 33623 } }
I20260710 11:07:57.231894 18521 raft_consensus.cc:3060] T 77a8ed022b514d6bb867355c3be704af P 97ad1204fc81474f94cfbff4bb7995bf [term 1 FOLLOWER]: Advancing to term 2
I20260710 11:07:57.236263 18444 raft_consensus.cc:2468] T 77a8ed022b514d6bb867355c3be704af P 5a14af257fbb4b0694b5d55da5e03543 [term 2 FOLLOWER]: Leader election vote request: Granting yes vote for candidate abe3161cb43c41e487d8cbcab99253fc in term 2.
I20260710 11:07:57.238313 18559 leader_election.cc:304] T 77a8ed022b514d6bb867355c3be704af P abe3161cb43c41e487d8cbcab99253fc [CANDIDATE]: Term 2 election: Election decided. Result: candidate won. Election summary: received 2 responses out of 3 voters: 2 yes votes; 0 no votes. yes voters: 5a14af257fbb4b0694b5d55da5e03543, abe3161cb43c41e487d8cbcab99253fc; no voters: 
I20260710 11:07:57.239120 18707 raft_consensus.cc:2804] T 77a8ed022b514d6bb867355c3be704af P abe3161cb43c41e487d8cbcab99253fc [term 2 FOLLOWER]: Leader election won for term 2
I20260710 11:07:57.239589 18707 raft_consensus.cc:697] T 77a8ed022b514d6bb867355c3be704af P abe3161cb43c41e487d8cbcab99253fc [term 2 LEADER]: Becoming Leader. State: Replica: abe3161cb43c41e487d8cbcab99253fc, State: Running, Role: LEADER
I20260710 11:07:57.240513 18593 raft_consensus.cc:1275] T 6bfde36de0064c9d8b451947b23ae229 P abe3161cb43c41e487d8cbcab99253fc [term 2 FOLLOWER]: Refusing update from remote peer 5a14af257fbb4b0694b5d55da5e03543: Log matching property violated. Preceding OpId in replica: term: 1 index: 1. Preceding OpId from leader: term: 2 index: 2. (index mismatch)
I20260710 11:07:57.240378 18707 consensus_queue.cc:237] T 77a8ed022b514d6bb867355c3be704af P abe3161cb43c41e487d8cbcab99253fc [LEADER]: Queue going to LEADER mode. State: All replicated index: 0, Majority replicated index: 1, Committed index: 1, Last appended: 1.1, Last appended by leader: 1, Current term: 2, Majority size: 2, State: 0, Mode: LEADER, active raft config: opid_index: -1 OBSOLETE_local: false peers { permanent_uuid: "5a14af257fbb4b0694b5d55da5e03543" member_type: VOTER last_known_addr { host: "127.17.102.1" port: 43363 } } peers { permanent_uuid: "97ad1204fc81474f94cfbff4bb7995bf" member_type: VOTER last_known_addr { host: "127.17.102.2" port: 33435 } } peers { permanent_uuid: "abe3161cb43c41e487d8cbcab99253fc" member_type: VOTER last_known_addr { host: "127.17.102.3" port: 33623 } }
I20260710 11:07:57.242923 18521 raft_consensus.cc:2468] T 77a8ed022b514d6bb867355c3be704af P 97ad1204fc81474f94cfbff4bb7995bf [term 2 FOLLOWER]: Leader election vote request: Granting yes vote for candidate abe3161cb43c41e487d8cbcab99253fc in term 2.
I20260710 11:07:57.244881 18667 consensus_queue.cc:1048] T 6bfde36de0064c9d8b451947b23ae229 P 5a14af257fbb4b0694b5d55da5e03543 [LEADER]: Connected to new peer: Peer: permanent_uuid: "abe3161cb43c41e487d8cbcab99253fc" member_type: VOTER last_known_addr { host: "127.17.102.3" port: 33623 }, Status: LMP_MISMATCH, Last received: 0.0, Next index: 2, Last known committed idx: 1, Time since last communication: 0.000s
