I20260710 11:08:10.144716  5465 tablet_service.cc:1917] Received RequestConsensusVote() RPC: tablet_id: "75da98027bd14e429b78f5f6c8b0f547" candidate_uuid: "3b2892947e2f449a8a1f55eec73c9cc8" candidate_term: 1 candidate_status { last_received { term: 0 index: 0 } } ignore_live_leader: false dest_uuid: "20ac94559b704a7aa7fbcd34d3f048bd" is_pre_election: true
W20260710 11:08:10.146612  5354 leader_election.cc:343] T 75da98027bd14e429b78f5f6c8b0f547 P 3b2892947e2f449a8a1f55eec73c9cc8 [CANDIDATE]: Term 1 pre-election: Tablet error from VoteRequest() call to peer 20ac94559b704a7aa7fbcd34d3f048bd (127.4.39.66:42805): Illegal state: must be running to vote when last-logged opid is not known
I20260710 11:08:10.147230  5354 leader_election.cc:304] T 75da98027bd14e429b78f5f6c8b0f547 P 3b2892947e2f449a8a1f55eec73c9cc8 [CANDIDATE]: Term 1 pre-election: Election decided. Result: candidate lost. Election summary: received 3 responses out of 3 voters: 1 yes votes; 2 no votes. yes voters: 3b2892947e2f449a8a1f55eec73c9cc8; no voters: 20ac94559b704a7aa7fbcd34d3f048bd, 4fed0f896d6f470f9e224c49f7a06c51
I20260710 11:08:10.148303  5587 raft_consensus.cc:2749] T 75da98027bd14e429b78f5f6c8b0f547 P 3b2892947e2f449a8a1f55eec73c9cc8 [term 0 FOLLOWER]: Leader pre-election lost for term 1. Reason: could not achieve majority
I20260710 11:08:10.154722  5580 tablet_bootstrap.cc:492] T abf1d275b78a4dc087a0a2ec65eaf90d P 20ac94559b704a7aa7fbcd34d3f048bd: No bootstrap required, opened a new log
I20260710 11:08:10.155282  5580 ts_tablet_manager.cc:1403] T abf1d275b78a4dc087a0a2ec65eaf90d P 20ac94559b704a7aa7fbcd34d3f048bd: Time spent bootstrapping tablet: real 0.021s	user 0.011s	sys 0.007s
I20260710 11:08:10.155336  5581 ts_tablet_manager.cc:1434] T 114e10ec7f85447db735334117b32b56 P 4fed0f896d6f470f9e224c49f7a06c51: Time spent starting tablet: real 0.036s	user 0.005s	sys 0.001s
I20260710 11:08:10.158643  5581 tablet_bootstrap.cc:492] T abf1d275b78a4dc087a0a2ec65eaf90d P 4fed0f896d6f470f9e224c49f7a06c51: Bootstrap starting.
I20260710 11:08:10.158423  5580 raft_consensus.cc:359] T abf1d275b78a4dc087a0a2ec65eaf90d P 20ac94559b704a7aa7fbcd34d3f048bd [term 0 FOLLOWER]: Replica starting. Triggering 0 pending ops. Active config: opid_index: -1 OBSOLETE_local: false peers { permanent_uuid: "3b2892947e2f449a8a1f55eec73c9cc8" member_type: VOTER last_known_addr { host: "127.4.39.65" port: 40147 } } peers { permanent_uuid: "20ac94559b704a7aa7fbcd34d3f048bd" member_type: VOTER last_known_addr { host: "127.4.39.66" port: 42805 } } peers { permanent_uuid: "4fed0f896d6f470f9e224c49f7a06c51" member_type: VOTER last_known_addr { host: "127.4.39.67" port: 38223 } }
I20260710 11:08:10.159291  5580 raft_consensus.cc:385] T abf1d275b78a4dc087a0a2ec65eaf90d P 20ac94559b704a7aa7fbcd34d3f048bd [term 0 FOLLOWER]: Consensus starting up: Expiring failure detector timer to make a prompt election more likely
I20260710 11:08:10.159663  5580 raft_consensus.cc:740] T abf1d275b78a4dc087a0a2ec65eaf90d P 20ac94559b704a7aa7fbcd34d3f048bd [term 0 FOLLOWER]: Becoming Follower/Learner. State: Replica: 20ac94559b704a7aa7fbcd34d3f048bd, State: Initialized, Role: FOLLOWER
I20260710 11:08:10.160297  5580 consensus_queue.cc:260] T abf1d275b78a4dc087a0a2ec65eaf90d P 20ac94559b704a7aa7fbcd34d3f048bd [NON_LEADER]: Queue going to NON_LEADER mode. State: All replicated index: 0, Majority replicated index: 0, Committed index: 0, Last appended: 0.0, Last appended by leader: 0, Current term: 0, Majority size: -1, State: 0, Mode: NON_LEADER, active raft config: opid_index: -1 OBSOLETE_local: false peers { permanent_uuid: "3b2892947e2f449a8a1f55eec73c9cc8" member_type: VOTER last_known_addr { host: "127.4.39.65" port: 40147 } } peers { permanent_uuid: "20ac94559b704a7aa7fbcd34d3f048bd" member_type: VOTER last_known_addr { host: "127.4.39.66" port: 42805 } } peers { permanent_uuid: "4fed0f896d6f470f9e224c49f7a06c51" member_type: VOTER last_known_addr { host: "127.4.39.67" port: 38223 } }
I20260710 11:08:10.162482  5580 ts_tablet_manager.cc:1434] T abf1d275b78a4dc087a0a2ec65eaf90d P 20ac94559b704a7aa7fbcd34d3f048bd: Time spent starting tablet: real 0.007s	user 0.006s	sys 0.000s
I20260710 11:08:10.163514  5580 tablet_bootstrap.cc:492] T b790f806707449dca4a238224d97afc9 P 20ac94559b704a7aa7fbcd34d3f048bd: Bootstrap starting.
I20260710 11:08:10.165228  5582 tablet_bootstrap.cc:654] T 4138a75946e24e52b594fabfb5e0b25f P 3b2892947e2f449a8a1f55eec73c9cc8: Neither blocks nor log segments found. Creating new log.
I20260710 11:08:10.166486  5288 catalog_manager.cc:5697] T 1e1f3ebccad4494dacbc3da4d7713a30 P 20ac94559b704a7aa7fbcd34d3f048bd reported cstate change: term changed from 0 to 1, leader changed from <none> to 20ac94559b704a7aa7fbcd34d3f048bd (127.4.39.66). New cstate: current_term: 1 leader_uuid: "20ac94559b704a7aa7fbcd34d3f048bd" committed_config { opid_index: -1 OBSOLETE_local: false peers { permanent_uuid: "3b2892947e2f449a8a1f55eec73c9cc8" member_type: VOTER last_known_addr { host: "127.4.39.65" port: 40147 } health_report { overall_health: UNKNOWN } } peers { permanent_uuid: "20ac94559b704a7aa7fbcd34d3f048bd" member_type: VOTER last_known_addr { host: "127.4.39.66" port: 42805 } health_report { overall_health: HEALTHY } } peers { permanent_uuid: "4fed0f896d6f470f9e224c49f7a06c51" member_type: VOTER last_known_addr { host: "127.4.39.67" port: 38223 } health_report { overall_health: UNKNOWN } } }
I20260710 11:08:10.165223  5581 tablet_bootstrap.cc:654] T abf1d275b78a4dc087a0a2ec65eaf90d P 4fed0f896d6f470f9e224c49f7a06c51: Neither blocks nor log segments found. Creating new log.
I20260710 11:08:10.170714  5580 tablet_bootstrap.cc:654] T b790f806707449dca4a238224d97afc9 P 20ac94559b704a7aa7fbcd34d3f048bd: Neither blocks nor log segments found. Creating new log.
I20260710 11:08:10.173204  5582 tablet_bootstrap.cc:492] T 4138a75946e24e52b594fabfb5e0b25f P 3b2892947e2f449a8a1f55eec73c9cc8: No bootstrap required, opened a new log
I20260710 11:08:10.173766  5582 ts_tablet_manager.cc:1403] T 4138a75946e24e52b594fabfb5e0b25f P 3b2892947e2f449a8a1f55eec73c9cc8: Time spent bootstrapping tablet: real 0.032s	user 0.010s	sys 0.001s
I20260710 11:08:10.176472  5582 raft_consensus.cc:359] T 4138a75946e24e52b594fabfb5e0b25f P 3b2892947e2f449a8a1f55eec73c9cc8 [term 0 FOLLOWER]: Replica starting. Triggering 0 pending ops. Active config: opid_index: -1 OBSOLETE_local: false peers { permanent_uuid: "3b2892947e2f449a8a1f55eec73c9cc8" member_type: VOTER last_known_addr { host: "127.4.39.65" port: 40147 } } peers { permanent_uuid: "20ac94559b704a7aa7fbcd34d3f048bd" member_type: VOTER last_known_addr { host: "127.4.39.66" port: 42805 } } peers { permanent_uuid: "4fed0f896d6f470f9e224c49f7a06c51" member_type: VOTER last_known_addr { host: "127.4.39.67" port: 38223 } }
I20260710 11:08:10.177212  5582 raft_consensus.cc:385] T 4138a75946e24e52b594fabfb5e0b25f P 3b2892947e2f449a8a1f55eec73c9cc8 [term 0 FOLLOWER]: Consensus starting up: Expiring failure detector timer to make a prompt election more likely
I20260710 11:08:10.177528  5582 raft_consensus.cc:740] T 4138a75946e24e52b594fabfb5e0b25f P 3b2892947e2f449a8a1f55eec73c9cc8 [term 0 FOLLOWER]: Becoming Follower/Learner. State: Replica: 3b2892947e2f449a8a1f55eec73c9cc8, State: Initialized, Role: FOLLOWER
I20260710 11:08:10.178278  5582 consensus_queue.cc:260] T 4138a75946e24e52b594fabfb5e0b25f P 3b2892947e2f449a8a1f55eec73c9cc8 [NON_LEADER]: Queue going to NON_LEADER mode. State: All replicated index: 0, Majority replicated index: 0, Committed index: 0, Last appended: 0.0, Last appended by leader: 0, Current term: 0, Majority size: -1, State: 0, Mode: NON_LEADER, active raft config: opid_index: -1 OBSOLETE_local: false peers { permanent_uuid: "3b2892947e2f449a8a1f55eec73c9cc8" member_type: VOTER last_known_addr { host: "127.4.39.65" port: 40147 } } peers { permanent_uuid: "20ac94559b704a7aa7fbcd34d3f048bd" member_type: VOTER last_known_addr { host: "127.4.39.66" port: 42805 } } peers { permanent_uuid: "4fed0f896d6f470f9e224c49f7a06c51" member_type: VOTER last_known_addr { host: "127.4.39.67" port: 38223 } }
I20260710 11:08:10.182965  5582 ts_tablet_manager.cc:1434] T 4138a75946e24e52b594fabfb5e0b25f P 3b2892947e2f449a8a1f55eec73c9cc8: Time spent starting tablet: real 0.009s	user 0.005s	sys 0.000s
I20260710 11:08:10.183965  5582 tablet_bootstrap.cc:492] T 114e10ec7f85447db735334117b32b56 P 3b2892947e2f449a8a1f55eec73c9cc8: Bootstrap starting.
I20260710 11:08:10.189913  5582 tablet_bootstrap.cc:654] T 114e10ec7f85447db735334117b32b56 P 3b2892947e2f449a8a1f55eec73c9cc8: Neither blocks nor log segments found. Creating new log.
I20260710 11:08:10.201503  5619 raft_consensus.cc:493] T c69eeb8dad8d443ebcdbcd100df6fd25 P 20ac94559b704a7aa7fbcd34d3f048bd [term 0 FOLLOWER]: Starting pre-election (no leader contacted us within the election timeout)
I20260710 11:08:10.202075  5619 raft_consensus.cc:515] T c69eeb8dad8d443ebcdbcd100df6fd25 P 20ac94559b704a7aa7fbcd34d3f048bd [term 0 FOLLOWER]: Starting pre-election with config: opid_index: -1 OBSOLETE_local: false peers { permanent_uuid: "4fed0f896d6f470f9e224c49f7a06c51" member_type: VOTER last_known_addr { host: "127.4.39.67" port: 38223 } } peers { permanent_uuid: "20ac94559b704a7aa7fbcd34d3f048bd" member_type: VOTER last_known_addr { host: "127.4.39.66" port: 42805 } } peers { permanent_uuid: "3b2892947e2f449a8a1f55eec73c9cc8" member_type: VOTER last_known_addr { host: "127.4.39.65" port: 40147 } }
I20260710 11:08:10.202739  5582 tablet_bootstrap.cc:492] T 114e10ec7f85447db735334117b32b56 P 3b2892947e2f449a8a1f55eec73c9cc8: No bootstrap required, opened a new log
I20260710 11:08:10.203225  5582 ts_tablet_manager.cc:1403] T 114e10ec7f85447db735334117b32b56 P 3b2892947e2f449a8a1f55eec73c9cc8: Time spent bootstrapping tablet: real 0.019s	user 0.008s	sys 0.008s
I20260710 11:08:10.203490  5580 tablet_bootstrap.cc:492] T b790f806707449dca4a238224d97afc9 P 20ac94559b704a7aa7fbcd34d3f048bd: No bootstrap required, opened a new log
I20260710 11:08:10.203933  5580 ts_tablet_manager.cc:1403] T b790f806707449dca4a238224d97afc9 P 20ac94559b704a7aa7fbcd34d3f048bd: Time spent bootstrapping tablet: real 0.041s	user 0.013s	sys 0.023s
I20260710 11:08:10.204424  5619 leader_election.cc:290] T c69eeb8dad8d443ebcdbcd100df6fd25 P 20ac94559b704a7aa7fbcd34d3f048bd [CANDIDATE]: Term 1 pre-election: Requested pre-vote from peers 4fed0f896d6f470f9e224c49f7a06c51 (127.4.39.67:38223), 3b2892947e2f449a8a1f55eec73c9cc8 (127.4.39.65:40147)
I20260710 11:08:10.206153  5581 tablet_bootstrap.cc:492] T abf1d275b78a4dc087a0a2ec65eaf90d P 4fed0f896d6f470f9e224c49f7a06c51: No bootstrap required, opened a new log
I20260710 11:08:10.206646  5581 ts_tablet_manager.cc:1403] T abf1d275b78a4dc087a0a2ec65eaf90d P 4fed0f896d6f470f9e224c49f7a06c51: Time spent bootstrapping tablet: real 0.048s	user 0.008s	sys 0.031s
I20260710 11:08:10.206650  5539 tablet_service.cc:1917] Received RequestConsensusVote() RPC: tablet_id: "c69eeb8dad8d443ebcdbcd100df6fd25" candidate_uuid: "20ac94559b704a7aa7fbcd34d3f048bd" candidate_term: 1 candidate_status { last_received { term: 0 index: 0 } } ignore_live_leader: false dest_uuid: "4fed0f896d6f470f9e224c49f7a06c51" is_pre_election: true
I20260710 11:08:10.207227  5580 raft_consensus.cc:359] T b790f806707449dca4a238224d97afc9 P 20ac94559b704a7aa7fbcd34d3f048bd [term 0 FOLLOWER]: Replica starting. Triggering 0 pending ops. Active config: opid_index: -1 OBSOLETE_local: false peers { permanent_uuid: "3b2892947e2f449a8a1f55eec73c9cc8" member_type: VOTER last_known_addr { host: "127.4.39.65" port: 40147 } } peers { permanent_uuid: "20ac94559b704a7aa7fbcd34d3f048bd" member_type: VOTER last_known_addr { host: "127.4.39.66" port: 42805 } } peers { permanent_uuid: "4fed0f896d6f470f9e224c49f7a06c51" member_type: VOTER last_known_addr { host: "127.4.39.67" port: 38223 } }
I20260710 11:08:10.208015  5580 raft_consensus.cc:385] T b790f806707449dca4a238224d97afc9 P 20ac94559b704a7aa7fbcd34d3f048bd [term 0 FOLLOWER]: Consensus starting up: Expiring failure detector timer to make a prompt election more likely
I20260710 11:08:10.208343  5580 raft_consensus.cc:740] T b790f806707449dca4a238224d97afc9 P 20ac94559b704a7aa7fbcd34d3f048bd [term 0 FOLLOWER]: Becoming Follower/Learner. State: Replica: 20ac94559b704a7aa7fbcd34d3f048bd, State: Initialized, Role: FOLLOWER
I20260710 11:08:10.208629  5582 raft_consensus.cc:359] T 114e10ec7f85447db735334117b32b56 P 3b2892947e2f449a8a1f55eec73c9cc8 [term 0 FOLLOWER]: Replica starting. Triggering 0 pending ops. Active config: opid_index: -1 OBSOLETE_local: false peers { permanent_uuid: "3b2892947e2f449a8a1f55eec73c9cc8" member_type: VOTER last_known_addr { host: "127.4.39.65" port: 40147 } } peers { permanent_uuid: "20ac94559b704a7aa7fbcd34d3f048bd" member_type: VOTER last_known_addr { host: "127.4.39.66" port: 42805 } } peers { permanent_uuid: "4fed0f896d6f470f9e224c49f7a06c51" member_type: VOTER last_known_addr { host: "127.4.39.67" port: 38223 } }
I20260710 11:08:10.209357  5582 raft_consensus.cc:385] T 114e10ec7f85447db735334117b32b56 P 3b2892947e2f449a8a1f55eec73c9cc8 [term 0 FOLLOWER]: Consensus starting up: Expiring failure detector timer to make a prompt election more likely
I20260710 11:08:10.209139  5580 consensus_queue.cc:260] T b790f806707449dca4a238224d97afc9 P 20ac94559b704a7aa7fbcd34d3f048bd [NON_LEADER]: Queue going to NON_LEADER mode. State: All replicated index: 0, Majority replicated index: 0, Committed index: 0, Last appended: 0.0, Last appended by leader: 0, Current term: 0, Majority size: -1, State: 0, Mode: NON_LEADER, active raft config: opid_index: -1 OBSOLETE_local: false peers { permanent_uuid: "3b2892947e2f449a8a1f55eec73c9cc8" member_type: VOTER last_known_addr { host: "127.4.39.65" port: 40147 } } peers { permanent_uuid: "20ac94559b704a7aa7fbcd34d3f048bd" member_type: VOTER last_known_addr { host: "127.4.39.66" port: 42805 } } peers { permanent_uuid: "4fed0f896d6f470f9e224c49f7a06c51" member_type: VOTER last_known_addr { host: "127.4.39.67" port: 38223 } }
I20260710 11:08:10.209704  5582 raft_consensus.cc:740] T 114e10ec7f85447db735334117b32b56 P 3b2892947e2f449a8a1f55eec73c9cc8 [term 0 FOLLOWER]: Becoming Follower/Learner. State: Replica: 3b2892947e2f449a8a1f55eec73c9cc8, State: Initialized, Role: FOLLOWER
I20260710 11:08:10.210249  5391 tablet_service.cc:1917] Received RequestConsensusVote() RPC: tablet_id: "c69eeb8dad8d443ebcdbcd100df6fd25" candidate_uuid: "20ac94559b704a7aa7fbcd34d3f048bd" candidate_term: 1 candidate_status { last_received { term: 0 index: 0 } } ignore_live_leader: false dest_uuid: "3b2892947e2f449a8a1f55eec73c9cc8" is_pre_election: true
I20260710 11:08:10.210570  5582 consensus_queue.cc:260] T 114e10ec7f85447db735334117b32b56 P 3b2892947e2f449a8a1f55eec73c9cc8 [NON_LEADER]: Queue going to NON_LEADER mode. State: All replicated index: 0, Majority replicated index: 0, Committed index: 0, Last appended: 0.0, Last appended by leader: 0, Current term: 0, Majority size: -1, State: 0, Mode: NON_LEADER, active raft config: opid_index: -1 OBSOLETE_local: false peers { permanent_uuid: "3b2892947e2f449a8a1f55eec73c9cc8" member_type: VOTER last_known_addr { host: "127.4.39.65" port: 40147 } } peers { permanent_uuid: "20ac94559b704a7aa7fbcd34d3f048bd" member_type: VOTER last_known_addr { host: "127.4.39.66" port: 42805 } } peers { permanent_uuid: "4fed0f896d6f470f9e224c49f7a06c51" member_type: VOTER last_known_addr { host: "127.4.39.67" port: 38223 } }
I20260710 11:08:10.211097  5391 raft_consensus.cc:2393] T c69eeb8dad8d443ebcdbcd100df6fd25 P 3b2892947e2f449a8a1f55eec73c9cc8 [term 1 FOLLOWER]: Leader pre-election vote request: Denying vote to candidate 20ac94559b704a7aa7fbcd34d3f048bd in current term 1: Already voted for candidate 4fed0f896d6f470f9e224c49f7a06c51 in this term.
I20260710 11:08:10.211764  5580 ts_tablet_manager.cc:1434] T b790f806707449dca4a238224d97afc9 P 20ac94559b704a7aa7fbcd34d3f048bd: Time spent starting tablet: real 0.008s	user 0.007s	sys 0.000s
I20260710 11:08:10.212563  5430 leader_election.cc:304] T c69eeb8dad8d443ebcdbcd100df6fd25 P 20ac94559b704a7aa7fbcd34d3f048bd [CANDIDATE]: Term 1 pre-election: Election decided. Result: candidate lost. Election summary: received 3 responses out of 3 voters: 1 yes votes; 2 no votes. yes voters: 20ac94559b704a7aa7fbcd34d3f048bd; no voters: 3b2892947e2f449a8a1f55eec73c9cc8, 4fed0f896d6f470f9e224c49f7a06c51
I20260710 11:08:10.209923  5581 raft_consensus.cc:359] T abf1d275b78a4dc087a0a2ec65eaf90d P 4fed0f896d6f470f9e224c49f7a06c51 [term 0 FOLLOWER]: Replica starting. Triggering 0 pending ops. Active config: opid_index: -1 OBSOLETE_local: false peers { permanent_uuid: "3b2892947e2f449a8a1f55eec73c9cc8" member_type: VOTER last_known_addr { host: "127.4.39.65" port: 40147 } } peers { permanent_uuid: "20ac94559b704a7aa7fbcd34d3f048bd" member_type: VOTER last_known_addr { host: "127.4.39.66" port: 42805 } } peers { permanent_uuid: "4fed0f896d6f470f9e224c49f7a06c51" member_type: VOTER last_known_addr { host: "127.4.39.67" port: 38223 } }
I20260710 11:08:10.213349  5581 raft_consensus.cc:385] T abf1d275b78a4dc087a0a2ec65eaf90d P 4fed0f896d6f470f9e224c49f7a06c51 [term 0 FOLLOWER]: Consensus starting up: Expiring failure detector timer to make a prompt election more likely
I20260710 11:08:10.213733  5581 raft_consensus.cc:740] T abf1d275b78a4dc087a0a2ec65eaf90d P 4fed0f896d6f470f9e224c49f7a06c51 [term 0 FOLLOWER]: Becoming Follower/Learner. State: Replica: 4fed0f896d6f470f9e224c49f7a06c51, State: Initialized, Role: FOLLOWER
I20260710 11:08:10.212894  5580 tablet_bootstrap.cc:492] T 75da98027bd14e429b78f5f6c8b0f547 P 20ac94559b704a7aa7fbcd34d3f048bd: Bootstrap starting.
I20260710 11:08:10.214593  5619 raft_consensus.cc:3060] T c69eeb8dad8d443ebcdbcd100df6fd25 P 20ac94559b704a7aa7fbcd34d3f048bd [term 0 FOLLOWER]: Advancing to term 1
I20260710 11:08:10.216873  5582 ts_tablet_manager.cc:1434] T 114e10ec7f85447db735334117b32b56 P 3b2892947e2f449a8a1f55eec73c9cc8: Time spent starting tablet: real 0.013s	user 0.007s	sys 0.000s
I20260710 11:08:10.217945  5582 tablet_bootstrap.cc:492] T e3e069111a0c45a191a5f1330dabcda0 P 3b2892947e2f449a8a1f55eec73c9cc8: Bootstrap starting.
I20260710 11:08:10.221441  5580 tablet_bootstrap.cc:654] T 75da98027bd14e429b78f5f6c8b0f547 P 20ac94559b704a7aa7fbcd34d3f048bd: Neither blocks nor log segments found. Creating new log.
I20260710 11:08:10.222386  5619 raft_consensus.cc:2749] T c69eeb8dad8d443ebcdbcd100df6fd25 P 20ac94559b704a7aa7fbcd34d3f048bd [term 1 FOLLOWER]: Leader pre-election lost for term 1. Reason: could not achieve majority
I20260710 11:08:10.223412  5619 raft_consensus.cc:493] T 3bd5a85f9d024d03b5a301b4102b5f16 P 20ac94559b704a7aa7fbcd34d3f048bd [term 0 FOLLOWER]: Starting pre-election (no leader contacted us within the election timeout)
I20260710 11:08:10.223851  5582 tablet_bootstrap.cc:654] T e3e069111a0c45a191a5f1330dabcda0 P 3b2892947e2f449a8a1f55eec73c9cc8: Neither blocks nor log segments found. Creating new log.
I20260710 11:08:10.223902  5619 raft_consensus.cc:515] T 3bd5a85f9d024d03b5a301b4102b5f16 P 20ac94559b704a7aa7fbcd34d3f048bd [term 0 FOLLOWER]: Starting pre-election with config: opid_index: -1 OBSOLETE_local: false peers { permanent_uuid: "3b2892947e2f449a8a1f55eec73c9cc8" member_type: VOTER last_known_addr { host: "127.4.39.65" port: 40147 } } peers { permanent_uuid: "20ac94559b704a7aa7fbcd34d3f048bd" member_type: VOTER last_known_addr { host: "127.4.39.66" port: 42805 } } peers { permanent_uuid: "4fed0f896d6f470f9e224c49f7a06c51" member_type: VOTER last_known_addr { host: "127.4.39.67" port: 38223 } }
I20260710 11:08:10.226377  5619 leader_election.cc:290] T 3bd5a85f9d024d03b5a301b4102b5f16 P 20ac94559b704a7aa7fbcd34d3f048bd [CANDIDATE]: Term 1 pre-election: Requested pre-vote from peers 3b2892947e2f449a8a1f55eec73c9cc8 (127.4.39.65:40147), 4fed0f896d6f470f9e224c49f7a06c51 (127.4.39.67:38223)
I20260710 11:08:10.227596  5581 consensus_queue.cc:260] T abf1d275b78a4dc087a0a2ec65eaf90d P 4fed0f896d6f470f9e224c49f7a06c51 [NON_LEADER]: Queue going to NON_LEADER mode. State: All replicated index: 0, Majority replicated index: 0, Committed index: 0, Last appended: 0.0, Last appended by leader: 0, Current term: 0, Majority size: -1, State: 0, Mode: NON_LEADER, active raft config: opid_index: -1 OBSOLETE_local: false peers { permanent_uuid: "3b2892947e2f449a8a1f55eec73c9cc8" member_type: VOTER last_known_addr { host: "127.4.39.65" port: 40147 } } peers { permanent_uuid: "20ac94559b704a7aa7fbcd34d3f048bd" member_type: VOTER last_known_addr { host: "127.4.39.66" port: 42805 } } peers { permanent_uuid: "4fed0f896d6f470f9e224c49f7a06c51" member_type: VOTER last_known_addr { host: "127.4.39.67" port: 38223 } }
I20260710 11:08:10.231091  5581 ts_tablet_manager.cc:1434] T abf1d275b78a4dc087a0a2ec65eaf90d P 4fed0f896d6f470f9e224c49f7a06c51: Time spent starting tablet: real 0.024s	user 0.008s	sys 0.000s
I20260710 11:08:10.232451  5581 tablet_bootstrap.cc:492] T b790f806707449dca4a238224d97afc9 P 4fed0f896d6f470f9e224c49f7a06c51: Bootstrap starting.
I20260710 11:08:10.235620  5582 tablet_bootstrap.cc:492] T e3e069111a0c45a191a5f1330dabcda0 P 3b2892947e2f449a8a1f55eec73c9cc8: No bootstrap required, opened a new log
I20260710 11:08:10.236174  5582 ts_tablet_manager.cc:1403] T e3e069111a0c45a191a5f1330dabcda0 P 3b2892947e2f449a8a1f55eec73c9cc8: Time spent bootstrapping tablet: real 0.018s	user 0.007s	sys 0.008s
I20260710 11:08:10.238252  5587 raft_consensus.cc:493] T bb585a0bab28448e9e749ea65a2943bf P 3b2892947e2f449a8a1f55eec73c9cc8 [term 0 FOLLOWER]: Starting pre-election (no leader contacted us within the election timeout)
I20260710 11:08:10.238911  5587 raft_consensus.cc:515] T bb585a0bab28448e9e749ea65a2943bf P 3b2892947e2f449a8a1f55eec73c9cc8 [term 0 FOLLOWER]: Starting pre-election with config: opid_index: -1 OBSOLETE_local: false peers { permanent_uuid: "3b2892947e2f449a8a1f55eec73c9cc8" member_type: VOTER last_known_addr { host: "127.4.39.65" port: 40147 } } peers { permanent_uuid: "20ac94559b704a7aa7fbcd34d3f048bd" member_type: VOTER last_known_addr { host: "127.4.39.66" port: 42805 } } peers { permanent_uuid: "4fed0f896d6f470f9e224c49f7a06c51" member_type: VOTER last_known_addr { host: "127.4.39.67" port: 38223 } }
I20260710 11:08:10.239374  5582 raft_consensus.cc:359] T e3e069111a0c45a191a5f1330dabcda0 P 3b2892947e2f449a8a1f55eec73c9cc8 [term 0 FOLLOWER]: Replica starting. Triggering 0 pending ops. Active config: opid_index: -1 OBSOLETE_local: false peers { permanent_uuid: "3b2892947e2f449a8a1f55eec73c9cc8" member_type: VOTER last_known_addr { host: "127.4.39.65" port: 40147 } } peers { permanent_uuid: "20ac94559b704a7aa7fbcd34d3f048bd" member_type: VOTER last_known_addr { host: "127.4.39.66" port: 42805 } } peers { permanent_uuid: "4fed0f896d6f470f9e224c49f7a06c51" member_type: VOTER last_known_addr { host: "127.4.39.67" port: 38223 } }
I20260710 11:08:10.240182  5582 raft_consensus.cc:385] T e3e069111a0c45a191a5f1330dabcda0 P 3b2892947e2f449a8a1f55eec73c9cc8 [term 0 FOLLOWER]: Consensus starting up: Expiring failure detector timer to make a prompt election more likely
I20260710 11:08:10.240525  5582 raft_consensus.cc:740] T e3e069111a0c45a191a5f1330dabcda0 P 3b2892947e2f449a8a1f55eec73c9cc8 [term 0 FOLLOWER]: Becoming Follower/Learner. State: Replica: 3b2892947e2f449a8a1f55eec73c9cc8, State: Initialized, Role: FOLLOWER
I20260710 11:08:10.241367  5582 consensus_queue.cc:260] T e3e069111a0c45a191a5f1330dabcda0 P 3b2892947e2f449a8a1f55eec73c9cc8 [NON_LEADER]: Queue going to NON_LEADER mode. State: All replicated index: 0, Majority replicated index: 0, Committed index: 0, Last appended: 0.0, Last appended by leader: 0, Current term: 0, Majority size: -1, State: 0, Mode: NON_LEADER, active raft config: opid_index: -1 OBSOLETE_local: false peers { permanent_uuid: "3b2892947e2f449a8a1f55eec73c9cc8" member_type: VOTER last_known_addr { host: "127.4.39.65" port: 40147 } } peers { permanent_uuid: "20ac94559b704a7aa7fbcd34d3f048bd" member_type: VOTER last_known_addr { host: "127.4.39.66" port: 42805 } } peers { permanent_uuid: "4fed0f896d6f470f9e224c49f7a06c51" member_type: VOTER last_known_addr { host: "127.4.39.67" port: 38223 } }
I20260710 11:08:10.242112  5580 tablet_bootstrap.cc:492] T 75da98027bd14e429b78f5f6c8b0f547 P 20ac94559b704a7aa7fbcd34d3f048bd: No bootstrap required, opened a new log
I20260710 11:08:10.242592  5580 ts_tablet_manager.cc:1403] T 75da98027bd14e429b78f5f6c8b0f547 P 20ac94559b704a7aa7fbcd34d3f048bd: Time spent bootstrapping tablet: real 0.030s	user 0.015s	sys 0.012s
I20260710 11:08:10.242815  5540 tablet_service.cc:1917] Received RequestConsensusVote() RPC: tablet_id: "3bd5a85f9d024d03b5a301b4102b5f16" candidate_uuid: "20ac94559b704a7aa7fbcd34d3f048bd" candidate_term: 1 candidate_status { last_received { term: 0 index: 0 } } ignore_live_leader: false dest_uuid: "4fed0f896d6f470f9e224c49f7a06c51" is_pre_election: true
I20260710 11:08:10.243572  5540 raft_consensus.cc:2393] T 3bd5a85f9d024d03b5a301b4102b5f16 P 4fed0f896d6f470f9e224c49f7a06c51 [term 1 FOLLOWER]: Leader pre-election vote request: Denying vote to candidate 20ac94559b704a7aa7fbcd34d3f048bd in current term 1: Already voted for candidate 3b2892947e2f449a8a1f55eec73c9cc8 in this term.
I20260710 11:08:10.243769  5582 ts_tablet_manager.cc:1434] T e3e069111a0c45a191a5f1330dabcda0 P 3b2892947e2f449a8a1f55eec73c9cc8: Time spent starting tablet: real 0.007s	user 0.008s	sys 0.000s
I20260710 11:08:10.244634  5582 tablet_bootstrap.cc:492] T 3e02dc98dfcf481db11a980c75cacc1a P 3b2892947e2f449a8a1f55eec73c9cc8: Bootstrap starting.
I20260710 11:08:10.245258  5391 tablet_service.cc:1917] Received RequestConsensusVote() RPC: tablet_id: "3bd5a85f9d024d03b5a301b4102b5f16" candidate_uuid: "20ac94559b704a7aa7fbcd34d3f048bd" candidate_term: 1 candidate_status { last_received { term: 0 index: 0 } } ignore_live_leader: false dest_uuid: "3b2892947e2f449a8a1f55eec73c9cc8" is_pre_election: true
I20260710 11:08:10.245268  5580 raft_consensus.cc:359] T 75da98027bd14e429b78f5f6c8b0f547 P 20ac94559b704a7aa7fbcd34d3f048bd [term 0 FOLLOWER]: Replica starting. Triggering 0 pending ops. Active config: opid_index: -1 OBSOLETE_local: false peers { permanent_uuid: "3b2892947e2f449a8a1f55eec73c9cc8" member_type: VOTER last_known_addr { host: "127.4.39.65" port: 40147 } } peers { permanent_uuid: "20ac94559b704a7aa7fbcd34d3f048bd" member_type: VOTER last_known_addr { host: "127.4.39.66" port: 42805 } } peers { permanent_uuid: "4fed0f896d6f470f9e224c49f7a06c51" member_type: VOTER last_known_addr { host: "127.4.39.67" port: 38223 } }
I20260710 11:08:10.246201  5580 raft_consensus.cc:385] T 75da98027bd14e429b78f5f6c8b0f547 P 20ac94559b704a7aa7fbcd34d3f048bd [term 0 FOLLOWER]: Consensus starting up: Expiring failure detector timer to make a prompt election more likely
I20260710 11:08:10.246513  5580 raft_consensus.cc:740] T 75da98027bd14e429b78f5f6c8b0f547 P 20ac94559b704a7aa7fbcd34d3f048bd [term 0 FOLLOWER]: Becoming Follower/Learner. State: Replica: 20ac94559b704a7aa7fbcd34d3f048bd, State: Initialized, Role: FOLLOWER
I20260710 11:08:10.239413  5581 tablet_bootstrap.cc:654] T b790f806707449dca4a238224d97afc9 P 4fed0f896d6f470f9e224c49f7a06c51: Neither blocks nor log segments found. Creating new log.
I20260710 11:08:10.247665  5465 tablet_service.cc:1917] Received RequestConsensusVote() RPC: tablet_id: "bb585a0bab28448e9e749ea65a2943bf" candidate_uuid: "3b2892947e2f449a8a1f55eec73c9cc8" candidate_term: 1 candidate_status { last_received { term: 0 index: 0 } } ignore_live_leader: false dest_uuid: "20ac94559b704a7aa7fbcd34d3f048bd" is_pre_election: true
I20260710 11:08:10.248556  5539 tablet_service.cc:1917] Received RequestConsensusVote() RPC: tablet_id: "bb585a0bab28448e9e749ea65a2943bf" candidate_uuid: "3b2892947e2f449a8a1f55eec73c9cc8" candidate_term: 1 candidate_status { last_received { term: 0 index: 0 } } ignore_live_leader: false dest_uuid: "4fed0f896d6f470f9e224c49f7a06c51" is_pre_election: true
I20260710 11:08:10.249148  5539 raft_consensus.cc:2468] T bb585a0bab28448e9e749ea65a2943bf P 4fed0f896d6f470f9e224c49f7a06c51 [term 0 FOLLOWER]: Leader pre-election vote request: Granting yes vote for candidate 3b2892947e2f449a8a1f55eec73c9cc8 in term 0.
W20260710 11:08:10.250365  5354 leader_election.cc:343] T bb585a0bab28448e9e749ea65a2943bf P 3b2892947e2f449a8a1f55eec73c9cc8 [CANDIDATE]: Term 1 pre-election: Tablet error from VoteRequest() call to peer 20ac94559b704a7aa7fbcd34d3f048bd (127.4.39.66:42805): Illegal state: must be running to vote when last-logged opid is not known
I20260710 11:08:10.250207  5580 consensus_queue.cc:260] T 75da98027bd14e429b78f5f6c8b0f547 P 20ac94559b704a7aa7fbcd34d3f048bd [NON_LEADER]: Queue going to NON_LEADER mode. State: All replicated index: 0, Majority replicated index: 0, Committed index: 0, Last appended: 0.0, Last appended by leader: 0, Current term: 0, Majority size: -1, State: 0, Mode: NON_LEADER, active raft config: opid_index: -1 OBSOLETE_local: false peers { permanent_uuid: "3b2892947e2f449a8a1f55eec73c9cc8" member_type: VOTER last_known_addr { host: "127.4.39.65" port: 40147 } } peers { permanent_uuid: "20ac94559b704a7aa7fbcd34d3f048bd" member_type: VOTER last_known_addr { host: "127.4.39.66" port: 42805 } } peers { permanent_uuid: "4fed0f896d6f470f9e224c49f7a06c51" member_type: VOTER last_known_addr { host: "127.4.39.67" port: 38223 } }
I20260710 11:08:10.251024  5587 leader_election.cc:290] T bb585a0bab28448e9e749ea65a2943bf P 3b2892947e2f449a8a1f55eec73c9cc8 [CANDIDATE]: Term 1 pre-election: Requested pre-vote from peers 20ac94559b704a7aa7fbcd34d3f048bd (127.4.39.66:42805), 4fed0f896d6f470f9e224c49f7a06c51 (127.4.39.67:38223)
I20260710 11:08:10.252195  5356 leader_election.cc:304] T bb585a0bab28448e9e749ea65a2943bf P 3b2892947e2f449a8a1f55eec73c9cc8 [CANDIDATE]: Term 1 pre-election: Election decided. Result: candidate won. Election summary: received 3 responses out of 3 voters: 2 yes votes; 1 no votes. yes voters: 3b2892947e2f449a8a1f55eec73c9cc8, 4fed0f896d6f470f9e224c49f7a06c51; no voters: 20ac94559b704a7aa7fbcd34d3f048bd
I20260710 11:08:10.252710  5580 ts_tablet_manager.cc:1434] T 75da98027bd14e429b78f5f6c8b0f547 P 20ac94559b704a7aa7fbcd34d3f048bd: Time spent starting tablet: real 0.010s	user 0.006s	sys 0.000s
I20260710 11:08:10.253717  5587 raft_consensus.cc:2804] T bb585a0bab28448e9e749ea65a2943bf P 3b2892947e2f449a8a1f55eec73c9cc8 [term 0 FOLLOWER]: Leader pre-election won for term 1
I20260710 11:08:10.254094  5587 raft_consensus.cc:493] T bb585a0bab28448e9e749ea65a2943bf P 3b2892947e2f449a8a1f55eec73c9cc8 [term 0 FOLLOWER]: Starting leader election (no leader contacted us within the election timeout)
I20260710 11:08:10.254444  5587 raft_consensus.cc:3060] T bb585a0bab28448e9e749ea65a2943bf P 3b2892947e2f449a8a1f55eec73c9cc8 [term 0 FOLLOWER]: Advancing to term 1
I20260710 11:08:10.255028  5430 leader_election.cc:304] T 3bd5a85f9d024d03b5a301b4102b5f16 P 20ac94559b704a7aa7fbcd34d3f048bd [CANDIDATE]: Term 1 pre-election: Election decided. Result: candidate lost. Election summary: received 3 responses out of 3 voters: 1 yes votes; 2 no votes. yes voters: 20ac94559b704a7aa7fbcd34d3f048bd; no voters: 3b2892947e2f449a8a1f55eec73c9cc8, 4fed0f896d6f470f9e224c49f7a06c51
I20260710 11:08:10.255831  5619 raft_consensus.cc:3060] T 3bd5a85f9d024d03b5a301b4102b5f16 P 20ac94559b704a7aa7fbcd34d3f048bd [term 0 FOLLOWER]: Advancing to term 1
I20260710 11:08:10.262363  5582 tablet_bootstrap.cc:654] T 3e02dc98dfcf481db11a980c75cacc1a P 3b2892947e2f449a8a1f55eec73c9cc8: Neither blocks nor log segments found. Creating new log.
I20260710 11:08:10.263100  5619 raft_consensus.cc:2749] T 3bd5a85f9d024d03b5a301b4102b5f16 P 20ac94559b704a7aa7fbcd34d3f048bd [term 1 FOLLOWER]: Leader pre-election lost for term 1. Reason: could not achieve majority
I20260710 11:08:10.261446  5587 raft_consensus.cc:515] T bb585a0bab28448e9e749ea65a2943bf P 3b2892947e2f449a8a1f55eec73c9cc8 [term 1 FOLLOWER]: Starting leader election with config: opid_index: -1 OBSOLETE_local: false peers { permanent_uuid: "3b2892947e2f449a8a1f55eec73c9cc8" member_type: VOTER last_known_addr { host: "127.4.39.65" port: 40147 } } peers { permanent_uuid: "20ac94559b704a7aa7fbcd34d3f048bd" member_type: VOTER last_known_addr { host: "127.4.39.66" port: 42805 } } peers { permanent_uuid: "4fed0f896d6f470f9e224c49f7a06c51" member_type: VOTER last_known_addr { host: "127.4.39.67" port: 38223 } }
I20260710 11:08:10.265826  5580 tablet_bootstrap.cc:492] T bb585a0bab28448e9e749ea65a2943bf P 20ac94559b704a7aa7fbcd34d3f048bd: Bootstrap starting.
I20260710 11:08:10.265969  5465 tablet_service.cc:1917] Received RequestConsensusVote() RPC: tablet_id: "bb585a0bab28448e9e749ea65a2943bf" candidate_uuid: "3b2892947e2f449a8a1f55eec73c9cc8" candidate_term: 1 candidate_status { last_received { term: 0 index: 0 } } ignore_live_leader: false dest_uuid: "20ac94559b704a7aa7fbcd34d3f048bd"
W20260710 11:08:10.268702  5354 leader_election.cc:343] T bb585a0bab28448e9e749ea65a2943bf P 3b2892947e2f449a8a1f55eec73c9cc8 [CANDIDATE]: Term 1 election: Tablet error from VoteRequest() call to peer 20ac94559b704a7aa7fbcd34d3f048bd (127.4.39.66:42805): Illegal state: must be running to vote when last-logged opid is not known
I20260710 11:08:10.271867  5580 tablet_bootstrap.cc:654] T bb585a0bab28448e9e749ea65a2943bf P 20ac94559b704a7aa7fbcd34d3f048bd: Neither blocks nor log segments found. Creating new log.
I20260710 11:08:10.275162  5587 leader_election.cc:290] T bb585a0bab28448e9e749ea65a2943bf P 3b2892947e2f449a8a1f55eec73c9cc8 [CANDIDATE]: Term 1 election: Requested vote from peers 20ac94559b704a7aa7fbcd34d3f048bd (127.4.39.66:42805), 4fed0f896d6f470f9e224c49f7a06c51 (127.4.39.67:38223)
I20260710 11:08:10.277456  5539 tablet_service.cc:1917] Received RequestConsensusVote() RPC: tablet_id: "bb585a0bab28448e9e749ea65a2943bf" candidate_uuid: "3b2892947e2f449a8a1f55eec73c9cc8" candidate_term: 1 candidate_status { last_received { term: 0 index: 0 } } ignore_live_leader: false dest_uuid: "4fed0f896d6f470f9e224c49f7a06c51"
I20260710 11:08:10.278095  5539 raft_consensus.cc:3060] T bb585a0bab28448e9e749ea65a2943bf P 4fed0f896d6f470f9e224c49f7a06c51 [term 0 FOLLOWER]: Advancing to term 1
I20260710 11:08:10.278956  5581 tablet_bootstrap.cc:492] T b790f806707449dca4a238224d97afc9 P 4fed0f896d6f470f9e224c49f7a06c51: No bootstrap required, opened a new log
I20260710 11:08:10.279646  5581 ts_tablet_manager.cc:1403] T b790f806707449dca4a238224d97afc9 P 4fed0f896d6f470f9e224c49f7a06c51: Time spent bootstrapping tablet: real 0.048s	user 0.018s	sys 0.017s
I20260710 11:08:10.283632  5581 raft_consensus.cc:359] T b790f806707449dca4a238224d97afc9 P 4fed0f896d6f470f9e224c49f7a06c51 [term 0 FOLLOWER]: Replica starting. Triggering 0 pending ops. Active config: opid_index: -1 OBSOLETE_local: false peers { permanent_uuid: "3b2892947e2f449a8a1f55eec73c9cc8" member_type: VOTER last_known_addr { host: "127.4.39.65" port: 40147 } } peers { permanent_uuid: "20ac94559b704a7aa7fbcd34d3f048bd" member_type: VOTER last_known_addr { host: "127.4.39.66" port: 42805 } } peers { permanent_uuid: "4fed0f896d6f470f9e224c49f7a06c51" member_type: VOTER last_known_addr { host: "127.4.39.67" port: 38223 } }
I20260710 11:08:10.284492  5581 raft_consensus.cc:385] T b790f806707449dca4a238224d97afc9 P 4fed0f896d6f470f9e224c49f7a06c51 [term 0 FOLLOWER]: Consensus starting up: Expiring failure detector timer to make a prompt election more likely
I20260710 11:08:10.284811  5581 raft_consensus.cc:740] T b790f806707449dca4a238224d97afc9 P 4fed0f896d6f470f9e224c49f7a06c51 [term 0 FOLLOWER]: Becoming Follower/Learner. State: Replica: 4fed0f896d6f470f9e224c49f7a06c51, State: Initialized, Role: FOLLOWER
I20260710 11:08:10.284976  5582 tablet_bootstrap.cc:492] T 3e02dc98dfcf481db11a980c75cacc1a P 3b2892947e2f449a8a1f55eec73c9cc8: No bootstrap required, opened a new log
I20260710 11:08:10.285537  5580 tablet_bootstrap.cc:492] T bb585a0bab28448e9e749ea65a2943bf P 20ac94559b704a7aa7fbcd34d3f048bd: No bootstrap required, opened a new log
I20260710 11:08:10.285751  5582 ts_tablet_manager.cc:1403] T 3e02dc98dfcf481db11a980c75cacc1a P 3b2892947e2f449a8a1f55eec73c9cc8: Time spent bootstrapping tablet: real 0.041s	user 0.012s	sys 0.007s
I20260710 11:08:10.285732  5539 raft_consensus.cc:2468] T bb585a0bab28448e9e749ea65a2943bf P 4fed0f896d6f470f9e224c49f7a06c51 [term 1 FOLLOWER]: Leader election vote request: Granting yes vote for candidate 3b2892947e2f449a8a1f55eec73c9cc8 in term 1.
I20260710 11:08:10.285642  5581 consensus_queue.cc:260] T b790f806707449dca4a238224d97afc9 P 4fed0f896d6f470f9e224c49f7a06c51 [NON_LEADER]: Queue going to NON_LEADER mode. State: All replicated index: 0, Majority replicated index: 0, Committed index: 0, Last appended: 0.0, Last appended by leader: 0, Current term: 0, Majority size: -1, State: 0, Mode: NON_LEADER, active raft config: opid_index: -1 OBSOLETE_local: false peers { permanent_uuid: "3b2892947e2f449a8a1f55eec73c9cc8" member_type: VOTER last_known_addr { host: "127.4.39.65" port: 40147 } } peers { permanent_uuid: "20ac94559b704a7aa7fbcd34d3f048bd" member_type: VOTER last_known_addr { host: "127.4.39.66" port: 42805 } } peers { permanent_uuid: "4fed0f896d6f470f9e224c49f7a06c51" member_type: VOTER last_known_addr { host: "127.4.39.67" port: 38223 } }
I20260710 11:08:10.286091  5580 ts_tablet_manager.cc:1403] T bb585a0bab28448e9e749ea65a2943bf P 20ac94559b704a7aa7fbcd34d3f048bd: Time spent bootstrapping tablet: real 0.020s	user 0.011s	sys 0.000s
I20260710 11:08:10.287122  5356 leader_election.cc:304] T bb585a0bab28448e9e749ea65a2943bf P 3b2892947e2f449a8a1f55eec73c9cc8 [CANDIDATE]: Term 1 election: Election decided. Result: candidate won. Election summary: received 3 responses out of 3 voters: 2 yes votes; 1 no votes. yes voters: 3b2892947e2f449a8a1f55eec73c9cc8, 4fed0f896d6f470f9e224c49f7a06c51; no voters: 20ac94559b704a7aa7fbcd34d3f048bd
I20260710 11:08:10.288324  5587 raft_consensus.cc:2804] T bb585a0bab28448e9e749ea65a2943bf P 3b2892947e2f449a8a1f55eec73c9cc8 [term 1 FOLLOWER]: Leader election won for term 1
I20260710 11:08:10.288830  5587 raft_consensus.cc:697] T bb585a0bab28448e9e749ea65a2943bf P 3b2892947e2f449a8a1f55eec73c9cc8 [term 1 LEADER]: Becoming Leader. State: Replica: 3b2892947e2f449a8a1f55eec73c9cc8, State: Running, Role: LEADER
I20260710 11:08:10.288874  5582 raft_consensus.cc:359] T 3e02dc98dfcf481db11a980c75cacc1a P 3b2892947e2f449a8a1f55eec73c9cc8 [term 0 FOLLOWER]: Replica starting. Triggering 0 pending ops. Active config: opid_index: -1 OBSOLETE_local: false peers { permanent_uuid: "3b2892947e2f449a8a1f55eec73c9cc8" member_type: VOTER last_known_addr { host: "127.4.39.65" port: 40147 } } peers { permanent_uuid: "20ac94559b704a7aa7fbcd34d3f048bd" member_type: VOTER last_known_addr { host: "127.4.39.66" port: 42805 } } peers { permanent_uuid: "4fed0f896d6f470f9e224c49f7a06c51" member_type: VOTER last_known_addr { host: "127.4.39.67" port: 38223 } }
I20260710 11:08:10.289281  5580 raft_consensus.cc:359] T bb585a0bab28448e9e749ea65a2943bf P 20ac94559b704a7aa7fbcd34d3f048bd [term 0 FOLLOWER]: Replica starting. Triggering 0 pending ops. Active config: opid_index: -1 OBSOLETE_local: false peers { permanent_uuid: "3b2892947e2f449a8a1f55eec73c9cc8" member_type: VOTER last_known_addr { host: "127.4.39.65" port: 40147 } } peers { permanent_uuid: "20ac94559b704a7aa7fbcd34d3f048bd" member_type: VOTER last_known_addr { host: "127.4.39.66" port: 42805 } } peers { permanent_uuid: "4fed0f896d6f470f9e224c49f7a06c51" member_type: VOTER last_known_addr { host: "127.4.39.67" port: 38223 } }
I20260710 11:08:10.289758  5582 raft_consensus.cc:385] T 3e02dc98dfcf481db11a980c75cacc1a P 3b2892947e2f449a8a1f55eec73c9cc8 [term 0 FOLLOWER]: Consensus starting up: Expiring failure detector timer to make a prompt election more likely
I20260710 11:08:10.289937  5580 raft_consensus.cc:385] T bb585a0bab28448e9e749ea65a2943bf P 20ac94559b704a7aa7fbcd34d3f048bd [term 0 FOLLOWER]: Consensus starting up: Expiring failure detector timer to make a prompt election more likely
I20260710 11:08:10.290128  5582 raft_consensus.cc:740] T 3e02dc98dfcf481db11a980c75cacc1a P 3b2892947e2f449a8a1f55eec73c9cc8 [term 0 FOLLOWER]: Becoming Follower/Learner. State: Replica: 3b2892947e2f449a8a1f55eec73c9cc8, State: Initialized, Role: FOLLOWER
I20260710 11:08:10.290333  5580 raft_consensus.cc:740] T bb585a0bab28448e9e749ea65a2943bf P 20ac94559b704a7aa7fbcd34d3f048bd [term 0 FOLLOWER]: Becoming Follower/Learner. State: Replica: 20ac94559b704a7aa7fbcd34d3f048bd, State: Initialized, Role: FOLLOWER
I20260710 11:08:10.290882  5582 consensus_queue.cc:260] T 3e02dc98dfcf481db11a980c75cacc1a P 3b2892947e2f449a8a1f55eec73c9cc8 [NON_LEADER]: Queue going to NON_LEADER mode. State: All replicated index: 0, Majority replicated index: 0, Committed index: 0, Last appended: 0.0, Last appended by leader: 0, Current term: 0, Majority size: -1, State: 0, Mode: NON_LEADER, active raft config: opid_index: -1 OBSOLETE_local: false peers { permanent_uuid: "3b2892947e2f449a8a1f55eec73c9cc8" member_type: VOTER last_known_addr { host: "127.4.39.65" port: 40147 } } peers { permanent_uuid: "20ac94559b704a7aa7fbcd34d3f048bd" member_type: VOTER last_known_addr { host: "127.4.39.66" port: 42805 } } peers { permanent_uuid: "4fed0f896d6f470f9e224c49f7a06c51" member_type: VOTER last_known_addr { host: "127.4.39.67" port: 38223 } }
I20260710 11:08:10.289971  5587 consensus_queue.cc:237] T bb585a0bab28448e9e749ea65a2943bf P 3b2892947e2f449a8a1f55eec73c9cc8 [LEADER]: Queue going to LEADER mode. State: All replicated index: 0, Majority replicated index: 0, Committed index: 0, Last appended: 0.0, Last appended by leader: 0, Current term: 1, Majority size: 2, State: 0, Mode: LEADER, active raft config: opid_index: -1 OBSOLETE_local: false peers { permanent_uuid: "3b2892947e2f449a8a1f55eec73c9cc8" member_type: VOTER last_known_addr { host: "127.4.39.65" port: 40147 } } peers { permanent_uuid: "20ac94559b704a7aa7fbcd34d3f048bd" member_type: VOTER last_known_addr { host: "127.4.39.66" port: 42805 } } peers { permanent_uuid: "4fed0f896d6f470f9e224c49f7a06c51" member_type: VOTER last_known_addr { host: "127.4.39.67" port: 38223 } }
I20260710 11:08:10.291157  5580 consensus_queue.cc:260] T bb585a0bab28448e9e749ea65a2943bf P 20ac94559b704a7aa7fbcd34d3f048bd [NON_LEADER]: Queue going to NON_LEADER mode. State: All replicated index: 0, Majority replicated index: 0, Committed index: 0, Last appended: 0.0, Last appended by leader: 0, Current term: 0, Majority size: -1, State: 0, Mode: NON_LEADER, active raft config: opid_index: -1 OBSOLETE_local: false peers { permanent_uuid: "3b2892947e2f449a8a1f55eec73c9cc8" member_type: VOTER last_known_addr { host: "127.4.39.65" port: 40147 } } peers { permanent_uuid: "20ac94559b704a7aa7fbcd34d3f048bd" member_type: VOTER last_known_addr { host: "127.4.39.66" port: 42805 } } peers { permanent_uuid: "4fed0f896d6f470f9e224c49f7a06c51" member_type: VOTER last_known_addr { host: "127.4.39.67" port: 38223 } }
I20260710 11:08:10.293027  5582 ts_tablet_manager.cc:1434] T 3e02dc98dfcf481db11a980c75cacc1a P 3b2892947e2f449a8a1f55eec73c9cc8: Time spent starting tablet: real 0.007s	user 0.005s	sys 0.000s
I20260710 11:08:10.293921  5582 tablet_bootstrap.cc:492] T b4e5d9f804cb4a8ea65c85d88786237d P 3b2892947e2f449a8a1f55eec73c9cc8: Bootstrap starting.
I20260710 11:08:10.296222  5580 ts_tablet_manager.cc:1434] T bb585a0bab28448e9e749ea65a2943bf P 20ac94559b704a7aa7fbcd34d3f048bd: Time spent starting tablet: real 0.009s	user 0.005s	sys 0.000s
I20260710 11:08:10.297206  5580 tablet_bootstrap.cc:492] T e3e069111a0c45a191a5f1330dabcda0 P 20ac94559b704a7aa7fbcd34d3f048bd: Bootstrap starting.
I20260710 11:08:10.299417  5582 tablet_bootstrap.cc:654] T b4e5d9f804cb4a8ea65c85d88786237d P 3b2892947e2f449a8a1f55eec73c9cc8: Neither blocks nor log segments found. Creating new log.
I20260710 11:08:10.302640  5581 ts_tablet_manager.cc:1434] T b790f806707449dca4a238224d97afc9 P 4fed0f896d6f470f9e224c49f7a06c51: Time spent starting tablet: real 0.023s	user 0.009s	sys 0.001s
I20260710 11:08:10.309254  5581 tablet_bootstrap.cc:492] T 75da98027bd14e429b78f5f6c8b0f547 P 4fed0f896d6f470f9e224c49f7a06c51: Bootstrap starting.
I20260710 11:08:10.309880  5580 tablet_bootstrap.cc:654] T e3e069111a0c45a191a5f1330dabcda0 P 20ac94559b704a7aa7fbcd34d3f048bd: Neither blocks nor log segments found. Creating new log.
I20260710 11:08:10.315265  5582 tablet_bootstrap.cc:492] T b4e5d9f804cb4a8ea65c85d88786237d P 3b2892947e2f449a8a1f55eec73c9cc8: No bootstrap required, opened a new log
I20260710 11:08:10.315663  5582 ts_tablet_manager.cc:1403] T b4e5d9f804cb4a8ea65c85d88786237d P 3b2892947e2f449a8a1f55eec73c9cc8: Time spent bootstrapping tablet: real 0.022s	user 0.015s	sys 0.004s
I20260710 11:08:10.317729  5582 raft_consensus.cc:359] T b4e5d9f804cb4a8ea65c85d88786237d P 3b2892947e2f449a8a1f55eec73c9cc8 [term 0 FOLLOWER]: Replica starting. Triggering 0 pending ops. Active config: opid_index: -1 OBSOLETE_local: false peers { permanent_uuid: "3b2892947e2f449a8a1f55eec73c9cc8" member_type: VOTER last_known_addr { host: "127.4.39.65" port: 40147 } } peers { permanent_uuid: "20ac94559b704a7aa7fbcd34d3f048bd" member_type: VOTER last_known_addr { host: "127.4.39.66" port: 42805 } } peers { permanent_uuid: "4fed0f896d6f470f9e224c49f7a06c51" member_type: VOTER last_known_addr { host: "127.4.39.67" port: 38223 } }
I20260710 11:08:10.318449  5582 raft_consensus.cc:385] T b4e5d9f804cb4a8ea65c85d88786237d P 3b2892947e2f449a8a1f55eec73c9cc8 [term 0 FOLLOWER]: Consensus starting up: Expiring failure detector timer to make a prompt election more likely
I20260710 11:08:10.318734  5582 raft_consensus.cc:740] T b4e5d9f804cb4a8ea65c85d88786237d P 3b2892947e2f449a8a1f55eec73c9cc8 [term 0 FOLLOWER]: Becoming Follower/Learner. State: Replica: 3b2892947e2f449a8a1f55eec73c9cc8, State: Initialized, Role: FOLLOWER
I20260710 11:08:10.318197  5286 catalog_manager.cc:5697] T bb585a0bab28448e9e749ea65a2943bf P 3b2892947e2f449a8a1f55eec73c9cc8 reported cstate change: term changed from 0 to 1, leader changed from <none> to 3b2892947e2f449a8a1f55eec73c9cc8 (127.4.39.65). New cstate: current_term: 1 leader_uuid: "3b2892947e2f449a8a1f55eec73c9cc8" committed_config { opid_index: -1 OBSOLETE_local: false peers { permanent_uuid: "3b2892947e2f449a8a1f55eec73c9cc8" member_type: VOTER last_known_addr { host: "127.4.39.65" port: 40147 } health_report { overall_health: HEALTHY } } peers { permanent_uuid: "20ac94559b704a7aa7fbcd34d3f048bd" member_type: VOTER last_known_addr { host: "127.4.39.66" port: 42805 } health_report { overall_health: UNKNOWN } } peers { permanent_uuid: "4fed0f896d6f470f9e224c49f7a06c51" member_type: VOTER last_known_addr { host: "127.4.39.67" port: 38223 } health_report { overall_health: UNKNOWN } } }
I20260710 11:08:10.319507  5582 consensus_queue.cc:260] T b4e5d9f804cb4a8ea65c85d88786237d P 3b2892947e2f449a8a1f55eec73c9cc8 [NON_LEADER]: Queue going to NON_LEADER mode. State: All replicated index: 0, Majority replicated index: 0, Committed index: 0, Last appended: 0.0, Last appended by leader: 0, Current term: 0, Majority size: -1, State: 0, Mode: NON_LEADER, active raft config: opid_index: -1 OBSOLETE_local: false peers { permanent_uuid: "3b2892947e2f449a8a1f55eec73c9cc8" member_type: VOTER last_known_addr { host: "127.4.39.65" port: 40147 } } peers { permanent_uuid: "20ac94559b704a7aa7fbcd34d3f048bd" member_type: VOTER last_known_addr { host: "127.4.39.66" port: 42805 } } peers { permanent_uuid: "4fed0f896d6f470f9e224c49f7a06c51" member_type: VOTER last_known_addr { host: "127.4.39.67" port: 38223 } }
I20260710 11:08:10.320108  5621 raft_consensus.cc:493] T 4138a75946e24e52b594fabfb5e0b25f P 3b2892947e2f449a8a1f55eec73c9cc8 [term 0 FOLLOWER]: Starting pre-election (no leader contacted us within the election timeout)
I20260710 11:08:10.320376  5581 tablet_bootstrap.cc:654] T 75da98027bd14e429b78f5f6c8b0f547 P 4fed0f896d6f470f9e224c49f7a06c51: Neither blocks nor log segments found. Creating new log.
I20260710 11:08:10.320603  5621 raft_consensus.cc:515] T 4138a75946e24e52b594fabfb5e0b25f P 3b2892947e2f449a8a1f55eec73c9cc8 [term 0 FOLLOWER]: Starting pre-election with config: opid_index: -1 OBSOLETE_local: false peers { permanent_uuid: "3b2892947e2f449a8a1f55eec73c9cc8" member_type: VOTER last_known_addr { host: "127.4.39.65" port: 40147 } } peers { permanent_uuid: "20ac94559b704a7aa7fbcd34d3f048bd" member_type: VOTER last_known_addr { host: "127.4.39.66" port: 42805 } } peers { permanent_uuid: "4fed0f896d6f470f9e224c49f7a06c51" member_type: VOTER last_known_addr { host: "127.4.39.67" port: 38223 } }
I20260710 11:08:10.322953  5621 leader_election.cc:290] T 4138a75946e24e52b594fabfb5e0b25f P 3b2892947e2f449a8a1f55eec73c9cc8 [CANDIDATE]: Term 1 pre-election: Requested pre-vote from peers 20ac94559b704a7aa7fbcd34d3f048bd (127.4.39.66:42805), 4fed0f896d6f470f9e224c49f7a06c51 (127.4.39.67:38223)
I20260710 11:08:10.324797  5580 tablet_bootstrap.cc:492] T e3e069111a0c45a191a5f1330dabcda0 P 20ac94559b704a7aa7fbcd34d3f048bd: No bootstrap required, opened a new log
I20260710 11:08:10.325305  5580 ts_tablet_manager.cc:1403] T e3e069111a0c45a191a5f1330dabcda0 P 20ac94559b704a7aa7fbcd34d3f048bd: Time spent bootstrapping tablet: real 0.028s	user 0.009s	sys 0.002s
I20260710 11:08:10.325467  5539 tablet_service.cc:1917] Received RequestConsensusVote() RPC: tablet_id: "4138a75946e24e52b594fabfb5e0b25f" candidate_uuid: "3b2892947e2f449a8a1f55eec73c9cc8" candidate_term: 1 candidate_status { last_received { term: 0 index: 0 } } ignore_live_leader: false dest_uuid: "4fed0f896d6f470f9e224c49f7a06c51" is_pre_election: true
