I20260710 11:07:55.771238 26645 raft_consensus.cc:359] T dad97160f2654d66b261716b9a46dd03 P a9062acbe72644d59a5cd83d92b7a788 [term 0 FOLLOWER]: Replica starting. Triggering 0 pending ops. Active config: opid_index: -1 OBSOLETE_local: false peers { permanent_uuid: "8179f7233023448891ba02f928909830" member_type: VOTER last_known_addr { host: "127.25.53.193" port: 40361 } } peers { permanent_uuid: "0a900b538bfe49c6b168cfba84364c7d" member_type: VOTER last_known_addr { host: "127.25.53.194" port: 37109 } } peers { permanent_uuid: "a9062acbe72644d59a5cd83d92b7a788" member_type: VOTER last_known_addr { host: "127.25.53.195" port: 40457 } }
I20260710 11:07:55.771827 26644 tablet_bootstrap.cc:654] T 12ba45404f1f469babadb00d13ac1101 P 8179f7233023448891ba02f928909830: Neither blocks nor log segments found. Creating new log.
I20260710 11:07:55.772069 26645 raft_consensus.cc:385] T dad97160f2654d66b261716b9a46dd03 P a9062acbe72644d59a5cd83d92b7a788 [term 0 FOLLOWER]: Consensus starting up: Expiring failure detector timer to make a prompt election more likely
I20260710 11:07:55.771996 26604 tablet_service.cc:1917] Received RequestConsensusVote() RPC: tablet_id: "0ac4a28f228e416dbd44129bc5847c0f" candidate_uuid: "8179f7233023448891ba02f928909830" candidate_term: 1 candidate_status { last_received { term: 0 index: 0 } } ignore_live_leader: false dest_uuid: "a9062acbe72644d59a5cd83d92b7a788" is_pre_election: true
I20260710 11:07:55.772541 26645 raft_consensus.cc:740] T dad97160f2654d66b261716b9a46dd03 P a9062acbe72644d59a5cd83d92b7a788 [term 0 FOLLOWER]: Becoming Follower/Learner. State: Replica: a9062acbe72644d59a5cd83d92b7a788, State: Initialized, Role: FOLLOWER
I20260710 11:07:55.772701 26604 raft_consensus.cc:2468] T 0ac4a28f228e416dbd44129bc5847c0f P a9062acbe72644d59a5cd83d92b7a788 [term 0 FOLLOWER]: Leader pre-election vote request: Granting yes vote for candidate 8179f7233023448891ba02f928909830 in term 0.
I20260710 11:07:55.773582 26645 consensus_queue.cc:260] T dad97160f2654d66b261716b9a46dd03 P a9062acbe72644d59a5cd83d92b7a788 [NON_LEADER]: Queue going to NON_LEADER mode. State: All replicated index: 0, Majority replicated index: 0, Committed index: 0, Last appended: 0.0, Last appended by leader: 0, Current term: 0, Majority size: -1, State: 0, Mode: NON_LEADER, active raft config: opid_index: -1 OBSOLETE_local: false peers { permanent_uuid: "8179f7233023448891ba02f928909830" member_type: VOTER last_known_addr { host: "127.25.53.193" port: 40361 } } peers { permanent_uuid: "0a900b538bfe49c6b168cfba84364c7d" member_type: VOTER last_known_addr { host: "127.25.53.194" port: 37109 } } peers { permanent_uuid: "a9062acbe72644d59a5cd83d92b7a788" member_type: VOTER last_known_addr { host: "127.25.53.195" port: 40457 } }
I20260710 11:07:55.774050 26419 leader_election.cc:304] T 0ac4a28f228e416dbd44129bc5847c0f P 8179f7233023448891ba02f928909830 [CANDIDATE]: Term 1 pre-election: Election decided. Result: candidate won. Election summary: received 2 responses out of 3 voters: 2 yes votes; 0 no votes. yes voters: 8179f7233023448891ba02f928909830, a9062acbe72644d59a5cd83d92b7a788; no voters: 
I20260710 11:07:55.774803 26651 raft_consensus.cc:2804] T 0ac4a28f228e416dbd44129bc5847c0f P 8179f7233023448891ba02f928909830 [term 0 FOLLOWER]: Leader pre-election won for term 1
I20260710 11:07:55.775141 26651 raft_consensus.cc:493] T 0ac4a28f228e416dbd44129bc5847c0f P 8179f7233023448891ba02f928909830 [term 0 FOLLOWER]: Starting leader election (no leader contacted us within the election timeout)
I20260710 11:07:55.775091 26528 tablet_service.cc:1917] Received RequestConsensusVote() RPC: tablet_id: "0ac4a28f228e416dbd44129bc5847c0f" candidate_uuid: "8179f7233023448891ba02f928909830" candidate_term: 1 candidate_status { last_received { term: 0 index: 0 } } ignore_live_leader: false dest_uuid: "0a900b538bfe49c6b168cfba84364c7d" is_pre_election: true
I20260710 11:07:55.775565 26651 raft_consensus.cc:3060] T 0ac4a28f228e416dbd44129bc5847c0f P 8179f7233023448891ba02f928909830 [term 0 FOLLOWER]: Advancing to term 1
I20260710 11:07:55.775771 26528 raft_consensus.cc:2468] T 0ac4a28f228e416dbd44129bc5847c0f P 0a900b538bfe49c6b168cfba84364c7d [term 0 FOLLOWER]: Leader pre-election vote request: Granting yes vote for candidate 8179f7233023448891ba02f928909830 in term 0.
I20260710 11:07:55.776829 26351 catalog_manager.cc:5697] T 5f3a4b7860fc49d3914b8dd1df1d5384 P a9062acbe72644d59a5cd83d92b7a788 reported cstate change: term changed from 0 to 1, leader changed from <none> to a9062acbe72644d59a5cd83d92b7a788 (127.25.53.195). New cstate: current_term: 1 leader_uuid: "a9062acbe72644d59a5cd83d92b7a788" committed_config { opid_index: -1 OBSOLETE_local: false peers { permanent_uuid: "8179f7233023448891ba02f928909830" member_type: VOTER last_known_addr { host: "127.25.53.193" port: 40361 } health_report { overall_health: UNKNOWN } } peers { permanent_uuid: "0a900b538bfe49c6b168cfba84364c7d" member_type: VOTER last_known_addr { host: "127.25.53.194" port: 37109 } health_report { overall_health: UNKNOWN } } peers { permanent_uuid: "a9062acbe72644d59a5cd83d92b7a788" member_type: VOTER last_known_addr { host: "127.25.53.195" port: 40457 } health_report { overall_health: HEALTHY } } }
I20260710 11:07:55.782349 26645 ts_tablet_manager.cc:1434] T dad97160f2654d66b261716b9a46dd03 P a9062acbe72644d59a5cd83d92b7a788: Time spent starting tablet: real 0.017s	user 0.004s	sys 0.002s
I20260710 11:07:55.783700 26645 tablet_bootstrap.cc:492] T 60ad131edafd41eaa7b61b760e4c5174 P a9062acbe72644d59a5cd83d92b7a788: Bootstrap starting.
I20260710 11:07:55.789637 26651 raft_consensus.cc:515] T 0ac4a28f228e416dbd44129bc5847c0f P 8179f7233023448891ba02f928909830 [term 1 FOLLOWER]: Starting leader election with config: opid_index: -1 OBSOLETE_local: false peers { permanent_uuid: "8179f7233023448891ba02f928909830" member_type: VOTER last_known_addr { host: "127.25.53.193" port: 40361 } } peers { permanent_uuid: "0a900b538bfe49c6b168cfba84364c7d" member_type: VOTER last_known_addr { host: "127.25.53.194" port: 37109 } } peers { permanent_uuid: "a9062acbe72644d59a5cd83d92b7a788" member_type: VOTER last_known_addr { host: "127.25.53.195" port: 40457 } }
I20260710 11:07:55.793056 26528 tablet_service.cc:1917] Received RequestConsensusVote() RPC: tablet_id: "0ac4a28f228e416dbd44129bc5847c0f" candidate_uuid: "8179f7233023448891ba02f928909830" candidate_term: 1 candidate_status { last_received { term: 0 index: 0 } } ignore_live_leader: false dest_uuid: "0a900b538bfe49c6b168cfba84364c7d"
I20260710 11:07:55.793812 26528 raft_consensus.cc:3060] T 0ac4a28f228e416dbd44129bc5847c0f P 0a900b538bfe49c6b168cfba84364c7d [term 0 FOLLOWER]: Advancing to term 1
I20260710 11:07:55.795230 26644 tablet_bootstrap.cc:492] T 12ba45404f1f469babadb00d13ac1101 P 8179f7233023448891ba02f928909830: No bootstrap required, opened a new log
I20260710 11:07:55.794857 26352 catalog_manager.cc:5697] T b518681af6424216938a79f129af7065 P 8179f7233023448891ba02f928909830 reported cstate change: term changed from 0 to 1, leader changed from <none> to 8179f7233023448891ba02f928909830 (127.25.53.193). New cstate: current_term: 1 leader_uuid: "8179f7233023448891ba02f928909830" committed_config { opid_index: -1 OBSOLETE_local: false peers { permanent_uuid: "8179f7233023448891ba02f928909830" member_type: VOTER last_known_addr { host: "127.25.53.193" port: 40361 } health_report { overall_health: HEALTHY } } peers { permanent_uuid: "0a900b538bfe49c6b168cfba84364c7d" member_type: VOTER last_known_addr { host: "127.25.53.194" port: 37109 } health_report { overall_health: UNKNOWN } } peers { permanent_uuid: "a9062acbe72644d59a5cd83d92b7a788" member_type: VOTER last_known_addr { host: "127.25.53.195" port: 40457 } health_report { overall_health: UNKNOWN } } }
I20260710 11:07:55.795706 26644 ts_tablet_manager.cc:1403] T 12ba45404f1f469babadb00d13ac1101 P 8179f7233023448891ba02f928909830: Time spent bootstrapping tablet: real 0.030s	user 0.023s	sys 0.002s
I20260710 11:07:55.798346 26644 raft_consensus.cc:359] T 12ba45404f1f469babadb00d13ac1101 P 8179f7233023448891ba02f928909830 [term 0 FOLLOWER]: Replica starting. Triggering 0 pending ops. Active config: opid_index: -1 OBSOLETE_local: false peers { permanent_uuid: "8179f7233023448891ba02f928909830" member_type: VOTER last_known_addr { host: "127.25.53.193" port: 40361 } } peers { permanent_uuid: "0a900b538bfe49c6b168cfba84364c7d" member_type: VOTER last_known_addr { host: "127.25.53.194" port: 37109 } } peers { permanent_uuid: "a9062acbe72644d59a5cd83d92b7a788" member_type: VOTER last_known_addr { host: "127.25.53.195" port: 40457 } }
I20260710 11:07:55.799114 26644 raft_consensus.cc:385] T 12ba45404f1f469babadb00d13ac1101 P 8179f7233023448891ba02f928909830 [term 0 FOLLOWER]: Consensus starting up: Expiring failure detector timer to make a prompt election more likely
I20260710 11:07:55.799461 26644 raft_consensus.cc:740] T 12ba45404f1f469babadb00d13ac1101 P 8179f7233023448891ba02f928909830 [term 0 FOLLOWER]: Becoming Follower/Learner. State: Replica: 8179f7233023448891ba02f928909830, State: Initialized, Role: FOLLOWER
I20260710 11:07:55.800417 26528 raft_consensus.cc:2468] T 0ac4a28f228e416dbd44129bc5847c0f P 0a900b538bfe49c6b168cfba84364c7d [term 1 FOLLOWER]: Leader election vote request: Granting yes vote for candidate 8179f7233023448891ba02f928909830 in term 1.
I20260710 11:07:55.800295 26644 consensus_queue.cc:260] T 12ba45404f1f469babadb00d13ac1101 P 8179f7233023448891ba02f928909830 [NON_LEADER]: Queue going to NON_LEADER mode. State: All replicated index: 0, Majority replicated index: 0, Committed index: 0, Last appended: 0.0, Last appended by leader: 0, Current term: 0, Majority size: -1, State: 0, Mode: NON_LEADER, active raft config: opid_index: -1 OBSOLETE_local: false peers { permanent_uuid: "8179f7233023448891ba02f928909830" member_type: VOTER last_known_addr { host: "127.25.53.193" port: 40361 } } peers { permanent_uuid: "0a900b538bfe49c6b168cfba84364c7d" member_type: VOTER last_known_addr { host: "127.25.53.194" port: 37109 } } peers { permanent_uuid: "a9062acbe72644d59a5cd83d92b7a788" member_type: VOTER last_known_addr { host: "127.25.53.195" port: 40457 } }
I20260710 11:07:55.801831 26645 tablet_bootstrap.cc:654] T 60ad131edafd41eaa7b61b760e4c5174 P a9062acbe72644d59a5cd83d92b7a788: Neither blocks nor log segments found. Creating new log.
I20260710 11:07:55.804462 26604 tablet_service.cc:1917] Received RequestConsensusVote() RPC: tablet_id: "0ac4a28f228e416dbd44129bc5847c0f" candidate_uuid: "8179f7233023448891ba02f928909830" candidate_term: 1 candidate_status { last_received { term: 0 index: 0 } } ignore_live_leader: false dest_uuid: "a9062acbe72644d59a5cd83d92b7a788"
I20260710 11:07:55.805200 26646 tablet_bootstrap.cc:492] T e12b6c74fdb143c68cf9bf9c014026d8 P 0a900b538bfe49c6b168cfba84364c7d: No bootstrap required, opened a new log
I20260710 11:07:55.805989 26604 raft_consensus.cc:3060] T 0ac4a28f228e416dbd44129bc5847c0f P a9062acbe72644d59a5cd83d92b7a788 [term 0 FOLLOWER]: Advancing to term 1
I20260710 11:07:55.806285 26646 ts_tablet_manager.cc:1403] T e12b6c74fdb143c68cf9bf9c014026d8 P 0a900b538bfe49c6b168cfba84364c7d: Time spent bootstrapping tablet: real 0.049s	user 0.009s	sys 0.005s
I20260710 11:07:55.807729 26644 ts_tablet_manager.cc:1434] T 12ba45404f1f469babadb00d13ac1101 P 8179f7233023448891ba02f928909830: Time spent starting tablet: real 0.012s	user 0.005s	sys 0.000s
I20260710 11:07:55.806335 26419 leader_election.cc:304] T 0ac4a28f228e416dbd44129bc5847c0f P 8179f7233023448891ba02f928909830 [CANDIDATE]: Term 1 election: Election decided. Result: candidate won. Election summary: received 2 responses out of 3 voters: 2 yes votes; 0 no votes. yes voters: 0a900b538bfe49c6b168cfba84364c7d, 8179f7233023448891ba02f928909830; no voters: 
I20260710 11:07:55.808485 26678 raft_consensus.cc:2804] T 0ac4a28f228e416dbd44129bc5847c0f P 8179f7233023448891ba02f928909830 [term 1 FOLLOWER]: Leader election won for term 1
I20260710 11:07:55.808879 26646 raft_consensus.cc:359] T e12b6c74fdb143c68cf9bf9c014026d8 P 0a900b538bfe49c6b168cfba84364c7d [term 0 FOLLOWER]: Replica starting. Triggering 0 pending ops. Active config: opid_index: -1 OBSOLETE_local: false peers { permanent_uuid: "8179f7233023448891ba02f928909830" member_type: VOTER last_known_addr { host: "127.25.53.193" port: 40361 } } peers { permanent_uuid: "0a900b538bfe49c6b168cfba84364c7d" member_type: VOTER last_known_addr { host: "127.25.53.194" port: 37109 } } peers { permanent_uuid: "a9062acbe72644d59a5cd83d92b7a788" member_type: VOTER last_known_addr { host: "127.25.53.195" port: 40457 } }
I20260710 11:07:55.808934 26678 raft_consensus.cc:697] T 0ac4a28f228e416dbd44129bc5847c0f P 8179f7233023448891ba02f928909830 [term 1 LEADER]: Becoming Leader. State: Replica: 8179f7233023448891ba02f928909830, State: Running, Role: LEADER
I20260710 11:07:55.810220 26678 consensus_queue.cc:237] T 0ac4a28f228e416dbd44129bc5847c0f P 8179f7233023448891ba02f928909830 [LEADER]: Queue going to LEADER mode. State: All replicated index: 0, Majority replicated index: 0, Committed index: 0, Last appended: 0.0, Last appended by leader: 0, Current term: 1, Majority size: 2, State: 0, Mode: LEADER, active raft config: opid_index: -1 OBSOLETE_local: false peers { permanent_uuid: "8179f7233023448891ba02f928909830" member_type: VOTER last_known_addr { host: "127.25.53.193" port: 40361 } } peers { permanent_uuid: "0a900b538bfe49c6b168cfba84364c7d" member_type: VOTER last_known_addr { host: "127.25.53.194" port: 37109 } } peers { permanent_uuid: "a9062acbe72644d59a5cd83d92b7a788" member_type: VOTER last_known_addr { host: "127.25.53.195" port: 40457 } }
I20260710 11:07:55.812619 26604 raft_consensus.cc:2468] T 0ac4a28f228e416dbd44129bc5847c0f P a9062acbe72644d59a5cd83d92b7a788 [term 1 FOLLOWER]: Leader election vote request: Granting yes vote for candidate 8179f7233023448891ba02f928909830 in term 1.
I20260710 11:07:55.813653 26646 raft_consensus.cc:385] T e12b6c74fdb143c68cf9bf9c014026d8 P 0a900b538bfe49c6b168cfba84364c7d [term 0 FOLLOWER]: Consensus starting up: Expiring failure detector timer to make a prompt election more likely
I20260710 11:07:55.813939 26646 raft_consensus.cc:740] T e12b6c74fdb143c68cf9bf9c014026d8 P 0a900b538bfe49c6b168cfba84364c7d [term 0 FOLLOWER]: Becoming Follower/Learner. State: Replica: 0a900b538bfe49c6b168cfba84364c7d, State: Initialized, Role: FOLLOWER
I20260710 11:07:55.814628 26646 consensus_queue.cc:260] T e12b6c74fdb143c68cf9bf9c014026d8 P 0a900b538bfe49c6b168cfba84364c7d [NON_LEADER]: Queue going to NON_LEADER mode. State: All replicated index: 0, Majority replicated index: 0, Committed index: 0, Last appended: 0.0, Last appended by leader: 0, Current term: 0, Majority size: -1, State: 0, Mode: NON_LEADER, active raft config: opid_index: -1 OBSOLETE_local: false peers { permanent_uuid: "8179f7233023448891ba02f928909830" member_type: VOTER last_known_addr { host: "127.25.53.193" port: 40361 } } peers { permanent_uuid: "0a900b538bfe49c6b168cfba84364c7d" member_type: VOTER last_known_addr { host: "127.25.53.194" port: 37109 } } peers { permanent_uuid: "a9062acbe72644d59a5cd83d92b7a788" member_type: VOTER last_known_addr { host: "127.25.53.195" port: 40457 } }
I20260710 11:07:55.805390 26651 leader_election.cc:290] T 0ac4a28f228e416dbd44129bc5847c0f P 8179f7233023448891ba02f928909830 [CANDIDATE]: Term 1 election: Requested vote from peers 0a900b538bfe49c6b168cfba84364c7d (127.25.53.194:37109), a9062acbe72644d59a5cd83d92b7a788 (127.25.53.195:40457)
I20260710 11:07:55.817674 26646 ts_tablet_manager.cc:1434] T e12b6c74fdb143c68cf9bf9c014026d8 P 0a900b538bfe49c6b168cfba84364c7d: Time spent starting tablet: real 0.011s	user 0.005s	sys 0.000s
I20260710 11:07:55.818542 26646 tablet_bootstrap.cc:492] T dad97160f2654d66b261716b9a46dd03 P 0a900b538bfe49c6b168cfba84364c7d: Bootstrap starting.
I20260710 11:07:55.824110 26645 tablet_bootstrap.cc:492] T 60ad131edafd41eaa7b61b760e4c5174 P a9062acbe72644d59a5cd83d92b7a788: No bootstrap required, opened a new log
I20260710 11:07:55.824311 26646 tablet_bootstrap.cc:654] T dad97160f2654d66b261716b9a46dd03 P 0a900b538bfe49c6b168cfba84364c7d: Neither blocks nor log segments found. Creating new log.
I20260710 11:07:55.824734 26645 ts_tablet_manager.cc:1403] T 60ad131edafd41eaa7b61b760e4c5174 P a9062acbe72644d59a5cd83d92b7a788: Time spent bootstrapping tablet: real 0.041s	user 0.011s	sys 0.010s
I20260710 11:07:55.825222 26351 catalog_manager.cc:5697] T 0ac4a28f228e416dbd44129bc5847c0f P 8179f7233023448891ba02f928909830 reported cstate change: term changed from 0 to 1, leader changed from <none> to 8179f7233023448891ba02f928909830 (127.25.53.193). New cstate: current_term: 1 leader_uuid: "8179f7233023448891ba02f928909830" committed_config { opid_index: -1 OBSOLETE_local: false peers { permanent_uuid: "8179f7233023448891ba02f928909830" member_type: VOTER last_known_addr { host: "127.25.53.193" port: 40361 } health_report { overall_health: HEALTHY } } peers { permanent_uuid: "0a900b538bfe49c6b168cfba84364c7d" member_type: VOTER last_known_addr { host: "127.25.53.194" port: 37109 } health_report { overall_health: UNKNOWN } } peers { permanent_uuid: "a9062acbe72644d59a5cd83d92b7a788" member_type: VOTER last_known_addr { host: "127.25.53.195" port: 40457 } health_report { overall_health: UNKNOWN } } }
I20260710 11:07:55.827517 26645 raft_consensus.cc:359] T 60ad131edafd41eaa7b61b760e4c5174 P a9062acbe72644d59a5cd83d92b7a788 [term 0 FOLLOWER]: Replica starting. Triggering 0 pending ops. Active config: opid_index: -1 OBSOLETE_local: false peers { permanent_uuid: "8179f7233023448891ba02f928909830" member_type: VOTER last_known_addr { host: "127.25.53.193" port: 40361 } } peers { permanent_uuid: "0a900b538bfe49c6b168cfba84364c7d" member_type: VOTER last_known_addr { host: "127.25.53.194" port: 37109 } } peers { permanent_uuid: "a9062acbe72644d59a5cd83d92b7a788" member_type: VOTER last_known_addr { host: "127.25.53.195" port: 40457 } }
I20260710 11:07:55.828420 26645 raft_consensus.cc:385] T 60ad131edafd41eaa7b61b760e4c5174 P a9062acbe72644d59a5cd83d92b7a788 [term 0 FOLLOWER]: Consensus starting up: Expiring failure detector timer to make a prompt election more likely
I20260710 11:07:55.828801 26645 raft_consensus.cc:740] T 60ad131edafd41eaa7b61b760e4c5174 P a9062acbe72644d59a5cd83d92b7a788 [term 0 FOLLOWER]: Becoming Follower/Learner. State: Replica: a9062acbe72644d59a5cd83d92b7a788, State: Initialized, Role: FOLLOWER
I20260710 11:07:55.829789 26645 consensus_queue.cc:260] T 60ad131edafd41eaa7b61b760e4c5174 P a9062acbe72644d59a5cd83d92b7a788 [NON_LEADER]: Queue going to NON_LEADER mode. State: All replicated index: 0, Majority replicated index: 0, Committed index: 0, Last appended: 0.0, Last appended by leader: 0, Current term: 0, Majority size: -1, State: 0, Mode: NON_LEADER, active raft config: opid_index: -1 OBSOLETE_local: false peers { permanent_uuid: "8179f7233023448891ba02f928909830" member_type: VOTER last_known_addr { host: "127.25.53.193" port: 40361 } } peers { permanent_uuid: "0a900b538bfe49c6b168cfba84364c7d" member_type: VOTER last_known_addr { host: "127.25.53.194" port: 37109 } } peers { permanent_uuid: "a9062acbe72644d59a5cd83d92b7a788" member_type: VOTER last_known_addr { host: "127.25.53.195" port: 40457 } }
I20260710 11:07:55.832347 26645 ts_tablet_manager.cc:1434] T 60ad131edafd41eaa7b61b760e4c5174 P a9062acbe72644d59a5cd83d92b7a788: Time spent starting tablet: real 0.007s	user 0.006s	sys 0.000s
I20260710 11:07:55.834087 26645 tablet_bootstrap.cc:492] T f3755f8363024b179f048ad50e394752 P a9062acbe72644d59a5cd83d92b7a788: Bootstrap starting.
I20260710 11:07:55.837975 26646 tablet_bootstrap.cc:492] T dad97160f2654d66b261716b9a46dd03 P 0a900b538bfe49c6b168cfba84364c7d: No bootstrap required, opened a new log
I20260710 11:07:55.838442 26646 ts_tablet_manager.cc:1403] T dad97160f2654d66b261716b9a46dd03 P 0a900b538bfe49c6b168cfba84364c7d: Time spent bootstrapping tablet: real 0.020s	user 0.008s	sys 0.011s
I20260710 11:07:55.839926 26645 tablet_bootstrap.cc:654] T f3755f8363024b179f048ad50e394752 P a9062acbe72644d59a5cd83d92b7a788: Neither blocks nor log segments found. Creating new log.
I20260710 11:07:55.840883 26646 raft_consensus.cc:359] T dad97160f2654d66b261716b9a46dd03 P 0a900b538bfe49c6b168cfba84364c7d [term 0 FOLLOWER]: Replica starting. Triggering 0 pending ops. Active config: opid_index: -1 OBSOLETE_local: false peers { permanent_uuid: "8179f7233023448891ba02f928909830" member_type: VOTER last_known_addr { host: "127.25.53.193" port: 40361 } } peers { permanent_uuid: "0a900b538bfe49c6b168cfba84364c7d" member_type: VOTER last_known_addr { host: "127.25.53.194" port: 37109 } } peers { permanent_uuid: "a9062acbe72644d59a5cd83d92b7a788" member_type: VOTER last_known_addr { host: "127.25.53.195" port: 40457 } }
I20260710 11:07:55.841485 26646 raft_consensus.cc:385] T dad97160f2654d66b261716b9a46dd03 P 0a900b538bfe49c6b168cfba84364c7d [term 0 FOLLOWER]: Consensus starting up: Expiring failure detector timer to make a prompt election more likely
I20260710 11:07:55.841735 26646 raft_consensus.cc:740] T dad97160f2654d66b261716b9a46dd03 P 0a900b538bfe49c6b168cfba84364c7d [term 0 FOLLOWER]: Becoming Follower/Learner. State: Replica: 0a900b538bfe49c6b168cfba84364c7d, State: Initialized, Role: FOLLOWER
I20260710 11:07:55.842329 26646 consensus_queue.cc:260] T dad97160f2654d66b261716b9a46dd03 P 0a900b538bfe49c6b168cfba84364c7d [NON_LEADER]: Queue going to NON_LEADER mode. State: All replicated index: 0, Majority replicated index: 0, Committed index: 0, Last appended: 0.0, Last appended by leader: 0, Current term: 0, Majority size: -1, State: 0, Mode: NON_LEADER, active raft config: opid_index: -1 OBSOLETE_local: false peers { permanent_uuid: "8179f7233023448891ba02f928909830" member_type: VOTER last_known_addr { host: "127.25.53.193" port: 40361 } } peers { permanent_uuid: "0a900b538bfe49c6b168cfba84364c7d" member_type: VOTER last_known_addr { host: "127.25.53.194" port: 37109 } } peers { permanent_uuid: "a9062acbe72644d59a5cd83d92b7a788" member_type: VOTER last_known_addr { host: "127.25.53.195" port: 40457 } }
I20260710 11:07:55.844491 26646 ts_tablet_manager.cc:1434] T dad97160f2654d66b261716b9a46dd03 P 0a900b538bfe49c6b168cfba84364c7d: Time spent starting tablet: real 0.006s	user 0.005s	sys 0.000s
I20260710 11:07:55.845329 26646 tablet_bootstrap.cc:492] T 12ba45404f1f469babadb00d13ac1101 P 0a900b538bfe49c6b168cfba84364c7d: Bootstrap starting.
I20260710 11:07:55.846688 26645 tablet_bootstrap.cc:492] T f3755f8363024b179f048ad50e394752 P a9062acbe72644d59a5cd83d92b7a788: No bootstrap required, opened a new log
I20260710 11:07:55.847162 26645 ts_tablet_manager.cc:1403] T f3755f8363024b179f048ad50e394752 P a9062acbe72644d59a5cd83d92b7a788: Time spent bootstrapping tablet: real 0.014s	user 0.004s	sys 0.007s
I20260710 11:07:55.849853 26646 tablet_bootstrap.cc:654] T 12ba45404f1f469babadb00d13ac1101 P 0a900b538bfe49c6b168cfba84364c7d: Neither blocks nor log segments found. Creating new log.
I20260710 11:07:55.849697 26645 raft_consensus.cc:359] T f3755f8363024b179f048ad50e394752 P a9062acbe72644d59a5cd83d92b7a788 [term 0 FOLLOWER]: Replica starting. Triggering 0 pending ops. Active config: opid_index: -1 OBSOLETE_local: false peers { permanent_uuid: "8179f7233023448891ba02f928909830" member_type: VOTER last_known_addr { host: "127.25.53.193" port: 40361 } } peers { permanent_uuid: "0a900b538bfe49c6b168cfba84364c7d" member_type: VOTER last_known_addr { host: "127.25.53.194" port: 37109 } } peers { permanent_uuid: "a9062acbe72644d59a5cd83d92b7a788" member_type: VOTER last_known_addr { host: "127.25.53.195" port: 40457 } }
I20260710 11:07:55.850186 26645 raft_consensus.cc:385] T f3755f8363024b179f048ad50e394752 P a9062acbe72644d59a5cd83d92b7a788 [term 0 FOLLOWER]: Consensus starting up: Expiring failure detector timer to make a prompt election more likely
I20260710 11:07:55.850414 26645 raft_consensus.cc:740] T f3755f8363024b179f048ad50e394752 P a9062acbe72644d59a5cd83d92b7a788 [term 0 FOLLOWER]: Becoming Follower/Learner. State: Replica: a9062acbe72644d59a5cd83d92b7a788, State: Initialized, Role: FOLLOWER
I20260710 11:07:55.851045 26645 consensus_queue.cc:260] T f3755f8363024b179f048ad50e394752 P a9062acbe72644d59a5cd83d92b7a788 [NON_LEADER]: Queue going to NON_LEADER mode. State: All replicated index: 0, Majority replicated index: 0, Committed index: 0, Last appended: 0.0, Last appended by leader: 0, Current term: 0, Majority size: -1, State: 0, Mode: NON_LEADER, active raft config: opid_index: -1 OBSOLETE_local: false peers { permanent_uuid: "8179f7233023448891ba02f928909830" member_type: VOTER last_known_addr { host: "127.25.53.193" port: 40361 } } peers { permanent_uuid: "0a900b538bfe49c6b168cfba84364c7d" member_type: VOTER last_known_addr { host: "127.25.53.194" port: 37109 } } peers { permanent_uuid: "a9062acbe72644d59a5cd83d92b7a788" member_type: VOTER last_known_addr { host: "127.25.53.195" port: 40457 } }
I20260710 11:07:55.852787 26645 ts_tablet_manager.cc:1434] T f3755f8363024b179f048ad50e394752 P a9062acbe72644d59a5cd83d92b7a788: Time spent starting tablet: real 0.005s	user 0.001s	sys 0.003s
I20260710 11:07:55.853971 26645 tablet_bootstrap.cc:492] T 12ba45404f1f469babadb00d13ac1101 P a9062acbe72644d59a5cd83d92b7a788: Bootstrap starting.
I20260710 11:07:55.856439 26646 tablet_bootstrap.cc:492] T 12ba45404f1f469babadb00d13ac1101 P 0a900b538bfe49c6b168cfba84364c7d: No bootstrap required, opened a new log
I20260710 11:07:55.856837 26646 ts_tablet_manager.cc:1403] T 12ba45404f1f469babadb00d13ac1101 P 0a900b538bfe49c6b168cfba84364c7d: Time spent bootstrapping tablet: real 0.012s	user 0.006s	sys 0.004s
I20260710 11:07:55.858692 26646 raft_consensus.cc:359] T 12ba45404f1f469babadb00d13ac1101 P 0a900b538bfe49c6b168cfba84364c7d [term 0 FOLLOWER]: Replica starting. Triggering 0 pending ops. Active config: opid_index: -1 OBSOLETE_local: false peers { permanent_uuid: "8179f7233023448891ba02f928909830" member_type: VOTER last_known_addr { host: "127.25.53.193" port: 40361 } } peers { permanent_uuid: "0a900b538bfe49c6b168cfba84364c7d" member_type: VOTER last_known_addr { host: "127.25.53.194" port: 37109 } } peers { permanent_uuid: "a9062acbe72644d59a5cd83d92b7a788" member_type: VOTER last_known_addr { host: "127.25.53.195" port: 40457 } }
I20260710 11:07:55.859366 26646 raft_consensus.cc:385] T 12ba45404f1f469babadb00d13ac1101 P 0a900b538bfe49c6b168cfba84364c7d [term 0 FOLLOWER]: Consensus starting up: Expiring failure detector timer to make a prompt election more likely
I20260710 11:07:55.859655 26646 raft_consensus.cc:740] T 12ba45404f1f469babadb00d13ac1101 P 0a900b538bfe49c6b168cfba84364c7d [term 0 FOLLOWER]: Becoming Follower/Learner. State: Replica: 0a900b538bfe49c6b168cfba84364c7d, State: Initialized, Role: FOLLOWER
I20260710 11:07:55.859972 26645 tablet_bootstrap.cc:654] T 12ba45404f1f469babadb00d13ac1101 P a9062acbe72644d59a5cd83d92b7a788: Neither blocks nor log segments found. Creating new log.
I20260710 11:07:55.860280 26646 consensus_queue.cc:260] T 12ba45404f1f469babadb00d13ac1101 P 0a900b538bfe49c6b168cfba84364c7d [NON_LEADER]: Queue going to NON_LEADER mode. State: All replicated index: 0, Majority replicated index: 0, Committed index: 0, Last appended: 0.0, Last appended by leader: 0, Current term: 0, Majority size: -1, State: 0, Mode: NON_LEADER, active raft config: opid_index: -1 OBSOLETE_local: false peers { permanent_uuid: "8179f7233023448891ba02f928909830" member_type: VOTER last_known_addr { host: "127.25.53.193" port: 40361 } } peers { permanent_uuid: "0a900b538bfe49c6b168cfba84364c7d" member_type: VOTER last_known_addr { host: "127.25.53.194" port: 37109 } } peers { permanent_uuid: "a9062acbe72644d59a5cd83d92b7a788" member_type: VOTER last_known_addr { host: "127.25.53.195" port: 40457 } }
I20260710 11:07:55.862257 26646 ts_tablet_manager.cc:1434] T 12ba45404f1f469babadb00d13ac1101 P 0a900b538bfe49c6b168cfba84364c7d: Time spent starting tablet: real 0.005s	user 0.002s	sys 0.002s
I20260710 11:07:55.867091 26645 tablet_bootstrap.cc:492] T 12ba45404f1f469babadb00d13ac1101 P a9062acbe72644d59a5cd83d92b7a788: No bootstrap required, opened a new log
I20260710 11:07:55.867581 26645 ts_tablet_manager.cc:1403] T 12ba45404f1f469babadb00d13ac1101 P a9062acbe72644d59a5cd83d92b7a788: Time spent bootstrapping tablet: real 0.014s	user 0.008s	sys 0.003s
I20260710 11:07:55.870015 26645 raft_consensus.cc:359] T 12ba45404f1f469babadb00d13ac1101 P a9062acbe72644d59a5cd83d92b7a788 [term 0 FOLLOWER]: Replica starting. Triggering 0 pending ops. Active config: opid_index: -1 OBSOLETE_local: false peers { permanent_uuid: "8179f7233023448891ba02f928909830" member_type: VOTER last_known_addr { host: "127.25.53.193" port: 40361 } } peers { permanent_uuid: "0a900b538bfe49c6b168cfba84364c7d" member_type: VOTER last_known_addr { host: "127.25.53.194" port: 37109 } } peers { permanent_uuid: "a9062acbe72644d59a5cd83d92b7a788" member_type: VOTER last_known_addr { host: "127.25.53.195" port: 40457 } }
I20260710 11:07:55.870577 26645 raft_consensus.cc:385] T 12ba45404f1f469babadb00d13ac1101 P a9062acbe72644d59a5cd83d92b7a788 [term 0 FOLLOWER]: Consensus starting up: Expiring failure detector timer to make a prompt election more likely
I20260710 11:07:55.870855 26645 raft_consensus.cc:740] T 12ba45404f1f469babadb00d13ac1101 P a9062acbe72644d59a5cd83d92b7a788 [term 0 FOLLOWER]: Becoming Follower/Learner. State: Replica: a9062acbe72644d59a5cd83d92b7a788, State: Initialized, Role: FOLLOWER
I20260710 11:07:55.871500 26645 consensus_queue.cc:260] T 12ba45404f1f469babadb00d13ac1101 P a9062acbe72644d59a5cd83d92b7a788 [NON_LEADER]: Queue going to NON_LEADER mode. State: All replicated index: 0, Majority replicated index: 0, Committed index: 0, Last appended: 0.0, Last appended by leader: 0, Current term: 0, Majority size: -1, State: 0, Mode: NON_LEADER, active raft config: opid_index: -1 OBSOLETE_local: false peers { permanent_uuid: "8179f7233023448891ba02f928909830" member_type: VOTER last_known_addr { host: "127.25.53.193" port: 40361 } } peers { permanent_uuid: "0a900b538bfe49c6b168cfba84364c7d" member_type: VOTER last_known_addr { host: "127.25.53.194" port: 37109 } } peers { permanent_uuid: "a9062acbe72644d59a5cd83d92b7a788" member_type: VOTER last_known_addr { host: "127.25.53.195" port: 40457 } }
I20260710 11:07:55.873461 26645 ts_tablet_manager.cc:1434] T 12ba45404f1f469babadb00d13ac1101 P a9062acbe72644d59a5cd83d92b7a788: Time spent starting tablet: real 0.006s	user 0.003s	sys 0.000s
I20260710 11:07:55.912328 26681 raft_consensus.cc:493] T 60ad131edafd41eaa7b61b760e4c5174 P a9062acbe72644d59a5cd83d92b7a788 [term 0 FOLLOWER]: Starting pre-election (no leader contacted us within the election timeout)
I20260710 11:07:55.912789 26681 raft_consensus.cc:515] T 60ad131edafd41eaa7b61b760e4c5174 P a9062acbe72644d59a5cd83d92b7a788 [term 0 FOLLOWER]: Starting pre-election with config: opid_index: -1 OBSOLETE_local: false peers { permanent_uuid: "8179f7233023448891ba02f928909830" member_type: VOTER last_known_addr { host: "127.25.53.193" port: 40361 } } peers { permanent_uuid: "0a900b538bfe49c6b168cfba84364c7d" member_type: VOTER last_known_addr { host: "127.25.53.194" port: 37109 } } peers { permanent_uuid: "a9062acbe72644d59a5cd83d92b7a788" member_type: VOTER last_known_addr { host: "127.25.53.195" port: 40457 } }
I20260710 11:07:55.914657 26681 leader_election.cc:290] T 60ad131edafd41eaa7b61b760e4c5174 P a9062acbe72644d59a5cd83d92b7a788 [CANDIDATE]: Term 1 pre-election: Requested pre-vote from peers 8179f7233023448891ba02f928909830 (127.25.53.193:40361), 0a900b538bfe49c6b168cfba84364c7d (127.25.53.194:37109)
I20260710 11:07:55.915385 26455 tablet_service.cc:1917] Received RequestConsensusVote() RPC: tablet_id: "60ad131edafd41eaa7b61b760e4c5174" candidate_uuid: "a9062acbe72644d59a5cd83d92b7a788" candidate_term: 1 candidate_status { last_received { term: 0 index: 0 } } ignore_live_leader: false dest_uuid: "8179f7233023448891ba02f928909830" is_pre_election: true
I20260710 11:07:55.915967 26528 tablet_service.cc:1917] Received RequestConsensusVote() RPC: tablet_id: "60ad131edafd41eaa7b61b760e4c5174" candidate_uuid: "a9062acbe72644d59a5cd83d92b7a788" candidate_term: 1 candidate_status { last_received { term: 0 index: 0 } } ignore_live_leader: false dest_uuid: "0a900b538bfe49c6b168cfba84364c7d" is_pre_election: true
I20260710 11:07:55.916052 26455 raft_consensus.cc:2468] T 60ad131edafd41eaa7b61b760e4c5174 P 8179f7233023448891ba02f928909830 [term 0 FOLLOWER]: Leader pre-election vote request: Granting yes vote for candidate a9062acbe72644d59a5cd83d92b7a788 in term 0.
I20260710 11:07:55.916730 26528 raft_consensus.cc:2468] T 60ad131edafd41eaa7b61b760e4c5174 P 0a900b538bfe49c6b168cfba84364c7d [term 0 FOLLOWER]: Leader pre-election vote request: Granting yes vote for candidate a9062acbe72644d59a5cd83d92b7a788 in term 0.
I20260710 11:07:55.917320 26567 leader_election.cc:304] T 60ad131edafd41eaa7b61b760e4c5174 P a9062acbe72644d59a5cd83d92b7a788 [CANDIDATE]: Term 1 pre-election: Election decided. Result: candidate won. Election summary: received 2 responses out of 3 voters: 2 yes votes; 0 no votes. yes voters: 8179f7233023448891ba02f928909830, a9062acbe72644d59a5cd83d92b7a788; no voters: 
I20260710 11:07:55.917977 26681 raft_consensus.cc:2804] T 60ad131edafd41eaa7b61b760e4c5174 P a9062acbe72644d59a5cd83d92b7a788 [term 0 FOLLOWER]: Leader pre-election won for term 1
I20260710 11:07:55.918325 26681 raft_consensus.cc:493] T 60ad131edafd41eaa7b61b760e4c5174 P a9062acbe72644d59a5cd83d92b7a788 [term 0 FOLLOWER]: Starting leader election (no leader contacted us within the election timeout)
I20260710 11:07:55.918603 26681 raft_consensus.cc:3060] T 60ad131edafd41eaa7b61b760e4c5174 P a9062acbe72644d59a5cd83d92b7a788 [term 0 FOLLOWER]: Advancing to term 1
I20260710 11:07:55.923027 26681 raft_consensus.cc:515] T 60ad131edafd41eaa7b61b760e4c5174 P a9062acbe72644d59a5cd83d92b7a788 [term 1 FOLLOWER]: Starting leader election with config: opid_index: -1 OBSOLETE_local: false peers { permanent_uuid: "8179f7233023448891ba02f928909830" member_type: VOTER last_known_addr { host: "127.25.53.193" port: 40361 } } peers { permanent_uuid: "0a900b538bfe49c6b168cfba84364c7d" member_type: VOTER last_known_addr { host: "127.25.53.194" port: 37109 } } peers { permanent_uuid: "a9062acbe72644d59a5cd83d92b7a788" member_type: VOTER last_known_addr { host: "127.25.53.195" port: 40457 } }
I20260710 11:07:55.924731 26681 leader_election.cc:290] T 60ad131edafd41eaa7b61b760e4c5174 P a9062acbe72644d59a5cd83d92b7a788 [CANDIDATE]: Term 1 election: Requested vote from peers 8179f7233023448891ba02f928909830 (127.25.53.193:40361), 0a900b538bfe49c6b168cfba84364c7d (127.25.53.194:37109)
I20260710 11:07:55.925437 26455 tablet_service.cc:1917] Received RequestConsensusVote() RPC: tablet_id: "60ad131edafd41eaa7b61b760e4c5174" candidate_uuid: "a9062acbe72644d59a5cd83d92b7a788" candidate_term: 1 candidate_status { last_received { term: 0 index: 0 } } ignore_live_leader: false dest_uuid: "8179f7233023448891ba02f928909830"
I20260710 11:07:55.925745 26528 tablet_service.cc:1917] Received RequestConsensusVote() RPC: tablet_id: "60ad131edafd41eaa7b61b760e4c5174" candidate_uuid: "a9062acbe72644d59a5cd83d92b7a788" candidate_term: 1 candidate_status { last_received { term: 0 index: 0 } } ignore_live_leader: false dest_uuid: "0a900b538bfe49c6b168cfba84364c7d"
I20260710 11:07:55.926127 26455 raft_consensus.cc:3060] T 60ad131edafd41eaa7b61b760e4c5174 P 8179f7233023448891ba02f928909830 [term 0 FOLLOWER]: Advancing to term 1
I20260710 11:07:55.926280 26528 raft_consensus.cc:3060] T 60ad131edafd41eaa7b61b760e4c5174 P 0a900b538bfe49c6b168cfba84364c7d [term 0 FOLLOWER]: Advancing to term 1
I20260710 11:07:55.930678 26528 raft_consensus.cc:2468] T 60ad131edafd41eaa7b61b760e4c5174 P 0a900b538bfe49c6b168cfba84364c7d [term 1 FOLLOWER]: Leader election vote request: Granting yes vote for candidate a9062acbe72644d59a5cd83d92b7a788 in term 1.
I20260710 11:07:55.931173 26455 raft_consensus.cc:2468] T 60ad131edafd41eaa7b61b760e4c5174 P 8179f7233023448891ba02f928909830 [term 1 FOLLOWER]: Leader election vote request: Granting yes vote for candidate a9062acbe72644d59a5cd83d92b7a788 in term 1.
I20260710 11:07:55.931762 26568 leader_election.cc:304] T 60ad131edafd41eaa7b61b760e4c5174 P a9062acbe72644d59a5cd83d92b7a788 [CANDIDATE]: Term 1 election: Election decided. Result: candidate won. Election summary: received 2 responses out of 3 voters: 2 yes votes; 0 no votes. yes voters: 0a900b538bfe49c6b168cfba84364c7d, a9062acbe72644d59a5cd83d92b7a788; no voters: 
I20260710 11:07:55.932454 26681 raft_consensus.cc:2804] T 60ad131edafd41eaa7b61b760e4c5174 P a9062acbe72644d59a5cd83d92b7a788 [term 1 FOLLOWER]: Leader election won for term 1
I20260710 11:07:55.932888 26681 raft_consensus.cc:697] T 60ad131edafd41eaa7b61b760e4c5174 P a9062acbe72644d59a5cd83d92b7a788 [term 1 LEADER]: Becoming Leader. State: Replica: a9062acbe72644d59a5cd83d92b7a788, State: Running, Role: LEADER
I20260710 11:07:55.933668 26681 consensus_queue.cc:237] T 60ad131edafd41eaa7b61b760e4c5174 P a9062acbe72644d59a5cd83d92b7a788 [LEADER]: Queue going to LEADER mode. State: All replicated index: 0, Majority replicated index: 0, Committed index: 0, Last appended: 0.0, Last appended by leader: 0, Current term: 1, Majority size: 2, State: 0, Mode: LEADER, active raft config: opid_index: -1 OBSOLETE_local: false peers { permanent_uuid: "8179f7233023448891ba02f928909830" member_type: VOTER last_known_addr { host: "127.25.53.193" port: 40361 } } peers { permanent_uuid: "0a900b538bfe49c6b168cfba84364c7d" member_type: VOTER last_known_addr { host: "127.25.53.194" port: 37109 } } peers { permanent_uuid: "a9062acbe72644d59a5cd83d92b7a788" member_type: VOTER last_known_addr { host: "127.25.53.195" port: 40457 } }
I20260710 11:07:55.940258 26353 catalog_manager.cc:5697] T 60ad131edafd41eaa7b61b760e4c5174 P a9062acbe72644d59a5cd83d92b7a788 reported cstate change: term changed from 0 to 1, leader changed from <none> to a9062acbe72644d59a5cd83d92b7a788 (127.25.53.195). New cstate: current_term: 1 leader_uuid: "a9062acbe72644d59a5cd83d92b7a788" committed_config { opid_index: -1 OBSOLETE_local: false peers { permanent_uuid: "8179f7233023448891ba02f928909830" member_type: VOTER last_known_addr { host: "127.25.53.193" port: 40361 } health_report { overall_health: UNKNOWN } } peers { permanent_uuid: "0a900b538bfe49c6b168cfba84364c7d" member_type: VOTER last_known_addr { host: "127.25.53.194" port: 37109 } health_report { overall_health: UNKNOWN } } peers { permanent_uuid: "a9062acbe72644d59a5cd83d92b7a788" member_type: VOTER last_known_addr { host: "127.25.53.195" port: 40457 } health_report { overall_health: HEALTHY } } }
I20260710 11:07:55.963351 26651 raft_consensus.cc:493] T 12ba45404f1f469babadb00d13ac1101 P 8179f7233023448891ba02f928909830 [term 0 FOLLOWER]: Starting pre-election (no leader contacted us within the election timeout)
I20260710 11:07:55.963770 26651 raft_consensus.cc:515] T 12ba45404f1f469babadb00d13ac1101 P 8179f7233023448891ba02f928909830 [term 0 FOLLOWER]: Starting pre-election with config: opid_index: -1 OBSOLETE_local: false peers { permanent_uuid: "8179f7233023448891ba02f928909830" member_type: VOTER last_known_addr { host: "127.25.53.193" port: 40361 } } peers { permanent_uuid: "0a900b538bfe49c6b168cfba84364c7d" member_type: VOTER last_known_addr { host: "127.25.53.194" port: 37109 } } peers { permanent_uuid: "a9062acbe72644d59a5cd83d92b7a788" member_type: VOTER last_known_addr { host: "127.25.53.195" port: 40457 } }
I20260710 11:07:55.965457 26651 leader_election.cc:290] T 12ba45404f1f469babadb00d13ac1101 P 8179f7233023448891ba02f928909830 [CANDIDATE]: Term 1 pre-election: Requested pre-vote from peers 0a900b538bfe49c6b168cfba84364c7d (127.25.53.194:37109), a9062acbe72644d59a5cd83d92b7a788 (127.25.53.195:40457)
I20260710 11:07:55.966178 26528 tablet_service.cc:1917] Received RequestConsensusVote() RPC: tablet_id: "12ba45404f1f469babadb00d13ac1101" candidate_uuid: "8179f7233023448891ba02f928909830" candidate_term: 1 candidate_status { last_received { term: 0 index: 0 } } ignore_live_leader: false dest_uuid: "0a900b538bfe49c6b168cfba84364c7d" is_pre_election: true
I20260710 11:07:55.966398 26604 tablet_service.cc:1917] Received RequestConsensusVote() RPC: tablet_id: "12ba45404f1f469babadb00d13ac1101" candidate_uuid: "8179f7233023448891ba02f928909830" candidate_term: 1 candidate_status { last_received { term: 0 index: 0 } } ignore_live_leader: false dest_uuid: "a9062acbe72644d59a5cd83d92b7a788" is_pre_election: true
I20260710 11:07:55.966713 26528 raft_consensus.cc:2468] T 12ba45404f1f469babadb00d13ac1101 P 0a900b538bfe49c6b168cfba84364c7d [term 0 FOLLOWER]: Leader pre-election vote request: Granting yes vote for candidate 8179f7233023448891ba02f928909830 in term 0.
I20260710 11:07:55.966990 26604 raft_consensus.cc:2468] T 12ba45404f1f469babadb00d13ac1101 P a9062acbe72644d59a5cd83d92b7a788 [term 0 FOLLOWER]: Leader pre-election vote request: Granting yes vote for candidate 8179f7233023448891ba02f928909830 in term 0.
I20260710 11:07:55.967922 26419 leader_election.cc:304] T 12ba45404f1f469babadb00d13ac1101 P 8179f7233023448891ba02f928909830 [CANDIDATE]: Term 1 pre-election: Election decided. Result: candidate won. Election summary: received 2 responses out of 3 voters: 2 yes votes; 0 no votes. yes voters: 0a900b538bfe49c6b168cfba84364c7d, 8179f7233023448891ba02f928909830; no voters: 
I20260710 11:07:55.968605 26651 raft_consensus.cc:2804] T 12ba45404f1f469babadb00d13ac1101 P 8179f7233023448891ba02f928909830 [term 0 FOLLOWER]: Leader pre-election won for term 1
I20260710 11:07:55.968923 26651 raft_consensus.cc:493] T 12ba45404f1f469babadb00d13ac1101 P 8179f7233023448891ba02f928909830 [term 0 FOLLOWER]: Starting leader election (no leader contacted us within the election timeout)
I20260710 11:07:55.969199 26651 raft_consensus.cc:3060] T 12ba45404f1f469babadb00d13ac1101 P 8179f7233023448891ba02f928909830 [term 0 FOLLOWER]: Advancing to term 1
I20260710 11:07:55.973991 26651 raft_consensus.cc:515] T 12ba45404f1f469babadb00d13ac1101 P 8179f7233023448891ba02f928909830 [term 1 FOLLOWER]: Starting leader election with config: opid_index: -1 OBSOLETE_local: false peers { permanent_uuid: "8179f7233023448891ba02f928909830" member_type: VOTER last_known_addr { host: "127.25.53.193" port: 40361 } } peers { permanent_uuid: "0a900b538bfe49c6b168cfba84364c7d" member_type: VOTER last_known_addr { host: "127.25.53.194" port: 37109 } } peers { permanent_uuid: "a9062acbe72644d59a5cd83d92b7a788" member_type: VOTER last_known_addr { host: "127.25.53.195" port: 40457 } }
I20260710 11:07:55.975978 26651 leader_election.cc:290] T 12ba45404f1f469babadb00d13ac1101 P 8179f7233023448891ba02f928909830 [CANDIDATE]: Term 1 election: Requested vote from peers 0a900b538bfe49c6b168cfba84364c7d (127.25.53.194:37109), a9062acbe72644d59a5cd83d92b7a788 (127.25.53.195:40457)
I20260710 11:07:55.976634 26528 tablet_service.cc:1917] Received RequestConsensusVote() RPC: tablet_id: "12ba45404f1f469babadb00d13ac1101" candidate_uuid: "8179f7233023448891ba02f928909830" candidate_term: 1 candidate_status { last_received { term: 0 index: 0 } } ignore_live_leader: false dest_uuid: "0a900b538bfe49c6b168cfba84364c7d"
I20260710 11:07:55.977109 26528 raft_consensus.cc:3060] T 12ba45404f1f469babadb00d13ac1101 P 0a900b538bfe49c6b168cfba84364c7d [term 0 FOLLOWER]: Advancing to term 1
I20260710 11:07:55.977015 26604 tablet_service.cc:1917] Received RequestConsensusVote() RPC: tablet_id: "12ba45404f1f469babadb00d13ac1101" candidate_uuid: "8179f7233023448891ba02f928909830" candidate_term: 1 candidate_status { last_received { term: 0 index: 0 } } ignore_live_leader: false dest_uuid: "a9062acbe72644d59a5cd83d92b7a788"
I20260710 11:07:55.977680 26604 raft_consensus.cc:3060] T 12ba45404f1f469babadb00d13ac1101 P a9062acbe72644d59a5cd83d92b7a788 [term 0 FOLLOWER]: Advancing to term 1
I20260710 11:07:55.981783 26528 raft_consensus.cc:2468] T 12ba45404f1f469babadb00d13ac1101 P 0a900b538bfe49c6b168cfba84364c7d [term 1 FOLLOWER]: Leader election vote request: Granting yes vote for candidate 8179f7233023448891ba02f928909830 in term 1.
I20260710 11:07:55.982477 26604 raft_consensus.cc:2468] T 12ba45404f1f469babadb00d13ac1101 P a9062acbe72644d59a5cd83d92b7a788 [term 1 FOLLOWER]: Leader election vote request: Granting yes vote for candidate 8179f7233023448891ba02f928909830 in term 1.
I20260710 11:07:55.982705 26419 leader_election.cc:304] T 12ba45404f1f469babadb00d13ac1101 P 8179f7233023448891ba02f928909830 [CANDIDATE]: Term 1 election: Election decided. Result: candidate won. Election summary: received 2 responses out of 3 voters: 2 yes votes; 0 no votes. yes voters: 0a900b538bfe49c6b168cfba84364c7d, 8179f7233023448891ba02f928909830; no voters: 
I20260710 11:07:55.983589 26678 raft_consensus.cc:2804] T 12ba45404f1f469babadb00d13ac1101 P 8179f7233023448891ba02f928909830 [term 1 FOLLOWER]: Leader election won for term 1
I20260710 11:07:55.984100 26678 raft_consensus.cc:697] T 12ba45404f1f469babadb00d13ac1101 P 8179f7233023448891ba02f928909830 [term 1 LEADER]: Becoming Leader. State: Replica: 8179f7233023448891ba02f928909830, State: Running, Role: LEADER
I20260710 11:07:55.984930 26678 consensus_queue.cc:237] T 12ba45404f1f469babadb00d13ac1101 P 8179f7233023448891ba02f928909830 [LEADER]: Queue going to LEADER mode. State: All replicated index: 0, Majority replicated index: 0, Committed index: 0, Last appended: 0.0, Last appended by leader: 0, Current term: 1, Majority size: 2, State: 0, Mode: LEADER, active raft config: opid_index: -1 OBSOLETE_local: false peers { permanent_uuid: "8179f7233023448891ba02f928909830" member_type: VOTER last_known_addr { host: "127.25.53.193" port: 40361 } } peers { permanent_uuid: "0a900b538bfe49c6b168cfba84364c7d" member_type: VOTER last_known_addr { host: "127.25.53.194" port: 37109 } } peers { permanent_uuid: "a9062acbe72644d59a5cd83d92b7a788" member_type: VOTER last_known_addr { host: "127.25.53.195" port: 40457 } }
I20260710 11:07:55.986045 26651 consensus_queue.cc:1048] T f31d8fd483234e51948fdfad2325f2fc P 8179f7233023448891ba02f928909830 [LEADER]: Connected to new peer: Peer: permanent_uuid: "0a900b538bfe49c6b168cfba84364c7d" member_type: VOTER last_known_addr { host: "127.25.53.194" port: 37109 }, Status: LMP_MISMATCH, Last received: 0.0, Next index: 1, Last known committed idx: 0, Time since last communication: 0.000s
I20260710 11:07:55.995097 26353 catalog_manager.cc:5697] T 12ba45404f1f469babadb00d13ac1101 P 8179f7233023448891ba02f928909830 reported cstate change: term changed from 0 to 1, leader changed from <none> to 8179f7233023448891ba02f928909830 (127.25.53.193). New cstate: current_term: 1 leader_uuid: "8179f7233023448891ba02f928909830" committed_config { opid_index: -1 OBSOLETE_local: false peers { permanent_uuid: "8179f7233023448891ba02f928909830" member_type: VOTER last_known_addr { host: "127.25.53.193" port: 40361 } health_report { overall_health: HEALTHY } } peers { permanent_uuid: "0a900b538bfe49c6b168cfba84364c7d" member_type: VOTER last_known_addr { host: "127.25.53.194" port: 37109 } health_report { overall_health: UNKNOWN } } peers { permanent_uuid: "a9062acbe72644d59a5cd83d92b7a788" member_type: VOTER last_known_addr { host: "127.25.53.195" port: 40457 } health_report { overall_health: UNKNOWN } } }
I20260710 11:07:56.002189 26669 consensus_queue.cc:1048] T f31d8fd483234e51948fdfad2325f2fc P 8179f7233023448891ba02f928909830 [LEADER]: Connected to new peer: Peer: permanent_uuid: "a9062acbe72644d59a5cd83d92b7a788" member_type: VOTER last_known_addr { host: "127.25.53.195" port: 40457 }, Status: LMP_MISMATCH, Last received: 0.0, Next index: 1, Last known committed idx: 0, Time since last communication: 0.000s
I20260710 11:07:56.041639 26649 raft_consensus.cc:493] T dad97160f2654d66b261716b9a46dd03 P 0a900b538bfe49c6b168cfba84364c7d [term 0 FOLLOWER]: Starting pre-election (no leader contacted us within the election timeout)
I20260710 11:07:56.042279 26649 raft_consensus.cc:515] T dad97160f2654d66b261716b9a46dd03 P 0a900b538bfe49c6b168cfba84364c7d [term 0 FOLLOWER]: Starting pre-election with config: opid_index: -1 OBSOLETE_local: false peers { permanent_uuid: "8179f7233023448891ba02f928909830" member_type: VOTER last_known_addr { host: "127.25.53.193" port: 40361 } } peers { permanent_uuid: "0a900b538bfe49c6b168cfba84364c7d" member_type: VOTER last_known_addr { host: "127.25.53.194" port: 37109 } } peers { permanent_uuid: "a9062acbe72644d59a5cd83d92b7a788" member_type: VOTER last_known_addr { host: "127.25.53.195" port: 40457 } }
I20260710 11:07:56.044232 26649 leader_election.cc:290] T dad97160f2654d66b261716b9a46dd03 P 0a900b538bfe49c6b168cfba84364c7d [CANDIDATE]: Term 1 pre-election: Requested pre-vote from peers 8179f7233023448891ba02f928909830 (127.25.53.193:40361), a9062acbe72644d59a5cd83d92b7a788 (127.25.53.195:40457)
I20260710 11:07:56.044889 26455 tablet_service.cc:1917] Received RequestConsensusVote() RPC: tablet_id: "dad97160f2654d66b261716b9a46dd03" candidate_uuid: "0a900b538bfe49c6b168cfba84364c7d" candidate_term: 1 candidate_status { last_received { term: 0 index: 0 } } ignore_live_leader: false dest_uuid: "8179f7233023448891ba02f928909830" is_pre_election: true
I20260710 11:07:56.045323 26604 tablet_service.cc:1917] Received RequestConsensusVote() RPC: tablet_id: "dad97160f2654d66b261716b9a46dd03" candidate_uuid: "0a900b538bfe49c6b168cfba84364c7d" candidate_term: 1 candidate_status { last_received { term: 0 index: 0 } } ignore_live_leader: false dest_uuid: "a9062acbe72644d59a5cd83d92b7a788" is_pre_election: true
I20260710 11:07:56.045403 26455 raft_consensus.cc:2468] T dad97160f2654d66b261716b9a46dd03 P 8179f7233023448891ba02f928909830 [term 0 FOLLOWER]: Leader pre-election vote request: Granting yes vote for candidate 0a900b538bfe49c6b168cfba84364c7d in term 0.
