I20260710 11:08:18.534307 30451 raft_consensus.cc:2955] T 37246c7fe90d457eb9b1117c70fdbf29 P d3ed46048e0c44e5aa8ab1c556a83fb0 [term 1 FOLLOWER]: Committing config change with OpId 1.3: config changed from index 2 to 3, d3ed46048e0c44e5aa8ab1c556a83fb0 (127.28.56.196) changed from NON_VOTER to VOTER. New config: { opid_index: 3 OBSOLETE_local: false peers { permanent_uuid: "9823ce01bd434c5bbb87df6a3f672289" member_type: VOTER last_known_addr { host: "127.28.56.193" port: 42837 } attrs { replace: true } } peers { permanent_uuid: "25fe105843ca481c9be323e68cc7e910" member_type: VOTER last_known_addr { host: "127.28.56.194" port: 46023 } } peers { permanent_uuid: "3f482d2a0eaa4f34b3a3e0204931a189" member_type: VOTER last_known_addr { host: "127.28.56.195" port: 38979 } } peers { permanent_uuid: "d3ed46048e0c44e5aa8ab1c556a83fb0" member_type: VOTER last_known_addr { host: "127.28.56.196" port: 33723 } attrs { promote: false } } }
I20260710 11:08:18.534520 30023 raft_consensus.cc:2955] T 37246c7fe90d457eb9b1117c70fdbf29 P 9823ce01bd434c5bbb87df6a3f672289 [term 1 FOLLOWER]: Committing config change with OpId 1.3: config changed from index 2 to 3, d3ed46048e0c44e5aa8ab1c556a83fb0 (127.28.56.196) changed from NON_VOTER to VOTER. New config: { opid_index: 3 OBSOLETE_local: false peers { permanent_uuid: "9823ce01bd434c5bbb87df6a3f672289" member_type: VOTER last_known_addr { host: "127.28.56.193" port: 42837 } attrs { replace: true } } peers { permanent_uuid: "25fe105843ca481c9be323e68cc7e910" member_type: VOTER last_known_addr { host: "127.28.56.194" port: 46023 } } peers { permanent_uuid: "3f482d2a0eaa4f34b3a3e0204931a189" member_type: VOTER last_known_addr { host: "127.28.56.195" port: 38979 } } peers { permanent_uuid: "d3ed46048e0c44e5aa8ab1c556a83fb0" member_type: VOTER last_known_addr { host: "127.28.56.196" port: 33723 } attrs { promote: false } } }
I20260710 11:08:18.547394 30097 raft_consensus.cc:2955] T 37246c7fe90d457eb9b1117c70fdbf29 P 25fe105843ca481c9be323e68cc7e910 [term 1 FOLLOWER]: Committing config change with OpId 1.3: config changed from index 2 to 3, d3ed46048e0c44e5aa8ab1c556a83fb0 (127.28.56.196) changed from NON_VOTER to VOTER. New config: { opid_index: 3 OBSOLETE_local: false peers { permanent_uuid: "9823ce01bd434c5bbb87df6a3f672289" member_type: VOTER last_known_addr { host: "127.28.56.193" port: 42837 } attrs { replace: true } } peers { permanent_uuid: "25fe105843ca481c9be323e68cc7e910" member_type: VOTER last_known_addr { host: "127.28.56.194" port: 46023 } } peers { permanent_uuid: "3f482d2a0eaa4f34b3a3e0204931a189" member_type: VOTER last_known_addr { host: "127.28.56.195" port: 38979 } } peers { permanent_uuid: "d3ed46048e0c44e5aa8ab1c556a83fb0" member_type: VOTER last_known_addr { host: "127.28.56.196" port: 33723 } attrs { promote: false } } }
I20260710 11:08:18.549582 29920 catalog_manager.cc:5697] T 37246c7fe90d457eb9b1117c70fdbf29 P d3ed46048e0c44e5aa8ab1c556a83fb0 reported cstate change: config changed from index 2 to 3, d3ed46048e0c44e5aa8ab1c556a83fb0 (127.28.56.196) changed from NON_VOTER to VOTER. New cstate: current_term: 1 leader_uuid: "3f482d2a0eaa4f34b3a3e0204931a189" committed_config { opid_index: 3 OBSOLETE_local: false peers { permanent_uuid: "9823ce01bd434c5bbb87df6a3f672289" member_type: VOTER last_known_addr { host: "127.28.56.193" port: 42837 } attrs { replace: true } } peers { permanent_uuid: "25fe105843ca481c9be323e68cc7e910" member_type: VOTER last_known_addr { host: "127.28.56.194" port: 46023 } } peers { permanent_uuid: "3f482d2a0eaa4f34b3a3e0204931a189" member_type: VOTER last_known_addr { host: "127.28.56.195" port: 38979 } } peers { permanent_uuid: "d3ed46048e0c44e5aa8ab1c556a83fb0" member_type: VOTER last_known_addr { host: "127.28.56.196" port: 33723 } attrs { promote: false } } }
W20260710 11:08:18.561822 30620 consensus_queue.cc:1175] T 37246c7fe90d457eb9b1117c70fdbf29 P 3f482d2a0eaa4f34b3a3e0204931a189 [LEADER]: Queue is closed or peer was untracked, disregarding peer response. Response: responder_uuid: "25fe105843ca481c9be323e68cc7e910" responder_term: 1 status { last_received { term: 1 index: 3 } last_committed_idx: 3 last_received_current_leader { term: 1 index: 3 } }
I20260710 11:08:18.566556 30168 consensus_queue.cc:237] T 37246c7fe90d457eb9b1117c70fdbf29 P 3f482d2a0eaa4f34b3a3e0204931a189 [LEADER]: Queue going to LEADER mode. State: All replicated index: 0, Majority replicated index: 3, Committed index: 3, Last appended: 1.3, Last appended by leader: 0, Current term: 1, Majority size: 2, State: 0, Mode: LEADER, active raft config: opid_index: 4 OBSOLETE_local: false peers { permanent_uuid: "25fe105843ca481c9be323e68cc7e910" member_type: VOTER last_known_addr { host: "127.28.56.194" port: 46023 } } peers { permanent_uuid: "3f482d2a0eaa4f34b3a3e0204931a189" member_type: VOTER last_known_addr { host: "127.28.56.195" port: 38979 } } peers { permanent_uuid: "d3ed46048e0c44e5aa8ab1c556a83fb0" member_type: VOTER last_known_addr { host: "127.28.56.196" port: 33723 } attrs { promote: false } }
I20260710 11:08:18.574673 30451 raft_consensus.cc:1275] T 37246c7fe90d457eb9b1117c70fdbf29 P d3ed46048e0c44e5aa8ab1c556a83fb0 [term 1 FOLLOWER]: Refusing update from remote peer 3f482d2a0eaa4f34b3a3e0204931a189: Log matching property violated. Preceding OpId in replica: term: 1 index: 3. Preceding OpId from leader: term: 1 index: 4. (index mismatch)
I20260710 11:08:18.576126 30620 consensus_queue.cc:1048] T 37246c7fe90d457eb9b1117c70fdbf29 P 3f482d2a0eaa4f34b3a3e0204931a189 [LEADER]: Connected to new peer: Peer: permanent_uuid: "d3ed46048e0c44e5aa8ab1c556a83fb0" member_type: VOTER last_known_addr { host: "127.28.56.196" port: 33723 } attrs { promote: false }, Status: LMP_MISMATCH, Last received: 0.0, Next index: 4, Last known committed idx: 3, Time since last communication: 0.000s
I20260710 11:08:18.576485 30097 raft_consensus.cc:1275] T 37246c7fe90d457eb9b1117c70fdbf29 P 25fe105843ca481c9be323e68cc7e910 [term 1 FOLLOWER]: Refusing update from remote peer 3f482d2a0eaa4f34b3a3e0204931a189: Log matching property violated. Preceding OpId in replica: term: 1 index: 3. Preceding OpId from leader: term: 1 index: 4. (index mismatch)
I20260710 11:08:18.577870 30659 consensus_queue.cc:1048] T 37246c7fe90d457eb9b1117c70fdbf29 P 3f482d2a0eaa4f34b3a3e0204931a189 [LEADER]: Connected to new peer: Peer: permanent_uuid: "25fe105843ca481c9be323e68cc7e910" member_type: VOTER last_known_addr { host: "127.28.56.194" port: 46023 }, Status: LMP_MISMATCH, Last received: 0.0, Next index: 4, Last known committed idx: 3, Time since last communication: 0.000s
I20260710 11:08:18.583266 30573 raft_consensus.cc:2955] T 37246c7fe90d457eb9b1117c70fdbf29 P 3f482d2a0eaa4f34b3a3e0204931a189 [term 1 LEADER]: Committing config change with OpId 1.4: config changed from index 3 to 4, VOTER 9823ce01bd434c5bbb87df6a3f672289 (127.28.56.193) evicted. New config: { opid_index: 4 OBSOLETE_local: false peers { permanent_uuid: "25fe105843ca481c9be323e68cc7e910" member_type: VOTER last_known_addr { host: "127.28.56.194" port: 46023 } } peers { permanent_uuid: "3f482d2a0eaa4f34b3a3e0204931a189" member_type: VOTER last_known_addr { host: "127.28.56.195" port: 38979 } } peers { permanent_uuid: "d3ed46048e0c44e5aa8ab1c556a83fb0" member_type: VOTER last_known_addr { host: "127.28.56.196" port: 33723 } attrs { promote: false } } }
I20260710 11:08:18.586334 30097 raft_consensus.cc:2955] T 37246c7fe90d457eb9b1117c70fdbf29 P 25fe105843ca481c9be323e68cc7e910 [term 1 FOLLOWER]: Committing config change with OpId 1.4: config changed from index 3 to 4, VOTER 9823ce01bd434c5bbb87df6a3f672289 (127.28.56.193) evicted. New config: { opid_index: 4 OBSOLETE_local: false peers { permanent_uuid: "25fe105843ca481c9be323e68cc7e910" member_type: VOTER last_known_addr { host: "127.28.56.194" port: 46023 } } peers { permanent_uuid: "3f482d2a0eaa4f34b3a3e0204931a189" member_type: VOTER last_known_addr { host: "127.28.56.195" port: 38979 } } peers { permanent_uuid: "d3ed46048e0c44e5aa8ab1c556a83fb0" member_type: VOTER last_known_addr { host: "127.28.56.196" port: 33723 } attrs { promote: false } } }
I20260710 11:08:18.593153 30451 raft_consensus.cc:2955] T 37246c7fe90d457eb9b1117c70fdbf29 P d3ed46048e0c44e5aa8ab1c556a83fb0 [term 1 FOLLOWER]: Committing config change with OpId 1.4: config changed from index 3 to 4, VOTER 9823ce01bd434c5bbb87df6a3f672289 (127.28.56.193) evicted. New config: { opid_index: 4 OBSOLETE_local: false peers { permanent_uuid: "25fe105843ca481c9be323e68cc7e910" member_type: VOTER last_known_addr { host: "127.28.56.194" port: 46023 } } peers { permanent_uuid: "3f482d2a0eaa4f34b3a3e0204931a189" member_type: VOTER last_known_addr { host: "127.28.56.195" port: 38979 } } peers { permanent_uuid: "d3ed46048e0c44e5aa8ab1c556a83fb0" member_type: VOTER last_known_addr { host: "127.28.56.196" port: 33723 } attrs { promote: false } } }
I20260710 11:08:18.595257 29906 catalog_manager.cc:5210] ChangeConfig:REMOVE_PEER RPC for tablet 37246c7fe90d457eb9b1117c70fdbf29 with cas_config_opid_index 3: ChangeConfig:REMOVE_PEER succeeded (attempt 1)
I20260710 11:08:18.601441 29920 catalog_manager.cc:5697] T 37246c7fe90d457eb9b1117c70fdbf29 P 3f482d2a0eaa4f34b3a3e0204931a189 reported cstate change: config changed from index 3 to 4, VOTER 9823ce01bd434c5bbb87df6a3f672289 (127.28.56.193) evicted. New cstate: current_term: 1 leader_uuid: "3f482d2a0eaa4f34b3a3e0204931a189" committed_config { opid_index: 4 OBSOLETE_local: false peers { permanent_uuid: "25fe105843ca481c9be323e68cc7e910" member_type: VOTER last_known_addr { host: "127.28.56.194" port: 46023 } health_report { overall_health: HEALTHY } } peers { permanent_uuid: "3f482d2a0eaa4f34b3a3e0204931a189" member_type: VOTER last_known_addr { host: "127.28.56.195" port: 38979 } health_report { overall_health: HEALTHY } } peers { permanent_uuid: "d3ed46048e0c44e5aa8ab1c556a83fb0" member_type: VOTER last_known_addr { host: "127.28.56.196" port: 33723 } attrs { promote: false } health_report { overall_health: HEALTHY } } }
I20260710 11:08:18.611840 30012 tablet_service.cc:1558] Processing DeleteTablet for tablet 37246c7fe90d457eb9b1117c70fdbf29 with delete_type TABLET_DATA_TOMBSTONED (TS 9823ce01bd434c5bbb87df6a3f672289 not found in new config with opid_index 4) from {username='slave'} at 127.0.0.1:52462
I20260710 11:08:18.614064 30683 tablet_replica.cc:333] T 37246c7fe90d457eb9b1117c70fdbf29 P 9823ce01bd434c5bbb87df6a3f672289: stopping tablet replica
I20260710 11:08:18.615235 30683 raft_consensus.cc:2243] T 37246c7fe90d457eb9b1117c70fdbf29 P 9823ce01bd434c5bbb87df6a3f672289 [term 1 FOLLOWER]: Raft consensus shutting down.
I20260710 11:08:18.616559 30683 raft_consensus.cc:2272] T 37246c7fe90d457eb9b1117c70fdbf29 P 9823ce01bd434c5bbb87df6a3f672289 [term 1 FOLLOWER]: Raft consensus is shut down!
I20260710 11:08:18.621860 30683 ts_tablet_manager.cc:1916] T 37246c7fe90d457eb9b1117c70fdbf29 P 9823ce01bd434c5bbb87df6a3f672289: Deleting tablet data with delete state TABLET_DATA_TOMBSTONED
I20260710 11:08:18.644455 30683 ts_tablet_manager.cc:1929] T 37246c7fe90d457eb9b1117c70fdbf29 P 9823ce01bd434c5bbb87df6a3f672289: tablet deleted with delete type TABLET_DATA_TOMBSTONED: last-logged OpId 1.3
I20260710 11:08:18.644845 30683 log.cc:1199] T 37246c7fe90d457eb9b1117c70fdbf29 P 9823ce01bd434c5bbb87df6a3f672289: Deleting WAL directory at /tmp/dist-test-taskVYiZ41/test-tmp/auto_leader_rebalancer-test.0.LeaderRebalancerTest.AddTserver.1783681659820193-28899-0/minicluster-data/ts-0-root/wals/37246c7fe90d457eb9b1117c70fdbf29
I20260710 11:08:18.646270 29908 catalog_manager.cc:5028] TS 9823ce01bd434c5bbb87df6a3f672289 (127.28.56.193:42837): tablet 37246c7fe90d457eb9b1117c70fdbf29 (table test-workload [id=7e05d4ad70e64399a20e151f8ba172e9]) successfully deleted
I20260710 11:08:18.850951 30097 consensus_queue.cc:237] T 8fc320d54abd4541ae32623994312b54 P 25fe105843ca481c9be323e68cc7e910 [LEADER]: Queue going to LEADER mode. State: All replicated index: 0, Majority replicated index: 3, Committed index: 3, Last appended: 1.3, Last appended by leader: 0, Current term: 1, Majority size: 2, State: 0, Mode: LEADER, active raft config: opid_index: 4 OBSOLETE_local: false peers { permanent_uuid: "9823ce01bd434c5bbb87df6a3f672289" member_type: VOTER last_known_addr { host: "127.28.56.193" port: 42837 } } peers { permanent_uuid: "25fe105843ca481c9be323e68cc7e910" member_type: VOTER last_known_addr { host: "127.28.56.194" port: 46023 } } peers { permanent_uuid: "d3ed46048e0c44e5aa8ab1c556a83fb0" member_type: VOTER last_known_addr { host: "127.28.56.196" port: 33723 } attrs { promote: false } }
I20260710 11:08:18.856532 30451 raft_consensus.cc:1275] T 8fc320d54abd4541ae32623994312b54 P d3ed46048e0c44e5aa8ab1c556a83fb0 [term 1 FOLLOWER]: Refusing update from remote peer 25fe105843ca481c9be323e68cc7e910: Log matching property violated. Preceding OpId in replica: term: 1 index: 3. Preceding OpId from leader: term: 1 index: 4. (index mismatch)
I20260710 11:08:18.856534 30023 raft_consensus.cc:1275] T 8fc320d54abd4541ae32623994312b54 P 9823ce01bd434c5bbb87df6a3f672289 [term 1 FOLLOWER]: Refusing update from remote peer 25fe105843ca481c9be323e68cc7e910: Log matching property violated. Preceding OpId in replica: term: 1 index: 3. Preceding OpId from leader: term: 1 index: 4. (index mismatch)
I20260710 11:08:18.858269 30684 consensus_queue.cc:1048] T 8fc320d54abd4541ae32623994312b54 P 25fe105843ca481c9be323e68cc7e910 [LEADER]: Connected to new peer: Peer: permanent_uuid: "d3ed46048e0c44e5aa8ab1c556a83fb0" member_type: VOTER last_known_addr { host: "127.28.56.196" port: 33723 } attrs { promote: false }, Status: LMP_MISMATCH, Last received: 0.0, Next index: 4, Last known committed idx: 3, Time since last communication: 0.000s
I20260710 11:08:18.859222 30685 consensus_queue.cc:1048] T 8fc320d54abd4541ae32623994312b54 P 25fe105843ca481c9be323e68cc7e910 [LEADER]: Connected to new peer: Peer: permanent_uuid: "9823ce01bd434c5bbb87df6a3f672289" member_type: VOTER last_known_addr { host: "127.28.56.193" port: 42837 }, Status: LMP_MISMATCH, Last received: 0.0, Next index: 4, Last known committed idx: 3, Time since last communication: 0.000s
I20260710 11:08:18.865360 30670 raft_consensus.cc:2955] T 8fc320d54abd4541ae32623994312b54 P 25fe105843ca481c9be323e68cc7e910 [term 1 LEADER]: Committing config change with OpId 1.4: config changed from index 3 to 4, VOTER 3f482d2a0eaa4f34b3a3e0204931a189 (127.28.56.195) evicted. New config: { opid_index: 4 OBSOLETE_local: false peers { permanent_uuid: "9823ce01bd434c5bbb87df6a3f672289" member_type: VOTER last_known_addr { host: "127.28.56.193" port: 42837 } } peers { permanent_uuid: "25fe105843ca481c9be323e68cc7e910" member_type: VOTER last_known_addr { host: "127.28.56.194" port: 46023 } } peers { permanent_uuid: "d3ed46048e0c44e5aa8ab1c556a83fb0" member_type: VOTER last_known_addr { host: "127.28.56.196" port: 33723 } attrs { promote: false } } }
I20260710 11:08:18.867364 30451 raft_consensus.cc:2955] T 8fc320d54abd4541ae32623994312b54 P d3ed46048e0c44e5aa8ab1c556a83fb0 [term 1 FOLLOWER]: Committing config change with OpId 1.4: config changed from index 3 to 4, VOTER 3f482d2a0eaa4f34b3a3e0204931a189 (127.28.56.195) evicted. New config: { opid_index: 4 OBSOLETE_local: false peers { permanent_uuid: "9823ce01bd434c5bbb87df6a3f672289" member_type: VOTER last_known_addr { host: "127.28.56.193" port: 42837 } } peers { permanent_uuid: "25fe105843ca481c9be323e68cc7e910" member_type: VOTER last_known_addr { host: "127.28.56.194" port: 46023 } } peers { permanent_uuid: "d3ed46048e0c44e5aa8ab1c556a83fb0" member_type: VOTER last_known_addr { host: "127.28.56.196" port: 33723 } attrs { promote: false } } }
I20260710 11:08:18.867379 30023 raft_consensus.cc:2955] T 8fc320d54abd4541ae32623994312b54 P 9823ce01bd434c5bbb87df6a3f672289 [term 1 FOLLOWER]: Committing config change with OpId 1.4: config changed from index 3 to 4, VOTER 3f482d2a0eaa4f34b3a3e0204931a189 (127.28.56.195) evicted. New config: { opid_index: 4 OBSOLETE_local: false peers { permanent_uuid: "9823ce01bd434c5bbb87df6a3f672289" member_type: VOTER last_known_addr { host: "127.28.56.193" port: 42837 } } peers { permanent_uuid: "25fe105843ca481c9be323e68cc7e910" member_type: VOTER last_known_addr { host: "127.28.56.194" port: 46023 } } peers { permanent_uuid: "d3ed46048e0c44e5aa8ab1c556a83fb0" member_type: VOTER last_known_addr { host: "127.28.56.196" port: 33723 } attrs { promote: false } } }
I20260710 11:08:18.875316 29908 catalog_manager.cc:5210] ChangeConfig:REMOVE_PEER RPC for tablet 8fc320d54abd4541ae32623994312b54 with cas_config_opid_index 3: ChangeConfig:REMOVE_PEER succeeded (attempt 1)
I20260710 11:08:18.882628 29921 catalog_manager.cc:5697] T 8fc320d54abd4541ae32623994312b54 P 9823ce01bd434c5bbb87df6a3f672289 reported cstate change: config changed from index 3 to 4, VOTER 3f482d2a0eaa4f34b3a3e0204931a189 (127.28.56.195) evicted. New cstate: current_term: 1 leader_uuid: "25fe105843ca481c9be323e68cc7e910" committed_config { opid_index: 4 OBSOLETE_local: false peers { permanent_uuid: "9823ce01bd434c5bbb87df6a3f672289" member_type: VOTER last_known_addr { host: "127.28.56.193" port: 42837 } } peers { permanent_uuid: "25fe105843ca481c9be323e68cc7e910" member_type: VOTER last_known_addr { host: "127.28.56.194" port: 46023 } } peers { permanent_uuid: "d3ed46048e0c44e5aa8ab1c556a83fb0" member_type: VOTER last_known_addr { host: "127.28.56.196" port: 33723 } attrs { promote: false } } }
I20260710 11:08:18.902488 30157 tablet_service.cc:1558] Processing DeleteTablet for tablet 8fc320d54abd4541ae32623994312b54 with delete_type TABLET_DATA_TOMBSTONED (TS 3f482d2a0eaa4f34b3a3e0204931a189 not found in new config with opid_index 4) from {username='slave'} at 127.0.0.1:54572
I20260710 11:08:18.904501 30688 tablet_replica.cc:333] T 8fc320d54abd4541ae32623994312b54 P 3f482d2a0eaa4f34b3a3e0204931a189: stopping tablet replica
I20260710 11:08:18.905481 30688 raft_consensus.cc:2243] T 8fc320d54abd4541ae32623994312b54 P 3f482d2a0eaa4f34b3a3e0204931a189 [term 1 FOLLOWER]: Raft consensus shutting down.
I20260710 11:08:18.906313 30688 raft_consensus.cc:2272] T 8fc320d54abd4541ae32623994312b54 P 3f482d2a0eaa4f34b3a3e0204931a189 [term 1 FOLLOWER]: Raft consensus is shut down!
I20260710 11:08:18.909410 30688 ts_tablet_manager.cc:1916] T 8fc320d54abd4541ae32623994312b54 P 3f482d2a0eaa4f34b3a3e0204931a189: Deleting tablet data with delete state TABLET_DATA_TOMBSTONED
I20260710 11:08:18.921368 30688 ts_tablet_manager.cc:1929] T 8fc320d54abd4541ae32623994312b54 P 3f482d2a0eaa4f34b3a3e0204931a189: tablet deleted with delete type TABLET_DATA_TOMBSTONED: last-logged OpId 1.3
I20260710 11:08:18.921734 30688 log.cc:1199] T 8fc320d54abd4541ae32623994312b54 P 3f482d2a0eaa4f34b3a3e0204931a189: Deleting WAL directory at /tmp/dist-test-taskVYiZ41/test-tmp/auto_leader_rebalancer-test.0.LeaderRebalancerTest.AddTserver.1783681659820193-28899-0/minicluster-data/ts-2-root/wals/8fc320d54abd4541ae32623994312b54
I20260710 11:08:18.923151 29906 catalog_manager.cc:5028] TS 3f482d2a0eaa4f34b3a3e0204931a189 (127.28.56.195:38979): tablet 8fc320d54abd4541ae32623994312b54 (table test-workload [id=7e05d4ad70e64399a20e151f8ba172e9]) successfully deleted
I20260710 11:08:19.933588 30022 consensus_queue.cc:237] T 72d3644955f74b7789880a3d91ee4853 P 9823ce01bd434c5bbb87df6a3f672289 [LEADER]: Queue going to LEADER mode. State: All replicated index: 0, Majority replicated index: 1, Committed index: 1, Last appended: 1.1, Last appended by leader: 0, Current term: 1, Majority size: 2, State: 0, Mode: LEADER, active raft config: opid_index: 2 OBSOLETE_local: false peers { permanent_uuid: "9823ce01bd434c5bbb87df6a3f672289" member_type: VOTER last_known_addr { host: "127.28.56.193" port: 42837 } } peers { permanent_uuid: "25fe105843ca481c9be323e68cc7e910" member_type: VOTER last_known_addr { host: "127.28.56.194" port: 46023 } attrs { replace: true } } peers { permanent_uuid: "3f482d2a0eaa4f34b3a3e0204931a189" member_type: VOTER last_known_addr { host: "127.28.56.195" port: 38979 } } peers { permanent_uuid: "d3ed46048e0c44e5aa8ab1c556a83fb0" member_type: NON_VOTER last_known_addr { host: "127.28.56.196" port: 33723 } attrs { promote: true } }
I20260710 11:08:19.939743 30168 raft_consensus.cc:1275] T 72d3644955f74b7789880a3d91ee4853 P 3f482d2a0eaa4f34b3a3e0204931a189 [term 1 FOLLOWER]: Refusing update from remote peer 9823ce01bd434c5bbb87df6a3f672289: Log matching property violated. Preceding OpId in replica: term: 1 index: 1. Preceding OpId from leader: term: 1 index: 2. (index mismatch)
W20260710 11:08:19.939980 29988 consensus_peers.cc:597] T 72d3644955f74b7789880a3d91ee4853 P 9823ce01bd434c5bbb87df6a3f672289 -> Peer d3ed46048e0c44e5aa8ab1c556a83fb0 (127.28.56.196:33723): Couldn't send request to peer d3ed46048e0c44e5aa8ab1c556a83fb0. Error code: TABLET_NOT_FOUND (6). Status: Not found: Tablet not found: 72d3644955f74b7789880a3d91ee4853. This is attempt 1: this message will repeat every 5th retry.
I20260710 11:08:19.940434 30097 raft_consensus.cc:1275] T 72d3644955f74b7789880a3d91ee4853 P 25fe105843ca481c9be323e68cc7e910 [term 1 FOLLOWER]: Refusing update from remote peer 9823ce01bd434c5bbb87df6a3f672289: Log matching property violated. Preceding OpId in replica: term: 1 index: 1. Preceding OpId from leader: term: 1 index: 2. (index mismatch)
I20260710 11:08:19.941066 30657 consensus_queue.cc:1048] T 72d3644955f74b7789880a3d91ee4853 P 9823ce01bd434c5bbb87df6a3f672289 [LEADER]: Connected to new peer: Peer: permanent_uuid: "3f482d2a0eaa4f34b3a3e0204931a189" member_type: VOTER last_known_addr { host: "127.28.56.195" port: 38979 }, Status: LMP_MISMATCH, Last received: 0.0, Next index: 2, Last known committed idx: 1, Time since last communication: 0.000s
I20260710 11:08:19.941955 30695 consensus_queue.cc:1048] T 72d3644955f74b7789880a3d91ee4853 P 9823ce01bd434c5bbb87df6a3f672289 [LEADER]: Connected to new peer: Peer: permanent_uuid: "25fe105843ca481c9be323e68cc7e910" member_type: VOTER last_known_addr { host: "127.28.56.194" port: 46023 } attrs { replace: true }, Status: LMP_MISMATCH, Last received: 0.0, Next index: 2, Last known committed idx: 1, Time since last communication: 0.000s
I20260710 11:08:19.948786 30657 raft_consensus.cc:2955] T 72d3644955f74b7789880a3d91ee4853 P 9823ce01bd434c5bbb87df6a3f672289 [term 1 LEADER]: Committing config change with OpId 1.2: config changed from index -1 to 2, NON_VOTER d3ed46048e0c44e5aa8ab1c556a83fb0 (127.28.56.196) added. New config: { opid_index: 2 OBSOLETE_local: false peers { permanent_uuid: "9823ce01bd434c5bbb87df6a3f672289" member_type: VOTER last_known_addr { host: "127.28.56.193" port: 42837 } } peers { permanent_uuid: "25fe105843ca481c9be323e68cc7e910" member_type: VOTER last_known_addr { host: "127.28.56.194" port: 46023 } attrs { replace: true } } peers { permanent_uuid: "3f482d2a0eaa4f34b3a3e0204931a189" member_type: VOTER last_known_addr { host: "127.28.56.195" port: 38979 } } peers { permanent_uuid: "d3ed46048e0c44e5aa8ab1c556a83fb0" member_type: NON_VOTER last_known_addr { host: "127.28.56.196" port: 33723 } attrs { promote: true } } }
I20260710 11:08:19.951004 30168 raft_consensus.cc:2955] T 72d3644955f74b7789880a3d91ee4853 P 3f482d2a0eaa4f34b3a3e0204931a189 [term 1 FOLLOWER]: Committing config change with OpId 1.2: config changed from index -1 to 2, NON_VOTER d3ed46048e0c44e5aa8ab1c556a83fb0 (127.28.56.196) added. New config: { opid_index: 2 OBSOLETE_local: false peers { permanent_uuid: "9823ce01bd434c5bbb87df6a3f672289" member_type: VOTER last_known_addr { host: "127.28.56.193" port: 42837 } } peers { permanent_uuid: "25fe105843ca481c9be323e68cc7e910" member_type: VOTER last_known_addr { host: "127.28.56.194" port: 46023 } attrs { replace: true } } peers { permanent_uuid: "3f482d2a0eaa4f34b3a3e0204931a189" member_type: VOTER last_known_addr { host: "127.28.56.195" port: 38979 } } peers { permanent_uuid: "d3ed46048e0c44e5aa8ab1c556a83fb0" member_type: NON_VOTER last_known_addr { host: "127.28.56.196" port: 33723 } attrs { promote: true } } }
I20260710 11:08:19.952090 30097 raft_consensus.cc:2955] T 72d3644955f74b7789880a3d91ee4853 P 25fe105843ca481c9be323e68cc7e910 [term 1 FOLLOWER]: Committing config change with OpId 1.2: config changed from index -1 to 2, NON_VOTER d3ed46048e0c44e5aa8ab1c556a83fb0 (127.28.56.196) added. New config: { opid_index: 2 OBSOLETE_local: false peers { permanent_uuid: "9823ce01bd434c5bbb87df6a3f672289" member_type: VOTER last_known_addr { host: "127.28.56.193" port: 42837 } } peers { permanent_uuid: "25fe105843ca481c9be323e68cc7e910" member_type: VOTER last_known_addr { host: "127.28.56.194" port: 46023 } attrs { replace: true } } peers { permanent_uuid: "3f482d2a0eaa4f34b3a3e0204931a189" member_type: VOTER last_known_addr { host: "127.28.56.195" port: 38979 } } peers { permanent_uuid: "d3ed46048e0c44e5aa8ab1c556a83fb0" member_type: NON_VOTER last_known_addr { host: "127.28.56.196" port: 33723 } attrs { promote: true } } }
I20260710 11:08:19.965035 30168 consensus_queue.cc:237] T c60b649ff5fe4356993d1cd078fbaf3a P 3f482d2a0eaa4f34b3a3e0204931a189 [LEADER]: Queue going to LEADER mode. State: All replicated index: 0, Majority replicated index: 1, Committed index: 1, Last appended: 1.1, Last appended by leader: 0, Current term: 1, Majority size: 2, State: 0, Mode: LEADER, active raft config: opid_index: 2 OBSOLETE_local: false peers { permanent_uuid: "9823ce01bd434c5bbb87df6a3f672289" member_type: VOTER last_known_addr { host: "127.28.56.193" port: 42837 } attrs { replace: true } } peers { permanent_uuid: "25fe105843ca481c9be323e68cc7e910" member_type: VOTER last_known_addr { host: "127.28.56.194" port: 46023 } } peers { permanent_uuid: "3f482d2a0eaa4f34b3a3e0204931a189" member_type: VOTER last_known_addr { host: "127.28.56.195" port: 38979 } } peers { permanent_uuid: "d3ed46048e0c44e5aa8ab1c556a83fb0" member_type: NON_VOTER last_known_addr { host: "127.28.56.196" port: 33723 } attrs { promote: true } }
I20260710 11:08:19.966699 29920 catalog_manager.cc:5697] T 72d3644955f74b7789880a3d91ee4853 P 25fe105843ca481c9be323e68cc7e910 reported cstate change: config changed from index -1 to 2, NON_VOTER d3ed46048e0c44e5aa8ab1c556a83fb0 (127.28.56.196) added. New cstate: current_term: 1 leader_uuid: "9823ce01bd434c5bbb87df6a3f672289" committed_config { opid_index: 2 OBSOLETE_local: false peers { permanent_uuid: "9823ce01bd434c5bbb87df6a3f672289" member_type: VOTER last_known_addr { host: "127.28.56.193" port: 42837 } } peers { permanent_uuid: "25fe105843ca481c9be323e68cc7e910" member_type: VOTER last_known_addr { host: "127.28.56.194" port: 46023 } attrs { replace: true } } peers { permanent_uuid: "3f482d2a0eaa4f34b3a3e0204931a189" member_type: VOTER last_known_addr { host: "127.28.56.195" port: 38979 } } peers { permanent_uuid: "d3ed46048e0c44e5aa8ab1c556a83fb0" member_type: NON_VOTER last_known_addr { host: "127.28.56.196" port: 33723 } attrs { promote: true } } }
I20260710 11:08:19.971799 30097 raft_consensus.cc:1275] T c60b649ff5fe4356993d1cd078fbaf3a P 25fe105843ca481c9be323e68cc7e910 [term 1 FOLLOWER]: Refusing update from remote peer 3f482d2a0eaa4f34b3a3e0204931a189: Log matching property violated. Preceding OpId in replica: term: 1 index: 1. Preceding OpId from leader: term: 1 index: 2. (index mismatch)
I20260710 11:08:19.973239 30692 consensus_queue.cc:1048] T c60b649ff5fe4356993d1cd078fbaf3a P 3f482d2a0eaa4f34b3a3e0204931a189 [LEADER]: Connected to new peer: Peer: permanent_uuid: "25fe105843ca481c9be323e68cc7e910" member_type: VOTER last_known_addr { host: "127.28.56.194" port: 46023 }, Status: LMP_MISMATCH, Last received: 0.0, Next index: 2, Last known committed idx: 1, Time since last communication: 0.000s
W20260710 11:08:19.973256 30137 consensus_peers.cc:597] T c60b649ff5fe4356993d1cd078fbaf3a P 3f482d2a0eaa4f34b3a3e0204931a189 -> Peer d3ed46048e0c44e5aa8ab1c556a83fb0 (127.28.56.196:33723): Couldn't send request to peer d3ed46048e0c44e5aa8ab1c556a83fb0. Error code: TABLET_NOT_FOUND (6). Status: Not found: Tablet not found: c60b649ff5fe4356993d1cd078fbaf3a. This is attempt 1: this message will repeat every 5th retry.
I20260710 11:08:19.974138 30022 raft_consensus.cc:1275] T c60b649ff5fe4356993d1cd078fbaf3a P 9823ce01bd434c5bbb87df6a3f672289 [term 1 FOLLOWER]: Refusing update from remote peer 3f482d2a0eaa4f34b3a3e0204931a189: Log matching property violated. Preceding OpId in replica: term: 1 index: 1. Preceding OpId from leader: term: 1 index: 2. (index mismatch)
I20260710 11:08:19.975776 30692 consensus_queue.cc:1048] T c60b649ff5fe4356993d1cd078fbaf3a P 3f482d2a0eaa4f34b3a3e0204931a189 [LEADER]: Connected to new peer: Peer: permanent_uuid: "9823ce01bd434c5bbb87df6a3f672289" member_type: VOTER last_known_addr { host: "127.28.56.193" port: 42837 } attrs { replace: true }, Status: LMP_MISMATCH, Last received: 0.0, Next index: 2, Last known committed idx: 1, Time since last communication: 0.000s
I20260710 11:08:19.984445 30620 raft_consensus.cc:2955] T c60b649ff5fe4356993d1cd078fbaf3a P 3f482d2a0eaa4f34b3a3e0204931a189 [term 1 LEADER]: Committing config change with OpId 1.2: config changed from index -1 to 2, NON_VOTER d3ed46048e0c44e5aa8ab1c556a83fb0 (127.28.56.196) added. New config: { opid_index: 2 OBSOLETE_local: false peers { permanent_uuid: "9823ce01bd434c5bbb87df6a3f672289" member_type: VOTER last_known_addr { host: "127.28.56.193" port: 42837 } attrs { replace: true } } peers { permanent_uuid: "25fe105843ca481c9be323e68cc7e910" member_type: VOTER last_known_addr { host: "127.28.56.194" port: 46023 } } peers { permanent_uuid: "3f482d2a0eaa4f34b3a3e0204931a189" member_type: VOTER last_known_addr { host: "127.28.56.195" port: 38979 } } peers { permanent_uuid: "d3ed46048e0c44e5aa8ab1c556a83fb0" member_type: NON_VOTER last_known_addr { host: "127.28.56.196" port: 33723 } attrs { promote: true } } }
I20260710 11:08:19.994280 30097 raft_consensus.cc:2955] T c60b649ff5fe4356993d1cd078fbaf3a P 25fe105843ca481c9be323e68cc7e910 [term 1 FOLLOWER]: Committing config change with OpId 1.2: config changed from index -1 to 2, NON_VOTER d3ed46048e0c44e5aa8ab1c556a83fb0 (127.28.56.196) added. New config: { opid_index: 2 OBSOLETE_local: false peers { permanent_uuid: "9823ce01bd434c5bbb87df6a3f672289" member_type: VOTER last_known_addr { host: "127.28.56.193" port: 42837 } attrs { replace: true } } peers { permanent_uuid: "25fe105843ca481c9be323e68cc7e910" member_type: VOTER last_known_addr { host: "127.28.56.194" port: 46023 } } peers { permanent_uuid: "3f482d2a0eaa4f34b3a3e0204931a189" member_type: VOTER last_known_addr { host: "127.28.56.195" port: 38979 } } peers { permanent_uuid: "d3ed46048e0c44e5aa8ab1c556a83fb0" member_type: NON_VOTER last_known_addr { host: "127.28.56.196" port: 33723 } attrs { promote: true } } }
I20260710 11:08:20.012460 30022 raft_consensus.cc:2955] T c60b649ff5fe4356993d1cd078fbaf3a P 9823ce01bd434c5bbb87df6a3f672289 [term 1 FOLLOWER]: Committing config change with OpId 1.2: config changed from index -1 to 2, NON_VOTER d3ed46048e0c44e5aa8ab1c556a83fb0 (127.28.56.196) added. New config: { opid_index: 2 OBSOLETE_local: false peers { permanent_uuid: "9823ce01bd434c5bbb87df6a3f672289" member_type: VOTER last_known_addr { host: "127.28.56.193" port: 42837 } attrs { replace: true } } peers { permanent_uuid: "25fe105843ca481c9be323e68cc7e910" member_type: VOTER last_known_addr { host: "127.28.56.194" port: 46023 } } peers { permanent_uuid: "3f482d2a0eaa4f34b3a3e0204931a189" member_type: VOTER last_known_addr { host: "127.28.56.195" port: 38979 } } peers { permanent_uuid: "d3ed46048e0c44e5aa8ab1c556a83fb0" member_type: NON_VOTER last_known_addr { host: "127.28.56.196" port: 33723 } attrs { promote: true } } }
W20260710 11:08:20.029322 30694 consensus_queue.cc:1175] T fe9ce43122344908825f4f3dfa51a7e2 P 9823ce01bd434c5bbb87df6a3f672289 [LEADER]: Queue is closed or peer was untracked, disregarding peer response. Response: responder_uuid: "3f482d2a0eaa4f34b3a3e0204931a189" responder_term: 1 status { last_received { term: 1 index: 1 } last_committed_idx: 1 last_received_current_leader { term: 1 index: 1 } }
I20260710 11:08:20.030663 30022 consensus_queue.cc:237] T fe9ce43122344908825f4f3dfa51a7e2 P 9823ce01bd434c5bbb87df6a3f672289 [LEADER]: Queue going to LEADER mode. State: All replicated index: 0, Majority replicated index: 1, Committed index: 1, Last appended: 1.1, Last appended by leader: 0, Current term: 1, Majority size: 2, State: 0, Mode: LEADER, active raft config: opid_index: 2 OBSOLETE_local: false peers { permanent_uuid: "9823ce01bd434c5bbb87df6a3f672289" member_type: VOTER last_known_addr { host: "127.28.56.193" port: 42837 } } peers { permanent_uuid: "25fe105843ca481c9be323e68cc7e910" member_type: VOTER last_known_addr { host: "127.28.56.194" port: 46023 } } peers { permanent_uuid: "3f482d2a0eaa4f34b3a3e0204931a189" member_type: VOTER last_known_addr { host: "127.28.56.195" port: 38979 } attrs { replace: true } } peers { permanent_uuid: "d3ed46048e0c44e5aa8ab1c556a83fb0" member_type: NON_VOTER last_known_addr { host: "127.28.56.196" port: 33723 } attrs { promote: true } }
I20260710 11:08:20.036314 29918 catalog_manager.cc:5697] T c60b649ff5fe4356993d1cd078fbaf3a P 25fe105843ca481c9be323e68cc7e910 reported cstate change: config changed from index -1 to 2, NON_VOTER d3ed46048e0c44e5aa8ab1c556a83fb0 (127.28.56.196) added. New cstate: current_term: 1 leader_uuid: "3f482d2a0eaa4f34b3a3e0204931a189" committed_config { opid_index: 2 OBSOLETE_local: false peers { permanent_uuid: "9823ce01bd434c5bbb87df6a3f672289" member_type: VOTER last_known_addr { host: "127.28.56.193" port: 42837 } attrs { replace: true } } peers { permanent_uuid: "25fe105843ca481c9be323e68cc7e910" member_type: VOTER last_known_addr { host: "127.28.56.194" port: 46023 } } peers { permanent_uuid: "3f482d2a0eaa4f34b3a3e0204931a189" member_type: VOTER last_known_addr { host: "127.28.56.195" port: 38979 } } peers { permanent_uuid: "d3ed46048e0c44e5aa8ab1c556a83fb0" member_type: NON_VOTER last_known_addr { host: "127.28.56.196" port: 33723 } attrs { promote: true } } }
I20260710 11:08:20.040891 30168 raft_consensus.cc:1275] T fe9ce43122344908825f4f3dfa51a7e2 P 3f482d2a0eaa4f34b3a3e0204931a189 [term 1 FOLLOWER]: Refusing update from remote peer 9823ce01bd434c5bbb87df6a3f672289: Log matching property violated. Preceding OpId in replica: term: 1 index: 1. Preceding OpId from leader: term: 1 index: 2. (index mismatch)
I20260710 11:08:20.041551 30097 raft_consensus.cc:1275] T fe9ce43122344908825f4f3dfa51a7e2 P 25fe105843ca481c9be323e68cc7e910 [term 1 FOLLOWER]: Refusing update from remote peer 9823ce01bd434c5bbb87df6a3f672289: Log matching property violated. Preceding OpId in replica: term: 1 index: 1. Preceding OpId from leader: term: 1 index: 2. (index mismatch)
W20260710 11:08:20.040814 29988 consensus_peers.cc:597] T fe9ce43122344908825f4f3dfa51a7e2 P 9823ce01bd434c5bbb87df6a3f672289 -> Peer d3ed46048e0c44e5aa8ab1c556a83fb0 (127.28.56.196:33723): Couldn't send request to peer d3ed46048e0c44e5aa8ab1c556a83fb0. Error code: TABLET_NOT_FOUND (6). Status: Not found: Tablet not found: fe9ce43122344908825f4f3dfa51a7e2. This is attempt 1: this message will repeat every 5th retry.
I20260710 11:08:20.042496 30694 consensus_queue.cc:1048] T fe9ce43122344908825f4f3dfa51a7e2 P 9823ce01bd434c5bbb87df6a3f672289 [LEADER]: Connected to new peer: Peer: permanent_uuid: "3f482d2a0eaa4f34b3a3e0204931a189" member_type: VOTER last_known_addr { host: "127.28.56.195" port: 38979 } attrs { replace: true }, Status: LMP_MISMATCH, Last received: 0.0, Next index: 2, Last known committed idx: 1, Time since last communication: 0.000s
I20260710 11:08:20.043474 30695 consensus_queue.cc:1048] T fe9ce43122344908825f4f3dfa51a7e2 P 9823ce01bd434c5bbb87df6a3f672289 [LEADER]: Connected to new peer: Peer: permanent_uuid: "25fe105843ca481c9be323e68cc7e910" member_type: VOTER last_known_addr { host: "127.28.56.194" port: 46023 }, Status: LMP_MISMATCH, Last received: 0.0, Next index: 2, Last known committed idx: 1, Time since last communication: 0.000s
I20260710 11:08:20.051518 30694 raft_consensus.cc:2955] T fe9ce43122344908825f4f3dfa51a7e2 P 9823ce01bd434c5bbb87df6a3f672289 [term 1 LEADER]: Committing config change with OpId 1.2: config changed from index -1 to 2, NON_VOTER d3ed46048e0c44e5aa8ab1c556a83fb0 (127.28.56.196) added. New config: { opid_index: 2 OBSOLETE_local: false peers { permanent_uuid: "9823ce01bd434c5bbb87df6a3f672289" member_type: VOTER last_known_addr { host: "127.28.56.193" port: 42837 } } peers { permanent_uuid: "25fe105843ca481c9be323e68cc7e910" member_type: VOTER last_known_addr { host: "127.28.56.194" port: 46023 } } peers { permanent_uuid: "3f482d2a0eaa4f34b3a3e0204931a189" member_type: VOTER last_known_addr { host: "127.28.56.195" port: 38979 } attrs { replace: true } } peers { permanent_uuid: "d3ed46048e0c44e5aa8ab1c556a83fb0" member_type: NON_VOTER last_known_addr { host: "127.28.56.196" port: 33723 } attrs { promote: true } } }
I20260710 11:08:20.054783 30168 raft_consensus.cc:2955] T fe9ce43122344908825f4f3dfa51a7e2 P 3f482d2a0eaa4f34b3a3e0204931a189 [term 1 FOLLOWER]: Committing config change with OpId 1.2: config changed from index -1 to 2, NON_VOTER d3ed46048e0c44e5aa8ab1c556a83fb0 (127.28.56.196) added. New config: { opid_index: 2 OBSOLETE_local: false peers { permanent_uuid: "9823ce01bd434c5bbb87df6a3f672289" member_type: VOTER last_known_addr { host: "127.28.56.193" port: 42837 } } peers { permanent_uuid: "25fe105843ca481c9be323e68cc7e910" member_type: VOTER last_known_addr { host: "127.28.56.194" port: 46023 } } peers { permanent_uuid: "3f482d2a0eaa4f34b3a3e0204931a189" member_type: VOTER last_known_addr { host: "127.28.56.195" port: 38979 } attrs { replace: true } } peers { permanent_uuid: "d3ed46048e0c44e5aa8ab1c556a83fb0" member_type: NON_VOTER last_known_addr { host: "127.28.56.196" port: 33723 } attrs { promote: true } } }
I20260710 11:08:20.061511 30097 raft_consensus.cc:2955] T fe9ce43122344908825f4f3dfa51a7e2 P 25fe105843ca481c9be323e68cc7e910 [term 1 FOLLOWER]: Committing config change with OpId 1.2: config changed from index -1 to 2, NON_VOTER d3ed46048e0c44e5aa8ab1c556a83fb0 (127.28.56.196) added. New config: { opid_index: 2 OBSOLETE_local: false peers { permanent_uuid: "9823ce01bd434c5bbb87df6a3f672289" member_type: VOTER last_known_addr { host: "127.28.56.193" port: 42837 } } peers { permanent_uuid: "25fe105843ca481c9be323e68cc7e910" member_type: VOTER last_known_addr { host: "127.28.56.194" port: 46023 } } peers { permanent_uuid: "3f482d2a0eaa4f34b3a3e0204931a189" member_type: VOTER last_known_addr { host: "127.28.56.195" port: 38979 } attrs { replace: true } } peers { permanent_uuid: "d3ed46048e0c44e5aa8ab1c556a83fb0" member_type: NON_VOTER last_known_addr { host: "127.28.56.196" port: 33723 } attrs { promote: true } } }
I20260710 11:08:20.067983 30168 consensus_queue.cc:237] T 52b9d572b1ae464581a23f74fb685727 P 3f482d2a0eaa4f34b3a3e0204931a189 [LEADER]: Queue going to LEADER mode. State: All replicated index: 0, Majority replicated index: 1, Committed index: 1, Last appended: 1.1, Last appended by leader: 0, Current term: 1, Majority size: 2, State: 0, Mode: LEADER, active raft config: opid_index: 2 OBSOLETE_local: false peers { permanent_uuid: "9823ce01bd434c5bbb87df6a3f672289" member_type: VOTER last_known_addr { host: "127.28.56.193" port: 42837 } } peers { permanent_uuid: "25fe105843ca481c9be323e68cc7e910" member_type: VOTER last_known_addr { host: "127.28.56.194" port: 46023 } attrs { replace: true } } peers { permanent_uuid: "3f482d2a0eaa4f34b3a3e0204931a189" member_type: VOTER last_known_addr { host: "127.28.56.195" port: 38979 } } peers { permanent_uuid: "d3ed46048e0c44e5aa8ab1c556a83fb0" member_type: NON_VOTER last_known_addr { host: "127.28.56.196" port: 33723 } attrs { promote: true } }
I20260710 11:08:20.068054 29918 catalog_manager.cc:5697] T fe9ce43122344908825f4f3dfa51a7e2 P 3f482d2a0eaa4f34b3a3e0204931a189 reported cstate change: config changed from index -1 to 2, NON_VOTER d3ed46048e0c44e5aa8ab1c556a83fb0 (127.28.56.196) added. New cstate: current_term: 1 leader_uuid: "9823ce01bd434c5bbb87df6a3f672289" committed_config { opid_index: 2 OBSOLETE_local: false peers { permanent_uuid: "9823ce01bd434c5bbb87df6a3f672289" member_type: VOTER last_known_addr { host: "127.28.56.193" port: 42837 } } peers { permanent_uuid: "25fe105843ca481c9be323e68cc7e910" member_type: VOTER last_known_addr { host: "127.28.56.194" port: 46023 } } peers { permanent_uuid: "3f482d2a0eaa4f34b3a3e0204931a189" member_type: VOTER last_known_addr { host: "127.28.56.195" port: 38979 } attrs { replace: true } } peers { permanent_uuid: "d3ed46048e0c44e5aa8ab1c556a83fb0" member_type: NON_VOTER last_known_addr { host: "127.28.56.196" port: 33723 } attrs { promote: true } } }
I20260710 11:08:20.075278 30095 raft_consensus.cc:1275] T 52b9d572b1ae464581a23f74fb685727 P 25fe105843ca481c9be323e68cc7e910 [term 1 FOLLOWER]: Refusing update from remote peer 3f482d2a0eaa4f34b3a3e0204931a189: Log matching property violated. Preceding OpId in replica: term: 1 index: 1. Preceding OpId from leader: term: 1 index: 2. (index mismatch)
I20260710 11:08:20.077068 30706 consensus_queue.cc:1048] T 52b9d572b1ae464581a23f74fb685727 P 3f482d2a0eaa4f34b3a3e0204931a189 [LEADER]: Connected to new peer: Peer: permanent_uuid: "25fe105843ca481c9be323e68cc7e910" member_type: VOTER last_known_addr { host: "127.28.56.194" port: 46023 } attrs { replace: true }, Status: LMP_MISMATCH, Last received: 0.0, Next index: 2, Last known committed idx: 1, Time since last communication: 0.000s
W20260710 11:08:20.078442 30137 consensus_peers.cc:597] T 52b9d572b1ae464581a23f74fb685727 P 3f482d2a0eaa4f34b3a3e0204931a189 -> Peer d3ed46048e0c44e5aa8ab1c556a83fb0 (127.28.56.196:33723): Couldn't send request to peer d3ed46048e0c44e5aa8ab1c556a83fb0. Error code: TABLET_NOT_FOUND (6). Status: Not found: Tablet not found: 52b9d572b1ae464581a23f74fb685727. This is attempt 1: this message will repeat every 5th retry.
I20260710 11:08:20.082533 30022 raft_consensus.cc:1275] T 52b9d572b1ae464581a23f74fb685727 P 9823ce01bd434c5bbb87df6a3f672289 [term 1 FOLLOWER]: Refusing update from remote peer 3f482d2a0eaa4f34b3a3e0204931a189: Log matching property violated. Preceding OpId in replica: term: 1 index: 1. Preceding OpId from leader: term: 1 index: 2. (index mismatch)
I20260710 11:08:20.084318 30706 consensus_queue.cc:1048] T 52b9d572b1ae464581a23f74fb685727 P 3f482d2a0eaa4f34b3a3e0204931a189 [LEADER]: Connected to new peer: Peer: permanent_uuid: "9823ce01bd434c5bbb87df6a3f672289" member_type: VOTER last_known_addr { host: "127.28.56.193" port: 42837 }, Status: LMP_MISMATCH, Last received: 0.0, Next index: 2, Last known committed idx: 1, Time since last communication: 0.000s
I20260710 11:08:20.087246 30704 raft_consensus.cc:2955] T 52b9d572b1ae464581a23f74fb685727 P 3f482d2a0eaa4f34b3a3e0204931a189 [term 1 LEADER]: Committing config change with OpId 1.2: config changed from index -1 to 2, NON_VOTER d3ed46048e0c44e5aa8ab1c556a83fb0 (127.28.56.196) added. New config: { opid_index: 2 OBSOLETE_local: false peers { permanent_uuid: "9823ce01bd434c5bbb87df6a3f672289" member_type: VOTER last_known_addr { host: "127.28.56.193" port: 42837 } } peers { permanent_uuid: "25fe105843ca481c9be323e68cc7e910" member_type: VOTER last_known_addr { host: "127.28.56.194" port: 46023 } attrs { replace: true } } peers { permanent_uuid: "3f482d2a0eaa4f34b3a3e0204931a189" member_type: VOTER last_known_addr { host: "127.28.56.195" port: 38979 } } peers { permanent_uuid: "d3ed46048e0c44e5aa8ab1c556a83fb0" member_type: NON_VOTER last_known_addr { host: "127.28.56.196" port: 33723 } attrs { promote: true } } }
I20260710 11:08:20.093266 30097 raft_consensus.cc:2955] T 52b9d572b1ae464581a23f74fb685727 P 25fe105843ca481c9be323e68cc7e910 [term 1 FOLLOWER]: Committing config change with OpId 1.2: config changed from index -1 to 2, NON_VOTER d3ed46048e0c44e5aa8ab1c556a83fb0 (127.28.56.196) added. New config: { opid_index: 2 OBSOLETE_local: false peers { permanent_uuid: "9823ce01bd434c5bbb87df6a3f672289" member_type: VOTER last_known_addr { host: "127.28.56.193" port: 42837 } } peers { permanent_uuid: "25fe105843ca481c9be323e68cc7e910" member_type: VOTER last_known_addr { host: "127.28.56.194" port: 46023 } attrs { replace: true } } peers { permanent_uuid: "3f482d2a0eaa4f34b3a3e0204931a189" member_type: VOTER last_known_addr { host: "127.28.56.195" port: 38979 } } peers { permanent_uuid: "d3ed46048e0c44e5aa8ab1c556a83fb0" member_type: NON_VOTER last_known_addr { host: "127.28.56.196" port: 33723 } attrs { promote: true } } }
I20260710 11:08:20.095312 30022 raft_consensus.cc:2955] T 52b9d572b1ae464581a23f74fb685727 P 9823ce01bd434c5bbb87df6a3f672289 [term 1 FOLLOWER]: Committing config change with OpId 1.2: config changed from index -1 to 2, NON_VOTER d3ed46048e0c44e5aa8ab1c556a83fb0 (127.28.56.196) added. New config: { opid_index: 2 OBSOLETE_local: false peers { permanent_uuid: "9823ce01bd434c5bbb87df6a3f672289" member_type: VOTER last_known_addr { host: "127.28.56.193" port: 42837 } } peers { permanent_uuid: "25fe105843ca481c9be323e68cc7e910" member_type: VOTER last_known_addr { host: "127.28.56.194" port: 46023 } attrs { replace: true } } peers { permanent_uuid: "3f482d2a0eaa4f34b3a3e0204931a189" member_type: VOTER last_known_addr { host: "127.28.56.195" port: 38979 } } peers { permanent_uuid: "d3ed46048e0c44e5aa8ab1c556a83fb0" member_type: NON_VOTER last_known_addr { host: "127.28.56.196" port: 33723 } attrs { promote: true } } }
I20260710 11:08:20.101238 29918 catalog_manager.cc:5697] T 52b9d572b1ae464581a23f74fb685727 P 3f482d2a0eaa4f34b3a3e0204931a189 reported cstate change: config changed from index -1 to 2, NON_VOTER d3ed46048e0c44e5aa8ab1c556a83fb0 (127.28.56.196) added. New cstate: current_term: 1 leader_uuid: "3f482d2a0eaa4f34b3a3e0204931a189" committed_config { opid_index: 2 OBSOLETE_local: false peers { permanent_uuid: "9823ce01bd434c5bbb87df6a3f672289" member_type: VOTER last_known_addr { host: "127.28.56.193" port: 42837 } health_report { overall_health: HEALTHY } } peers { permanent_uuid: "25fe105843ca481c9be323e68cc7e910" member_type: VOTER last_known_addr { host: "127.28.56.194" port: 46023 } attrs { replace: true } health_report { overall_health: HEALTHY } } peers { permanent_uuid: "3f482d2a0eaa4f34b3a3e0204931a189" member_type: VOTER last_known_addr { host: "127.28.56.195" port: 38979 } health_report { overall_health: HEALTHY } } peers { permanent_uuid: "d3ed46048e0c44e5aa8ab1c556a83fb0" member_type: NON_VOTER last_known_addr { host: "127.28.56.196" port: 33723 } attrs { promote: true } health_report { overall_health: UNKNOWN } } }
W20260710 11:08:20.286547 30044 debug-util.cc:398] Leaking SignalData structure 0x7b08001b7c80 after lost signal to thread 28902
W20260710 11:08:20.289065 30044 debug-util.cc:398] Leaking SignalData structure 0x7b08000afe40 after lost signal to thread 29955
W20260710 11:08:20.304095 30044 debug-util.cc:398] Leaking SignalData structure 0x7b080027f860 after lost signal to thread 30047
W20260710 11:08:20.306147 30044 debug-util.cc:398] Leaking SignalData structure 0x7b08002883e0 after lost signal to thread 30122
W20260710 11:08:20.308138 30044 debug-util.cc:398] Leaking SignalData structure 0x7b08001cd100 after lost signal to thread 30196
W20260710 11:08:20.311231 30044 debug-util.cc:398] Leaking SignalData structure 0x7b08000ff4e0 after lost signal to thread 30478
I20260710 11:08:20.438664 30718 ts_tablet_manager.cc:933] T 72d3644955f74b7789880a3d91ee4853 P d3ed46048e0c44e5aa8ab1c556a83fb0: Initiating tablet copy from peer 9823ce01bd434c5bbb87df6a3f672289 (127.28.56.193:42837)
I20260710 11:08:20.441592 30718 tablet_copy_client.cc:323] T 72d3644955f74b7789880a3d91ee4853 P d3ed46048e0c44e5aa8ab1c556a83fb0: tablet copy: Beginning tablet copy session from remote peer at address 127.28.56.193:42837
I20260710 11:08:20.444634 30033 tablet_copy_service.cc:140] P 9823ce01bd434c5bbb87df6a3f672289: Received BeginTabletCopySession request for tablet 72d3644955f74b7789880a3d91ee4853 from peer d3ed46048e0c44e5aa8ab1c556a83fb0 ({username='slave'} at 127.0.0.1:45136)
I20260710 11:08:20.445415 30033 tablet_copy_service.cc:161] P 9823ce01bd434c5bbb87df6a3f672289: Beginning new tablet copy session on tablet 72d3644955f74b7789880a3d91ee4853 from peer d3ed46048e0c44e5aa8ab1c556a83fb0 at {username='slave'} at 127.0.0.1:45136: session id = d3ed46048e0c44e5aa8ab1c556a83fb0-72d3644955f74b7789880a3d91ee4853
I20260710 11:08:20.458573 30033 tablet_copy_source_session.cc:215] T 72d3644955f74b7789880a3d91ee4853 P 9823ce01bd434c5bbb87df6a3f672289: Tablet Copy: opened 0 blocks and 1 log segments
I20260710 11:08:20.462666 30718 data_dirs.cc:400] Could only allocate 1 dirs of requested 3 for tablet 72d3644955f74b7789880a3d91ee4853. 1 dirs total, 0 dirs full, 0 dirs failed
I20260710 11:08:20.484098 30718 tablet_copy_client.cc:806] T 72d3644955f74b7789880a3d91ee4853 P d3ed46048e0c44e5aa8ab1c556a83fb0: tablet copy: Starting download of 0 data blocks...
I20260710 11:08:20.484871 30718 tablet_copy_client.cc:670] T 72d3644955f74b7789880a3d91ee4853 P d3ed46048e0c44e5aa8ab1c556a83fb0: tablet copy: Starting download of 1 WAL segments...
I20260710 11:08:20.490767 30718 tablet_copy_client.cc:538] T 72d3644955f74b7789880a3d91ee4853 P d3ed46048e0c44e5aa8ab1c556a83fb0: tablet copy: Tablet Copy complete. Replacing tablet superblock.
I20260710 11:08:20.501500 30718 tablet_bootstrap.cc:492] T 72d3644955f74b7789880a3d91ee4853 P d3ed46048e0c44e5aa8ab1c556a83fb0: Bootstrap starting.
I20260710 11:08:20.525066 30720 ts_tablet_manager.cc:933] T fe9ce43122344908825f4f3dfa51a7e2 P d3ed46048e0c44e5aa8ab1c556a83fb0: Initiating tablet copy from peer 9823ce01bd434c5bbb87df6a3f672289 (127.28.56.193:42837)
