I20260710 11:08:00.383503 30231 catalog_manager.cc:5697] T a7f156f69f5e4ad1a4e0cb116a1d39d9 P d2df6dea7bb54e6189e999ffef0f8905 reported cstate change: term changed from 3 to 4, leader changed from 953a61f8a72145b89e88849ce5a6b4ae (127.29.5.1) to d2df6dea7bb54e6189e999ffef0f8905 (127.29.5.3). New cstate: current_term: 4 leader_uuid: "d2df6dea7bb54e6189e999ffef0f8905" committed_config { opid_index: -1 OBSOLETE_local: false peers { permanent_uuid: "953a61f8a72145b89e88849ce5a6b4ae" member_type: VOTER last_known_addr { host: "127.29.5.1" port: 41923 } health_report { overall_health: UNKNOWN } } peers { permanent_uuid: "cab22001f50a4d66a0af457ef50c08e0" member_type: VOTER last_known_addr { host: "127.29.5.2" port: 43033 } health_report { overall_health: UNKNOWN } } peers { permanent_uuid: "d2df6dea7bb54e6189e999ffef0f8905" member_type: VOTER last_known_addr { host: "127.29.5.3" port: 36121 } health_report { overall_health: HEALTHY } } }
I20260710 11:08:00.484125 30667 raft_consensus.cc:993] T 64705ef26f624815a7f2e21fc5e6c62d P 953a61f8a72145b89e88849ce5a6b4ae: : Instructing follower cab22001f50a4d66a0af457ef50c08e0 to start an election
I20260710 11:08:00.484625 30667 raft_consensus.cc:1081] T 64705ef26f624815a7f2e21fc5e6c62d P 953a61f8a72145b89e88849ce5a6b4ae [term 4 LEADER]: Signalling peer cab22001f50a4d66a0af457ef50c08e0 to start an election
I20260710 11:08:00.486157 30411 tablet_service.cc:2044] Received Run Leader Election RPC: tablet_id: "64705ef26f624815a7f2e21fc5e6c62d"
dest_uuid: "cab22001f50a4d66a0af457ef50c08e0"
 from {username='slave'} at 127.0.0.1:46040
I20260710 11:08:00.486610 30411 raft_consensus.cc:493] T 64705ef26f624815a7f2e21fc5e6c62d P cab22001f50a4d66a0af457ef50c08e0 [term 4 FOLLOWER]: Starting forced leader election (received explicit request)
I20260710 11:08:00.486888 30411 raft_consensus.cc:3060] T 64705ef26f624815a7f2e21fc5e6c62d P cab22001f50a4d66a0af457ef50c08e0 [term 4 FOLLOWER]: Advancing to term 5
I20260710 11:08:00.491135 30411 raft_consensus.cc:515] T 64705ef26f624815a7f2e21fc5e6c62d P cab22001f50a4d66a0af457ef50c08e0 [term 5 FOLLOWER]: Starting forced leader election with config: opid_index: -1 OBSOLETE_local: false peers { permanent_uuid: "953a61f8a72145b89e88849ce5a6b4ae" member_type: VOTER last_known_addr { host: "127.29.5.1" port: 41923 } } peers { permanent_uuid: "cab22001f50a4d66a0af457ef50c08e0" member_type: VOTER last_known_addr { host: "127.29.5.2" port: 43033 } } peers { permanent_uuid: "d2df6dea7bb54e6189e999ffef0f8905" member_type: VOTER last_known_addr { host: "127.29.5.3" port: 36121 } }
I20260710 11:08:00.492827 30411 leader_election.cc:290] T 64705ef26f624815a7f2e21fc5e6c62d P cab22001f50a4d66a0af457ef50c08e0 [CANDIDATE]: Term 5 election: Requested vote from peers 953a61f8a72145b89e88849ce5a6b4ae (127.29.5.1:41923), d2df6dea7bb54e6189e999ffef0f8905 (127.29.5.3:36121)
I20260710 11:08:00.493927 30335 tablet_service.cc:1917] Received RequestConsensusVote() RPC: tablet_id: "64705ef26f624815a7f2e21fc5e6c62d" candidate_uuid: "cab22001f50a4d66a0af457ef50c08e0" candidate_term: 5 candidate_status { last_received { term: 4 index: 3 } } ignore_live_leader: true dest_uuid: "953a61f8a72145b89e88849ce5a6b4ae"
I20260710 11:08:00.494144 30485 tablet_service.cc:1917] Received RequestConsensusVote() RPC: tablet_id: "64705ef26f624815a7f2e21fc5e6c62d" candidate_uuid: "cab22001f50a4d66a0af457ef50c08e0" candidate_term: 5 candidate_status { last_received { term: 4 index: 3 } } ignore_live_leader: true dest_uuid: "d2df6dea7bb54e6189e999ffef0f8905"
I20260710 11:08:00.494695 30335 raft_consensus.cc:3055] T 64705ef26f624815a7f2e21fc5e6c62d P 953a61f8a72145b89e88849ce5a6b4ae [term 4 LEADER]: Stepping down as leader of term 4
I20260710 11:08:00.494697 30485 raft_consensus.cc:3060] T 64705ef26f624815a7f2e21fc5e6c62d P d2df6dea7bb54e6189e999ffef0f8905 [term 4 FOLLOWER]: Advancing to term 5
I20260710 11:08:00.495265 30335 raft_consensus.cc:740] T 64705ef26f624815a7f2e21fc5e6c62d P 953a61f8a72145b89e88849ce5a6b4ae [term 4 LEADER]: Becoming Follower/Learner. State: Replica: 953a61f8a72145b89e88849ce5a6b4ae, State: Running, Role: LEADER
I20260710 11:08:00.496287 30335 consensus_queue.cc:260] T 64705ef26f624815a7f2e21fc5e6c62d P 953a61f8a72145b89e88849ce5a6b4ae [NON_LEADER]: Queue going to NON_LEADER mode. State: All replicated index: 0, Majority replicated index: 3, Committed index: 3, Last appended: 4.3, Last appended by leader: 3, Current term: 4, Majority size: -1, State: 0, Mode: NON_LEADER, active raft config: opid_index: -1 OBSOLETE_local: false peers { permanent_uuid: "953a61f8a72145b89e88849ce5a6b4ae" member_type: VOTER last_known_addr { host: "127.29.5.1" port: 41923 } } peers { permanent_uuid: "cab22001f50a4d66a0af457ef50c08e0" member_type: VOTER last_known_addr { host: "127.29.5.2" port: 43033 } } peers { permanent_uuid: "d2df6dea7bb54e6189e999ffef0f8905" member_type: VOTER last_known_addr { host: "127.29.5.3" port: 36121 } }
I20260710 11:08:00.497743 30335 raft_consensus.cc:3060] T 64705ef26f624815a7f2e21fc5e6c62d P 953a61f8a72145b89e88849ce5a6b4ae [term 4 FOLLOWER]: Advancing to term 5
I20260710 11:08:00.503012 30485 raft_consensus.cc:2468] T 64705ef26f624815a7f2e21fc5e6c62d P d2df6dea7bb54e6189e999ffef0f8905 [term 5 FOLLOWER]: Leader election vote request: Granting yes vote for candidate cab22001f50a4d66a0af457ef50c08e0 in term 5.
I20260710 11:08:00.504688 30377 leader_election.cc:304] T 64705ef26f624815a7f2e21fc5e6c62d P cab22001f50a4d66a0af457ef50c08e0 [CANDIDATE]: Term 5 election: Election decided. Result: candidate won. Election summary: received 2 responses out of 3 voters: 2 yes votes; 0 no votes. yes voters: cab22001f50a4d66a0af457ef50c08e0, d2df6dea7bb54e6189e999ffef0f8905; no voters: 
I20260710 11:08:00.505674 30659 raft_consensus.cc:2804] T 64705ef26f624815a7f2e21fc5e6c62d P cab22001f50a4d66a0af457ef50c08e0 [term 5 FOLLOWER]: Leader election won for term 5
I20260710 11:08:00.505740 30335 raft_consensus.cc:2468] T 64705ef26f624815a7f2e21fc5e6c62d P 953a61f8a72145b89e88849ce5a6b4ae [term 5 FOLLOWER]: Leader election vote request: Granting yes vote for candidate cab22001f50a4d66a0af457ef50c08e0 in term 5.
I20260710 11:08:00.507440 30659 raft_consensus.cc:697] T 64705ef26f624815a7f2e21fc5e6c62d P cab22001f50a4d66a0af457ef50c08e0 [term 5 LEADER]: Becoming Leader. State: Replica: cab22001f50a4d66a0af457ef50c08e0, State: Running, Role: LEADER
I20260710 11:08:00.508356 30659 consensus_queue.cc:237] T 64705ef26f624815a7f2e21fc5e6c62d P cab22001f50a4d66a0af457ef50c08e0 [LEADER]: Queue going to LEADER mode. State: All replicated index: 0, Majority replicated index: 3, Committed index: 3, Last appended: 4.3, Last appended by leader: 3, Current term: 5, Majority size: 2, State: 0, Mode: LEADER, active raft config: opid_index: -1 OBSOLETE_local: false peers { permanent_uuid: "953a61f8a72145b89e88849ce5a6b4ae" member_type: VOTER last_known_addr { host: "127.29.5.1" port: 41923 } } peers { permanent_uuid: "cab22001f50a4d66a0af457ef50c08e0" member_type: VOTER last_known_addr { host: "127.29.5.2" port: 43033 } } peers { permanent_uuid: "d2df6dea7bb54e6189e999ffef0f8905" member_type: VOTER last_known_addr { host: "127.29.5.3" port: 36121 } }
I20260710 11:08:00.516135 30231 catalog_manager.cc:5697] T 64705ef26f624815a7f2e21fc5e6c62d P cab22001f50a4d66a0af457ef50c08e0 reported cstate change: term changed from 4 to 5, leader changed from 953a61f8a72145b89e88849ce5a6b4ae (127.29.5.1) to cab22001f50a4d66a0af457ef50c08e0 (127.29.5.2). New cstate: current_term: 5 leader_uuid: "cab22001f50a4d66a0af457ef50c08e0" committed_config { opid_index: -1 OBSOLETE_local: false peers { permanent_uuid: "953a61f8a72145b89e88849ce5a6b4ae" member_type: VOTER last_known_addr { host: "127.29.5.1" port: 41923 } health_report { overall_health: UNKNOWN } } peers { permanent_uuid: "cab22001f50a4d66a0af457ef50c08e0" member_type: VOTER last_known_addr { host: "127.29.5.2" port: 43033 } health_report { overall_health: HEALTHY } } peers { permanent_uuid: "d2df6dea7bb54e6189e999ffef0f8905" member_type: VOTER last_known_addr { host: "127.29.5.3" port: 36121 } health_report { overall_health: UNKNOWN } } }
I20260710 11:08:00.535080 30679 raft_consensus.cc:993] T b60b755ed39740bc9d2ffecb252b35da P 953a61f8a72145b89e88849ce5a6b4ae: : Instructing follower d2df6dea7bb54e6189e999ffef0f8905 to start an election
I20260710 11:08:00.535595 30667 raft_consensus.cc:1081] T b60b755ed39740bc9d2ffecb252b35da P 953a61f8a72145b89e88849ce5a6b4ae [term 1 LEADER]: Signalling peer d2df6dea7bb54e6189e999ffef0f8905 to start an election
I20260710 11:08:00.537056 30485 tablet_service.cc:2044] Received Run Leader Election RPC: tablet_id: "b60b755ed39740bc9d2ffecb252b35da"
dest_uuid: "d2df6dea7bb54e6189e999ffef0f8905"
 from {username='slave'} at 127.0.0.1:39812
I20260710 11:08:00.537556 30485 raft_consensus.cc:493] T b60b755ed39740bc9d2ffecb252b35da P d2df6dea7bb54e6189e999ffef0f8905 [term 1 FOLLOWER]: Starting forced leader election (received explicit request)
I20260710 11:08:00.537871 30485 raft_consensus.cc:3060] T b60b755ed39740bc9d2ffecb252b35da P d2df6dea7bb54e6189e999ffef0f8905 [term 1 FOLLOWER]: Advancing to term 2
I20260710 11:08:00.542752 30485 raft_consensus.cc:515] T b60b755ed39740bc9d2ffecb252b35da P d2df6dea7bb54e6189e999ffef0f8905 [term 2 FOLLOWER]: Starting forced leader election with config: opid_index: -1 OBSOLETE_local: false peers { permanent_uuid: "953a61f8a72145b89e88849ce5a6b4ae" member_type: VOTER last_known_addr { host: "127.29.5.1" port: 41923 } } peers { permanent_uuid: "cab22001f50a4d66a0af457ef50c08e0" member_type: VOTER last_known_addr { host: "127.29.5.2" port: 43033 } } peers { permanent_uuid: "d2df6dea7bb54e6189e999ffef0f8905" member_type: VOTER last_known_addr { host: "127.29.5.3" port: 36121 } }
I20260710 11:08:00.544121 30485 leader_election.cc:290] T b60b755ed39740bc9d2ffecb252b35da P d2df6dea7bb54e6189e999ffef0f8905 [CANDIDATE]: Term 2 election: Requested vote from peers 953a61f8a72145b89e88849ce5a6b4ae (127.29.5.1:41923), cab22001f50a4d66a0af457ef50c08e0 (127.29.5.2:43033)
I20260710 11:08:00.545065 30335 tablet_service.cc:1917] Received RequestConsensusVote() RPC: tablet_id: "b60b755ed39740bc9d2ffecb252b35da" candidate_uuid: "d2df6dea7bb54e6189e999ffef0f8905" candidate_term: 2 candidate_status { last_received { term: 1 index: 1 } } ignore_live_leader: true dest_uuid: "953a61f8a72145b89e88849ce5a6b4ae"
I20260710 11:08:00.545291 30411 tablet_service.cc:1917] Received RequestConsensusVote() RPC: tablet_id: "b60b755ed39740bc9d2ffecb252b35da" candidate_uuid: "d2df6dea7bb54e6189e999ffef0f8905" candidate_term: 2 candidate_status { last_received { term: 1 index: 1 } } ignore_live_leader: true dest_uuid: "cab22001f50a4d66a0af457ef50c08e0"
I20260710 11:08:00.545785 30411 raft_consensus.cc:3060] T b60b755ed39740bc9d2ffecb252b35da P cab22001f50a4d66a0af457ef50c08e0 [term 1 FOLLOWER]: Advancing to term 2
I20260710 11:08:00.545729 30335 raft_consensus.cc:3055] T b60b755ed39740bc9d2ffecb252b35da P 953a61f8a72145b89e88849ce5a6b4ae [term 1 LEADER]: Stepping down as leader of term 1
I20260710 11:08:00.546355 30335 raft_consensus.cc:740] T b60b755ed39740bc9d2ffecb252b35da P 953a61f8a72145b89e88849ce5a6b4ae [term 1 LEADER]: Becoming Follower/Learner. State: Replica: 953a61f8a72145b89e88849ce5a6b4ae, State: Running, Role: LEADER
I20260710 11:08:00.547317 30335 consensus_queue.cc:260] T b60b755ed39740bc9d2ffecb252b35da P 953a61f8a72145b89e88849ce5a6b4ae [NON_LEADER]: Queue going to NON_LEADER mode. State: All replicated index: 0, Majority replicated index: 1, Committed index: 1, Last appended: 1.1, Last appended by leader: 1, Current term: 1, Majority size: -1, State: 0, Mode: NON_LEADER, active raft config: opid_index: -1 OBSOLETE_local: false peers { permanent_uuid: "953a61f8a72145b89e88849ce5a6b4ae" member_type: VOTER last_known_addr { host: "127.29.5.1" port: 41923 } } peers { permanent_uuid: "cab22001f50a4d66a0af457ef50c08e0" member_type: VOTER last_known_addr { host: "127.29.5.2" port: 43033 } } peers { permanent_uuid: "d2df6dea7bb54e6189e999ffef0f8905" member_type: VOTER last_known_addr { host: "127.29.5.3" port: 36121 } }
I20260710 11:08:00.548710 30335 raft_consensus.cc:3060] T b60b755ed39740bc9d2ffecb252b35da P 953a61f8a72145b89e88849ce5a6b4ae [term 1 FOLLOWER]: Advancing to term 2
I20260710 11:08:00.553092 30411 raft_consensus.cc:2468] T b60b755ed39740bc9d2ffecb252b35da P cab22001f50a4d66a0af457ef50c08e0 [term 2 FOLLOWER]: Leader election vote request: Granting yes vote for candidate d2df6dea7bb54e6189e999ffef0f8905 in term 2.
I20260710 11:08:00.554360 30448 leader_election.cc:304] T b60b755ed39740bc9d2ffecb252b35da P d2df6dea7bb54e6189e999ffef0f8905 [CANDIDATE]: Term 2 election: Election decided. Result: candidate won. Election summary: received 2 responses out of 3 voters: 2 yes votes; 0 no votes. yes voters: cab22001f50a4d66a0af457ef50c08e0, d2df6dea7bb54e6189e999ffef0f8905; no voters: 
I20260710 11:08:00.555174 30635 raft_consensus.cc:2804] T b60b755ed39740bc9d2ffecb252b35da P d2df6dea7bb54e6189e999ffef0f8905 [term 2 FOLLOWER]: Leader election won for term 2
I20260710 11:08:00.556090 30335 raft_consensus.cc:2468] T b60b755ed39740bc9d2ffecb252b35da P 953a61f8a72145b89e88849ce5a6b4ae [term 2 FOLLOWER]: Leader election vote request: Granting yes vote for candidate d2df6dea7bb54e6189e999ffef0f8905 in term 2.
I20260710 11:08:00.556591 30635 raft_consensus.cc:697] T b60b755ed39740bc9d2ffecb252b35da P d2df6dea7bb54e6189e999ffef0f8905 [term 2 LEADER]: Becoming Leader. State: Replica: d2df6dea7bb54e6189e999ffef0f8905, State: Running, Role: LEADER
I20260710 11:08:00.557641 30635 consensus_queue.cc:237] T b60b755ed39740bc9d2ffecb252b35da P d2df6dea7bb54e6189e999ffef0f8905 [LEADER]: Queue going to LEADER mode. State: All replicated index: 0, Majority replicated index: 1, Committed index: 1, Last appended: 1.1, Last appended by leader: 1, Current term: 2, Majority size: 2, State: 0, Mode: LEADER, active raft config: opid_index: -1 OBSOLETE_local: false peers { permanent_uuid: "953a61f8a72145b89e88849ce5a6b4ae" member_type: VOTER last_known_addr { host: "127.29.5.1" port: 41923 } } peers { permanent_uuid: "cab22001f50a4d66a0af457ef50c08e0" member_type: VOTER last_known_addr { host: "127.29.5.2" port: 43033 } } peers { permanent_uuid: "d2df6dea7bb54e6189e999ffef0f8905" member_type: VOTER last_known_addr { host: "127.29.5.3" port: 36121 } }
I20260710 11:08:00.565748 30231 catalog_manager.cc:5697] T b60b755ed39740bc9d2ffecb252b35da P d2df6dea7bb54e6189e999ffef0f8905 reported cstate change: term changed from 1 to 2, leader changed from 953a61f8a72145b89e88849ce5a6b4ae (127.29.5.1) to d2df6dea7bb54e6189e999ffef0f8905 (127.29.5.3). New cstate: current_term: 2 leader_uuid: "d2df6dea7bb54e6189e999ffef0f8905" committed_config { opid_index: -1 OBSOLETE_local: false peers { permanent_uuid: "953a61f8a72145b89e88849ce5a6b4ae" member_type: VOTER last_known_addr { host: "127.29.5.1" port: 41923 } health_report { overall_health: UNKNOWN } } peers { permanent_uuid: "cab22001f50a4d66a0af457ef50c08e0" member_type: VOTER last_known_addr { host: "127.29.5.2" port: 43033 } health_report { overall_health: UNKNOWN } } peers { permanent_uuid: "d2df6dea7bb54e6189e999ffef0f8905" member_type: VOTER last_known_addr { host: "127.29.5.3" port: 36121 } health_report { overall_health: HEALTHY } } }
I20260710 11:08:00.640789 30679 raft_consensus.cc:993] T d74e7130459a493b97acc38d85d07a0e P 953a61f8a72145b89e88849ce5a6b4ae: : Instructing follower cab22001f50a4d66a0af457ef50c08e0 to start an election
I20260710 11:08:00.641314 30667 raft_consensus.cc:1081] T d74e7130459a493b97acc38d85d07a0e P 953a61f8a72145b89e88849ce5a6b4ae [term 2 LEADER]: Signalling peer cab22001f50a4d66a0af457ef50c08e0 to start an election
I20260710 11:08:00.643052 30410 tablet_service.cc:2044] Received Run Leader Election RPC: tablet_id: "d74e7130459a493b97acc38d85d07a0e"
dest_uuid: "cab22001f50a4d66a0af457ef50c08e0"
 from {username='slave'} at 127.0.0.1:46040
I20260710 11:08:00.643481 30410 raft_consensus.cc:493] T d74e7130459a493b97acc38d85d07a0e P cab22001f50a4d66a0af457ef50c08e0 [term 2 FOLLOWER]: Starting forced leader election (received explicit request)
I20260710 11:08:00.643859 30410 raft_consensus.cc:3060] T d74e7130459a493b97acc38d85d07a0e P cab22001f50a4d66a0af457ef50c08e0 [term 2 FOLLOWER]: Advancing to term 3
I20260710 11:08:00.648681 30410 raft_consensus.cc:515] T d74e7130459a493b97acc38d85d07a0e P cab22001f50a4d66a0af457ef50c08e0 [term 3 FOLLOWER]: Starting forced leader election with config: opid_index: -1 OBSOLETE_local: false peers { permanent_uuid: "d2df6dea7bb54e6189e999ffef0f8905" member_type: VOTER last_known_addr { host: "127.29.5.3" port: 36121 } } peers { permanent_uuid: "953a61f8a72145b89e88849ce5a6b4ae" member_type: VOTER last_known_addr { host: "127.29.5.1" port: 41923 } } peers { permanent_uuid: "cab22001f50a4d66a0af457ef50c08e0" member_type: VOTER last_known_addr { host: "127.29.5.2" port: 43033 } }
I20260710 11:08:00.650089 30410 leader_election.cc:290] T d74e7130459a493b97acc38d85d07a0e P cab22001f50a4d66a0af457ef50c08e0 [CANDIDATE]: Term 3 election: Requested vote from peers d2df6dea7bb54e6189e999ffef0f8905 (127.29.5.3:36121), 953a61f8a72145b89e88849ce5a6b4ae (127.29.5.1:41923)
I20260710 11:08:00.651134 30485 tablet_service.cc:1917] Received RequestConsensusVote() RPC: tablet_id: "d74e7130459a493b97acc38d85d07a0e" candidate_uuid: "cab22001f50a4d66a0af457ef50c08e0" candidate_term: 3 candidate_status { last_received { term: 2 index: 2 } } ignore_live_leader: true dest_uuid: "d2df6dea7bb54e6189e999ffef0f8905"
I20260710 11:08:00.651311 30335 tablet_service.cc:1917] Received RequestConsensusVote() RPC: tablet_id: "d74e7130459a493b97acc38d85d07a0e" candidate_uuid: "cab22001f50a4d66a0af457ef50c08e0" candidate_term: 3 candidate_status { last_received { term: 2 index: 2 } } ignore_live_leader: true dest_uuid: "953a61f8a72145b89e88849ce5a6b4ae"
I20260710 11:08:00.651752 30485 raft_consensus.cc:3060] T d74e7130459a493b97acc38d85d07a0e P d2df6dea7bb54e6189e999ffef0f8905 [term 2 FOLLOWER]: Advancing to term 3
I20260710 11:08:00.651820 30335 raft_consensus.cc:3055] T d74e7130459a493b97acc38d85d07a0e P 953a61f8a72145b89e88849ce5a6b4ae [term 2 LEADER]: Stepping down as leader of term 2
I20260710 11:08:00.652186 30335 raft_consensus.cc:740] T d74e7130459a493b97acc38d85d07a0e P 953a61f8a72145b89e88849ce5a6b4ae [term 2 LEADER]: Becoming Follower/Learner. State: Replica: 953a61f8a72145b89e88849ce5a6b4ae, State: Running, Role: LEADER
I20260710 11:08:00.653080 30335 consensus_queue.cc:260] T d74e7130459a493b97acc38d85d07a0e P 953a61f8a72145b89e88849ce5a6b4ae [NON_LEADER]: Queue going to NON_LEADER mode. State: All replicated index: 0, Majority replicated index: 2, Committed index: 2, Last appended: 2.2, Last appended by leader: 2, Current term: 2, Majority size: -1, State: 0, Mode: NON_LEADER, active raft config: opid_index: -1 OBSOLETE_local: false peers { permanent_uuid: "d2df6dea7bb54e6189e999ffef0f8905" member_type: VOTER last_known_addr { host: "127.29.5.3" port: 36121 } } peers { permanent_uuid: "953a61f8a72145b89e88849ce5a6b4ae" member_type: VOTER last_known_addr { host: "127.29.5.1" port: 41923 } } peers { permanent_uuid: "cab22001f50a4d66a0af457ef50c08e0" member_type: VOTER last_known_addr { host: "127.29.5.2" port: 43033 } }
I20260710 11:08:00.654390 30335 raft_consensus.cc:3060] T d74e7130459a493b97acc38d85d07a0e P 953a61f8a72145b89e88849ce5a6b4ae [term 2 FOLLOWER]: Advancing to term 3
I20260710 11:08:00.658435 30485 raft_consensus.cc:2468] T d74e7130459a493b97acc38d85d07a0e P d2df6dea7bb54e6189e999ffef0f8905 [term 3 FOLLOWER]: Leader election vote request: Granting yes vote for candidate cab22001f50a4d66a0af457ef50c08e0 in term 3.
I20260710 11:08:00.659780 30377 leader_election.cc:304] T d74e7130459a493b97acc38d85d07a0e P cab22001f50a4d66a0af457ef50c08e0 [CANDIDATE]: Term 3 election: Election decided. Result: candidate won. Election summary: received 2 responses out of 3 voters: 2 yes votes; 0 no votes. yes voters: cab22001f50a4d66a0af457ef50c08e0, d2df6dea7bb54e6189e999ffef0f8905; no voters: 
I20260710 11:08:00.660526 30659 raft_consensus.cc:2804] T d74e7130459a493b97acc38d85d07a0e P cab22001f50a4d66a0af457ef50c08e0 [term 3 FOLLOWER]: Leader election won for term 3
I20260710 11:08:00.661021 30659 raft_consensus.cc:697] T d74e7130459a493b97acc38d85d07a0e P cab22001f50a4d66a0af457ef50c08e0 [term 3 LEADER]: Becoming Leader. State: Replica: cab22001f50a4d66a0af457ef50c08e0, State: Running, Role: LEADER
I20260710 11:08:00.661531 30335 raft_consensus.cc:2468] T d74e7130459a493b97acc38d85d07a0e P 953a61f8a72145b89e88849ce5a6b4ae [term 3 FOLLOWER]: Leader election vote request: Granting yes vote for candidate cab22001f50a4d66a0af457ef50c08e0 in term 3.
I20260710 11:08:00.662160 30659 consensus_queue.cc:237] T d74e7130459a493b97acc38d85d07a0e P cab22001f50a4d66a0af457ef50c08e0 [LEADER]: Queue going to LEADER mode. State: All replicated index: 0, Majority replicated index: 2, Committed index: 2, Last appended: 2.2, Last appended by leader: 2, Current term: 3, Majority size: 2, State: 0, Mode: LEADER, active raft config: opid_index: -1 OBSOLETE_local: false peers { permanent_uuid: "d2df6dea7bb54e6189e999ffef0f8905" member_type: VOTER last_known_addr { host: "127.29.5.3" port: 36121 } } peers { permanent_uuid: "953a61f8a72145b89e88849ce5a6b4ae" member_type: VOTER last_known_addr { host: "127.29.5.1" port: 41923 } } peers { permanent_uuid: "cab22001f50a4d66a0af457ef50c08e0" member_type: VOTER last_known_addr { host: "127.29.5.2" port: 43033 } }
I20260710 11:08:00.669515 30231 catalog_manager.cc:5697] T d74e7130459a493b97acc38d85d07a0e P cab22001f50a4d66a0af457ef50c08e0 reported cstate change: term changed from 2 to 3, leader changed from 953a61f8a72145b89e88849ce5a6b4ae (127.29.5.1) to cab22001f50a4d66a0af457ef50c08e0 (127.29.5.2). New cstate: current_term: 3 leader_uuid: "cab22001f50a4d66a0af457ef50c08e0" committed_config { opid_index: -1 OBSOLETE_local: false peers { permanent_uuid: "d2df6dea7bb54e6189e999ffef0f8905" member_type: VOTER last_known_addr { host: "127.29.5.3" port: 36121 } health_report { overall_health: UNKNOWN } } peers { permanent_uuid: "953a61f8a72145b89e88849ce5a6b4ae" member_type: VOTER last_known_addr { host: "127.29.5.1" port: 41923 } health_report { overall_health: UNKNOWN } } peers { permanent_uuid: "cab22001f50a4d66a0af457ef50c08e0" member_type: VOTER last_known_addr { host: "127.29.5.2" port: 43033 } health_report { overall_health: HEALTHY } } }
I20260710 11:08:00.770130 30335 raft_consensus.cc:1275] T a7f156f69f5e4ad1a4e0cb116a1d39d9 P 953a61f8a72145b89e88849ce5a6b4ae [term 4 FOLLOWER]: Refusing update from remote peer d2df6dea7bb54e6189e999ffef0f8905: Log matching property violated. Preceding OpId in replica: term: 3 index: 3. Preceding OpId from leader: term: 4 index: 4. (index mismatch)
I20260710 11:08:00.771574 30635 consensus_queue.cc:1048] T a7f156f69f5e4ad1a4e0cb116a1d39d9 P d2df6dea7bb54e6189e999ffef0f8905 [LEADER]: Connected to new peer: Peer: permanent_uuid: "953a61f8a72145b89e88849ce5a6b4ae" member_type: VOTER last_known_addr { host: "127.29.5.1" port: 41923 }, Status: LMP_MISMATCH, Last received: 0.0, Next index: 4, Last known committed idx: 3, Time since last communication: 0.000s
I20260710 11:08:00.781580 30410 raft_consensus.cc:1275] T a7f156f69f5e4ad1a4e0cb116a1d39d9 P cab22001f50a4d66a0af457ef50c08e0 [term 4 FOLLOWER]: Refusing update from remote peer d2df6dea7bb54e6189e999ffef0f8905: Log matching property violated. Preceding OpId in replica: term: 3 index: 3. Preceding OpId from leader: term: 4 index: 4. (index mismatch)
I20260710 11:08:00.783631 30688 consensus_queue.cc:1048] T a7f156f69f5e4ad1a4e0cb116a1d39d9 P d2df6dea7bb54e6189e999ffef0f8905 [LEADER]: Connected to new peer: Peer: permanent_uuid: "cab22001f50a4d66a0af457ef50c08e0" member_type: VOTER last_known_addr { host: "127.29.5.2" port: 43033 }, Status: LMP_MISMATCH, Last received: 0.0, Next index: 4, Last known committed idx: 3, Time since last communication: 0.001s
I20260710 11:08:00.937223 30485 raft_consensus.cc:1275] T 64705ef26f624815a7f2e21fc5e6c62d P d2df6dea7bb54e6189e999ffef0f8905 [term 5 FOLLOWER]: Refusing update from remote peer cab22001f50a4d66a0af457ef50c08e0: Log matching property violated. Preceding OpId in replica: term: 4 index: 3. Preceding OpId from leader: term: 5 index: 4. (index mismatch)
I20260710 11:08:00.938469 30659 consensus_queue.cc:1048] T 64705ef26f624815a7f2e21fc5e6c62d P cab22001f50a4d66a0af457ef50c08e0 [LEADER]: Connected to new peer: Peer: permanent_uuid: "d2df6dea7bb54e6189e999ffef0f8905" member_type: VOTER last_known_addr { host: "127.29.5.3" port: 36121 }, Status: LMP_MISMATCH, Last received: 0.0, Next index: 4, Last known committed idx: 3, Time since last communication: 0.000s
I20260710 11:08:00.943869 30410 raft_consensus.cc:1275] T b60b755ed39740bc9d2ffecb252b35da P cab22001f50a4d66a0af457ef50c08e0 [term 2 FOLLOWER]: Refusing update from remote peer d2df6dea7bb54e6189e999ffef0f8905: Log matching property violated. Preceding OpId in replica: term: 1 index: 1. Preceding OpId from leader: term: 2 index: 2. (index mismatch)
I20260710 11:08:00.945377 30688 consensus_queue.cc:1048] T b60b755ed39740bc9d2ffecb252b35da P d2df6dea7bb54e6189e999ffef0f8905 [LEADER]: Connected to new peer: Peer: permanent_uuid: "cab22001f50a4d66a0af457ef50c08e0" member_type: VOTER last_known_addr { host: "127.29.5.2" port: 43033 }, Status: LMP_MISMATCH, Last received: 0.0, Next index: 2, Last known committed idx: 1, Time since last communication: 0.000s
I20260710 11:08:00.948873 30335 raft_consensus.cc:1275] T 64705ef26f624815a7f2e21fc5e6c62d P 953a61f8a72145b89e88849ce5a6b4ae [term 5 FOLLOWER]: Refusing update from remote peer cab22001f50a4d66a0af457ef50c08e0: Log matching property violated. Preceding OpId in replica: term: 4 index: 3. Preceding OpId from leader: term: 5 index: 4. (index mismatch)
I20260710 11:08:00.952042 30697 consensus_queue.cc:1048] T 64705ef26f624815a7f2e21fc5e6c62d P cab22001f50a4d66a0af457ef50c08e0 [LEADER]: Connected to new peer: Peer: permanent_uuid: "953a61f8a72145b89e88849ce5a6b4ae" member_type: VOTER last_known_addr { host: "127.29.5.1" port: 41923 }, Status: LMP_MISMATCH, Last received: 0.0, Next index: 4, Last known committed idx: 3, Time since last communication: 0.001s
I20260710 11:08:00.964207 30335 raft_consensus.cc:1275] T b60b755ed39740bc9d2ffecb252b35da P 953a61f8a72145b89e88849ce5a6b4ae [term 2 FOLLOWER]: Refusing update from remote peer d2df6dea7bb54e6189e999ffef0f8905: Log matching property violated. Preceding OpId in replica: term: 1 index: 1. Preceding OpId from leader: term: 2 index: 2. (index mismatch)
I20260710 11:08:00.966571 30688 consensus_queue.cc:1048] T b60b755ed39740bc9d2ffecb252b35da P d2df6dea7bb54e6189e999ffef0f8905 [LEADER]: Connected to new peer: Peer: permanent_uuid: "953a61f8a72145b89e88849ce5a6b4ae" member_type: VOTER last_known_addr { host: "127.29.5.1" port: 41923 }, Status: LMP_MISMATCH, Last received: 0.0, Next index: 2, Last known committed idx: 1, Time since last communication: 0.000s
I20260710 11:08:01.184458 30485 raft_consensus.cc:1275] T d74e7130459a493b97acc38d85d07a0e P d2df6dea7bb54e6189e999ffef0f8905 [term 3 FOLLOWER]: Refusing update from remote peer cab22001f50a4d66a0af457ef50c08e0: Log matching property violated. Preceding OpId in replica: term: 2 index: 2. Preceding OpId from leader: term: 3 index: 3. (index mismatch)
I20260710 11:08:01.185993 30686 consensus_queue.cc:1048] T d74e7130459a493b97acc38d85d07a0e P cab22001f50a4d66a0af457ef50c08e0 [LEADER]: Connected to new peer: Peer: permanent_uuid: "d2df6dea7bb54e6189e999ffef0f8905" member_type: VOTER last_known_addr { host: "127.29.5.3" port: 36121 }, Status: LMP_MISMATCH, Last received: 0.0, Next index: 3, Last known committed idx: 2, Time since last communication: 0.000s
I20260710 11:08:01.195389 30334 raft_consensus.cc:1275] T d74e7130459a493b97acc38d85d07a0e P 953a61f8a72145b89e88849ce5a6b4ae [term 3 FOLLOWER]: Refusing update from remote peer cab22001f50a4d66a0af457ef50c08e0: Log matching property violated. Preceding OpId in replica: term: 2 index: 2. Preceding OpId from leader: term: 3 index: 3. (index mismatch)
I20260710 11:08:01.196841 30686 consensus_queue.cc:1048] T d74e7130459a493b97acc38d85d07a0e P cab22001f50a4d66a0af457ef50c08e0 [LEADER]: Connected to new peer: Peer: permanent_uuid: "953a61f8a72145b89e88849ce5a6b4ae" member_type: VOTER last_known_addr { host: "127.29.5.1" port: 41923 }, Status: LMP_MISMATCH, Last received: 0.0, Next index: 3, Last known committed idx: 2, Time since last communication: 0.000s
I20260710 11:08:01.295958 29716 auto_leader_rebalancer.cc:141] leader rebalance for table test-workload
I20260710 11:08:01.303007 29716 tablet_server.cc:179] TabletServer@127.29.5.1:0 shutting down...
I20260710 11:08:01.329592 29716 ts_tablet_manager.cc:1507] Shutting down tablet manager...
I20260710 11:08:01.330581 29716 tablet_replica.cc:333] T b60b755ed39740bc9d2ffecb252b35da P 953a61f8a72145b89e88849ce5a6b4ae: stopping tablet replica
I20260710 11:08:01.331403 29716 raft_consensus.cc:2243] T b60b755ed39740bc9d2ffecb252b35da P 953a61f8a72145b89e88849ce5a6b4ae [term 2 FOLLOWER]: Raft consensus shutting down.
I20260710 11:08:01.331897 29716 raft_consensus.cc:2272] T b60b755ed39740bc9d2ffecb252b35da P 953a61f8a72145b89e88849ce5a6b4ae [term 2 FOLLOWER]: Raft consensus is shut down!
I20260710 11:08:01.334920 29716 tablet_replica.cc:333] T 7bd6a9bc1f4d4682a41b78571dbea67d P 953a61f8a72145b89e88849ce5a6b4ae: stopping tablet replica
I20260710 11:08:01.335470 29716 raft_consensus.cc:2243] T 7bd6a9bc1f4d4682a41b78571dbea67d P 953a61f8a72145b89e88849ce5a6b4ae [term 2 FOLLOWER]: Raft consensus shutting down.
I20260710 11:08:01.335891 29716 raft_consensus.cc:2272] T 7bd6a9bc1f4d4682a41b78571dbea67d P 953a61f8a72145b89e88849ce5a6b4ae [term 2 FOLLOWER]: Raft consensus is shut down!
I20260710 11:08:01.337828 29716 tablet_replica.cc:333] T a7f156f69f5e4ad1a4e0cb116a1d39d9 P 953a61f8a72145b89e88849ce5a6b4ae: stopping tablet replica
I20260710 11:08:01.338564 29716 raft_consensus.cc:2243] T a7f156f69f5e4ad1a4e0cb116a1d39d9 P 953a61f8a72145b89e88849ce5a6b4ae [term 4 FOLLOWER]: Raft consensus shutting down.
I20260710 11:08:01.339102 29716 raft_consensus.cc:2272] T a7f156f69f5e4ad1a4e0cb116a1d39d9 P 953a61f8a72145b89e88849ce5a6b4ae [term 4 FOLLOWER]: Raft consensus is shut down!
I20260710 11:08:01.342350 29716 tablet_replica.cc:333] T 9feef43fcdf94245a680de26c9690819 P 953a61f8a72145b89e88849ce5a6b4ae: stopping tablet replica
I20260710 11:08:01.342912 29716 raft_consensus.cc:2243] T 9feef43fcdf94245a680de26c9690819 P 953a61f8a72145b89e88849ce5a6b4ae [term 4 LEADER]: Raft consensus shutting down.
I20260710 11:08:01.343830 29716 raft_consensus.cc:2272] T 9feef43fcdf94245a680de26c9690819 P 953a61f8a72145b89e88849ce5a6b4ae [term 4 FOLLOWER]: Raft consensus is shut down!
I20260710 11:08:01.345885 29716 tablet_replica.cc:333] T 2decab2605964b0db8d70c1150daf8ee P 953a61f8a72145b89e88849ce5a6b4ae: stopping tablet replica
I20260710 11:08:01.346482 29716 raft_consensus.cc:2243] T 2decab2605964b0db8d70c1150daf8ee P 953a61f8a72145b89e88849ce5a6b4ae [term 2 FOLLOWER]: Raft consensus shutting down.
I20260710 11:08:01.346944 29716 raft_consensus.cc:2272] T 2decab2605964b0db8d70c1150daf8ee P 953a61f8a72145b89e88849ce5a6b4ae [term 2 FOLLOWER]: Raft consensus is shut down!
I20260710 11:08:01.348770 29716 tablet_replica.cc:333] T a789d5c6d6e348b48902b44918b7555e P 953a61f8a72145b89e88849ce5a6b4ae: stopping tablet replica
I20260710 11:08:01.349324 29716 raft_consensus.cc:2243] T a789d5c6d6e348b48902b44918b7555e P 953a61f8a72145b89e88849ce5a6b4ae [term 2 LEADER]: Raft consensus shutting down.
I20260710 11:08:01.350194 29716 raft_consensus.cc:2272] T a789d5c6d6e348b48902b44918b7555e P 953a61f8a72145b89e88849ce5a6b4ae [term 2 FOLLOWER]: Raft consensus is shut down!
I20260710 11:08:01.351969 29716 tablet_replica.cc:333] T 3f71ed65ea104f8291331a972e5c4752 P 953a61f8a72145b89e88849ce5a6b4ae: stopping tablet replica
I20260710 11:08:01.352500 29716 raft_consensus.cc:2243] T 3f71ed65ea104f8291331a972e5c4752 P 953a61f8a72145b89e88849ce5a6b4ae [term 4 LEADER]: Raft consensus shutting down.
I20260710 11:08:01.353346 29716 raft_consensus.cc:2272] T 3f71ed65ea104f8291331a972e5c4752 P 953a61f8a72145b89e88849ce5a6b4ae [term 4 FOLLOWER]: Raft consensus is shut down!
I20260710 11:08:01.355151 29716 tablet_replica.cc:333] T d74e7130459a493b97acc38d85d07a0e P 953a61f8a72145b89e88849ce5a6b4ae: stopping tablet replica
I20260710 11:08:01.355654 29716 raft_consensus.cc:2243] T d74e7130459a493b97acc38d85d07a0e P 953a61f8a72145b89e88849ce5a6b4ae [term 3 FOLLOWER]: Raft consensus shutting down.
I20260710 11:08:01.356072 29716 raft_consensus.cc:2272] T d74e7130459a493b97acc38d85d07a0e P 953a61f8a72145b89e88849ce5a6b4ae [term 3 FOLLOWER]: Raft consensus is shut down!
I20260710 11:08:01.358251 29716 tablet_replica.cc:333] T 64705ef26f624815a7f2e21fc5e6c62d P 953a61f8a72145b89e88849ce5a6b4ae: stopping tablet replica
I20260710 11:08:01.358740 29716 raft_consensus.cc:2243] T 64705ef26f624815a7f2e21fc5e6c62d P 953a61f8a72145b89e88849ce5a6b4ae [term 5 FOLLOWER]: Raft consensus shutting down.
I20260710 11:08:01.359171 29716 raft_consensus.cc:2272] T 64705ef26f624815a7f2e21fc5e6c62d P 953a61f8a72145b89e88849ce5a6b4ae [term 5 FOLLOWER]: Raft consensus is shut down!
I20260710 11:08:01.361707 29716 tablet_replica.cc:333] T 0b169f0efca24240a5e5e380f6c51205 P 953a61f8a72145b89e88849ce5a6b4ae: stopping tablet replica
I20260710 11:08:01.362275 29716 raft_consensus.cc:2243] T 0b169f0efca24240a5e5e380f6c51205 P 953a61f8a72145b89e88849ce5a6b4ae [term 2 LEADER]: Raft consensus shutting down.
I20260710 11:08:01.363049 29716 raft_consensus.cc:2272] T 0b169f0efca24240a5e5e380f6c51205 P 953a61f8a72145b89e88849ce5a6b4ae [term 2 FOLLOWER]: Raft consensus is shut down!
W20260710 11:08:01.370317 30448 proxy.cc:239] Call had error, refreshing address and retrying: Remote error: Service unavailable: service kudu.consensus.ConsensusService not registered on TabletServer [suppressed 2 similar messages]
W20260710 11:08:01.374192 30448 consensus_peers.cc:597] T a7f156f69f5e4ad1a4e0cb116a1d39d9 P d2df6dea7bb54e6189e999ffef0f8905 -> Peer 953a61f8a72145b89e88849ce5a6b4ae (127.29.5.1:41923): Couldn't send request to peer 953a61f8a72145b89e88849ce5a6b4ae. Status: Remote error: Service unavailable: service kudu.consensus.ConsensusService not registered on TabletServer. This is attempt 1: this message will repeat every 5th retry.
I20260710 11:08:01.386170 29716 tablet_server.cc:196] TabletServer@127.29.5.1:0 shutdown complete.
I20260710 11:08:01.407724 29716 tablet_server.cc:179] TabletServer@127.29.5.2:0 shutting down...
W20260710 11:08:01.425254 30448 consensus_peers.cc:597] T 2decab2605964b0db8d70c1150daf8ee P d2df6dea7bb54e6189e999ffef0f8905 -> Peer 953a61f8a72145b89e88849ce5a6b4ae (127.29.5.1:41923): Couldn't send request to peer 953a61f8a72145b89e88849ce5a6b4ae. Status: Network error: Client connection negotiation failed: client connection to 127.29.5.1:41923: connect: Connection refused (error 111). This is attempt 1: this message will repeat every 5th retry.
W20260710 11:08:01.434062 30448 consensus_peers.cc:597] T b60b755ed39740bc9d2ffecb252b35da P d2df6dea7bb54e6189e999ffef0f8905 -> Peer cab22001f50a4d66a0af457ef50c08e0 (127.29.5.2:43033): Couldn't send request to peer cab22001f50a4d66a0af457ef50c08e0. Status: Remote error: Service unavailable: service kudu.consensus.ConsensusService not registered on TabletServer. This is attempt 1: this message will repeat every 5th retry.
W20260710 11:08:01.439143 30374 consensus_peers.cc:597] T 7bd6a9bc1f4d4682a41b78571dbea67d P cab22001f50a4d66a0af457ef50c08e0 -> Peer 953a61f8a72145b89e88849ce5a6b4ae (127.29.5.1:41923): Couldn't send request to peer 953a61f8a72145b89e88849ce5a6b4ae. Status: Network error: Client connection negotiation failed: client connection to 127.29.5.1:41923: connect: Connection refused (error 111). This is attempt 1: this message will repeat every 5th retry.
I20260710 11:08:01.442595 29716 ts_tablet_manager.cc:1507] Shutting down tablet manager...
I20260710 11:08:01.443210 29716 tablet_replica.cc:333] T 64705ef26f624815a7f2e21fc5e6c62d P cab22001f50a4d66a0af457ef50c08e0: stopping tablet replica
I20260710 11:08:01.443806 29716 raft_consensus.cc:2243] T 64705ef26f624815a7f2e21fc5e6c62d P cab22001f50a4d66a0af457ef50c08e0 [term 5 LEADER]: Raft consensus shutting down.
I20260710 11:08:01.444569 29716 raft_consensus.cc:2272] T 64705ef26f624815a7f2e21fc5e6c62d P cab22001f50a4d66a0af457ef50c08e0 [term 5 FOLLOWER]: Raft consensus is shut down!
I20260710 11:08:01.446717 29716 tablet_replica.cc:333] T 9feef43fcdf94245a680de26c9690819 P cab22001f50a4d66a0af457ef50c08e0: stopping tablet replica
I20260710 11:08:01.447237 29716 raft_consensus.cc:2243] T 9feef43fcdf94245a680de26c9690819 P cab22001f50a4d66a0af457ef50c08e0 [term 4 FOLLOWER]: Raft consensus shutting down.
I20260710 11:08:01.447664 29716 raft_consensus.cc:2272] T 9feef43fcdf94245a680de26c9690819 P cab22001f50a4d66a0af457ef50c08e0 [term 4 FOLLOWER]: Raft consensus is shut down!
I20260710 11:08:01.449481 29716 tablet_replica.cc:333] T 7bd6a9bc1f4d4682a41b78571dbea67d P cab22001f50a4d66a0af457ef50c08e0: stopping tablet replica
I20260710 11:08:01.450017 29716 raft_consensus.cc:2243] T 7bd6a9bc1f4d4682a41b78571dbea67d P cab22001f50a4d66a0af457ef50c08e0 [term 2 LEADER]: Raft consensus shutting down.
I20260710 11:08:01.450837 29716 raft_consensus.cc:2272] T 7bd6a9bc1f4d4682a41b78571dbea67d P cab22001f50a4d66a0af457ef50c08e0 [term 2 FOLLOWER]: Raft consensus is shut down!
I20260710 11:08:01.452880 29716 tablet_replica.cc:333] T a7f156f69f5e4ad1a4e0cb116a1d39d9 P cab22001f50a4d66a0af457ef50c08e0: stopping tablet replica
I20260710 11:08:01.453374 29716 raft_consensus.cc:2243] T a7f156f69f5e4ad1a4e0cb116a1d39d9 P cab22001f50a4d66a0af457ef50c08e0 [term 4 FOLLOWER]: Raft consensus shutting down.
I20260710 11:08:01.453791 29716 raft_consensus.cc:2272] T a7f156f69f5e4ad1a4e0cb116a1d39d9 P cab22001f50a4d66a0af457ef50c08e0 [term 4 FOLLOWER]: Raft consensus is shut down!
I20260710 11:08:01.455997 29716 tablet_replica.cc:333] T b60b755ed39740bc9d2ffecb252b35da P cab22001f50a4d66a0af457ef50c08e0: stopping tablet replica
I20260710 11:08:01.456544 29716 raft_consensus.cc:2243] T b60b755ed39740bc9d2ffecb252b35da P cab22001f50a4d66a0af457ef50c08e0 [term 2 FOLLOWER]: Raft consensus shutting down.
I20260710 11:08:01.456954 29716 raft_consensus.cc:2272] T b60b755ed39740bc9d2ffecb252b35da P cab22001f50a4d66a0af457ef50c08e0 [term 2 FOLLOWER]: Raft consensus is shut down!
I20260710 11:08:01.459091 29716 tablet_replica.cc:333] T a789d5c6d6e348b48902b44918b7555e P cab22001f50a4d66a0af457ef50c08e0: stopping tablet replica
I20260710 11:08:01.459614 29716 raft_consensus.cc:2243] T a789d5c6d6e348b48902b44918b7555e P cab22001f50a4d66a0af457ef50c08e0 [term 2 FOLLOWER]: Raft consensus shutting down.
I20260710 11:08:01.460057 29716 raft_consensus.cc:2272] T a789d5c6d6e348b48902b44918b7555e P cab22001f50a4d66a0af457ef50c08e0 [term 2 FOLLOWER]: Raft consensus is shut down!
I20260710 11:08:01.462376 29716 tablet_replica.cc:333] T 2decab2605964b0db8d70c1150daf8ee P cab22001f50a4d66a0af457ef50c08e0: stopping tablet replica
I20260710 11:08:01.463030 29716 raft_consensus.cc:2243] T 2decab2605964b0db8d70c1150daf8ee P cab22001f50a4d66a0af457ef50c08e0 [term 2 FOLLOWER]: Raft consensus shutting down.
I20260710 11:08:01.463593 29716 raft_consensus.cc:2272] T 2decab2605964b0db8d70c1150daf8ee P cab22001f50a4d66a0af457ef50c08e0 [term 2 FOLLOWER]: Raft consensus is shut down!
W20260710 11:08:01.465126 30448 consensus_peers.cc:597] T b60b755ed39740bc9d2ffecb252b35da P d2df6dea7bb54e6189e999ffef0f8905 -> Peer 953a61f8a72145b89e88849ce5a6b4ae (127.29.5.1:41923): Couldn't send request to peer 953a61f8a72145b89e88849ce5a6b4ae. Status: Network error: Client connection negotiation failed: client connection to 127.29.5.1:41923: connect: Connection refused (error 111). This is attempt 1: this message will repeat every 5th retry.
I20260710 11:08:01.465806 29716 tablet_replica.cc:333] T d74e7130459a493b97acc38d85d07a0e P cab22001f50a4d66a0af457ef50c08e0: stopping tablet replica
I20260710 11:08:01.466444 29716 raft_consensus.cc:2243] T d74e7130459a493b97acc38d85d07a0e P cab22001f50a4d66a0af457ef50c08e0 [term 3 LEADER]: Raft consensus shutting down.
I20260710 11:08:01.467218 29716 raft_consensus.cc:2272] T d74e7130459a493b97acc38d85d07a0e P cab22001f50a4d66a0af457ef50c08e0 [term 3 FOLLOWER]: Raft consensus is shut down!
I20260710 11:08:01.469233 29716 tablet_replica.cc:333] T 3f71ed65ea104f8291331a972e5c4752 P cab22001f50a4d66a0af457ef50c08e0: stopping tablet replica
I20260710 11:08:01.469712 29716 raft_consensus.cc:2243] T 3f71ed65ea104f8291331a972e5c4752 P cab22001f50a4d66a0af457ef50c08e0 [term 4 FOLLOWER]: Raft consensus shutting down.
I20260710 11:08:01.470186 29716 raft_consensus.cc:2272] T 3f71ed65ea104f8291331a972e5c4752 P cab22001f50a4d66a0af457ef50c08e0 [term 4 FOLLOWER]: Raft consensus is shut down!
I20260710 11:08:01.471757 29716 tablet_replica.cc:333] T 0b169f0efca24240a5e5e380f6c51205 P cab22001f50a4d66a0af457ef50c08e0: stopping tablet replica
I20260710 11:08:01.472191 29716 raft_consensus.cc:2243] T 0b169f0efca24240a5e5e380f6c51205 P cab22001f50a4d66a0af457ef50c08e0 [term 2 FOLLOWER]: Raft consensus shutting down.
I20260710 11:08:01.472597 29716 raft_consensus.cc:2272] T 0b169f0efca24240a5e5e380f6c51205 P cab22001f50a4d66a0af457ef50c08e0 [term 2 FOLLOWER]: Raft consensus is shut down!
I20260710 11:08:01.500434 29716 tablet_server.cc:196] TabletServer@127.29.5.2:0 shutdown complete.
I20260710 11:08:01.519469 29716 tablet_server.cc:179] TabletServer@127.29.5.3:0 shutting down...
I20260710 11:08:01.544699 29716 ts_tablet_manager.cc:1507] Shutting down tablet manager...
I20260710 11:08:01.545383 29716 tablet_replica.cc:333] T b60b755ed39740bc9d2ffecb252b35da P d2df6dea7bb54e6189e999ffef0f8905: stopping tablet replica
I20260710 11:08:01.546149 29716 raft_consensus.cc:2243] T b60b755ed39740bc9d2ffecb252b35da P d2df6dea7bb54e6189e999ffef0f8905 [term 2 LEADER]: Raft consensus shutting down.
I20260710 11:08:01.546953 29716 raft_consensus.cc:2272] T b60b755ed39740bc9d2ffecb252b35da P d2df6dea7bb54e6189e999ffef0f8905 [term 2 FOLLOWER]: Raft consensus is shut down!
I20260710 11:08:01.549338 29716 tablet_replica.cc:333] T 7bd6a9bc1f4d4682a41b78571dbea67d P d2df6dea7bb54e6189e999ffef0f8905: stopping tablet replica
I20260710 11:08:01.549971 29716 raft_consensus.cc:2243] T 7bd6a9bc1f4d4682a41b78571dbea67d P d2df6dea7bb54e6189e999ffef0f8905 [term 2 FOLLOWER]: Raft consensus shutting down.
I20260710 11:08:01.550498 29716 raft_consensus.cc:2272] T 7bd6a9bc1f4d4682a41b78571dbea67d P d2df6dea7bb54e6189e999ffef0f8905 [term 2 FOLLOWER]: Raft consensus is shut down!
I20260710 11:08:01.552206 29716 tablet_replica.cc:333] T a7f156f69f5e4ad1a4e0cb116a1d39d9 P d2df6dea7bb54e6189e999ffef0f8905: stopping tablet replica
I20260710 11:08:01.552662 29716 raft_consensus.cc:2243] T a7f156f69f5e4ad1a4e0cb116a1d39d9 P d2df6dea7bb54e6189e999ffef0f8905 [term 4 LEADER]: Raft consensus shutting down.
I20260710 11:08:01.553323 29716 raft_consensus.cc:2272] T a7f156f69f5e4ad1a4e0cb116a1d39d9 P d2df6dea7bb54e6189e999ffef0f8905 [term 4 FOLLOWER]: Raft consensus is shut down!
I20260710 11:08:01.555179 29716 tablet_replica.cc:333] T 64705ef26f624815a7f2e21fc5e6c62d P d2df6dea7bb54e6189e999ffef0f8905: stopping tablet replica
I20260710 11:08:01.555663 29716 raft_consensus.cc:2243] T 64705ef26f624815a7f2e21fc5e6c62d P d2df6dea7bb54e6189e999ffef0f8905 [term 5 FOLLOWER]: Raft consensus shutting down.
I20260710 11:08:01.556033 29716 raft_consensus.cc:2272] T 64705ef26f624815a7f2e21fc5e6c62d P d2df6dea7bb54e6189e999ffef0f8905 [term 5 FOLLOWER]: Raft consensus is shut down!
I20260710 11:08:01.557886 29716 tablet_replica.cc:333] T 9feef43fcdf94245a680de26c9690819 P d2df6dea7bb54e6189e999ffef0f8905: stopping tablet replica
I20260710 11:08:01.558390 29716 raft_consensus.cc:2243] T 9feef43fcdf94245a680de26c9690819 P d2df6dea7bb54e6189e999ffef0f8905 [term 4 FOLLOWER]: Raft consensus shutting down.
I20260710 11:08:01.558753 29716 raft_consensus.cc:2272] T 9feef43fcdf94245a680de26c9690819 P d2df6dea7bb54e6189e999ffef0f8905 [term 4 FOLLOWER]: Raft consensus is shut down!
I20260710 11:08:01.560178 29716 tablet_replica.cc:333] T 2decab2605964b0db8d70c1150daf8ee P d2df6dea7bb54e6189e999ffef0f8905: stopping tablet replica
I20260710 11:08:01.560622 29716 raft_consensus.cc:2243] T 2decab2605964b0db8d70c1150daf8ee P d2df6dea7bb54e6189e999ffef0f8905 [term 2 LEADER]: Raft consensus shutting down.
I20260710 11:08:01.561285 29716 raft_consensus.cc:2272] T 2decab2605964b0db8d70c1150daf8ee P d2df6dea7bb54e6189e999ffef0f8905 [term 2 FOLLOWER]: Raft consensus is shut down!
I20260710 11:08:01.562872 29716 tablet_replica.cc:333] T a789d5c6d6e348b48902b44918b7555e P d2df6dea7bb54e6189e999ffef0f8905: stopping tablet replica
I20260710 11:08:01.563285 29716 raft_consensus.cc:2243] T a789d5c6d6e348b48902b44918b7555e P d2df6dea7bb54e6189e999ffef0f8905 [term 2 FOLLOWER]: Raft consensus shutting down.
I20260710 11:08:01.563628 29716 raft_consensus.cc:2272] T a789d5c6d6e348b48902b44918b7555e P d2df6dea7bb54e6189e999ffef0f8905 [term 2 FOLLOWER]: Raft consensus is shut down!
I20260710 11:08:01.565033 29716 tablet_replica.cc:333] T 3f71ed65ea104f8291331a972e5c4752 P d2df6dea7bb54e6189e999ffef0f8905: stopping tablet replica
I20260710 11:08:01.565430 29716 raft_consensus.cc:2243] T 3f71ed65ea104f8291331a972e5c4752 P d2df6dea7bb54e6189e999ffef0f8905 [term 4 FOLLOWER]: Raft consensus shutting down.
I20260710 11:08:01.565768 29716 raft_consensus.cc:2272] T 3f71ed65ea104f8291331a972e5c4752 P d2df6dea7bb54e6189e999ffef0f8905 [term 4 FOLLOWER]: Raft consensus is shut down!
I20260710 11:08:01.567335 29716 tablet_replica.cc:333] T d74e7130459a493b97acc38d85d07a0e P d2df6dea7bb54e6189e999ffef0f8905: stopping tablet replica
I20260710 11:08:01.567768 29716 raft_consensus.cc:2243] T d74e7130459a493b97acc38d85d07a0e P d2df6dea7bb54e6189e999ffef0f8905 [term 3 FOLLOWER]: Raft consensus shutting down.
I20260710 11:08:01.568095 29716 raft_consensus.cc:2272] T d74e7130459a493b97acc38d85d07a0e P d2df6dea7bb54e6189e999ffef0f8905 [term 3 FOLLOWER]: Raft consensus is shut down!
I20260710 11:08:01.570175 29716 tablet_replica.cc:333] T 0b169f0efca24240a5e5e380f6c51205 P d2df6dea7bb54e6189e999ffef0f8905: stopping tablet replica
I20260710 11:08:01.570581 29716 raft_consensus.cc:2243] T 0b169f0efca24240a5e5e380f6c51205 P d2df6dea7bb54e6189e999ffef0f8905 [term 2 FOLLOWER]: Raft consensus shutting down.
I20260710 11:08:01.570945 29716 raft_consensus.cc:2272] T 0b169f0efca24240a5e5e380f6c51205 P d2df6dea7bb54e6189e999ffef0f8905 [term 2 FOLLOWER]: Raft consensus is shut down!
I20260710 11:08:01.598448 29716 tablet_server.cc:196] TabletServer@127.29.5.3:0 shutdown complete.
I20260710 11:08:01.620045 29716 master.cc:562] Master@127.29.5.62:39229 shutting down...
I20260710 11:08:01.641402 29716 raft_consensus.cc:2243] T 00000000000000000000000000000000 P 877d2bb4bed741a8a4deebaf29cf242d [term 1 LEADER]: Raft consensus shutting down.
I20260710 11:08:01.641937 29716 raft_consensus.cc:2272] T 00000000000000000000000000000000 P 877d2bb4bed741a8a4deebaf29cf242d [term 1 FOLLOWER]: Raft consensus is shut down!
I20260710 11:08:01.642299 29716 tablet_replica.cc:333] T 00000000000000000000000000000000 P 877d2bb4bed741a8a4deebaf29cf242d: stopping tablet replica
I20260710 11:08:01.661326 29716 master.cc:584] Master@127.29.5.62:39229 shutdown complete.
953a61f8a72145b89e88849ce5a6b4ae  4
cab22001f50a4d66a0af457ef50c08e0  5
d2df6dea7bb54e6189e999ffef0f8905  1
[       OK ] LeaderRebalancerTest.FunctionalTestForNotDivided (10212 ms)
[ RUN      ] LeaderRebalancerTest.AddTserver
I20260710 11:08:01.702512 29716 internal_mini_cluster.cc:156] Creating distributed mini masters. Addrs: 127.29.5.62:33229
I20260710 11:08:01.703642 29716 file_cache.cc:504] Constructed file cache file cache with capacity 419430
W20260710 11:08:01.709481 30707 instance_detector.cc:116] could not retrieve AWS instance metadata: Network error: curl error: HTTP response code said error: The requested URL returned error: 404
W20260710 11:08:01.709546 30708 instance_detector.cc:116] could not retrieve Azure instance metadata: Network error: curl error: HTTP response code said error: The requested URL returned error: 404
W20260710 11:08:01.710824 30710 instance_detector.cc:116] could not retrieve OpenStack instance metadata: Network error: curl error: HTTP response code said error: The requested URL returned error: 404
I20260710 11:08:01.711325 29716 server_base.cc:1061] running on GCE node
I20260710 11:08:01.712128 29716 hybrid_clock.cc:584] initializing the hybrid clock with 'system_unsync' time source
W20260710 11:08:01.712309 29716 system_unsync_time.cc:38] NTP support is disabled. Clock error bounds will not be accurate. This configuration is not suitable for distributed clusters.
I20260710 11:08:01.712491 29716 hybrid_clock.cc:648] HybridClock initialized: now 1783681681712476 us; error 0 us; skew 500 ppm
I20260710 11:08:01.713061 29716 server_base.cc:861] Flag tcmalloc_max_total_thread_cache_bytes is not working since tcmalloc is not enabled.
I20260710 11:08:01.715554 29716 webserver.cc:533] Webserver started at http://127.29.5.62:40311/ using document root <none> and password file <none>
I20260710 11:08:01.716027 29716 fs_manager.cc:362] Metadata directory not provided
I20260710 11:08:01.716233 29716 fs_manager.cc:368] Using write-ahead log directory (fs_wal_dir) as metadata directory
I20260710 11:08:01.716507 29716 server_base.cc:909] This appears to be a new deployment of Kudu; creating new FS layout
