I20260710 11:08:02.760886 32245 raft_consensus.cc:493] T 6d3d74845ec74dfeaa1e8b3db50ebb3e P 5fb82bffd823451da8c0873d8eb06146 [term 0 FOLLOWER]: Starting pre-election (no leader contacted us within the election timeout)
I20260710 11:08:02.761355 32245 raft_consensus.cc:515] T 6d3d74845ec74dfeaa1e8b3db50ebb3e P 5fb82bffd823451da8c0873d8eb06146 [term 0 FOLLOWER]: Starting pre-election with config: opid_index: -1 OBSOLETE_local: false peers { permanent_uuid: "ddf398983fa14088b3dda641fb553c94" member_type: VOTER last_known_addr { host: "127.30.58.1" port: 41255 } } peers { permanent_uuid: "404c774481ea4ba7a62d1f6ed1117a65" member_type: VOTER last_known_addr { host: "127.30.58.2" port: 44863 } } peers { permanent_uuid: "5fb82bffd823451da8c0873d8eb06146" member_type: VOTER last_known_addr { host: "127.30.58.3" port: 40389 } }
I20260710 11:08:02.763458 32245 leader_election.cc:290] T 6d3d74845ec74dfeaa1e8b3db50ebb3e P 5fb82bffd823451da8c0873d8eb06146 [CANDIDATE]: Term 1 pre-election: Requested pre-vote from peers ddf398983fa14088b3dda641fb553c94 (127.30.58.1:41255), 404c774481ea4ba7a62d1f6ed1117a65 (127.30.58.2:44863)
I20260710 11:08:02.764890 32043 tablet_service.cc:1917] Received RequestConsensusVote() RPC: tablet_id: "6d3d74845ec74dfeaa1e8b3db50ebb3e" candidate_uuid: "5fb82bffd823451da8c0873d8eb06146" candidate_term: 1 candidate_status { last_received { term: 0 index: 0 } } ignore_live_leader: false dest_uuid: "ddf398983fa14088b3dda641fb553c94" is_pre_election: true
I20260710 11:08:02.765662 32043 raft_consensus.cc:2468] T 6d3d74845ec74dfeaa1e8b3db50ebb3e P ddf398983fa14088b3dda641fb553c94 [term 0 FOLLOWER]: Leader pre-election vote request: Granting yes vote for candidate 5fb82bffd823451da8c0873d8eb06146 in term 0.
I20260710 11:08:02.768023 32118 tablet_service.cc:1917] Received RequestConsensusVote() RPC: tablet_id: "6d3d74845ec74dfeaa1e8b3db50ebb3e" candidate_uuid: "5fb82bffd823451da8c0873d8eb06146" candidate_term: 1 candidate_status { last_received { term: 0 index: 0 } } ignore_live_leader: false dest_uuid: "404c774481ea4ba7a62d1f6ed1117a65" is_pre_election: true
I20260710 11:08:02.768883 32118 raft_consensus.cc:2468] T 6d3d74845ec74dfeaa1e8b3db50ebb3e P 404c774481ea4ba7a62d1f6ed1117a65 [term 0 FOLLOWER]: Leader pre-election vote request: Granting yes vote for candidate 5fb82bffd823451da8c0873d8eb06146 in term 0.
I20260710 11:08:02.770198 32236 ts_tablet_manager.cc:1434] T ed9f3edfb90b40ae9ad1f075de375de1 P 5fb82bffd823451da8c0873d8eb06146: Time spent starting tablet: real 0.016s	user 0.005s	sys 0.000s
I20260710 11:08:02.770473 32156 leader_election.cc:304] T 6d3d74845ec74dfeaa1e8b3db50ebb3e P 5fb82bffd823451da8c0873d8eb06146 [CANDIDATE]: Term 1 pre-election: Election decided. Result: candidate won. Election summary: received 2 responses out of 3 voters: 2 yes votes; 0 no votes. yes voters: 5fb82bffd823451da8c0873d8eb06146, ddf398983fa14088b3dda641fb553c94; no voters: 
I20260710 11:08:02.772984 32245 raft_consensus.cc:2804] T 6d3d74845ec74dfeaa1e8b3db50ebb3e P 5fb82bffd823451da8c0873d8eb06146 [term 0 FOLLOWER]: Leader pre-election won for term 1
I20260710 11:08:02.773489 32245 raft_consensus.cc:493] T 6d3d74845ec74dfeaa1e8b3db50ebb3e P 5fb82bffd823451da8c0873d8eb06146 [term 0 FOLLOWER]: Starting leader election (no leader contacted us within the election timeout)
I20260710 11:08:02.774531 32245 raft_consensus.cc:3060] T 6d3d74845ec74dfeaa1e8b3db50ebb3e P 5fb82bffd823451da8c0873d8eb06146 [term 0 FOLLOWER]: Advancing to term 1
I20260710 11:08:02.776245 32236 tablet_bootstrap.cc:492] T 68ac6cbe5663473593534d0d981f1f86 P 5fb82bffd823451da8c0873d8eb06146: Bootstrap starting.
I20260710 11:08:02.778573 32232 tablet_bootstrap.cc:492] T 141eb4dcad3c4ecc9df6eae5fb89fb8d P 404c774481ea4ba7a62d1f6ed1117a65: No bootstrap required, opened a new log
I20260710 11:08:02.779106 32232 ts_tablet_manager.cc:1403] T 141eb4dcad3c4ecc9df6eae5fb89fb8d P 404c774481ea4ba7a62d1f6ed1117a65: Time spent bootstrapping tablet: real 0.026s	user 0.012s	sys 0.012s
I20260710 11:08:02.781414 32236 tablet_bootstrap.cc:654] T 68ac6cbe5663473593534d0d981f1f86 P 5fb82bffd823451da8c0873d8eb06146: Neither blocks nor log segments found. Creating new log.
I20260710 11:08:02.781762 32232 raft_consensus.cc:359] T 141eb4dcad3c4ecc9df6eae5fb89fb8d P 404c774481ea4ba7a62d1f6ed1117a65 [term 0 FOLLOWER]: Replica starting. Triggering 0 pending ops. Active config: opid_index: -1 OBSOLETE_local: false peers { permanent_uuid: "ddf398983fa14088b3dda641fb553c94" member_type: VOTER last_known_addr { host: "127.30.58.1" port: 41255 } } peers { permanent_uuid: "404c774481ea4ba7a62d1f6ed1117a65" member_type: VOTER last_known_addr { host: "127.30.58.2" port: 44863 } } peers { permanent_uuid: "5fb82bffd823451da8c0873d8eb06146" member_type: VOTER last_known_addr { host: "127.30.58.3" port: 40389 } }
I20260710 11:08:02.782452 32232 raft_consensus.cc:385] T 141eb4dcad3c4ecc9df6eae5fb89fb8d P 404c774481ea4ba7a62d1f6ed1117a65 [term 0 FOLLOWER]: Consensus starting up: Expiring failure detector timer to make a prompt election more likely
I20260710 11:08:02.782721 32232 raft_consensus.cc:740] T 141eb4dcad3c4ecc9df6eae5fb89fb8d P 404c774481ea4ba7a62d1f6ed1117a65 [term 0 FOLLOWER]: Becoming Follower/Learner. State: Replica: 404c774481ea4ba7a62d1f6ed1117a65, State: Initialized, Role: FOLLOWER
I20260710 11:08:02.783490 32232 consensus_queue.cc:260] T 141eb4dcad3c4ecc9df6eae5fb89fb8d P 404c774481ea4ba7a62d1f6ed1117a65 [NON_LEADER]: Queue going to NON_LEADER mode. State: All replicated index: 0, Majority replicated index: 0, Committed index: 0, Last appended: 0.0, Last appended by leader: 0, Current term: 0, Majority size: -1, State: 0, Mode: NON_LEADER, active raft config: opid_index: -1 OBSOLETE_local: false peers { permanent_uuid: "ddf398983fa14088b3dda641fb553c94" member_type: VOTER last_known_addr { host: "127.30.58.1" port: 41255 } } peers { permanent_uuid: "404c774481ea4ba7a62d1f6ed1117a65" member_type: VOTER last_known_addr { host: "127.30.58.2" port: 44863 } } peers { permanent_uuid: "5fb82bffd823451da8c0873d8eb06146" member_type: VOTER last_known_addr { host: "127.30.58.3" port: 40389 } }
I20260710 11:08:02.784994 32232 ts_tablet_manager.cc:1434] T 141eb4dcad3c4ecc9df6eae5fb89fb8d P 404c774481ea4ba7a62d1f6ed1117a65: Time spent starting tablet: real 0.006s	user 0.005s	sys 0.000s
I20260710 11:08:02.783869 32278 raft_consensus.cc:493] T 5bf16a0c38af4ef0ba32a4fd779170fd P 5fb82bffd823451da8c0873d8eb06146 [term 0 FOLLOWER]: Starting pre-election (no leader contacted us within the election timeout)
I20260710 11:08:02.790752 32234 tablet_bootstrap.cc:654] T 68ac6cbe5663473593534d0d981f1f86 P ddf398983fa14088b3dda641fb553c94: Neither blocks nor log segments found. Creating new log.
I20260710 11:08:02.791394 32232 tablet_bootstrap.cc:492] T e67c958cb7984dc6821ff2751f85afe4 P 404c774481ea4ba7a62d1f6ed1117a65: Bootstrap starting.
I20260710 11:08:02.782120 32245 raft_consensus.cc:515] T 6d3d74845ec74dfeaa1e8b3db50ebb3e P 5fb82bffd823451da8c0873d8eb06146 [term 1 FOLLOWER]: Starting leader election with config: opid_index: -1 OBSOLETE_local: false peers { permanent_uuid: "ddf398983fa14088b3dda641fb553c94" member_type: VOTER last_known_addr { host: "127.30.58.1" port: 41255 } } peers { permanent_uuid: "404c774481ea4ba7a62d1f6ed1117a65" member_type: VOTER last_known_addr { host: "127.30.58.2" port: 44863 } } peers { permanent_uuid: "5fb82bffd823451da8c0873d8eb06146" member_type: VOTER last_known_addr { host: "127.30.58.3" port: 40389 } }
I20260710 11:08:02.785578 32278 raft_consensus.cc:515] T 5bf16a0c38af4ef0ba32a4fd779170fd P 5fb82bffd823451da8c0873d8eb06146 [term 0 FOLLOWER]: Starting pre-election with config: opid_index: -1 OBSOLETE_local: false peers { permanent_uuid: "ddf398983fa14088b3dda641fb553c94" member_type: VOTER last_known_addr { host: "127.30.58.1" port: 41255 } } peers { permanent_uuid: "404c774481ea4ba7a62d1f6ed1117a65" member_type: VOTER last_known_addr { host: "127.30.58.2" port: 44863 } } peers { permanent_uuid: "5fb82bffd823451da8c0873d8eb06146" member_type: VOTER last_known_addr { host: "127.30.58.3" port: 40389 } }
I20260710 11:08:02.793442 32278 leader_election.cc:290] T 5bf16a0c38af4ef0ba32a4fd779170fd P 5fb82bffd823451da8c0873d8eb06146 [CANDIDATE]: Term 1 pre-election: Requested pre-vote from peers ddf398983fa14088b3dda641fb553c94 (127.30.58.1:41255), 404c774481ea4ba7a62d1f6ed1117a65 (127.30.58.2:44863)
I20260710 11:08:02.794938 32043 tablet_service.cc:1917] Received RequestConsensusVote() RPC: tablet_id: "6d3d74845ec74dfeaa1e8b3db50ebb3e" candidate_uuid: "5fb82bffd823451da8c0873d8eb06146" candidate_term: 1 candidate_status { last_received { term: 0 index: 0 } } ignore_live_leader: false dest_uuid: "ddf398983fa14088b3dda641fb553c94"
I20260710 11:08:02.795562 32043 raft_consensus.cc:3060] T 6d3d74845ec74dfeaa1e8b3db50ebb3e P ddf398983fa14088b3dda641fb553c94 [term 0 FOLLOWER]: Advancing to term 1
I20260710 11:08:02.797240 32232 tablet_bootstrap.cc:654] T e67c958cb7984dc6821ff2751f85afe4 P 404c774481ea4ba7a62d1f6ed1117a65: Neither blocks nor log segments found. Creating new log.
I20260710 11:08:02.797816 32042 tablet_service.cc:1917] Received RequestConsensusVote() RPC: tablet_id: "5bf16a0c38af4ef0ba32a4fd779170fd" candidate_uuid: "5fb82bffd823451da8c0873d8eb06146" candidate_term: 1 candidate_status { last_received { term: 0 index: 0 } } ignore_live_leader: false dest_uuid: "ddf398983fa14088b3dda641fb553c94" is_pre_election: true
I20260710 11:08:02.798712 32042 raft_consensus.cc:2468] T 5bf16a0c38af4ef0ba32a4fd779170fd P ddf398983fa14088b3dda641fb553c94 [term 0 FOLLOWER]: Leader pre-election vote request: Granting yes vote for candidate 5fb82bffd823451da8c0873d8eb06146 in term 0.
I20260710 11:08:02.800380 32118 tablet_service.cc:1917] Received RequestConsensusVote() RPC: tablet_id: "5bf16a0c38af4ef0ba32a4fd779170fd" candidate_uuid: "5fb82bffd823451da8c0873d8eb06146" candidate_term: 1 candidate_status { last_received { term: 0 index: 0 } } ignore_live_leader: false dest_uuid: "404c774481ea4ba7a62d1f6ed1117a65" is_pre_election: true
I20260710 11:08:02.801180 32118 raft_consensus.cc:2468] T 5bf16a0c38af4ef0ba32a4fd779170fd P 404c774481ea4ba7a62d1f6ed1117a65 [term 0 FOLLOWER]: Leader pre-election vote request: Granting yes vote for candidate 5fb82bffd823451da8c0873d8eb06146 in term 0.
I20260710 11:08:02.802922 32158 leader_election.cc:304] T 5bf16a0c38af4ef0ba32a4fd779170fd P 5fb82bffd823451da8c0873d8eb06146 [CANDIDATE]: Term 1 pre-election: Election decided. Result: candidate won. Election summary: received 2 responses out of 3 voters: 2 yes votes; 0 no votes. yes voters: 404c774481ea4ba7a62d1f6ed1117a65, 5fb82bffd823451da8c0873d8eb06146; no voters: 
I20260710 11:08:02.804425 32278 raft_consensus.cc:493] T ed9f3edfb90b40ae9ad1f075de375de1 P 5fb82bffd823451da8c0873d8eb06146 [term 0 FOLLOWER]: Starting pre-election (no leader contacted us within the election timeout)
I20260710 11:08:02.804983 32278 raft_consensus.cc:515] T ed9f3edfb90b40ae9ad1f075de375de1 P 5fb82bffd823451da8c0873d8eb06146 [term 0 FOLLOWER]: Starting pre-election with config: opid_index: -1 OBSOLETE_local: false peers { permanent_uuid: "ddf398983fa14088b3dda641fb553c94" member_type: VOTER last_known_addr { host: "127.30.58.1" port: 41255 } } peers { permanent_uuid: "404c774481ea4ba7a62d1f6ed1117a65" member_type: VOTER last_known_addr { host: "127.30.58.2" port: 44863 } } peers { permanent_uuid: "5fb82bffd823451da8c0873d8eb06146" member_type: VOTER last_known_addr { host: "127.30.58.3" port: 40389 } }
I20260710 11:08:02.809619 32042 tablet_service.cc:1917] Received RequestConsensusVote() RPC: tablet_id: "ed9f3edfb90b40ae9ad1f075de375de1" candidate_uuid: "5fb82bffd823451da8c0873d8eb06146" candidate_term: 1 candidate_status { last_received { term: 0 index: 0 } } ignore_live_leader: false dest_uuid: "ddf398983fa14088b3dda641fb553c94" is_pre_election: true
I20260710 11:08:02.810434 32042 raft_consensus.cc:2468] T ed9f3edfb90b40ae9ad1f075de375de1 P ddf398983fa14088b3dda641fb553c94 [term 0 FOLLOWER]: Leader pre-election vote request: Granting yes vote for candidate 5fb82bffd823451da8c0873d8eb06146 in term 0.
I20260710 11:08:02.810547 32278 leader_election.cc:290] T ed9f3edfb90b40ae9ad1f075de375de1 P 5fb82bffd823451da8c0873d8eb06146 [CANDIDATE]: Term 1 pre-election: Requested pre-vote from peers ddf398983fa14088b3dda641fb553c94 (127.30.58.1:41255), 404c774481ea4ba7a62d1f6ed1117a65 (127.30.58.2:44863)
I20260710 11:08:02.811419 32278 raft_consensus.cc:2804] T 5bf16a0c38af4ef0ba32a4fd779170fd P 5fb82bffd823451da8c0873d8eb06146 [term 0 FOLLOWER]: Leader pre-election won for term 1
I20260710 11:08:02.811975 32278 raft_consensus.cc:493] T 5bf16a0c38af4ef0ba32a4fd779170fd P 5fb82bffd823451da8c0873d8eb06146 [term 0 FOLLOWER]: Starting leader election (no leader contacted us within the election timeout)
I20260710 11:08:02.811815 32156 leader_election.cc:304] T ed9f3edfb90b40ae9ad1f075de375de1 P 5fb82bffd823451da8c0873d8eb06146 [CANDIDATE]: Term 1 pre-election: Election decided. Result: candidate won. Election summary: received 2 responses out of 3 voters: 2 yes votes; 0 no votes. yes voters: 5fb82bffd823451da8c0873d8eb06146, ddf398983fa14088b3dda641fb553c94; no voters: 
I20260710 11:08:02.816109 32278 raft_consensus.cc:3060] T 5bf16a0c38af4ef0ba32a4fd779170fd P 5fb82bffd823451da8c0873d8eb06146 [term 0 FOLLOWER]: Advancing to term 1
I20260710 11:08:02.819824 32043 raft_consensus.cc:2468] T 6d3d74845ec74dfeaa1e8b3db50ebb3e P ddf398983fa14088b3dda641fb553c94 [term 1 FOLLOWER]: Leader election vote request: Granting yes vote for candidate 5fb82bffd823451da8c0873d8eb06146 in term 1.
I20260710 11:08:02.823778 32156 leader_election.cc:304] T 6d3d74845ec74dfeaa1e8b3db50ebb3e P 5fb82bffd823451da8c0873d8eb06146 [CANDIDATE]: Term 1 election: Election decided. Result: candidate won. Election summary: received 2 responses out of 3 voters: 2 yes votes; 0 no votes. yes voters: 5fb82bffd823451da8c0873d8eb06146, ddf398983fa14088b3dda641fb553c94; no voters: 
I20260710 11:08:02.827853 32235 raft_consensus.cc:493] T fd4e759de72c47e79b23d270562cc295 P 404c774481ea4ba7a62d1f6ed1117a65 [term 0 FOLLOWER]: Starting pre-election (no leader contacted us within the election timeout)
I20260710 11:08:02.828539 32235 raft_consensus.cc:515] T fd4e759de72c47e79b23d270562cc295 P 404c774481ea4ba7a62d1f6ed1117a65 [term 0 FOLLOWER]: Starting pre-election with config: opid_index: -1 OBSOLETE_local: false peers { permanent_uuid: "ddf398983fa14088b3dda641fb553c94" member_type: VOTER last_known_addr { host: "127.30.58.1" port: 41255 } } peers { permanent_uuid: "404c774481ea4ba7a62d1f6ed1117a65" member_type: VOTER last_known_addr { host: "127.30.58.2" port: 44863 } } peers { permanent_uuid: "5fb82bffd823451da8c0873d8eb06146" member_type: VOTER last_known_addr { host: "127.30.58.3" port: 40389 } }
I20260710 11:08:02.833933 32235 leader_election.cc:290] T fd4e759de72c47e79b23d270562cc295 P 404c774481ea4ba7a62d1f6ed1117a65 [CANDIDATE]: Term 1 pre-election: Requested pre-vote from peers ddf398983fa14088b3dda641fb553c94 (127.30.58.1:41255), 5fb82bffd823451da8c0873d8eb06146 (127.30.58.3:40389)
I20260710 11:08:02.834956 32043 tablet_service.cc:1917] Received RequestConsensusVote() RPC: tablet_id: "fd4e759de72c47e79b23d270562cc295" candidate_uuid: "404c774481ea4ba7a62d1f6ed1117a65" candidate_term: 1 candidate_status { last_received { term: 0 index: 0 } } ignore_live_leader: false dest_uuid: "ddf398983fa14088b3dda641fb553c94" is_pre_election: true
W20260710 11:08:02.836714 32082 leader_election.cc:343] T fd4e759de72c47e79b23d270562cc295 P 404c774481ea4ba7a62d1f6ed1117a65 [CANDIDATE]: Term 1 pre-election: Tablet error from VoteRequest() call to peer ddf398983fa14088b3dda641fb553c94 (127.30.58.1:41255): Illegal state: must be running to vote when last-logged opid is not known
I20260710 11:08:02.841840 32235 raft_consensus.cc:493] T 68ac6cbe5663473593534d0d981f1f86 P 404c774481ea4ba7a62d1f6ed1117a65 [term 0 FOLLOWER]: Starting pre-election (no leader contacted us within the election timeout)
I20260710 11:08:02.842471 32235 raft_consensus.cc:515] T 68ac6cbe5663473593534d0d981f1f86 P 404c774481ea4ba7a62d1f6ed1117a65 [term 0 FOLLOWER]: Starting pre-election with config: opid_index: -1 OBSOLETE_local: false peers { permanent_uuid: "ddf398983fa14088b3dda641fb553c94" member_type: VOTER last_known_addr { host: "127.30.58.1" port: 41255 } } peers { permanent_uuid: "404c774481ea4ba7a62d1f6ed1117a65" member_type: VOTER last_known_addr { host: "127.30.58.2" port: 44863 } } peers { permanent_uuid: "5fb82bffd823451da8c0873d8eb06146" member_type: VOTER last_known_addr { host: "127.30.58.3" port: 40389 } }
I20260710 11:08:02.846031 32043 tablet_service.cc:1917] Received RequestConsensusVote() RPC: tablet_id: "68ac6cbe5663473593534d0d981f1f86" candidate_uuid: "404c774481ea4ba7a62d1f6ed1117a65" candidate_term: 1 candidate_status { last_received { term: 0 index: 0 } } ignore_live_leader: false dest_uuid: "ddf398983fa14088b3dda641fb553c94" is_pre_election: true
W20260710 11:08:02.847671 32082 leader_election.cc:343] T 68ac6cbe5663473593534d0d981f1f86 P 404c774481ea4ba7a62d1f6ed1117a65 [CANDIDATE]: Term 1 pre-election: Tablet error from VoteRequest() call to peer ddf398983fa14088b3dda641fb553c94 (127.30.58.1:41255): Illegal state: must be running to vote when last-logged opid is not known
I20260710 11:08:02.852046 32235 leader_election.cc:290] T 68ac6cbe5663473593534d0d981f1f86 P 404c774481ea4ba7a62d1f6ed1117a65 [CANDIDATE]: Term 1 pre-election: Requested pre-vote from peers ddf398983fa14088b3dda641fb553c94 (127.30.58.1:41255), 5fb82bffd823451da8c0873d8eb06146 (127.30.58.3:40389)
I20260710 11:08:02.820173 32245 leader_election.cc:290] T 6d3d74845ec74dfeaa1e8b3db50ebb3e P 5fb82bffd823451da8c0873d8eb06146 [CANDIDATE]: Term 1 election: Requested vote from peers ddf398983fa14088b3dda641fb553c94 (127.30.58.1:41255), 404c774481ea4ba7a62d1f6ed1117a65 (127.30.58.2:44863)
I20260710 11:08:02.854544 32245 raft_consensus.cc:2804] T ed9f3edfb90b40ae9ad1f075de375de1 P 5fb82bffd823451da8c0873d8eb06146 [term 0 FOLLOWER]: Leader pre-election won for term 1
I20260710 11:08:02.854995 32245 raft_consensus.cc:493] T ed9f3edfb90b40ae9ad1f075de375de1 P 5fb82bffd823451da8c0873d8eb06146 [term 0 FOLLOWER]: Starting leader election (no leader contacted us within the election timeout)
I20260710 11:08:02.855418 32245 raft_consensus.cc:3060] T ed9f3edfb90b40ae9ad1f075de375de1 P 5fb82bffd823451da8c0873d8eb06146 [term 0 FOLLOWER]: Advancing to term 1
I20260710 11:08:02.890893 32192 tablet_service.cc:1917] Received RequestConsensusVote() RPC: tablet_id: "fd4e759de72c47e79b23d270562cc295" candidate_uuid: "404c774481ea4ba7a62d1f6ed1117a65" candidate_term: 1 candidate_status { last_received { term: 0 index: 0 } } ignore_live_leader: false dest_uuid: "5fb82bffd823451da8c0873d8eb06146" is_pre_election: true
I20260710 11:08:02.891803 32192 raft_consensus.cc:2468] T fd4e759de72c47e79b23d270562cc295 P 5fb82bffd823451da8c0873d8eb06146 [term 0 FOLLOWER]: Leader pre-election vote request: Granting yes vote for candidate 404c774481ea4ba7a62d1f6ed1117a65 in term 0.
W20260710 11:08:02.893476 32156 outbound_call.cc:321] RPC callback for RPC call kudu.consensus.ConsensusService.RequestConsensusVote -> {remote=127.30.58.1:41255, user_credentials={real_user=slave}} blocked reactor thread for 69822.4us
I20260710 11:08:02.881960 32283 raft_consensus.cc:2804] T 6d3d74845ec74dfeaa1e8b3db50ebb3e P 5fb82bffd823451da8c0873d8eb06146 [term 1 FOLLOWER]: Leader election won for term 1
I20260710 11:08:02.897086 32234 tablet_bootstrap.cc:492] T 68ac6cbe5663473593534d0d981f1f86 P ddf398983fa14088b3dda641fb553c94: No bootstrap required, opened a new log
I20260710 11:08:02.897692 32234 ts_tablet_manager.cc:1403] T 68ac6cbe5663473593534d0d981f1f86 P ddf398983fa14088b3dda641fb553c94: Time spent bootstrapping tablet: real 0.139s	user 0.014s	sys 0.002s
W20260710 11:08:02.900779 32158 outbound_call.cc:321] RPC callback for RPC call kudu.consensus.ConsensusService.RequestConsensusVote -> {remote=127.30.58.2:44863, user_credentials={real_user=slave}} blocked reactor thread for 97966.4us
I20260710 11:08:02.901017 32234 raft_consensus.cc:359] T 68ac6cbe5663473593534d0d981f1f86 P ddf398983fa14088b3dda641fb553c94 [term 0 FOLLOWER]: Replica starting. Triggering 0 pending ops. Active config: opid_index: -1 OBSOLETE_local: false peers { permanent_uuid: "ddf398983fa14088b3dda641fb553c94" member_type: VOTER last_known_addr { host: "127.30.58.1" port: 41255 } } peers { permanent_uuid: "404c774481ea4ba7a62d1f6ed1117a65" member_type: VOTER last_known_addr { host: "127.30.58.2" port: 44863 } } peers { permanent_uuid: "5fb82bffd823451da8c0873d8eb06146" member_type: VOTER last_known_addr { host: "127.30.58.3" port: 40389 } }
I20260710 11:08:02.901952 32234 raft_consensus.cc:385] T 68ac6cbe5663473593534d0d981f1f86 P ddf398983fa14088b3dda641fb553c94 [term 0 FOLLOWER]: Consensus starting up: Expiring failure detector timer to make a prompt election more likely
I20260710 11:08:02.902311 32234 raft_consensus.cc:740] T 68ac6cbe5663473593534d0d981f1f86 P ddf398983fa14088b3dda641fb553c94 [term 0 FOLLOWER]: Becoming Follower/Learner. State: Replica: ddf398983fa14088b3dda641fb553c94, State: Initialized, Role: FOLLOWER
I20260710 11:08:02.903024 32118 tablet_service.cc:1917] Received RequestConsensusVote() RPC: tablet_id: "ed9f3edfb90b40ae9ad1f075de375de1" candidate_uuid: "5fb82bffd823451da8c0873d8eb06146" candidate_term: 1 candidate_status { last_received { term: 0 index: 0 } } ignore_live_leader: false dest_uuid: "404c774481ea4ba7a62d1f6ed1117a65" is_pre_election: true
I20260710 11:08:02.903128 32234 consensus_queue.cc:260] T 68ac6cbe5663473593534d0d981f1f86 P ddf398983fa14088b3dda641fb553c94 [NON_LEADER]: Queue going to NON_LEADER mode. State: All replicated index: 0, Majority replicated index: 0, Committed index: 0, Last appended: 0.0, Last appended by leader: 0, Current term: 0, Majority size: -1, State: 0, Mode: NON_LEADER, active raft config: opid_index: -1 OBSOLETE_local: false peers { permanent_uuid: "ddf398983fa14088b3dda641fb553c94" member_type: VOTER last_known_addr { host: "127.30.58.1" port: 41255 } } peers { permanent_uuid: "404c774481ea4ba7a62d1f6ed1117a65" member_type: VOTER last_known_addr { host: "127.30.58.2" port: 44863 } } peers { permanent_uuid: "5fb82bffd823451da8c0873d8eb06146" member_type: VOTER last_known_addr { host: "127.30.58.3" port: 40389 } }
I20260710 11:08:02.903975 32118 raft_consensus.cc:2468] T ed9f3edfb90b40ae9ad1f075de375de1 P 404c774481ea4ba7a62d1f6ed1117a65 [term 0 FOLLOWER]: Leader pre-election vote request: Granting yes vote for candidate 5fb82bffd823451da8c0873d8eb06146 in term 0.
I20260710 11:08:02.905462 32234 ts_tablet_manager.cc:1434] T 68ac6cbe5663473593534d0d981f1f86 P ddf398983fa14088b3dda641fb553c94: Time spent starting tablet: real 0.007s	user 0.006s	sys 0.000s
I20260710 11:08:02.906961 32118 tablet_service.cc:1917] Received RequestConsensusVote() RPC: tablet_id: "6d3d74845ec74dfeaa1e8b3db50ebb3e" candidate_uuid: "5fb82bffd823451da8c0873d8eb06146" candidate_term: 1 candidate_status { last_received { term: 0 index: 0 } } ignore_live_leader: false dest_uuid: "404c774481ea4ba7a62d1f6ed1117a65"
I20260710 11:08:02.907822 32118 raft_consensus.cc:3060] T 6d3d74845ec74dfeaa1e8b3db50ebb3e P 404c774481ea4ba7a62d1f6ed1117a65 [term 0 FOLLOWER]: Advancing to term 1
I20260710 11:08:02.895171 32282 raft_consensus.cc:493] T d865dee2db264cb18ee7c217a06cea01 P 5fb82bffd823451da8c0873d8eb06146 [term 0 FOLLOWER]: Starting pre-election (no leader contacted us within the election timeout)
I20260710 11:08:02.915841 32282 raft_consensus.cc:515] T d865dee2db264cb18ee7c217a06cea01 P 5fb82bffd823451da8c0873d8eb06146 [term 0 FOLLOWER]: Starting pre-election with config: opid_index: -1 OBSOLETE_local: false peers { permanent_uuid: "5fb82bffd823451da8c0873d8eb06146" member_type: VOTER last_known_addr { host: "127.30.58.3" port: 40389 } } peers { permanent_uuid: "ddf398983fa14088b3dda641fb553c94" member_type: VOTER last_known_addr { host: "127.30.58.1" port: 41255 } } peers { permanent_uuid: "404c774481ea4ba7a62d1f6ed1117a65" member_type: VOTER last_known_addr { host: "127.30.58.2" port: 44863 } }
I20260710 11:08:02.919241 32282 leader_election.cc:290] T d865dee2db264cb18ee7c217a06cea01 P 5fb82bffd823451da8c0873d8eb06146 [CANDIDATE]: Term 1 pre-election: Requested pre-vote from peers ddf398983fa14088b3dda641fb553c94 (127.30.58.1:41255), 404c774481ea4ba7a62d1f6ed1117a65 (127.30.58.2:44863)
I20260710 11:08:02.920403 32283 raft_consensus.cc:697] T 6d3d74845ec74dfeaa1e8b3db50ebb3e P 5fb82bffd823451da8c0873d8eb06146 [term 1 LEADER]: Becoming Leader. State: Replica: 5fb82bffd823451da8c0873d8eb06146, State: Running, Role: LEADER
I20260710 11:08:02.922510 32118 raft_consensus.cc:2468] T 6d3d74845ec74dfeaa1e8b3db50ebb3e P 404c774481ea4ba7a62d1f6ed1117a65 [term 1 FOLLOWER]: Leader election vote request: Granting yes vote for candidate 5fb82bffd823451da8c0873d8eb06146 in term 1.
I20260710 11:08:02.921300 32043 tablet_service.cc:1917] Received RequestConsensusVote() RPC: tablet_id: "d865dee2db264cb18ee7c217a06cea01" candidate_uuid: "5fb82bffd823451da8c0873d8eb06146" candidate_term: 1 candidate_status { last_received { term: 0 index: 0 } } ignore_live_leader: false dest_uuid: "ddf398983fa14088b3dda641fb553c94" is_pre_election: true
I20260710 11:08:02.923417 32234 tablet_bootstrap.cc:492] T fd4e759de72c47e79b23d270562cc295 P ddf398983fa14088b3dda641fb553c94: Bootstrap starting.
I20260710 11:08:02.887087 32278 raft_consensus.cc:515] T 5bf16a0c38af4ef0ba32a4fd779170fd P 5fb82bffd823451da8c0873d8eb06146 [term 1 FOLLOWER]: Starting leader election with config: opid_index: -1 OBSOLETE_local: false peers { permanent_uuid: "ddf398983fa14088b3dda641fb553c94" member_type: VOTER last_known_addr { host: "127.30.58.1" port: 41255 } } peers { permanent_uuid: "404c774481ea4ba7a62d1f6ed1117a65" member_type: VOTER last_known_addr { host: "127.30.58.2" port: 44863 } } peers { permanent_uuid: "5fb82bffd823451da8c0873d8eb06146" member_type: VOTER last_known_addr { host: "127.30.58.3" port: 40389 } }
W20260710 11:08:02.925637 32156 leader_election.cc:343] T d865dee2db264cb18ee7c217a06cea01 P 5fb82bffd823451da8c0873d8eb06146 [CANDIDATE]: Term 1 pre-election: Tablet error from VoteRequest() call to peer ddf398983fa14088b3dda641fb553c94 (127.30.58.1:41255): Illegal state: must be running to vote when last-logged opid is not known
I20260710 11:08:02.925976 32278 leader_election.cc:290] T 5bf16a0c38af4ef0ba32a4fd779170fd P 5fb82bffd823451da8c0873d8eb06146 [CANDIDATE]: Term 1 election: Requested vote from peers ddf398983fa14088b3dda641fb553c94 (127.30.58.1:41255), 404c774481ea4ba7a62d1f6ed1117a65 (127.30.58.2:44863)
I20260710 11:08:02.926297 32239 raft_consensus.cc:493] T 68ac6cbe5663473593534d0d981f1f86 P ddf398983fa14088b3dda641fb553c94 [term 0 FOLLOWER]: Starting pre-election (no leader contacted us within the election timeout)
I20260710 11:08:02.922631 32283 consensus_queue.cc:237] T 6d3d74845ec74dfeaa1e8b3db50ebb3e P 5fb82bffd823451da8c0873d8eb06146 [LEADER]: Queue going to LEADER mode. State: All replicated index: 0, Majority replicated index: 0, Committed index: 0, Last appended: 0.0, Last appended by leader: 0, Current term: 1, Majority size: 2, State: 0, Mode: LEADER, active raft config: opid_index: -1 OBSOLETE_local: false peers { permanent_uuid: "ddf398983fa14088b3dda641fb553c94" member_type: VOTER last_known_addr { host: "127.30.58.1" port: 41255 } } peers { permanent_uuid: "404c774481ea4ba7a62d1f6ed1117a65" member_type: VOTER last_known_addr { host: "127.30.58.2" port: 44863 } } peers { permanent_uuid: "5fb82bffd823451da8c0873d8eb06146" member_type: VOTER last_known_addr { host: "127.30.58.3" port: 40389 } }
I20260710 11:08:02.926331 32192 tablet_service.cc:1917] Received RequestConsensusVote() RPC: tablet_id: "68ac6cbe5663473593534d0d981f1f86" candidate_uuid: "404c774481ea4ba7a62d1f6ed1117a65" candidate_term: 1 candidate_status { last_received { term: 0 index: 0 } } ignore_live_leader: false dest_uuid: "5fb82bffd823451da8c0873d8eb06146" is_pre_election: true
I20260710 11:08:02.926890 32239 raft_consensus.cc:515] T 68ac6cbe5663473593534d0d981f1f86 P ddf398983fa14088b3dda641fb553c94 [term 0 FOLLOWER]: Starting pre-election with config: opid_index: -1 OBSOLETE_local: false peers { permanent_uuid: "ddf398983fa14088b3dda641fb553c94" member_type: VOTER last_known_addr { host: "127.30.58.1" port: 41255 } } peers { permanent_uuid: "404c774481ea4ba7a62d1f6ed1117a65" member_type: VOTER last_known_addr { host: "127.30.58.2" port: 44863 } } peers { permanent_uuid: "5fb82bffd823451da8c0873d8eb06146" member_type: VOTER last_known_addr { host: "127.30.58.3" port: 40389 } }
I20260710 11:08:02.927223 32043 tablet_service.cc:1917] Received RequestConsensusVote() RPC: tablet_id: "5bf16a0c38af4ef0ba32a4fd779170fd" candidate_uuid: "5fb82bffd823451da8c0873d8eb06146" candidate_term: 1 candidate_status { last_received { term: 0 index: 0 } } ignore_live_leader: false dest_uuid: "ddf398983fa14088b3dda641fb553c94"
I20260710 11:08:02.927835 32043 raft_consensus.cc:3060] T 5bf16a0c38af4ef0ba32a4fd779170fd P ddf398983fa14088b3dda641fb553c94 [term 0 FOLLOWER]: Advancing to term 1
I20260710 11:08:02.927907 32083 leader_election.cc:304] T fd4e759de72c47e79b23d270562cc295 P 404c774481ea4ba7a62d1f6ed1117a65 [CANDIDATE]: Term 1 pre-election: Election decided. Result: candidate won. Election summary: received 3 responses out of 3 voters: 2 yes votes; 1 no votes. yes voters: 404c774481ea4ba7a62d1f6ed1117a65, 5fb82bffd823451da8c0873d8eb06146; no voters: ddf398983fa14088b3dda641fb553c94
I20260710 11:08:02.928956 32239 leader_election.cc:290] T 68ac6cbe5663473593534d0d981f1f86 P ddf398983fa14088b3dda641fb553c94 [CANDIDATE]: Term 1 pre-election: Requested pre-vote from peers 404c774481ea4ba7a62d1f6ed1117a65 (127.30.58.2:44863), 5fb82bffd823451da8c0873d8eb06146 (127.30.58.3:40389)
I20260710 11:08:02.929062 32235 raft_consensus.cc:2804] T fd4e759de72c47e79b23d270562cc295 P 404c774481ea4ba7a62d1f6ed1117a65 [term 0 FOLLOWER]: Leader pre-election won for term 1
W20260710 11:08:02.929921 32083 leader_election.cc:343] T 68ac6cbe5663473593534d0d981f1f86 P 404c774481ea4ba7a62d1f6ed1117a65 [CANDIDATE]: Term 1 pre-election: Tablet error from VoteRequest() call to peer 5fb82bffd823451da8c0873d8eb06146 (127.30.58.3:40389): Illegal state: must be running to vote when last-logged opid is not known
I20260710 11:08:02.930171 32235 raft_consensus.cc:493] T fd4e759de72c47e79b23d270562cc295 P 404c774481ea4ba7a62d1f6ed1117a65 [term 0 FOLLOWER]: Starting leader election (no leader contacted us within the election timeout)
I20260710 11:08:02.930387 32083 leader_election.cc:304] T 68ac6cbe5663473593534d0d981f1f86 P 404c774481ea4ba7a62d1f6ed1117a65 [CANDIDATE]: Term 1 pre-election: Election decided. Result: candidate lost. Election summary: received 3 responses out of 3 voters: 1 yes votes; 2 no votes. yes voters: 404c774481ea4ba7a62d1f6ed1117a65; no voters: 5fb82bffd823451da8c0873d8eb06146, ddf398983fa14088b3dda641fb553c94
I20260710 11:08:02.930696 32235 raft_consensus.cc:3060] T fd4e759de72c47e79b23d270562cc295 P 404c774481ea4ba7a62d1f6ed1117a65 [term 0 FOLLOWER]: Advancing to term 1
I20260710 11:08:02.931561 32259 raft_consensus.cc:2749] T 68ac6cbe5663473593534d0d981f1f86 P 404c774481ea4ba7a62d1f6ed1117a65 [term 0 FOLLOWER]: Leader pre-election lost for term 1. Reason: could not achieve majority
I20260710 11:08:02.933617 32117 tablet_service.cc:1917] Received RequestConsensusVote() RPC: tablet_id: "d865dee2db264cb18ee7c217a06cea01" candidate_uuid: "5fb82bffd823451da8c0873d8eb06146" candidate_term: 1 candidate_status { last_received { term: 0 index: 0 } } ignore_live_leader: false dest_uuid: "404c774481ea4ba7a62d1f6ed1117a65" is_pre_election: true
I20260710 11:08:02.934703 32043 raft_consensus.cc:2468] T 5bf16a0c38af4ef0ba32a4fd779170fd P ddf398983fa14088b3dda641fb553c94 [term 1 FOLLOWER]: Leader election vote request: Granting yes vote for candidate 5fb82bffd823451da8c0873d8eb06146 in term 1.
I20260710 11:08:02.936695 32117 tablet_service.cc:1917] Received RequestConsensusVote() RPC: tablet_id: "68ac6cbe5663473593534d0d981f1f86" candidate_uuid: "ddf398983fa14088b3dda641fb553c94" candidate_term: 1 candidate_status { last_received { term: 0 index: 0 } } ignore_live_leader: false dest_uuid: "404c774481ea4ba7a62d1f6ed1117a65" is_pre_election: true
I20260710 11:08:02.937136 32156 leader_election.cc:304] T 5bf16a0c38af4ef0ba32a4fd779170fd P 5fb82bffd823451da8c0873d8eb06146 [CANDIDATE]: Term 1 election: Election decided. Result: candidate won. Election summary: received 2 responses out of 3 voters: 2 yes votes; 0 no votes. yes voters: 5fb82bffd823451da8c0873d8eb06146, ddf398983fa14088b3dda641fb553c94; no voters: 
I20260710 11:08:02.937304 32117 raft_consensus.cc:2468] T 68ac6cbe5663473593534d0d981f1f86 P 404c774481ea4ba7a62d1f6ed1117a65 [term 0 FOLLOWER]: Leader pre-election vote request: Granting yes vote for candidate ddf398983fa14088b3dda641fb553c94 in term 0.
I20260710 11:08:02.937794 32116 tablet_service.cc:1917] Received RequestConsensusVote() RPC: tablet_id: "5bf16a0c38af4ef0ba32a4fd779170fd" candidate_uuid: "5fb82bffd823451da8c0873d8eb06146" candidate_term: 1 candidate_status { last_received { term: 0 index: 0 } } ignore_live_leader: false dest_uuid: "404c774481ea4ba7a62d1f6ed1117a65"
I20260710 11:08:02.938427 32116 raft_consensus.cc:3060] T 5bf16a0c38af4ef0ba32a4fd779170fd P 404c774481ea4ba7a62d1f6ed1117a65 [term 0 FOLLOWER]: Advancing to term 1
I20260710 11:08:02.938459 32192 tablet_service.cc:1917] Received RequestConsensusVote() RPC: tablet_id: "68ac6cbe5663473593534d0d981f1f86" candidate_uuid: "ddf398983fa14088b3dda641fb553c94" candidate_term: 1 candidate_status { last_received { term: 0 index: 0 } } ignore_live_leader: false dest_uuid: "5fb82bffd823451da8c0873d8eb06146" is_pre_election: true
I20260710 11:08:02.939911 32232 tablet_bootstrap.cc:492] T e67c958cb7984dc6821ff2751f85afe4 P 404c774481ea4ba7a62d1f6ed1117a65: No bootstrap required, opened a new log
I20260710 11:08:02.940354 32232 ts_tablet_manager.cc:1403] T e67c958cb7984dc6821ff2751f85afe4 P 404c774481ea4ba7a62d1f6ed1117a65: Time spent bootstrapping tablet: real 0.149s	user 0.059s	sys 0.070s
I20260710 11:08:02.941300 32235 raft_consensus.cc:515] T fd4e759de72c47e79b23d270562cc295 P 404c774481ea4ba7a62d1f6ed1117a65 [term 1 FOLLOWER]: Starting leader election with config: opid_index: -1 OBSOLETE_local: false peers { permanent_uuid: "ddf398983fa14088b3dda641fb553c94" member_type: VOTER last_known_addr { host: "127.30.58.1" port: 41255 } } peers { permanent_uuid: "404c774481ea4ba7a62d1f6ed1117a65" member_type: VOTER last_known_addr { host: "127.30.58.2" port: 44863 } } peers { permanent_uuid: "5fb82bffd823451da8c0873d8eb06146" member_type: VOTER last_known_addr { host: "127.30.58.3" port: 40389 } }
I20260710 11:08:02.943331 32235 leader_election.cc:290] T fd4e759de72c47e79b23d270562cc295 P 404c774481ea4ba7a62d1f6ed1117a65 [CANDIDATE]: Term 1 election: Requested vote from peers ddf398983fa14088b3dda641fb553c94 (127.30.58.1:41255), 5fb82bffd823451da8c0873d8eb06146 (127.30.58.3:40389)
I20260710 11:08:02.938596 32282 raft_consensus.cc:493] T e67c958cb7984dc6821ff2751f85afe4 P 5fb82bffd823451da8c0873d8eb06146 [term 0 FOLLOWER]: Starting pre-election (no leader contacted us within the election timeout)
I20260710 11:08:02.936663 32236 tablet_bootstrap.cc:492] T 68ac6cbe5663473593534d0d981f1f86 P 5fb82bffd823451da8c0873d8eb06146: No bootstrap required, opened a new log
I20260710 11:08:02.951192 32236 ts_tablet_manager.cc:1403] T 68ac6cbe5663473593534d0d981f1f86 P 5fb82bffd823451da8c0873d8eb06146: Time spent bootstrapping tablet: real 0.175s	user 0.076s	sys 0.060s
I20260710 11:08:02.938654 32009 leader_election.cc:304] T 68ac6cbe5663473593534d0d981f1f86 P ddf398983fa14088b3dda641fb553c94 [CANDIDATE]: Term 1 pre-election: Election decided. Result: candidate won. Election summary: received 2 responses out of 3 voters: 2 yes votes; 0 no votes. yes voters: 404c774481ea4ba7a62d1f6ed1117a65, ddf398983fa14088b3dda641fb553c94; no voters: 
I20260710 11:08:02.948467 32234 tablet_bootstrap.cc:654] T fd4e759de72c47e79b23d270562cc295 P ddf398983fa14088b3dda641fb553c94: Neither blocks nor log segments found. Creating new log.
I20260710 11:08:02.953773 32236 raft_consensus.cc:359] T 68ac6cbe5663473593534d0d981f1f86 P 5fb82bffd823451da8c0873d8eb06146 [term 0 FOLLOWER]: Replica starting. Triggering 0 pending ops. Active config: opid_index: -1 OBSOLETE_local: false peers { permanent_uuid: "ddf398983fa14088b3dda641fb553c94" member_type: VOTER last_known_addr { host: "127.30.58.1" port: 41255 } } peers { permanent_uuid: "404c774481ea4ba7a62d1f6ed1117a65" member_type: VOTER last_known_addr { host: "127.30.58.2" port: 44863 } } peers { permanent_uuid: "5fb82bffd823451da8c0873d8eb06146" member_type: VOTER last_known_addr { host: "127.30.58.3" port: 40389 } }
W20260710 11:08:02.954691 32008 leader_election.cc:343] T 68ac6cbe5663473593534d0d981f1f86 P ddf398983fa14088b3dda641fb553c94 [CANDIDATE]: Term 1 pre-election: Tablet error from VoteRequest() call to peer 5fb82bffd823451da8c0873d8eb06146 (127.30.58.3:40389): Illegal state: must be running to vote when last-logged opid is not known
I20260710 11:08:02.938568 32278 raft_consensus.cc:2804] T 5bf16a0c38af4ef0ba32a4fd779170fd P 5fb82bffd823451da8c0873d8eb06146 [term 1 FOLLOWER]: Leader election won for term 1
I20260710 11:08:02.955399 32116 raft_consensus.cc:2468] T 5bf16a0c38af4ef0ba32a4fd779170fd P 404c774481ea4ba7a62d1f6ed1117a65 [term 1 FOLLOWER]: Leader election vote request: Granting yes vote for candidate 5fb82bffd823451da8c0873d8eb06146 in term 1.
I20260710 11:08:02.957468 32239 raft_consensus.cc:2804] T 68ac6cbe5663473593534d0d981f1f86 P ddf398983fa14088b3dda641fb553c94 [term 0 FOLLOWER]: Leader pre-election won for term 1
I20260710 11:08:02.957810 32239 raft_consensus.cc:493] T 68ac6cbe5663473593534d0d981f1f86 P ddf398983fa14088b3dda641fb553c94 [term 0 FOLLOWER]: Starting leader election (no leader contacted us within the election timeout)
I20260710 11:08:02.954408 32236 raft_consensus.cc:385] T 68ac6cbe5663473593534d0d981f1f86 P 5fb82bffd823451da8c0873d8eb06146 [term 0 FOLLOWER]: Consensus starting up: Expiring failure detector timer to make a prompt election more likely
I20260710 11:08:02.958137 32239 raft_consensus.cc:3060] T 68ac6cbe5663473593534d0d981f1f86 P ddf398983fa14088b3dda641fb553c94 [term 0 FOLLOWER]: Advancing to term 1
I20260710 11:08:02.958470 32236 raft_consensus.cc:740] T 68ac6cbe5663473593534d0d981f1f86 P 5fb82bffd823451da8c0873d8eb06146 [term 0 FOLLOWER]: Becoming Follower/Learner. State: Replica: 5fb82bffd823451da8c0873d8eb06146, State: Initialized, Role: FOLLOWER
I20260710 11:08:02.955962 32278 raft_consensus.cc:697] T 5bf16a0c38af4ef0ba32a4fd779170fd P 5fb82bffd823451da8c0873d8eb06146 [term 1 LEADER]: Becoming Leader. State: Replica: 5fb82bffd823451da8c0873d8eb06146, State: Running, Role: LEADER
I20260710 11:08:02.956462 32192 tablet_service.cc:1917] Received RequestConsensusVote() RPC: tablet_id: "fd4e759de72c47e79b23d270562cc295" candidate_uuid: "404c774481ea4ba7a62d1f6ed1117a65" candidate_term: 1 candidate_status { last_received { term: 0 index: 0 } } ignore_live_leader: false dest_uuid: "5fb82bffd823451da8c0873d8eb06146"
I20260710 11:08:02.959193 32192 raft_consensus.cc:3060] T fd4e759de72c47e79b23d270562cc295 P 5fb82bffd823451da8c0873d8eb06146 [term 0 FOLLOWER]: Advancing to term 1
I20260710 11:08:02.959378 32236 consensus_queue.cc:260] T 68ac6cbe5663473593534d0d981f1f86 P 5fb82bffd823451da8c0873d8eb06146 [NON_LEADER]: Queue going to NON_LEADER mode. State: All replicated index: 0, Majority replicated index: 0, Committed index: 0, Last appended: 0.0, Last appended by leader: 0, Current term: 0, Majority size: -1, State: 0, Mode: NON_LEADER, active raft config: opid_index: -1 OBSOLETE_local: false peers { permanent_uuid: "ddf398983fa14088b3dda641fb553c94" member_type: VOTER last_known_addr { host: "127.30.58.1" port: 41255 } } peers { permanent_uuid: "404c774481ea4ba7a62d1f6ed1117a65" member_type: VOTER last_known_addr { host: "127.30.58.2" port: 44863 } } peers { permanent_uuid: "5fb82bffd823451da8c0873d8eb06146" member_type: VOTER last_known_addr { host: "127.30.58.3" port: 40389 } }
I20260710 11:08:02.959522 32278 consensus_queue.cc:237] T 5bf16a0c38af4ef0ba32a4fd779170fd P 5fb82bffd823451da8c0873d8eb06146 [LEADER]: Queue going to LEADER mode. State: All replicated index: 0, Majority replicated index: 0, Committed index: 0, Last appended: 0.0, Last appended by leader: 0, Current term: 1, Majority size: 2, State: 0, Mode: LEADER, active raft config: opid_index: -1 OBSOLETE_local: false peers { permanent_uuid: "ddf398983fa14088b3dda641fb553c94" member_type: VOTER last_known_addr { host: "127.30.58.1" port: 41255 } } peers { permanent_uuid: "404c774481ea4ba7a62d1f6ed1117a65" member_type: VOTER last_known_addr { host: "127.30.58.2" port: 44863 } } peers { permanent_uuid: "5fb82bffd823451da8c0873d8eb06146" member_type: VOTER last_known_addr { host: "127.30.58.3" port: 40389 } }
I20260710 11:08:02.962436 32236 ts_tablet_manager.cc:1434] T 68ac6cbe5663473593534d0d981f1f86 P 5fb82bffd823451da8c0873d8eb06146: Time spent starting tablet: real 0.011s	user 0.005s	sys 0.000s
I20260710 11:08:02.960506 32043 tablet_service.cc:1917] Received RequestConsensusVote() RPC: tablet_id: "fd4e759de72c47e79b23d270562cc295" candidate_uuid: "404c774481ea4ba7a62d1f6ed1117a65" candidate_term: 1 candidate_status { last_received { term: 0 index: 0 } } ignore_live_leader: false dest_uuid: "ddf398983fa14088b3dda641fb553c94"
I20260710 11:08:02.963522 32236 tablet_bootstrap.cc:492] T d31fc739e75241fdaaf2a754370ee7ab P 5fb82bffd823451da8c0873d8eb06146: Bootstrap starting.
W20260710 11:08:02.964046 32082 leader_election.cc:343] T fd4e759de72c47e79b23d270562cc295 P 404c774481ea4ba7a62d1f6ed1117a65 [CANDIDATE]: Term 1 election: Tablet error from VoteRequest() call to peer ddf398983fa14088b3dda641fb553c94 (127.30.58.1:41255): Illegal state: must be running to vote when last-logged opid is not known
I20260710 11:08:02.964550 32282 raft_consensus.cc:515] T e67c958cb7984dc6821ff2751f85afe4 P 5fb82bffd823451da8c0873d8eb06146 [term 0 FOLLOWER]: Starting pre-election with config: opid_index: -1 OBSOLETE_local: false peers { permanent_uuid: "ddf398983fa14088b3dda641fb553c94" member_type: VOTER last_known_addr { host: "127.30.58.1" port: 41255 } } peers { permanent_uuid: "404c774481ea4ba7a62d1f6ed1117a65" member_type: VOTER last_known_addr { host: "127.30.58.2" port: 44863 } } peers { permanent_uuid: "5fb82bffd823451da8c0873d8eb06146" member_type: VOTER last_known_addr { host: "127.30.58.3" port: 40389 } }
I20260710 11:08:02.970487 32236 tablet_bootstrap.cc:654] T d31fc739e75241fdaaf2a754370ee7ab P 5fb82bffd823451da8c0873d8eb06146: Neither blocks nor log segments found. Creating new log.
I20260710 11:08:02.958549 32234 tablet_bootstrap.cc:492] T fd4e759de72c47e79b23d270562cc295 P ddf398983fa14088b3dda641fb553c94: No bootstrap required, opened a new log
I20260710 11:08:02.971134 32234 ts_tablet_manager.cc:1403] T fd4e759de72c47e79b23d270562cc295 P ddf398983fa14088b3dda641fb553c94: Time spent bootstrapping tablet: real 0.048s	user 0.006s	sys 0.005s
I20260710 11:08:02.972147 32282 leader_election.cc:290] T e67c958cb7984dc6821ff2751f85afe4 P 5fb82bffd823451da8c0873d8eb06146 [CANDIDATE]: Term 1 pre-election: Requested pre-vote from peers ddf398983fa14088b3dda641fb553c94 (127.30.58.1:41255), 404c774481ea4ba7a62d1f6ed1117a65 (127.30.58.2:44863)
W20260710 11:08:02.938136 32158 leader_election.cc:343] T d865dee2db264cb18ee7c217a06cea01 P 5fb82bffd823451da8c0873d8eb06146 [CANDIDATE]: Term 1 pre-election: Tablet error from VoteRequest() call to peer 404c774481ea4ba7a62d1f6ed1117a65 (127.30.58.2:44863): Illegal state: must be running to vote when last-logged opid is not known
I20260710 11:08:02.973043 32043 tablet_service.cc:1917] Received RequestConsensusVote() RPC: tablet_id: "e67c958cb7984dc6821ff2751f85afe4" candidate_uuid: "5fb82bffd823451da8c0873d8eb06146" candidate_term: 1 candidate_status { last_received { term: 0 index: 0 } } ignore_live_leader: false dest_uuid: "ddf398983fa14088b3dda641fb553c94" is_pre_election: true
I20260710 11:08:02.966642 32239 raft_consensus.cc:515] T 68ac6cbe5663473593534d0d981f1f86 P ddf398983fa14088b3dda641fb553c94 [term 1 FOLLOWER]: Starting leader election with config: opid_index: -1 OBSOLETE_local: false peers { permanent_uuid: "ddf398983fa14088b3dda641fb553c94" member_type: VOTER last_known_addr { host: "127.30.58.1" port: 41255 } } peers { permanent_uuid: "404c774481ea4ba7a62d1f6ed1117a65" member_type: VOTER last_known_addr { host: "127.30.58.2" port: 44863 } } peers { permanent_uuid: "5fb82bffd823451da8c0873d8eb06146" member_type: VOTER last_known_addr { host: "127.30.58.3" port: 40389 } }
I20260710 11:08:02.973987 32234 raft_consensus.cc:359] T fd4e759de72c47e79b23d270562cc295 P ddf398983fa14088b3dda641fb553c94 [term 0 FOLLOWER]: Replica starting. Triggering 0 pending ops. Active config: opid_index: -1 OBSOLETE_local: false peers { permanent_uuid: "ddf398983fa14088b3dda641fb553c94" member_type: VOTER last_known_addr { host: "127.30.58.1" port: 41255 } } peers { permanent_uuid: "404c774481ea4ba7a62d1f6ed1117a65" member_type: VOTER last_known_addr { host: "127.30.58.2" port: 44863 } } peers { permanent_uuid: "5fb82bffd823451da8c0873d8eb06146" member_type: VOTER last_known_addr { host: "127.30.58.3" port: 40389 } }
I20260710 11:08:02.936921 32245 raft_consensus.cc:515] T ed9f3edfb90b40ae9ad1f075de375de1 P 5fb82bffd823451da8c0873d8eb06146 [term 1 FOLLOWER]: Starting leader election with config: opid_index: -1 OBSOLETE_local: false peers { permanent_uuid: "ddf398983fa14088b3dda641fb553c94" member_type: VOTER last_known_addr { host: "127.30.58.1" port: 41255 } } peers { permanent_uuid: "404c774481ea4ba7a62d1f6ed1117a65" member_type: VOTER last_known_addr { host: "127.30.58.2" port: 44863 } } peers { permanent_uuid: "5fb82bffd823451da8c0873d8eb06146" member_type: VOTER last_known_addr { host: "127.30.58.3" port: 40389 } }
I20260710 11:08:02.974618 32234 raft_consensus.cc:385] T fd4e759de72c47e79b23d270562cc295 P ddf398983fa14088b3dda641fb553c94 [term 0 FOLLOWER]: Consensus starting up: Expiring failure detector timer to make a prompt election more likely
I20260710 11:08:02.969089 31938 catalog_manager.cc:5697] T 6d3d74845ec74dfeaa1e8b3db50ebb3e P 5fb82bffd823451da8c0873d8eb06146 reported cstate change: term changed from 0 to 1, leader changed from <none> to 5fb82bffd823451da8c0873d8eb06146 (127.30.58.3). New cstate: current_term: 1 leader_uuid: "5fb82bffd823451da8c0873d8eb06146" committed_config { opid_index: -1 OBSOLETE_local: false peers { permanent_uuid: "ddf398983fa14088b3dda641fb553c94" member_type: VOTER last_known_addr { host: "127.30.58.1" port: 41255 } health_report { overall_health: UNKNOWN } } peers { permanent_uuid: "404c774481ea4ba7a62d1f6ed1117a65" member_type: VOTER last_known_addr { host: "127.30.58.2" port: 44863 } health_report { overall_health: UNKNOWN } } peers { permanent_uuid: "5fb82bffd823451da8c0873d8eb06146" member_type: VOTER last_known_addr { host: "127.30.58.3" port: 40389 } health_report { overall_health: HEALTHY } } }
I20260710 11:08:02.974927 32234 raft_consensus.cc:740] T fd4e759de72c47e79b23d270562cc295 P ddf398983fa14088b3dda641fb553c94 [term 0 FOLLOWER]: Becoming Follower/Learner. State: Replica: ddf398983fa14088b3dda641fb553c94, State: Initialized, Role: FOLLOWER
I20260710 11:08:02.975590 32234 consensus_queue.cc:260] T fd4e759de72c47e79b23d270562cc295 P ddf398983fa14088b3dda641fb553c94 [NON_LEADER]: Queue going to NON_LEADER mode. State: All replicated index: 0, Majority replicated index: 0, Committed index: 0, Last appended: 0.0, Last appended by leader: 0, Current term: 0, Majority size: -1, State: 0, Mode: NON_LEADER, active raft config: opid_index: -1 OBSOLETE_local: false peers { permanent_uuid: "ddf398983fa14088b3dda641fb553c94" member_type: VOTER last_known_addr { host: "127.30.58.1" port: 41255 } } peers { permanent_uuid: "404c774481ea4ba7a62d1f6ed1117a65" member_type: VOTER last_known_addr { host: "127.30.58.2" port: 44863 } } peers { permanent_uuid: "5fb82bffd823451da8c0873d8eb06146" member_type: VOTER last_known_addr { host: "127.30.58.3" port: 40389 } }
I20260710 11:08:02.965871 32192 raft_consensus.cc:2468] T fd4e759de72c47e79b23d270562cc295 P 5fb82bffd823451da8c0873d8eb06146 [term 1 FOLLOWER]: Leader election vote request: Granting yes vote for candidate 404c774481ea4ba7a62d1f6ed1117a65 in term 1.
I20260710 11:08:02.976708 32191 tablet_service.cc:1917] Received RequestConsensusVote() RPC: tablet_id: "68ac6cbe5663473593534d0d981f1f86" candidate_uuid: "ddf398983fa14088b3dda641fb553c94" candidate_term: 1 candidate_status { last_received { term: 0 index: 0 } } ignore_live_leader: false dest_uuid: "5fb82bffd823451da8c0873d8eb06146"
I20260710 11:08:02.977286 32191 raft_consensus.cc:3060] T 68ac6cbe5663473593534d0d981f1f86 P 5fb82bffd823451da8c0873d8eb06146 [term 0 FOLLOWER]: Advancing to term 1
I20260710 11:08:02.977350 32116 tablet_service.cc:1917] Received RequestConsensusVote() RPC: tablet_id: "68ac6cbe5663473593534d0d981f1f86" candidate_uuid: "ddf398983fa14088b3dda641fb553c94" candidate_term: 1 candidate_status { last_received { term: 0 index: 0 } } ignore_live_leader: false dest_uuid: "404c774481ea4ba7a62d1f6ed1117a65"
I20260710 11:08:02.977869 32234 ts_tablet_manager.cc:1434] T fd4e759de72c47e79b23d270562cc295 P ddf398983fa14088b3dda641fb553c94: Time spent starting tablet: real 0.006s	user 0.002s	sys 0.003s
I20260710 11:08:02.977938 32116 raft_consensus.cc:3060] T 68ac6cbe5663473593534d0d981f1f86 P 404c774481ea4ba7a62d1f6ed1117a65 [term 0 FOLLOWER]: Advancing to term 1
