I20260710 11:07:41.463201 23670 consensus_queue.cc:260] T 29325e6d20d24ad196455ecc6b525244 P a7f12c3fb8684aba99e40db6aca2af7c [NON_LEADER]: Queue going to NON_LEADER mode. State: All replicated index: 0, Majority replicated index: 0, Committed index: 0, Last appended: 0.0, Last appended by leader: 0, Current term: 0, Majority size: -1, State: 0, Mode: NON_LEADER, active raft config: opid_index: -1 OBSOLETE_local: false peers { permanent_uuid: "a7f12c3fb8684aba99e40db6aca2af7c" member_type: VOTER last_known_addr { host: "127.22.203.193" port: 35261 } } peers { permanent_uuid: "35f4227cf303471ca7a97890da9b9bfe" member_type: VOTER last_known_addr { host: "127.22.203.194" port: 35171 } } peers { permanent_uuid: "e8ecd84a423a4a69ac7050f49102469f" member_type: VOTER last_known_addr { host: "127.22.203.195" port: 39893 } }
I20260710 11:07:41.453538 23477 tablet_service.cc:1917] Received RequestConsensusVote() RPC: tablet_id: "ce75105f38af44c68054d55eec48f967" candidate_uuid: "e8ecd84a423a4a69ac7050f49102469f" candidate_term: 1 candidate_status { last_received { term: 0 index: 0 } } ignore_live_leader: false dest_uuid: "a7f12c3fb8684aba99e40db6aca2af7c" is_pre_election: true
I20260710 11:07:41.465297 23670 ts_tablet_manager.cc:1434] T 29325e6d20d24ad196455ecc6b525244 P a7f12c3fb8684aba99e40db6aca2af7c: Time spent starting tablet: real 0.006s	user 0.001s	sys 0.003s
I20260710 11:07:41.448972 23553 tablet_service.cc:1917] Received RequestConsensusVote() RPC: tablet_id: "ce75105f38af44c68054d55eec48f967" candidate_uuid: "e8ecd84a423a4a69ac7050f49102469f" candidate_term: 1 candidate_status { last_received { term: 0 index: 0 } } ignore_live_leader: false dest_uuid: "35f4227cf303471ca7a97890da9b9bfe" is_pre_election: true
I20260710 11:07:41.466164 23670 tablet_bootstrap.cc:492] T ce75105f38af44c68054d55eec48f967 P a7f12c3fb8684aba99e40db6aca2af7c: Bootstrap starting.
W20260710 11:07:41.467357 23592 leader_election.cc:343] T ce75105f38af44c68054d55eec48f967 P e8ecd84a423a4a69ac7050f49102469f [CANDIDATE]: Term 1 pre-election: Tablet error from VoteRequest() call to peer a7f12c3fb8684aba99e40db6aca2af7c (127.22.203.193:35261): Illegal state: must be running to vote when last-logged opid is not known
W20260710 11:07:41.468755 23592 leader_election.cc:343] T ce75105f38af44c68054d55eec48f967 P e8ecd84a423a4a69ac7050f49102469f [CANDIDATE]: Term 1 pre-election: Tablet error from VoteRequest() call to peer 35f4227cf303471ca7a97890da9b9bfe (127.22.203.194:35171): Illegal state: must be running to vote when last-logged opid is not known
I20260710 11:07:41.469300 23592 leader_election.cc:304] T ce75105f38af44c68054d55eec48f967 P e8ecd84a423a4a69ac7050f49102469f [CANDIDATE]: Term 1 pre-election: Election decided. Result: candidate lost. Election summary: received 3 responses out of 3 voters: 1 yes votes; 2 no votes. yes voters: e8ecd84a423a4a69ac7050f49102469f; no voters: 35f4227cf303471ca7a97890da9b9bfe, a7f12c3fb8684aba99e40db6aca2af7c
I20260710 11:07:41.470608 23679 raft_consensus.cc:2749] T ce75105f38af44c68054d55eec48f967 P e8ecd84a423a4a69ac7050f49102469f [term 0 FOLLOWER]: Leader pre-election lost for term 1. Reason: could not achieve majority
I20260710 11:07:41.475451 23670 tablet_bootstrap.cc:654] T ce75105f38af44c68054d55eec48f967 P a7f12c3fb8684aba99e40db6aca2af7c: Neither blocks nor log segments found. Creating new log.
I20260710 11:07:41.479200 23373 catalog_manager.cc:5697] T 49bcdae23b1b446dbef6b717b15e7098 P a7f12c3fb8684aba99e40db6aca2af7c reported cstate change: term changed from 0 to 1, leader changed from <none> to a7f12c3fb8684aba99e40db6aca2af7c (127.22.203.193). New cstate: current_term: 1 leader_uuid: "a7f12c3fb8684aba99e40db6aca2af7c" committed_config { opid_index: -1 OBSOLETE_local: false peers { permanent_uuid: "a7f12c3fb8684aba99e40db6aca2af7c" member_type: VOTER last_known_addr { host: "127.22.203.193" port: 35261 } health_report { overall_health: HEALTHY } } peers { permanent_uuid: "35f4227cf303471ca7a97890da9b9bfe" member_type: VOTER last_known_addr { host: "127.22.203.194" port: 35171 } health_report { overall_health: UNKNOWN } } peers { permanent_uuid: "e8ecd84a423a4a69ac7050f49102469f" member_type: VOTER last_known_addr { host: "127.22.203.195" port: 39893 } health_report { overall_health: UNKNOWN } } }
I20260710 11:07:41.458532 23673 raft_consensus.cc:359] T 6888a6c4b4a54e2eae4f531092b07062 P 35f4227cf303471ca7a97890da9b9bfe [term 0 FOLLOWER]: Replica starting. Triggering 0 pending ops. Active config: opid_index: -1 OBSOLETE_local: false peers { permanent_uuid: "a7f12c3fb8684aba99e40db6aca2af7c" member_type: VOTER last_known_addr { host: "127.22.203.193" port: 35261 } } peers { permanent_uuid: "35f4227cf303471ca7a97890da9b9bfe" member_type: VOTER last_known_addr { host: "127.22.203.194" port: 35171 } } peers { permanent_uuid: "e8ecd84a423a4a69ac7050f49102469f" member_type: VOTER last_known_addr { host: "127.22.203.195" port: 39893 } }
I20260710 11:07:41.481132 23673 raft_consensus.cc:385] T 6888a6c4b4a54e2eae4f531092b07062 P 35f4227cf303471ca7a97890da9b9bfe [term 0 FOLLOWER]: Consensus starting up: Expiring failure detector timer to make a prompt election more likely
I20260710 11:07:41.481447 23673 raft_consensus.cc:740] T 6888a6c4b4a54e2eae4f531092b07062 P 35f4227cf303471ca7a97890da9b9bfe [term 0 FOLLOWER]: Becoming Follower/Learner. State: Replica: 35f4227cf303471ca7a97890da9b9bfe, State: Initialized, Role: FOLLOWER
I20260710 11:07:41.482249 23673 consensus_queue.cc:260] T 6888a6c4b4a54e2eae4f531092b07062 P 35f4227cf303471ca7a97890da9b9bfe [NON_LEADER]: Queue going to NON_LEADER mode. State: All replicated index: 0, Majority replicated index: 0, Committed index: 0, Last appended: 0.0, Last appended by leader: 0, Current term: 0, Majority size: -1, State: 0, Mode: NON_LEADER, active raft config: opid_index: -1 OBSOLETE_local: false peers { permanent_uuid: "a7f12c3fb8684aba99e40db6aca2af7c" member_type: VOTER last_known_addr { host: "127.22.203.193" port: 35261 } } peers { permanent_uuid: "35f4227cf303471ca7a97890da9b9bfe" member_type: VOTER last_known_addr { host: "127.22.203.194" port: 35171 } } peers { permanent_uuid: "e8ecd84a423a4a69ac7050f49102469f" member_type: VOTER last_known_addr { host: "127.22.203.195" port: 39893 } }
I20260710 11:07:41.491950 23670 tablet_bootstrap.cc:492] T ce75105f38af44c68054d55eec48f967 P a7f12c3fb8684aba99e40db6aca2af7c: No bootstrap required, opened a new log
I20260710 11:07:41.492386 23673 ts_tablet_manager.cc:1434] T 6888a6c4b4a54e2eae4f531092b07062 P 35f4227cf303471ca7a97890da9b9bfe: Time spent starting tablet: real 0.038s	user 0.005s	sys 0.003s
I20260710 11:07:41.492486 23670 ts_tablet_manager.cc:1403] T ce75105f38af44c68054d55eec48f967 P a7f12c3fb8684aba99e40db6aca2af7c: Time spent bootstrapping tablet: real 0.027s	user 0.010s	sys 0.012s
I20260710 11:07:41.493450 23673 tablet_bootstrap.cc:492] T 29325e6d20d24ad196455ecc6b525244 P 35f4227cf303471ca7a97890da9b9bfe: Bootstrap starting.
I20260710 11:07:41.495322 23670 raft_consensus.cc:359] T ce75105f38af44c68054d55eec48f967 P a7f12c3fb8684aba99e40db6aca2af7c [term 0 FOLLOWER]: Replica starting. Triggering 0 pending ops. Active config: opid_index: -1 OBSOLETE_local: false peers { permanent_uuid: "a7f12c3fb8684aba99e40db6aca2af7c" member_type: VOTER last_known_addr { host: "127.22.203.193" port: 35261 } } peers { permanent_uuid: "35f4227cf303471ca7a97890da9b9bfe" member_type: VOTER last_known_addr { host: "127.22.203.194" port: 35171 } } peers { permanent_uuid: "e8ecd84a423a4a69ac7050f49102469f" member_type: VOTER last_known_addr { host: "127.22.203.195" port: 39893 } }
I20260710 11:07:41.496063 23670 raft_consensus.cc:385] T ce75105f38af44c68054d55eec48f967 P a7f12c3fb8684aba99e40db6aca2af7c [term 0 FOLLOWER]: Consensus starting up: Expiring failure detector timer to make a prompt election more likely
I20260710 11:07:41.496390 23670 raft_consensus.cc:740] T ce75105f38af44c68054d55eec48f967 P a7f12c3fb8684aba99e40db6aca2af7c [term 0 FOLLOWER]: Becoming Follower/Learner. State: Replica: a7f12c3fb8684aba99e40db6aca2af7c, State: Initialized, Role: FOLLOWER
I20260710 11:07:41.497107 23670 consensus_queue.cc:260] T ce75105f38af44c68054d55eec48f967 P a7f12c3fb8684aba99e40db6aca2af7c [NON_LEADER]: Queue going to NON_LEADER mode. State: All replicated index: 0, Majority replicated index: 0, Committed index: 0, Last appended: 0.0, Last appended by leader: 0, Current term: 0, Majority size: -1, State: 0, Mode: NON_LEADER, active raft config: opid_index: -1 OBSOLETE_local: false peers { permanent_uuid: "a7f12c3fb8684aba99e40db6aca2af7c" member_type: VOTER last_known_addr { host: "127.22.203.193" port: 35261 } } peers { permanent_uuid: "35f4227cf303471ca7a97890da9b9bfe" member_type: VOTER last_known_addr { host: "127.22.203.194" port: 35171 } } peers { permanent_uuid: "e8ecd84a423a4a69ac7050f49102469f" member_type: VOTER last_known_addr { host: "127.22.203.195" port: 39893 } }
I20260710 11:07:41.448607 23674 raft_consensus.cc:359] T 920ed7c7f244457a86a97499173bd6c8 P e8ecd84a423a4a69ac7050f49102469f [term 0 FOLLOWER]: Replica starting. Triggering 0 pending ops. Active config: opid_index: -1 OBSOLETE_local: false peers { permanent_uuid: "a7f12c3fb8684aba99e40db6aca2af7c" member_type: VOTER last_known_addr { host: "127.22.203.193" port: 35261 } } peers { permanent_uuid: "35f4227cf303471ca7a97890da9b9bfe" member_type: VOTER last_known_addr { host: "127.22.203.194" port: 35171 } } peers { permanent_uuid: "e8ecd84a423a4a69ac7050f49102469f" member_type: VOTER last_known_addr { host: "127.22.203.195" port: 39893 } }
I20260710 11:07:41.499615 23670 ts_tablet_manager.cc:1434] T ce75105f38af44c68054d55eec48f967 P a7f12c3fb8684aba99e40db6aca2af7c: Time spent starting tablet: real 0.007s	user 0.004s	sys 0.001s
I20260710 11:07:41.499742 23674 raft_consensus.cc:385] T 920ed7c7f244457a86a97499173bd6c8 P e8ecd84a423a4a69ac7050f49102469f [term 0 FOLLOWER]: Consensus starting up: Expiring failure detector timer to make a prompt election more likely
I20260710 11:07:41.500159 23674 raft_consensus.cc:740] T 920ed7c7f244457a86a97499173bd6c8 P e8ecd84a423a4a69ac7050f49102469f [term 0 FOLLOWER]: Becoming Follower/Learner. State: Replica: e8ecd84a423a4a69ac7050f49102469f, State: Initialized, Role: FOLLOWER
I20260710 11:07:41.500897 23674 consensus_queue.cc:260] T 920ed7c7f244457a86a97499173bd6c8 P e8ecd84a423a4a69ac7050f49102469f [NON_LEADER]: Queue going to NON_LEADER mode. State: All replicated index: 0, Majority replicated index: 0, Committed index: 0, Last appended: 0.0, Last appended by leader: 0, Current term: 0, Majority size: -1, State: 0, Mode: NON_LEADER, active raft config: opid_index: -1 OBSOLETE_local: false peers { permanent_uuid: "a7f12c3fb8684aba99e40db6aca2af7c" member_type: VOTER last_known_addr { host: "127.22.203.193" port: 35261 } } peers { permanent_uuid: "35f4227cf303471ca7a97890da9b9bfe" member_type: VOTER last_known_addr { host: "127.22.203.194" port: 35171 } } peers { permanent_uuid: "e8ecd84a423a4a69ac7050f49102469f" member_type: VOTER last_known_addr { host: "127.22.203.195" port: 39893 } }
I20260710 11:07:41.505422 23674 ts_tablet_manager.cc:1434] T 920ed7c7f244457a86a97499173bd6c8 P e8ecd84a423a4a69ac7050f49102469f: Time spent starting tablet: real 0.060s	user 0.005s	sys 0.001s
I20260710 11:07:41.506356 23674 tablet_bootstrap.cc:492] T 7b47af2033c240a9bc0e73fa992d4296 P e8ecd84a423a4a69ac7050f49102469f: Bootstrap starting.
I20260710 11:07:41.512451 23674 tablet_bootstrap.cc:654] T 7b47af2033c240a9bc0e73fa992d4296 P e8ecd84a423a4a69ac7050f49102469f: Neither blocks nor log segments found. Creating new log.
I20260710 11:07:41.515748 23673 tablet_bootstrap.cc:654] T 29325e6d20d24ad196455ecc6b525244 P 35f4227cf303471ca7a97890da9b9bfe: Neither blocks nor log segments found. Creating new log.
I20260710 11:07:41.520112 23674 tablet_bootstrap.cc:492] T 7b47af2033c240a9bc0e73fa992d4296 P e8ecd84a423a4a69ac7050f49102469f: No bootstrap required, opened a new log
I20260710 11:07:41.520639 23674 ts_tablet_manager.cc:1403] T 7b47af2033c240a9bc0e73fa992d4296 P e8ecd84a423a4a69ac7050f49102469f: Time spent bootstrapping tablet: real 0.014s	user 0.006s	sys 0.004s
I20260710 11:07:41.520982 23673 tablet_bootstrap.cc:492] T 29325e6d20d24ad196455ecc6b525244 P 35f4227cf303471ca7a97890da9b9bfe: No bootstrap required, opened a new log
I20260710 11:07:41.521396 23673 ts_tablet_manager.cc:1403] T 29325e6d20d24ad196455ecc6b525244 P 35f4227cf303471ca7a97890da9b9bfe: Time spent bootstrapping tablet: real 0.028s	user 0.010s	sys 0.000s
I20260710 11:07:41.523865 23673 raft_consensus.cc:359] T 29325e6d20d24ad196455ecc6b525244 P 35f4227cf303471ca7a97890da9b9bfe [term 0 FOLLOWER]: Replica starting. Triggering 0 pending ops. Active config: opid_index: -1 OBSOLETE_local: false peers { permanent_uuid: "a7f12c3fb8684aba99e40db6aca2af7c" member_type: VOTER last_known_addr { host: "127.22.203.193" port: 35261 } } peers { permanent_uuid: "35f4227cf303471ca7a97890da9b9bfe" member_type: VOTER last_known_addr { host: "127.22.203.194" port: 35171 } } peers { permanent_uuid: "e8ecd84a423a4a69ac7050f49102469f" member_type: VOTER last_known_addr { host: "127.22.203.195" port: 39893 } }
I20260710 11:07:41.524525 23673 raft_consensus.cc:385] T 29325e6d20d24ad196455ecc6b525244 P 35f4227cf303471ca7a97890da9b9bfe [term 0 FOLLOWER]: Consensus starting up: Expiring failure detector timer to make a prompt election more likely
I20260710 11:07:41.524771 23673 raft_consensus.cc:740] T 29325e6d20d24ad196455ecc6b525244 P 35f4227cf303471ca7a97890da9b9bfe [term 0 FOLLOWER]: Becoming Follower/Learner. State: Replica: 35f4227cf303471ca7a97890da9b9bfe, State: Initialized, Role: FOLLOWER
I20260710 11:07:41.524905 23672 consensus_queue.cc:1048] T cc42c92e946b42c6885a0e6ff109d339 P a7f12c3fb8684aba99e40db6aca2af7c [LEADER]: Connected to new peer: Peer: permanent_uuid: "35f4227cf303471ca7a97890da9b9bfe" member_type: VOTER last_known_addr { host: "127.22.203.194" port: 35171 }, Status: LMP_MISMATCH, Last received: 0.0, Next index: 1, Last known committed idx: 0, Time since last communication: 0.000s
I20260710 11:07:41.525424 23674 raft_consensus.cc:359] T 7b47af2033c240a9bc0e73fa992d4296 P e8ecd84a423a4a69ac7050f49102469f [term 0 FOLLOWER]: Replica starting. Triggering 0 pending ops. Active config: opid_index: -1 OBSOLETE_local: false peers { permanent_uuid: "a7f12c3fb8684aba99e40db6aca2af7c" member_type: VOTER last_known_addr { host: "127.22.203.193" port: 35261 } } peers { permanent_uuid: "35f4227cf303471ca7a97890da9b9bfe" member_type: VOTER last_known_addr { host: "127.22.203.194" port: 35171 } } peers { permanent_uuid: "e8ecd84a423a4a69ac7050f49102469f" member_type: VOTER last_known_addr { host: "127.22.203.195" port: 39893 } }
I20260710 11:07:41.525413 23673 consensus_queue.cc:260] T 29325e6d20d24ad196455ecc6b525244 P 35f4227cf303471ca7a97890da9b9bfe [NON_LEADER]: Queue going to NON_LEADER mode. State: All replicated index: 0, Majority replicated index: 0, Committed index: 0, Last appended: 0.0, Last appended by leader: 0, Current term: 0, Majority size: -1, State: 0, Mode: NON_LEADER, active raft config: opid_index: -1 OBSOLETE_local: false peers { permanent_uuid: "a7f12c3fb8684aba99e40db6aca2af7c" member_type: VOTER last_known_addr { host: "127.22.203.193" port: 35261 } } peers { permanent_uuid: "35f4227cf303471ca7a97890da9b9bfe" member_type: VOTER last_known_addr { host: "127.22.203.194" port: 35171 } } peers { permanent_uuid: "e8ecd84a423a4a69ac7050f49102469f" member_type: VOTER last_known_addr { host: "127.22.203.195" port: 39893 } }
I20260710 11:07:41.527498 23673 ts_tablet_manager.cc:1434] T 29325e6d20d24ad196455ecc6b525244 P 35f4227cf303471ca7a97890da9b9bfe: Time spent starting tablet: real 0.006s	user 0.007s	sys 0.000s
I20260710 11:07:41.532469 23681 raft_consensus.cc:493] T 29325e6d20d24ad196455ecc6b525244 P a7f12c3fb8684aba99e40db6aca2af7c [term 0 FOLLOWER]: Starting pre-election (no leader contacted us within the election timeout)
I20260710 11:07:41.535501 23711 raft_consensus.cc:493] T 920ed7c7f244457a86a97499173bd6c8 P 35f4227cf303471ca7a97890da9b9bfe [term 0 FOLLOWER]: Starting pre-election (no leader contacted us within the election timeout)
I20260710 11:07:41.536388 23681 raft_consensus.cc:515] T 29325e6d20d24ad196455ecc6b525244 P a7f12c3fb8684aba99e40db6aca2af7c [term 0 FOLLOWER]: Starting pre-election with config: opid_index: -1 OBSOLETE_local: false peers { permanent_uuid: "a7f12c3fb8684aba99e40db6aca2af7c" member_type: VOTER last_known_addr { host: "127.22.203.193" port: 35261 } } peers { permanent_uuid: "35f4227cf303471ca7a97890da9b9bfe" member_type: VOTER last_known_addr { host: "127.22.203.194" port: 35171 } } peers { permanent_uuid: "e8ecd84a423a4a69ac7050f49102469f" member_type: VOTER last_known_addr { host: "127.22.203.195" port: 39893 } }
I20260710 11:07:41.536576 23711 raft_consensus.cc:515] T 920ed7c7f244457a86a97499173bd6c8 P 35f4227cf303471ca7a97890da9b9bfe [term 0 FOLLOWER]: Starting pre-election with config: opid_index: -1 OBSOLETE_local: false peers { permanent_uuid: "a7f12c3fb8684aba99e40db6aca2af7c" member_type: VOTER last_known_addr { host: "127.22.203.193" port: 35261 } } peers { permanent_uuid: "35f4227cf303471ca7a97890da9b9bfe" member_type: VOTER last_known_addr { host: "127.22.203.194" port: 35171 } } peers { permanent_uuid: "e8ecd84a423a4a69ac7050f49102469f" member_type: VOTER last_known_addr { host: "127.22.203.195" port: 39893 } }
I20260710 11:07:41.538373 23681 leader_election.cc:290] T 29325e6d20d24ad196455ecc6b525244 P a7f12c3fb8684aba99e40db6aca2af7c [CANDIDATE]: Term 1 pre-election: Requested pre-vote from peers 35f4227cf303471ca7a97890da9b9bfe (127.22.203.194:35171), e8ecd84a423a4a69ac7050f49102469f (127.22.203.195:39893)
I20260710 11:07:41.539101 23711 leader_election.cc:290] T 920ed7c7f244457a86a97499173bd6c8 P 35f4227cf303471ca7a97890da9b9bfe [CANDIDATE]: Term 1 pre-election: Requested pre-vote from peers a7f12c3fb8684aba99e40db6aca2af7c (127.22.203.193:35261), e8ecd84a423a4a69ac7050f49102469f (127.22.203.195:39893)
I20260710 11:07:41.540050 23477 tablet_service.cc:1917] Received RequestConsensusVote() RPC: tablet_id: "920ed7c7f244457a86a97499173bd6c8" candidate_uuid: "35f4227cf303471ca7a97890da9b9bfe" candidate_term: 1 candidate_status { last_received { term: 0 index: 0 } } ignore_live_leader: false dest_uuid: "a7f12c3fb8684aba99e40db6aca2af7c" is_pre_election: true
I20260710 11:07:41.528481 23673 tablet_bootstrap.cc:492] T ce75105f38af44c68054d55eec48f967 P 35f4227cf303471ca7a97890da9b9bfe: Bootstrap starting.
I20260710 11:07:41.540354 23626 tablet_service.cc:1917] Received RequestConsensusVote() RPC: tablet_id: "29325e6d20d24ad196455ecc6b525244" candidate_uuid: "a7f12c3fb8684aba99e40db6aca2af7c" candidate_term: 1 candidate_status { last_received { term: 0 index: 0 } } ignore_live_leader: false dest_uuid: "e8ecd84a423a4a69ac7050f49102469f" is_pre_election: true
I20260710 11:07:41.540696 23477 raft_consensus.cc:2468] T 920ed7c7f244457a86a97499173bd6c8 P a7f12c3fb8684aba99e40db6aca2af7c [term 0 FOLLOWER]: Leader pre-election vote request: Granting yes vote for candidate 35f4227cf303471ca7a97890da9b9bfe in term 0.
I20260710 11:07:41.541122 23626 raft_consensus.cc:2468] T 29325e6d20d24ad196455ecc6b525244 P e8ecd84a423a4a69ac7050f49102469f [term 0 FOLLOWER]: Leader pre-election vote request: Granting yes vote for candidate a7f12c3fb8684aba99e40db6aca2af7c in term 0.
I20260710 11:07:41.541368 23552 tablet_service.cc:1917] Received RequestConsensusVote() RPC: tablet_id: "29325e6d20d24ad196455ecc6b525244" candidate_uuid: "a7f12c3fb8684aba99e40db6aca2af7c" candidate_term: 1 candidate_status { last_received { term: 0 index: 0 } } ignore_live_leader: false dest_uuid: "35f4227cf303471ca7a97890da9b9bfe" is_pre_election: true
I20260710 11:07:41.541960 23552 raft_consensus.cc:2468] T 29325e6d20d24ad196455ecc6b525244 P 35f4227cf303471ca7a97890da9b9bfe [term 0 FOLLOWER]: Leader pre-election vote request: Granting yes vote for candidate a7f12c3fb8684aba99e40db6aca2af7c in term 0.
I20260710 11:07:41.542007 23518 leader_election.cc:304] T 920ed7c7f244457a86a97499173bd6c8 P 35f4227cf303471ca7a97890da9b9bfe [CANDIDATE]: Term 1 pre-election: Election decided. Result: candidate won. Election summary: received 2 responses out of 3 voters: 2 yes votes; 0 no votes. yes voters: 35f4227cf303471ca7a97890da9b9bfe, a7f12c3fb8684aba99e40db6aca2af7c; no voters: 
I20260710 11:07:41.542884 23711 raft_consensus.cc:2804] T 920ed7c7f244457a86a97499173bd6c8 P 35f4227cf303471ca7a97890da9b9bfe [term 0 FOLLOWER]: Leader pre-election won for term 1
I20260710 11:07:41.540416 23625 tablet_service.cc:1917] Received RequestConsensusVote() RPC: tablet_id: "920ed7c7f244457a86a97499173bd6c8" candidate_uuid: "35f4227cf303471ca7a97890da9b9bfe" candidate_term: 1 candidate_status { last_received { term: 0 index: 0 } } ignore_live_leader: false dest_uuid: "e8ecd84a423a4a69ac7050f49102469f" is_pre_election: true
I20260710 11:07:41.543284 23711 raft_consensus.cc:493] T 920ed7c7f244457a86a97499173bd6c8 P 35f4227cf303471ca7a97890da9b9bfe [term 0 FOLLOWER]: Starting leader election (no leader contacted us within the election timeout)
I20260710 11:07:41.543481 23625 raft_consensus.cc:2468] T 920ed7c7f244457a86a97499173bd6c8 P e8ecd84a423a4a69ac7050f49102469f [term 0 FOLLOWER]: Leader pre-election vote request: Granting yes vote for candidate 35f4227cf303471ca7a97890da9b9bfe in term 0.
I20260710 11:07:41.543263 23443 leader_election.cc:304] T 29325e6d20d24ad196455ecc6b525244 P a7f12c3fb8684aba99e40db6aca2af7c [CANDIDATE]: Term 1 pre-election: Election decided. Result: candidate won. Election summary: received 2 responses out of 3 voters: 2 yes votes; 0 no votes. yes voters: a7f12c3fb8684aba99e40db6aca2af7c, e8ecd84a423a4a69ac7050f49102469f; no voters: 
I20260710 11:07:41.543820 23711 raft_consensus.cc:3060] T 920ed7c7f244457a86a97499173bd6c8 P 35f4227cf303471ca7a97890da9b9bfe [term 0 FOLLOWER]: Advancing to term 1
I20260710 11:07:41.545185 23681 raft_consensus.cc:2804] T 29325e6d20d24ad196455ecc6b525244 P a7f12c3fb8684aba99e40db6aca2af7c [term 0 FOLLOWER]: Leader pre-election won for term 1
I20260710 11:07:41.545548 23681 raft_consensus.cc:493] T 29325e6d20d24ad196455ecc6b525244 P a7f12c3fb8684aba99e40db6aca2af7c [term 0 FOLLOWER]: Starting leader election (no leader contacted us within the election timeout)
I20260710 11:07:41.545907 23681 raft_consensus.cc:3060] T 29325e6d20d24ad196455ecc6b525244 P a7f12c3fb8684aba99e40db6aca2af7c [term 0 FOLLOWER]: Advancing to term 1
I20260710 11:07:41.546202 23673 tablet_bootstrap.cc:654] T ce75105f38af44c68054d55eec48f967 P 35f4227cf303471ca7a97890da9b9bfe: Neither blocks nor log segments found. Creating new log.
I20260710 11:07:41.527894 23674 raft_consensus.cc:385] T 7b47af2033c240a9bc0e73fa992d4296 P e8ecd84a423a4a69ac7050f49102469f [term 0 FOLLOWER]: Consensus starting up: Expiring failure detector timer to make a prompt election more likely
I20260710 11:07:41.549858 23674 raft_consensus.cc:740] T 7b47af2033c240a9bc0e73fa992d4296 P e8ecd84a423a4a69ac7050f49102469f [term 0 FOLLOWER]: Becoming Follower/Learner. State: Replica: e8ecd84a423a4a69ac7050f49102469f, State: Initialized, Role: FOLLOWER
I20260710 11:07:41.550741 23674 consensus_queue.cc:260] T 7b47af2033c240a9bc0e73fa992d4296 P e8ecd84a423a4a69ac7050f49102469f [NON_LEADER]: Queue going to NON_LEADER mode. State: All replicated index: 0, Majority replicated index: 0, Committed index: 0, Last appended: 0.0, Last appended by leader: 0, Current term: 0, Majority size: -1, State: 0, Mode: NON_LEADER, active raft config: opid_index: -1 OBSOLETE_local: false peers { permanent_uuid: "a7f12c3fb8684aba99e40db6aca2af7c" member_type: VOTER last_known_addr { host: "127.22.203.193" port: 35261 } } peers { permanent_uuid: "35f4227cf303471ca7a97890da9b9bfe" member_type: VOTER last_known_addr { host: "127.22.203.194" port: 35171 } } peers { permanent_uuid: "e8ecd84a423a4a69ac7050f49102469f" member_type: VOTER last_known_addr { host: "127.22.203.195" port: 39893 } }
I20260710 11:07:41.553016 23673 tablet_bootstrap.cc:492] T ce75105f38af44c68054d55eec48f967 P 35f4227cf303471ca7a97890da9b9bfe: No bootstrap required, opened a new log
I20260710 11:07:41.553442 23673 ts_tablet_manager.cc:1403] T ce75105f38af44c68054d55eec48f967 P 35f4227cf303471ca7a97890da9b9bfe: Time spent bootstrapping tablet: real 0.025s	user 0.009s	sys 0.000s
I20260710 11:07:41.554329 23711 raft_consensus.cc:515] T 920ed7c7f244457a86a97499173bd6c8 P 35f4227cf303471ca7a97890da9b9bfe [term 1 FOLLOWER]: Starting leader election with config: opid_index: -1 OBSOLETE_local: false peers { permanent_uuid: "a7f12c3fb8684aba99e40db6aca2af7c" member_type: VOTER last_known_addr { host: "127.22.203.193" port: 35261 } } peers { permanent_uuid: "35f4227cf303471ca7a97890da9b9bfe" member_type: VOTER last_known_addr { host: "127.22.203.194" port: 35171 } } peers { permanent_uuid: "e8ecd84a423a4a69ac7050f49102469f" member_type: VOTER last_known_addr { host: "127.22.203.195" port: 39893 } }
I20260710 11:07:41.556078 23673 raft_consensus.cc:359] T ce75105f38af44c68054d55eec48f967 P 35f4227cf303471ca7a97890da9b9bfe [term 0 FOLLOWER]: Replica starting. Triggering 0 pending ops. Active config: opid_index: -1 OBSOLETE_local: false peers { permanent_uuid: "a7f12c3fb8684aba99e40db6aca2af7c" member_type: VOTER last_known_addr { host: "127.22.203.193" port: 35261 } } peers { permanent_uuid: "35f4227cf303471ca7a97890da9b9bfe" member_type: VOTER last_known_addr { host: "127.22.203.194" port: 35171 } } peers { permanent_uuid: "e8ecd84a423a4a69ac7050f49102469f" member_type: VOTER last_known_addr { host: "127.22.203.195" port: 39893 } }
I20260710 11:07:41.556707 23673 raft_consensus.cc:385] T ce75105f38af44c68054d55eec48f967 P 35f4227cf303471ca7a97890da9b9bfe [term 0 FOLLOWER]: Consensus starting up: Expiring failure detector timer to make a prompt election more likely
I20260710 11:07:41.556968 23673 raft_consensus.cc:740] T ce75105f38af44c68054d55eec48f967 P 35f4227cf303471ca7a97890da9b9bfe [term 0 FOLLOWER]: Becoming Follower/Learner. State: Replica: 35f4227cf303471ca7a97890da9b9bfe, State: Initialized, Role: FOLLOWER
I20260710 11:07:41.557024 23477 tablet_service.cc:1917] Received RequestConsensusVote() RPC: tablet_id: "920ed7c7f244457a86a97499173bd6c8" candidate_uuid: "35f4227cf303471ca7a97890da9b9bfe" candidate_term: 1 candidate_status { last_received { term: 0 index: 0 } } ignore_live_leader: false dest_uuid: "a7f12c3fb8684aba99e40db6aca2af7c"
I20260710 11:07:41.557638 23477 raft_consensus.cc:3060] T 920ed7c7f244457a86a97499173bd6c8 P a7f12c3fb8684aba99e40db6aca2af7c [term 0 FOLLOWER]: Advancing to term 1
I20260710 11:07:41.557632 23673 consensus_queue.cc:260] T ce75105f38af44c68054d55eec48f967 P 35f4227cf303471ca7a97890da9b9bfe [NON_LEADER]: Queue going to NON_LEADER mode. State: All replicated index: 0, Majority replicated index: 0, Committed index: 0, Last appended: 0.0, Last appended by leader: 0, Current term: 0, Majority size: -1, State: 0, Mode: NON_LEADER, active raft config: opid_index: -1 OBSOLETE_local: false peers { permanent_uuid: "a7f12c3fb8684aba99e40db6aca2af7c" member_type: VOTER last_known_addr { host: "127.22.203.193" port: 35261 } } peers { permanent_uuid: "35f4227cf303471ca7a97890da9b9bfe" member_type: VOTER last_known_addr { host: "127.22.203.194" port: 35171 } } peers { permanent_uuid: "e8ecd84a423a4a69ac7050f49102469f" member_type: VOTER last_known_addr { host: "127.22.203.195" port: 39893 } }
I20260710 11:07:41.563726 23674 ts_tablet_manager.cc:1434] T 7b47af2033c240a9bc0e73fa992d4296 P e8ecd84a423a4a69ac7050f49102469f: Time spent starting tablet: real 0.043s	user 0.004s	sys 0.002s
I20260710 11:07:41.564611 23674 tablet_bootstrap.cc:492] T 49bcdae23b1b446dbef6b717b15e7098 P e8ecd84a423a4a69ac7050f49102469f: Bootstrap starting.
I20260710 11:07:41.553254 23681 raft_consensus.cc:515] T 29325e6d20d24ad196455ecc6b525244 P a7f12c3fb8684aba99e40db6aca2af7c [term 1 FOLLOWER]: Starting leader election with config: opid_index: -1 OBSOLETE_local: false peers { permanent_uuid: "a7f12c3fb8684aba99e40db6aca2af7c" member_type: VOTER last_known_addr { host: "127.22.203.193" port: 35261 } } peers { permanent_uuid: "35f4227cf303471ca7a97890da9b9bfe" member_type: VOTER last_known_addr { host: "127.22.203.194" port: 35171 } } peers { permanent_uuid: "e8ecd84a423a4a69ac7050f49102469f" member_type: VOTER last_known_addr { host: "127.22.203.195" port: 39893 } }
I20260710 11:07:41.560386 23625 tablet_service.cc:1917] Received RequestConsensusVote() RPC: tablet_id: "920ed7c7f244457a86a97499173bd6c8" candidate_uuid: "35f4227cf303471ca7a97890da9b9bfe" candidate_term: 1 candidate_status { last_received { term: 0 index: 0 } } ignore_live_leader: false dest_uuid: "e8ecd84a423a4a69ac7050f49102469f"
I20260710 11:07:41.566154 23625 raft_consensus.cc:3060] T 920ed7c7f244457a86a97499173bd6c8 P e8ecd84a423a4a69ac7050f49102469f [term 0 FOLLOWER]: Advancing to term 1
I20260710 11:07:41.567823 23552 tablet_service.cc:1917] Received RequestConsensusVote() RPC: tablet_id: "29325e6d20d24ad196455ecc6b525244" candidate_uuid: "a7f12c3fb8684aba99e40db6aca2af7c" candidate_term: 1 candidate_status { last_received { term: 0 index: 0 } } ignore_live_leader: false dest_uuid: "35f4227cf303471ca7a97890da9b9bfe"
I20260710 11:07:41.568362 23552 raft_consensus.cc:3060] T 29325e6d20d24ad196455ecc6b525244 P 35f4227cf303471ca7a97890da9b9bfe [term 0 FOLLOWER]: Advancing to term 1
I20260710 11:07:41.573523 23673 ts_tablet_manager.cc:1434] T ce75105f38af44c68054d55eec48f967 P 35f4227cf303471ca7a97890da9b9bfe: Time spent starting tablet: real 0.020s	user 0.007s	sys 0.000s
I20260710 11:07:41.563124 23711 leader_election.cc:290] T 920ed7c7f244457a86a97499173bd6c8 P 35f4227cf303471ca7a97890da9b9bfe [CANDIDATE]: Term 1 election: Requested vote from peers a7f12c3fb8684aba99e40db6aca2af7c (127.22.203.193:35261), e8ecd84a423a4a69ac7050f49102469f (127.22.203.195:39893)
I20260710 11:07:41.576071 23552 raft_consensus.cc:2468] T 29325e6d20d24ad196455ecc6b525244 P 35f4227cf303471ca7a97890da9b9bfe [term 1 FOLLOWER]: Leader election vote request: Granting yes vote for candidate a7f12c3fb8684aba99e40db6aca2af7c in term 1.
I20260710 11:07:41.576821 23626 tablet_service.cc:1917] Received RequestConsensusVote() RPC: tablet_id: "29325e6d20d24ad196455ecc6b525244" candidate_uuid: "a7f12c3fb8684aba99e40db6aca2af7c" candidate_term: 1 candidate_status { last_received { term: 0 index: 0 } } ignore_live_leader: false dest_uuid: "e8ecd84a423a4a69ac7050f49102469f"
I20260710 11:07:41.577162 23443 leader_election.cc:304] T 29325e6d20d24ad196455ecc6b525244 P a7f12c3fb8684aba99e40db6aca2af7c [CANDIDATE]: Term 1 election: Election decided. Result: candidate won. Election summary: received 2 responses out of 3 voters: 2 yes votes; 0 no votes. yes voters: 35f4227cf303471ca7a97890da9b9bfe, a7f12c3fb8684aba99e40db6aca2af7c; no voters: 
I20260710 11:07:41.577378 23626 raft_consensus.cc:3060] T 29325e6d20d24ad196455ecc6b525244 P e8ecd84a423a4a69ac7050f49102469f [term 0 FOLLOWER]: Advancing to term 1
I20260710 11:07:41.577983 23672 raft_consensus.cc:2804] T 29325e6d20d24ad196455ecc6b525244 P a7f12c3fb8684aba99e40db6aca2af7c [term 1 FOLLOWER]: Leader election won for term 1
I20260710 11:07:41.593277 23477 raft_consensus.cc:2468] T 920ed7c7f244457a86a97499173bd6c8 P a7f12c3fb8684aba99e40db6aca2af7c [term 1 FOLLOWER]: Leader election vote request: Granting yes vote for candidate 35f4227cf303471ca7a97890da9b9bfe in term 1.
I20260710 11:07:41.601059 23518 leader_election.cc:304] T 920ed7c7f244457a86a97499173bd6c8 P 35f4227cf303471ca7a97890da9b9bfe [CANDIDATE]: Term 1 election: Election decided. Result: candidate won. Election summary: received 2 responses out of 3 voters: 2 yes votes; 0 no votes. yes voters: 35f4227cf303471ca7a97890da9b9bfe, a7f12c3fb8684aba99e40db6aca2af7c; no voters: 
I20260710 11:07:41.601933 23678 raft_consensus.cc:2804] T 920ed7c7f244457a86a97499173bd6c8 P 35f4227cf303471ca7a97890da9b9bfe [term 1 FOLLOWER]: Leader election won for term 1
I20260710 11:07:41.602396 23678 raft_consensus.cc:697] T 920ed7c7f244457a86a97499173bd6c8 P 35f4227cf303471ca7a97890da9b9bfe [term 1 LEADER]: Becoming Leader. State: Replica: 35f4227cf303471ca7a97890da9b9bfe, State: Running, Role: LEADER
I20260710 11:07:41.603430 23678 consensus_queue.cc:237] T 920ed7c7f244457a86a97499173bd6c8 P 35f4227cf303471ca7a97890da9b9bfe [LEADER]: Queue going to LEADER mode. State: All replicated index: 0, Majority replicated index: 0, Committed index: 0, Last appended: 0.0, Last appended by leader: 0, Current term: 1, Majority size: 2, State: 0, Mode: LEADER, active raft config: opid_index: -1 OBSOLETE_local: false peers { permanent_uuid: "a7f12c3fb8684aba99e40db6aca2af7c" member_type: VOTER last_known_addr { host: "127.22.203.193" port: 35261 } } peers { permanent_uuid: "35f4227cf303471ca7a97890da9b9bfe" member_type: VOTER last_known_addr { host: "127.22.203.194" port: 35171 } } peers { permanent_uuid: "e8ecd84a423a4a69ac7050f49102469f" member_type: VOTER last_known_addr { host: "127.22.203.195" port: 39893 } }
I20260710 11:07:41.597056 23625 raft_consensus.cc:2468] T 920ed7c7f244457a86a97499173bd6c8 P e8ecd84a423a4a69ac7050f49102469f [term 1 FOLLOWER]: Leader election vote request: Granting yes vote for candidate 35f4227cf303471ca7a97890da9b9bfe in term 1.
I20260710 11:07:41.599359 23674 tablet_bootstrap.cc:654] T 49bcdae23b1b446dbef6b717b15e7098 P e8ecd84a423a4a69ac7050f49102469f: Neither blocks nor log segments found. Creating new log.
I20260710 11:07:41.599334 23681 leader_election.cc:290] T 29325e6d20d24ad196455ecc6b525244 P a7f12c3fb8684aba99e40db6aca2af7c [CANDIDATE]: Term 1 election: Requested vote from peers 35f4227cf303471ca7a97890da9b9bfe (127.22.203.194:35171), e8ecd84a423a4a69ac7050f49102469f (127.22.203.195:39893)
I20260710 11:07:41.598776 23711 raft_consensus.cc:493] T ce75105f38af44c68054d55eec48f967 P 35f4227cf303471ca7a97890da9b9bfe [term 0 FOLLOWER]: Starting pre-election (no leader contacted us within the election timeout)
I20260710 11:07:41.612811 23711 raft_consensus.cc:515] T ce75105f38af44c68054d55eec48f967 P 35f4227cf303471ca7a97890da9b9bfe [term 0 FOLLOWER]: Starting pre-election with config: opid_index: -1 OBSOLETE_local: false peers { permanent_uuid: "a7f12c3fb8684aba99e40db6aca2af7c" member_type: VOTER last_known_addr { host: "127.22.203.193" port: 35261 } } peers { permanent_uuid: "35f4227cf303471ca7a97890da9b9bfe" member_type: VOTER last_known_addr { host: "127.22.203.194" port: 35171 } } peers { permanent_uuid: "e8ecd84a423a4a69ac7050f49102469f" member_type: VOTER last_known_addr { host: "127.22.203.195" port: 39893 } }
I20260710 11:07:41.615698 23729 raft_consensus.cc:493] T 6888a6c4b4a54e2eae4f531092b07062 P a7f12c3fb8684aba99e40db6aca2af7c [term 0 FOLLOWER]: Starting pre-election (no leader contacted us within the election timeout)
I20260710 11:07:41.616211 23477 tablet_service.cc:1917] Received RequestConsensusVote() RPC: tablet_id: "ce75105f38af44c68054d55eec48f967" candidate_uuid: "35f4227cf303471ca7a97890da9b9bfe" candidate_term: 1 candidate_status { last_received { term: 0 index: 0 } } ignore_live_leader: false dest_uuid: "a7f12c3fb8684aba99e40db6aca2af7c" is_pre_election: true
I20260710 11:07:41.616165 23729 raft_consensus.cc:515] T 6888a6c4b4a54e2eae4f531092b07062 P a7f12c3fb8684aba99e40db6aca2af7c [term 0 FOLLOWER]: Starting pre-election with config: opid_index: -1 OBSOLETE_local: false peers { permanent_uuid: "a7f12c3fb8684aba99e40db6aca2af7c" member_type: VOTER last_known_addr { host: "127.22.203.193" port: 35261 } } peers { permanent_uuid: "35f4227cf303471ca7a97890da9b9bfe" member_type: VOTER last_known_addr { host: "127.22.203.194" port: 35171 } } peers { permanent_uuid: "e8ecd84a423a4a69ac7050f49102469f" member_type: VOTER last_known_addr { host: "127.22.203.195" port: 39893 } }
I20260710 11:07:41.616873 23477 raft_consensus.cc:2468] T ce75105f38af44c68054d55eec48f967 P a7f12c3fb8684aba99e40db6aca2af7c [term 0 FOLLOWER]: Leader pre-election vote request: Granting yes vote for candidate 35f4227cf303471ca7a97890da9b9bfe in term 0.
I20260710 11:07:41.617961 23518 leader_election.cc:304] T ce75105f38af44c68054d55eec48f967 P 35f4227cf303471ca7a97890da9b9bfe [CANDIDATE]: Term 1 pre-election: Election decided. Result: candidate won. Election summary: received 2 responses out of 3 voters: 2 yes votes; 0 no votes. yes voters: 35f4227cf303471ca7a97890da9b9bfe, a7f12c3fb8684aba99e40db6aca2af7c; no voters: 
I20260710 11:07:41.618214 23729 leader_election.cc:290] T 6888a6c4b4a54e2eae4f531092b07062 P a7f12c3fb8684aba99e40db6aca2af7c [CANDIDATE]: Term 1 pre-election: Requested pre-vote from peers 35f4227cf303471ca7a97890da9b9bfe (127.22.203.194:35171), e8ecd84a423a4a69ac7050f49102469f (127.22.203.195:39893)
I20260710 11:07:41.618836 23709 raft_consensus.cc:2804] T ce75105f38af44c68054d55eec48f967 P 35f4227cf303471ca7a97890da9b9bfe [term 0 FOLLOWER]: Leader pre-election won for term 1
I20260710 11:07:41.619237 23709 raft_consensus.cc:493] T ce75105f38af44c68054d55eec48f967 P 35f4227cf303471ca7a97890da9b9bfe [term 0 FOLLOWER]: Starting leader election (no leader contacted us within the election timeout)
I20260710 11:07:41.619591 23709 raft_consensus.cc:3060] T ce75105f38af44c68054d55eec48f967 P 35f4227cf303471ca7a97890da9b9bfe [term 0 FOLLOWER]: Advancing to term 1
I20260710 11:07:41.620774 23553 tablet_service.cc:1917] Received RequestConsensusVote() RPC: tablet_id: "6888a6c4b4a54e2eae4f531092b07062" candidate_uuid: "a7f12c3fb8684aba99e40db6aca2af7c" candidate_term: 1 candidate_status { last_received { term: 0 index: 0 } } ignore_live_leader: false dest_uuid: "35f4227cf303471ca7a97890da9b9bfe" is_pre_election: true
I20260710 11:07:41.621407 23553 raft_consensus.cc:2468] T 6888a6c4b4a54e2eae4f531092b07062 P 35f4227cf303471ca7a97890da9b9bfe [term 0 FOLLOWER]: Leader pre-election vote request: Granting yes vote for candidate a7f12c3fb8684aba99e40db6aca2af7c in term 0.
I20260710 11:07:41.622826 23443 leader_election.cc:304] T 6888a6c4b4a54e2eae4f531092b07062 P a7f12c3fb8684aba99e40db6aca2af7c [CANDIDATE]: Term 1 pre-election: Election decided. Result: candidate won. Election summary: received 2 responses out of 3 voters: 2 yes votes; 0 no votes. yes voters: 35f4227cf303471ca7a97890da9b9bfe, a7f12c3fb8684aba99e40db6aca2af7c; no voters: 
I20260710 11:07:41.623209 23625 tablet_service.cc:1917] Received RequestConsensusVote() RPC: tablet_id: "6888a6c4b4a54e2eae4f531092b07062" candidate_uuid: "a7f12c3fb8684aba99e40db6aca2af7c" candidate_term: 1 candidate_status { last_received { term: 0 index: 0 } } ignore_live_leader: false dest_uuid: "e8ecd84a423a4a69ac7050f49102469f" is_pre_election: true
I20260710 11:07:41.623817 23625 raft_consensus.cc:2468] T 6888a6c4b4a54e2eae4f531092b07062 P e8ecd84a423a4a69ac7050f49102469f [term 0 FOLLOWER]: Leader pre-election vote request: Granting yes vote for candidate a7f12c3fb8684aba99e40db6aca2af7c in term 0.
I20260710 11:07:41.625921 23681 raft_consensus.cc:2804] T 6888a6c4b4a54e2eae4f531092b07062 P a7f12c3fb8684aba99e40db6aca2af7c [term 0 FOLLOWER]: Leader pre-election won for term 1
I20260710 11:07:41.626300 23681 raft_consensus.cc:493] T 6888a6c4b4a54e2eae4f531092b07062 P a7f12c3fb8684aba99e40db6aca2af7c [term 0 FOLLOWER]: Starting leader election (no leader contacted us within the election timeout)
I20260710 11:07:41.626631 23681 raft_consensus.cc:3060] T 6888a6c4b4a54e2eae4f531092b07062 P a7f12c3fb8684aba99e40db6aca2af7c [term 0 FOLLOWER]: Advancing to term 1
I20260710 11:07:41.627565 23709 raft_consensus.cc:515] T ce75105f38af44c68054d55eec48f967 P 35f4227cf303471ca7a97890da9b9bfe [term 1 FOLLOWER]: Starting leader election with config: opid_index: -1 OBSOLETE_local: false peers { permanent_uuid: "a7f12c3fb8684aba99e40db6aca2af7c" member_type: VOTER last_known_addr { host: "127.22.203.193" port: 35261 } } peers { permanent_uuid: "35f4227cf303471ca7a97890da9b9bfe" member_type: VOTER last_known_addr { host: "127.22.203.194" port: 35171 } } peers { permanent_uuid: "e8ecd84a423a4a69ac7050f49102469f" member_type: VOTER last_known_addr { host: "127.22.203.195" port: 39893 } }
I20260710 11:07:41.630422 23478 tablet_service.cc:1917] Received RequestConsensusVote() RPC: tablet_id: "ce75105f38af44c68054d55eec48f967" candidate_uuid: "35f4227cf303471ca7a97890da9b9bfe" candidate_term: 1 candidate_status { last_received { term: 0 index: 0 } } ignore_live_leader: false dest_uuid: "a7f12c3fb8684aba99e40db6aca2af7c"
I20260710 11:07:41.631019 23478 raft_consensus.cc:3060] T ce75105f38af44c68054d55eec48f967 P a7f12c3fb8684aba99e40db6aca2af7c [term 0 FOLLOWER]: Advancing to term 1
I20260710 11:07:41.631870 23729 consensus_queue.cc:1048] T cc42c92e946b42c6885a0e6ff109d339 P a7f12c3fb8684aba99e40db6aca2af7c [LEADER]: Connected to new peer: Peer: permanent_uuid: "e8ecd84a423a4a69ac7050f49102469f" member_type: VOTER last_known_addr { host: "127.22.203.195" port: 39893 }, Status: LMP_MISMATCH, Last received: 0.0, Next index: 1, Last known committed idx: 0, Time since last communication: 0.000s
I20260710 11:07:41.636287 23681 raft_consensus.cc:515] T 6888a6c4b4a54e2eae4f531092b07062 P a7f12c3fb8684aba99e40db6aca2af7c [term 1 FOLLOWER]: Starting leader election with config: opid_index: -1 OBSOLETE_local: false peers { permanent_uuid: "a7f12c3fb8684aba99e40db6aca2af7c" member_type: VOTER last_known_addr { host: "127.22.203.193" port: 35261 } } peers { permanent_uuid: "35f4227cf303471ca7a97890da9b9bfe" member_type: VOTER last_known_addr { host: "127.22.203.194" port: 35171 } } peers { permanent_uuid: "e8ecd84a423a4a69ac7050f49102469f" member_type: VOTER last_known_addr { host: "127.22.203.195" port: 39893 } }
I20260710 11:07:41.637490 23478 raft_consensus.cc:2468] T ce75105f38af44c68054d55eec48f967 P a7f12c3fb8684aba99e40db6aca2af7c [term 1 FOLLOWER]: Leader election vote request: Granting yes vote for candidate 35f4227cf303471ca7a97890da9b9bfe in term 1.
I20260710 11:07:41.638667 23518 leader_election.cc:304] T ce75105f38af44c68054d55eec48f967 P 35f4227cf303471ca7a97890da9b9bfe [CANDIDATE]: Term 1 election: Election decided. Result: candidate won. Election summary: received 2 responses out of 3 voters: 2 yes votes; 0 no votes. yes voters: 35f4227cf303471ca7a97890da9b9bfe, a7f12c3fb8684aba99e40db6aca2af7c; no voters: 
I20260710 11:07:41.639153 23553 tablet_service.cc:1917] Received RequestConsensusVote() RPC: tablet_id: "6888a6c4b4a54e2eae4f531092b07062" candidate_uuid: "a7f12c3fb8684aba99e40db6aca2af7c" candidate_term: 1 candidate_status { last_received { term: 0 index: 0 } } ignore_live_leader: false dest_uuid: "35f4227cf303471ca7a97890da9b9bfe"
I20260710 11:07:41.639602 23710 raft_consensus.cc:2804] T ce75105f38af44c68054d55eec48f967 P 35f4227cf303471ca7a97890da9b9bfe [term 1 FOLLOWER]: Leader election won for term 1
I20260710 11:07:41.639709 23553 raft_consensus.cc:3060] T 6888a6c4b4a54e2eae4f531092b07062 P 35f4227cf303471ca7a97890da9b9bfe [term 0 FOLLOWER]: Advancing to term 1
I20260710 11:07:41.640152 23710 raft_consensus.cc:697] T ce75105f38af44c68054d55eec48f967 P 35f4227cf303471ca7a97890da9b9bfe [term 1 LEADER]: Becoming Leader. State: Replica: 35f4227cf303471ca7a97890da9b9bfe, State: Running, Role: LEADER
I20260710 11:07:41.641033 23710 consensus_queue.cc:237] T ce75105f38af44c68054d55eec48f967 P 35f4227cf303471ca7a97890da9b9bfe [LEADER]: Queue going to LEADER mode. State: All replicated index: 0, Majority replicated index: 0, Committed index: 0, Last appended: 0.0, Last appended by leader: 0, Current term: 1, Majority size: 2, State: 0, Mode: LEADER, active raft config: opid_index: -1 OBSOLETE_local: false peers { permanent_uuid: "a7f12c3fb8684aba99e40db6aca2af7c" member_type: VOTER last_known_addr { host: "127.22.203.193" port: 35261 } } peers { permanent_uuid: "35f4227cf303471ca7a97890da9b9bfe" member_type: VOTER last_known_addr { host: "127.22.203.194" port: 35171 } } peers { permanent_uuid: "e8ecd84a423a4a69ac7050f49102469f" member_type: VOTER last_known_addr { host: "127.22.203.195" port: 39893 } }
I20260710 11:07:41.646872 23553 raft_consensus.cc:2468] T 6888a6c4b4a54e2eae4f531092b07062 P 35f4227cf303471ca7a97890da9b9bfe [term 1 FOLLOWER]: Leader election vote request: Granting yes vote for candidate a7f12c3fb8684aba99e40db6aca2af7c in term 1.
I20260710 11:07:41.648250 23443 leader_election.cc:304] T 6888a6c4b4a54e2eae4f531092b07062 P a7f12c3fb8684aba99e40db6aca2af7c [CANDIDATE]: Term 1 election: Election decided. Result: candidate won. Election summary: received 2 responses out of 3 voters: 2 yes votes; 0 no votes. yes voters: 35f4227cf303471ca7a97890da9b9bfe, a7f12c3fb8684aba99e40db6aca2af7c; no voters: 
I20260710 11:07:41.595559 23626 raft_consensus.cc:2468] T 29325e6d20d24ad196455ecc6b525244 P e8ecd84a423a4a69ac7050f49102469f [term 1 FOLLOWER]: Leader election vote request: Granting yes vote for candidate a7f12c3fb8684aba99e40db6aca2af7c in term 1.
I20260710 11:07:41.651458 23729 raft_consensus.cc:2804] T 6888a6c4b4a54e2eae4f531092b07062 P a7f12c3fb8684aba99e40db6aca2af7c [term 1 FOLLOWER]: Leader election won for term 1
I20260710 11:07:41.652009 23729 raft_consensus.cc:697] T 6888a6c4b4a54e2eae4f531092b07062 P a7f12c3fb8684aba99e40db6aca2af7c [term 1 LEADER]: Becoming Leader. State: Replica: a7f12c3fb8684aba99e40db6aca2af7c, State: Running, Role: LEADER
I20260710 11:07:41.653055 23729 consensus_queue.cc:237] T 6888a6c4b4a54e2eae4f531092b07062 P a7f12c3fb8684aba99e40db6aca2af7c [LEADER]: Queue going to LEADER mode. State: All replicated index: 0, Majority replicated index: 0, Committed index: 0, Last appended: 0.0, Last appended by leader: 0, Current term: 1, Majority size: 2, State: 0, Mode: LEADER, active raft config: opid_index: -1 OBSOLETE_local: false peers { permanent_uuid: "a7f12c3fb8684aba99e40db6aca2af7c" member_type: VOTER last_known_addr { host: "127.22.203.193" port: 35261 } } peers { permanent_uuid: "35f4227cf303471ca7a97890da9b9bfe" member_type: VOTER last_known_addr { host: "127.22.203.194" port: 35171 } } peers { permanent_uuid: "e8ecd84a423a4a69ac7050f49102469f" member_type: VOTER last_known_addr { host: "127.22.203.195" port: 39893 } }
I20260710 11:07:41.655115 23626 tablet_service.cc:1917] Received RequestConsensusVote() RPC: tablet_id: "ce75105f38af44c68054d55eec48f967" candidate_uuid: "35f4227cf303471ca7a97890da9b9bfe" candidate_term: 1 candidate_status { last_received { term: 0 index: 0 } } ignore_live_leader: false dest_uuid: "e8ecd84a423a4a69ac7050f49102469f"
I20260710 11:07:41.655694 23626 raft_consensus.cc:3060] T ce75105f38af44c68054d55eec48f967 P e8ecd84a423a4a69ac7050f49102469f [term 0 FOLLOWER]: Advancing to term 1
I20260710 11:07:41.659089 23681 leader_election.cc:290] T 6888a6c4b4a54e2eae4f531092b07062 P a7f12c3fb8684aba99e40db6aca2af7c [CANDIDATE]: Term 1 election: Requested vote from peers 35f4227cf303471ca7a97890da9b9bfe (127.22.203.194:35171), e8ecd84a423a4a69ac7050f49102469f (127.22.203.195:39893)
I20260710 11:07:41.659397 23627 tablet_service.cc:1917] Received RequestConsensusVote() RPC: tablet_id: "6888a6c4b4a54e2eae4f531092b07062" candidate_uuid: "a7f12c3fb8684aba99e40db6aca2af7c" candidate_term: 1 candidate_status { last_received { term: 0 index: 0 } } ignore_live_leader: false dest_uuid: "e8ecd84a423a4a69ac7050f49102469f"
I20260710 11:07:41.659909 23709 leader_election.cc:290] T ce75105f38af44c68054d55eec48f967 P 35f4227cf303471ca7a97890da9b9bfe [CANDIDATE]: Term 1 election: Requested vote from peers a7f12c3fb8684aba99e40db6aca2af7c (127.22.203.193:35261), e8ecd84a423a4a69ac7050f49102469f (127.22.203.195:39893)
I20260710 11:07:41.660113 23627 raft_consensus.cc:3060] T 6888a6c4b4a54e2eae4f531092b07062 P e8ecd84a423a4a69ac7050f49102469f [term 0 FOLLOWER]: Advancing to term 1
I20260710 11:07:41.665545 23626 raft_consensus.cc:2468] T ce75105f38af44c68054d55eec48f967 P e8ecd84a423a4a69ac7050f49102469f [term 1 FOLLOWER]: Leader election vote request: Granting yes vote for candidate 35f4227cf303471ca7a97890da9b9bfe in term 1.
I20260710 11:07:41.668056 23711 leader_election.cc:290] T ce75105f38af44c68054d55eec48f967 P 35f4227cf303471ca7a97890da9b9bfe [CANDIDATE]: Term 1 pre-election: Requested pre-vote from peers a7f12c3fb8684aba99e40db6aca2af7c (127.22.203.193:35261), e8ecd84a423a4a69ac7050f49102469f (127.22.203.195:39893)
I20260710 11:07:41.668885 23624 tablet_service.cc:1917] Received RequestConsensusVote() RPC: tablet_id: "ce75105f38af44c68054d55eec48f967" candidate_uuid: "35f4227cf303471ca7a97890da9b9bfe" candidate_term: 1 candidate_status { last_received { term: 0 index: 0 } } ignore_live_leader: false dest_uuid: "e8ecd84a423a4a69ac7050f49102469f" is_pre_election: true
I20260710 11:07:41.669747 23624 raft_consensus.cc:2376] T ce75105f38af44c68054d55eec48f967 P e8ecd84a423a4a69ac7050f49102469f [term 1 FOLLOWER]: Leader pre-election vote request: Already granted yes vote for candidate 35f4227cf303471ca7a97890da9b9bfe in term 1. Re-sending same reply.
I20260710 11:07:41.669998 23627 raft_consensus.cc:2468] T 6888a6c4b4a54e2eae4f531092b07062 P e8ecd84a423a4a69ac7050f49102469f [term 1 FOLLOWER]: Leader election vote request: Granting yes vote for candidate a7f12c3fb8684aba99e40db6aca2af7c in term 1.
