I20260710 11:08:17.992949 25173 raft_consensus.cc:359] T 27fecf04a2d145b28df777fd38d50407 P c5ff84f3fec6473aafeacc69707d5195 [term 1 LEARNER]: Replica starting. Triggering 0 pending ops. Active config: opid_index: 2 OBSOLETE_local: false peers { permanent_uuid: "bf3fa8a6ef9c4be6a27889a7c3ca2514" member_type: VOTER last_known_addr { host: "127.22.203.193" port: 34067 } attrs { replace: true } } peers { permanent_uuid: "96f80099db3a479db360ab5bac5c3e1d" member_type: VOTER last_known_addr { host: "127.22.203.194" port: 35157 } } peers { permanent_uuid: "b5ff463622d74beeac88f91aceb977e9" member_type: VOTER last_known_addr { host: "127.22.203.195" port: 38757 } } peers { permanent_uuid: "c5ff84f3fec6473aafeacc69707d5195" member_type: NON_VOTER last_known_addr { host: "127.22.203.196" port: 46247 } attrs { promote: true } }
I20260710 11:08:17.993767 25173 raft_consensus.cc:740] T 27fecf04a2d145b28df777fd38d50407 P c5ff84f3fec6473aafeacc69707d5195 [term 1 LEARNER]: Becoming Follower/Learner. State: Replica: c5ff84f3fec6473aafeacc69707d5195, State: Initialized, Role: LEARNER
I20260710 11:08:17.994410 25173 consensus_queue.cc:260] T 27fecf04a2d145b28df777fd38d50407 P c5ff84f3fec6473aafeacc69707d5195 [NON_LEADER]: Queue going to NON_LEADER mode. State: All replicated index: 0, Majority replicated index: 0, Committed index: 2, Last appended: 1.2, Last appended by leader: 2, Current term: 0, Majority size: -1, State: 0, Mode: NON_LEADER, active raft config: opid_index: 2 OBSOLETE_local: false peers { permanent_uuid: "bf3fa8a6ef9c4be6a27889a7c3ca2514" member_type: VOTER last_known_addr { host: "127.22.203.193" port: 34067 } attrs { replace: true } } peers { permanent_uuid: "96f80099db3a479db360ab5bac5c3e1d" member_type: VOTER last_known_addr { host: "127.22.203.194" port: 35157 } } peers { permanent_uuid: "b5ff463622d74beeac88f91aceb977e9" member_type: VOTER last_known_addr { host: "127.22.203.195" port: 38757 } } peers { permanent_uuid: "c5ff84f3fec6473aafeacc69707d5195" member_type: NON_VOTER last_known_addr { host: "127.22.203.196" port: 46247 } attrs { promote: true } }
I20260710 11:08:17.997586 25173 ts_tablet_manager.cc:1434] T 27fecf04a2d145b28df777fd38d50407 P c5ff84f3fec6473aafeacc69707d5195: Time spent starting tablet: real 0.007s	user 0.009s	sys 0.000s
I20260710 11:08:18.000228 24610 tablet_copy_service.cc:342] P b5ff463622d74beeac88f91aceb977e9: Request end of tablet copy session c5ff84f3fec6473aafeacc69707d5195-27fecf04a2d145b28df777fd38d50407 received from {username='slave'} at 127.0.0.1:38438
I20260710 11:08:18.000658 24610 tablet_copy_service.cc:434] P b5ff463622d74beeac88f91aceb977e9: ending tablet copy session c5ff84f3fec6473aafeacc69707d5195-27fecf04a2d145b28df777fd38d50407 on tablet 27fecf04a2d145b28df777fd38d50407 with peer c5ff84f3fec6473aafeacc69707d5195
I20260710 11:08:18.011641 25173 ts_tablet_manager.cc:933] T 83eb99ced00f49169036bdc0c98f6718 P c5ff84f3fec6473aafeacc69707d5195: Initiating tablet copy from peer b5ff463622d74beeac88f91aceb977e9 (127.22.203.195:38757)
I20260710 11:08:18.025475 25173 tablet_copy_client.cc:323] T 83eb99ced00f49169036bdc0c98f6718 P c5ff84f3fec6473aafeacc69707d5195: tablet copy: Beginning tablet copy session from remote peer at address 127.22.203.195:38757
I20260710 11:08:18.027153 24610 tablet_copy_service.cc:140] P b5ff463622d74beeac88f91aceb977e9: Received BeginTabletCopySession request for tablet 83eb99ced00f49169036bdc0c98f6718 from peer c5ff84f3fec6473aafeacc69707d5195 ({username='slave'} at 127.0.0.1:38438)
I20260710 11:08:18.027688 24610 tablet_copy_service.cc:161] P b5ff463622d74beeac88f91aceb977e9: Beginning new tablet copy session on tablet 83eb99ced00f49169036bdc0c98f6718 from peer c5ff84f3fec6473aafeacc69707d5195 at {username='slave'} at 127.0.0.1:38438: session id = c5ff84f3fec6473aafeacc69707d5195-83eb99ced00f49169036bdc0c98f6718
I20260710 11:08:18.033696 24610 tablet_copy_source_session.cc:215] T 83eb99ced00f49169036bdc0c98f6718 P b5ff463622d74beeac88f91aceb977e9: Tablet Copy: opened 0 blocks and 1 log segments
I20260710 11:08:18.037391 25173 data_dirs.cc:400] Could only allocate 1 dirs of requested 3 for tablet 83eb99ced00f49169036bdc0c98f6718. 1 dirs total, 0 dirs full, 0 dirs failed
I20260710 11:08:18.054960 25173 tablet_copy_client.cc:806] T 83eb99ced00f49169036bdc0c98f6718 P c5ff84f3fec6473aafeacc69707d5195: tablet copy: Starting download of 0 data blocks...
I20260710 11:08:18.055639 25173 tablet_copy_client.cc:670] T 83eb99ced00f49169036bdc0c98f6718 P c5ff84f3fec6473aafeacc69707d5195: tablet copy: Starting download of 1 WAL segments...
I20260710 11:08:18.059216 25173 tablet_copy_client.cc:538] T 83eb99ced00f49169036bdc0c98f6718 P c5ff84f3fec6473aafeacc69707d5195: tablet copy: Tablet Copy complete. Replacing tablet superblock.
I20260710 11:08:18.069186 25173 tablet_bootstrap.cc:492] T 83eb99ced00f49169036bdc0c98f6718 P c5ff84f3fec6473aafeacc69707d5195: Bootstrap starting.
I20260710 11:08:18.092208 25173 tablet_bootstrap.cc:492] T 83eb99ced00f49169036bdc0c98f6718 P c5ff84f3fec6473aafeacc69707d5195: Bootstrap replayed 1/1 log segments. Stats: ops{read=2 overwritten=0 applied=2 ignored=0} inserts{seen=0 ignored=0} mutations{seen=0 ignored=0} orphaned_commits=0. Pending: 0 replicates
I20260710 11:08:18.092994 25173 tablet_bootstrap.cc:492] T 83eb99ced00f49169036bdc0c98f6718 P c5ff84f3fec6473aafeacc69707d5195: Bootstrap complete.
I20260710 11:08:18.093691 25173 ts_tablet_manager.cc:1403] T 83eb99ced00f49169036bdc0c98f6718 P c5ff84f3fec6473aafeacc69707d5195: Time spent bootstrapping tablet: real 0.025s	user 0.022s	sys 0.000s
I20260710 11:08:18.096560 25173 raft_consensus.cc:359] T 83eb99ced00f49169036bdc0c98f6718 P c5ff84f3fec6473aafeacc69707d5195 [term 1 LEARNER]: Replica starting. Triggering 0 pending ops. Active config: opid_index: 2 OBSOLETE_local: false peers { permanent_uuid: "bf3fa8a6ef9c4be6a27889a7c3ca2514" member_type: VOTER last_known_addr { host: "127.22.203.193" port: 34067 } } peers { permanent_uuid: "96f80099db3a479db360ab5bac5c3e1d" member_type: VOTER last_known_addr { host: "127.22.203.194" port: 35157 } attrs { replace: true } } peers { permanent_uuid: "b5ff463622d74beeac88f91aceb977e9" member_type: VOTER last_known_addr { host: "127.22.203.195" port: 38757 } } peers { permanent_uuid: "c5ff84f3fec6473aafeacc69707d5195" member_type: NON_VOTER last_known_addr { host: "127.22.203.196" port: 46247 } attrs { promote: true } }
I20260710 11:08:18.097335 25173 raft_consensus.cc:740] T 83eb99ced00f49169036bdc0c98f6718 P c5ff84f3fec6473aafeacc69707d5195 [term 1 LEARNER]: Becoming Follower/Learner. State: Replica: c5ff84f3fec6473aafeacc69707d5195, State: Initialized, Role: LEARNER
I20260710 11:08:18.097904 25173 consensus_queue.cc:260] T 83eb99ced00f49169036bdc0c98f6718 P c5ff84f3fec6473aafeacc69707d5195 [NON_LEADER]: Queue going to NON_LEADER mode. State: All replicated index: 0, Majority replicated index: 0, Committed index: 2, Last appended: 1.2, Last appended by leader: 2, Current term: 0, Majority size: -1, State: 0, Mode: NON_LEADER, active raft config: opid_index: 2 OBSOLETE_local: false peers { permanent_uuid: "bf3fa8a6ef9c4be6a27889a7c3ca2514" member_type: VOTER last_known_addr { host: "127.22.203.193" port: 34067 } } peers { permanent_uuid: "96f80099db3a479db360ab5bac5c3e1d" member_type: VOTER last_known_addr { host: "127.22.203.194" port: 35157 } attrs { replace: true } } peers { permanent_uuid: "b5ff463622d74beeac88f91aceb977e9" member_type: VOTER last_known_addr { host: "127.22.203.195" port: 38757 } } peers { permanent_uuid: "c5ff84f3fec6473aafeacc69707d5195" member_type: NON_VOTER last_known_addr { host: "127.22.203.196" port: 46247 } attrs { promote: true } }
I20260710 11:08:18.099880 25173 ts_tablet_manager.cc:1434] T 83eb99ced00f49169036bdc0c98f6718 P c5ff84f3fec6473aafeacc69707d5195: Time spent starting tablet: real 0.006s	user 0.005s	sys 0.003s
I20260710 11:08:18.101881 24610 tablet_copy_service.cc:342] P b5ff463622d74beeac88f91aceb977e9: Request end of tablet copy session c5ff84f3fec6473aafeacc69707d5195-83eb99ced00f49169036bdc0c98f6718 received from {username='slave'} at 127.0.0.1:38438
I20260710 11:08:18.102348 24610 tablet_copy_service.cc:434] P b5ff463622d74beeac88f91aceb977e9: ending tablet copy session c5ff84f3fec6473aafeacc69707d5195-83eb99ced00f49169036bdc0c98f6718 on tablet 83eb99ced00f49169036bdc0c98f6718 with peer c5ff84f3fec6473aafeacc69707d5195
I20260710 11:08:18.428364 24861 raft_consensus.cc:1217] T 27fecf04a2d145b28df777fd38d50407 P c5ff84f3fec6473aafeacc69707d5195 [term 1 LEARNER]: Deduplicated request from leader. Original: 1.1->[1.2-1.2]   Dedup: 1.2->[]
I20260710 11:08:18.547581 24861 raft_consensus.cc:1217] T 83eb99ced00f49169036bdc0c98f6718 P c5ff84f3fec6473aafeacc69707d5195 [term 1 LEARNER]: Deduplicated request from leader. Original: 1.1->[1.2-1.2]   Dedup: 1.2->[]
I20260710 11:08:18.936286 25163 raft_consensus.cc:1064] T 27fecf04a2d145b28df777fd38d50407 P b5ff463622d74beeac88f91aceb977e9: attempting to promote NON_VOTER c5ff84f3fec6473aafeacc69707d5195 to VOTER
I20260710 11:08:18.939371 25163 consensus_queue.cc:237] T 27fecf04a2d145b28df777fd38d50407 P b5ff463622d74beeac88f91aceb977e9 [LEADER]: Queue going to LEADER mode. State: All replicated index: 0, Majority replicated index: 2, Committed index: 2, Last appended: 1.2, Last appended by leader: 0, Current term: 1, Majority size: 3, State: 0, Mode: LEADER, active raft config: opid_index: 3 OBSOLETE_local: false peers { permanent_uuid: "bf3fa8a6ef9c4be6a27889a7c3ca2514" member_type: VOTER last_known_addr { host: "127.22.203.193" port: 34067 } attrs { replace: true } } peers { permanent_uuid: "96f80099db3a479db360ab5bac5c3e1d" member_type: VOTER last_known_addr { host: "127.22.203.194" port: 35157 } } peers { permanent_uuid: "b5ff463622d74beeac88f91aceb977e9" member_type: VOTER last_known_addr { host: "127.22.203.195" port: 38757 } } peers { permanent_uuid: "c5ff84f3fec6473aafeacc69707d5195" member_type: VOTER last_known_addr { host: "127.22.203.196" port: 46247 } attrs { promote: false } }
I20260710 11:08:18.948264 24862 raft_consensus.cc:1275] T 27fecf04a2d145b28df777fd38d50407 P c5ff84f3fec6473aafeacc69707d5195 [term 1 LEARNER]: Refusing update from remote peer b5ff463622d74beeac88f91aceb977e9: Log matching property violated. Preceding OpId in replica: term: 1 index: 2. Preceding OpId from leader: term: 1 index: 3. (index mismatch)
I20260710 11:08:18.950516 24450 raft_consensus.cc:1275] T 27fecf04a2d145b28df777fd38d50407 P bf3fa8a6ef9c4be6a27889a7c3ca2514 [term 1 FOLLOWER]: Refusing update from remote peer b5ff463622d74beeac88f91aceb977e9: Log matching property violated. Preceding OpId in replica: term: 1 index: 2. Preceding OpId from leader: term: 1 index: 3. (index mismatch)
I20260710 11:08:18.950359 25163 consensus_queue.cc:1048] T 27fecf04a2d145b28df777fd38d50407 P b5ff463622d74beeac88f91aceb977e9 [LEADER]: Connected to new peer: Peer: permanent_uuid: "c5ff84f3fec6473aafeacc69707d5195" member_type: VOTER last_known_addr { host: "127.22.203.196" port: 46247 } attrs { promote: false }, Status: LMP_MISMATCH, Last received: 0.0, Next index: 3, Last known committed idx: 2, Time since last communication: 0.000s
I20260710 11:08:18.951951 24525 raft_consensus.cc:1275] T 27fecf04a2d145b28df777fd38d50407 P 96f80099db3a479db360ab5bac5c3e1d [term 1 FOLLOWER]: Refusing update from remote peer b5ff463622d74beeac88f91aceb977e9: Log matching property violated. Preceding OpId in replica: term: 1 index: 2. Preceding OpId from leader: term: 1 index: 3. (index mismatch)
I20260710 11:08:18.951972 25108 consensus_queue.cc:1048] T 27fecf04a2d145b28df777fd38d50407 P b5ff463622d74beeac88f91aceb977e9 [LEADER]: Connected to new peer: Peer: permanent_uuid: "bf3fa8a6ef9c4be6a27889a7c3ca2514" member_type: VOTER last_known_addr { host: "127.22.203.193" port: 34067 } attrs { replace: true }, Status: LMP_MISMATCH, Last received: 0.0, Next index: 3, Last known committed idx: 2, Time since last communication: 0.001s
I20260710 11:08:18.953579 25163 consensus_queue.cc:1048] T 27fecf04a2d145b28df777fd38d50407 P b5ff463622d74beeac88f91aceb977e9 [LEADER]: Connected to new peer: Peer: permanent_uuid: "96f80099db3a479db360ab5bac5c3e1d" member_type: VOTER last_known_addr { host: "127.22.203.194" port: 35157 }, Status: LMP_MISMATCH, Last received: 0.0, Next index: 3, Last known committed idx: 2, Time since last communication: 0.000s
I20260710 11:08:18.970929 25108 raft_consensus.cc:2955] T 27fecf04a2d145b28df777fd38d50407 P b5ff463622d74beeac88f91aceb977e9 [term 1 LEADER]: Committing config change with OpId 1.3: config changed from index 2 to 3, c5ff84f3fec6473aafeacc69707d5195 (127.22.203.196) changed from NON_VOTER to VOTER. New config: { opid_index: 3 OBSOLETE_local: false peers { permanent_uuid: "bf3fa8a6ef9c4be6a27889a7c3ca2514" member_type: VOTER last_known_addr { host: "127.22.203.193" port: 34067 } attrs { replace: true } } peers { permanent_uuid: "96f80099db3a479db360ab5bac5c3e1d" member_type: VOTER last_known_addr { host: "127.22.203.194" port: 35157 } } peers { permanent_uuid: "b5ff463622d74beeac88f91aceb977e9" member_type: VOTER last_known_addr { host: "127.22.203.195" port: 38757 } } peers { permanent_uuid: "c5ff84f3fec6473aafeacc69707d5195" member_type: VOTER last_known_addr { host: "127.22.203.196" port: 46247 } attrs { promote: false } } }
I20260710 11:08:18.972585 24450 raft_consensus.cc:2955] T 27fecf04a2d145b28df777fd38d50407 P bf3fa8a6ef9c4be6a27889a7c3ca2514 [term 1 FOLLOWER]: Committing config change with OpId 1.3: config changed from index 2 to 3, c5ff84f3fec6473aafeacc69707d5195 (127.22.203.196) changed from NON_VOTER to VOTER. New config: { opid_index: 3 OBSOLETE_local: false peers { permanent_uuid: "bf3fa8a6ef9c4be6a27889a7c3ca2514" member_type: VOTER last_known_addr { host: "127.22.203.193" port: 34067 } attrs { replace: true } } peers { permanent_uuid: "96f80099db3a479db360ab5bac5c3e1d" member_type: VOTER last_known_addr { host: "127.22.203.194" port: 35157 } } peers { permanent_uuid: "b5ff463622d74beeac88f91aceb977e9" member_type: VOTER last_known_addr { host: "127.22.203.195" port: 38757 } } peers { permanent_uuid: "c5ff84f3fec6473aafeacc69707d5195" member_type: VOTER last_known_addr { host: "127.22.203.196" port: 46247 } attrs { promote: false } } }
I20260710 11:08:18.978680 24525 raft_consensus.cc:2955] T 27fecf04a2d145b28df777fd38d50407 P 96f80099db3a479db360ab5bac5c3e1d [term 1 FOLLOWER]: Committing config change with OpId 1.3: config changed from index 2 to 3, c5ff84f3fec6473aafeacc69707d5195 (127.22.203.196) changed from NON_VOTER to VOTER. New config: { opid_index: 3 OBSOLETE_local: false peers { permanent_uuid: "bf3fa8a6ef9c4be6a27889a7c3ca2514" member_type: VOTER last_known_addr { host: "127.22.203.193" port: 34067 } attrs { replace: true } } peers { permanent_uuid: "96f80099db3a479db360ab5bac5c3e1d" member_type: VOTER last_known_addr { host: "127.22.203.194" port: 35157 } } peers { permanent_uuid: "b5ff463622d74beeac88f91aceb977e9" member_type: VOTER last_known_addr { host: "127.22.203.195" port: 38757 } } peers { permanent_uuid: "c5ff84f3fec6473aafeacc69707d5195" member_type: VOTER last_known_addr { host: "127.22.203.196" port: 46247 } attrs { promote: false } } }
I20260710 11:08:18.989818 24862 raft_consensus.cc:2955] T 27fecf04a2d145b28df777fd38d50407 P c5ff84f3fec6473aafeacc69707d5195 [term 1 FOLLOWER]: Committing config change with OpId 1.3: config changed from index 2 to 3, c5ff84f3fec6473aafeacc69707d5195 (127.22.203.196) changed from NON_VOTER to VOTER. New config: { opid_index: 3 OBSOLETE_local: false peers { permanent_uuid: "bf3fa8a6ef9c4be6a27889a7c3ca2514" member_type: VOTER last_known_addr { host: "127.22.203.193" port: 34067 } attrs { replace: true } } peers { permanent_uuid: "96f80099db3a479db360ab5bac5c3e1d" member_type: VOTER last_known_addr { host: "127.22.203.194" port: 35157 } } peers { permanent_uuid: "b5ff463622d74beeac88f91aceb977e9" member_type: VOTER last_known_addr { host: "127.22.203.195" port: 38757 } } peers { permanent_uuid: "c5ff84f3fec6473aafeacc69707d5195" member_type: VOTER last_known_addr { host: "127.22.203.196" port: 46247 } attrs { promote: false } } }
I20260710 11:08:18.993695 24347 catalog_manager.cc:5697] T 27fecf04a2d145b28df777fd38d50407 P bf3fa8a6ef9c4be6a27889a7c3ca2514 reported cstate change: config changed from index 2 to 3, c5ff84f3fec6473aafeacc69707d5195 (127.22.203.196) changed from NON_VOTER to VOTER. New cstate: current_term: 1 leader_uuid: "b5ff463622d74beeac88f91aceb977e9" committed_config { opid_index: 3 OBSOLETE_local: false peers { permanent_uuid: "bf3fa8a6ef9c4be6a27889a7c3ca2514" member_type: VOTER last_known_addr { host: "127.22.203.193" port: 34067 } attrs { replace: true } } peers { permanent_uuid: "96f80099db3a479db360ab5bac5c3e1d" member_type: VOTER last_known_addr { host: "127.22.203.194" port: 35157 } } peers { permanent_uuid: "b5ff463622d74beeac88f91aceb977e9" member_type: VOTER last_known_addr { host: "127.22.203.195" port: 38757 } } peers { permanent_uuid: "c5ff84f3fec6473aafeacc69707d5195" member_type: VOTER last_known_addr { host: "127.22.203.196" port: 46247 } attrs { promote: false } } }
I20260710 11:08:19.023396 24598 consensus_queue.cc:237] T 27fecf04a2d145b28df777fd38d50407 P b5ff463622d74beeac88f91aceb977e9 [LEADER]: Queue going to LEADER mode. State: All replicated index: 0, Majority replicated index: 3, Committed index: 3, Last appended: 1.3, Last appended by leader: 0, Current term: 1, Majority size: 2, State: 0, Mode: LEADER, active raft config: opid_index: 4 OBSOLETE_local: false peers { permanent_uuid: "96f80099db3a479db360ab5bac5c3e1d" member_type: VOTER last_known_addr { host: "127.22.203.194" port: 35157 } } peers { permanent_uuid: "b5ff463622d74beeac88f91aceb977e9" member_type: VOTER last_known_addr { host: "127.22.203.195" port: 38757 } } peers { permanent_uuid: "c5ff84f3fec6473aafeacc69707d5195" member_type: VOTER last_known_addr { host: "127.22.203.196" port: 46247 } attrs { promote: false } }
I20260710 11:08:19.034016 24862 raft_consensus.cc:1275] T 27fecf04a2d145b28df777fd38d50407 P c5ff84f3fec6473aafeacc69707d5195 [term 1 FOLLOWER]: Refusing update from remote peer b5ff463622d74beeac88f91aceb977e9: Log matching property violated. Preceding OpId in replica: term: 1 index: 3. Preceding OpId from leader: term: 1 index: 4. (index mismatch)
I20260710 11:08:19.035560 25163 consensus_queue.cc:1048] T 27fecf04a2d145b28df777fd38d50407 P b5ff463622d74beeac88f91aceb977e9 [LEADER]: Connected to new peer: Peer: permanent_uuid: "c5ff84f3fec6473aafeacc69707d5195" member_type: VOTER last_known_addr { host: "127.22.203.196" port: 46247 } attrs { promote: false }, Status: LMP_MISMATCH, Last received: 0.0, Next index: 4, Last known committed idx: 3, Time since last communication: 0.001s
I20260710 11:08:19.036108 24525 raft_consensus.cc:1275] T 27fecf04a2d145b28df777fd38d50407 P 96f80099db3a479db360ab5bac5c3e1d [term 1 FOLLOWER]: Refusing update from remote peer b5ff463622d74beeac88f91aceb977e9: Log matching property violated. Preceding OpId in replica: term: 1 index: 3. Preceding OpId from leader: term: 1 index: 4. (index mismatch)
I20260710 11:08:19.037261 25108 consensus_queue.cc:1048] T 27fecf04a2d145b28df777fd38d50407 P b5ff463622d74beeac88f91aceb977e9 [LEADER]: Connected to new peer: Peer: permanent_uuid: "96f80099db3a479db360ab5bac5c3e1d" member_type: VOTER last_known_addr { host: "127.22.203.194" port: 35157 }, Status: LMP_MISMATCH, Last received: 0.0, Next index: 4, Last known committed idx: 3, Time since last communication: 0.000s
I20260710 11:08:19.043699 25108 raft_consensus.cc:2955] T 27fecf04a2d145b28df777fd38d50407 P b5ff463622d74beeac88f91aceb977e9 [term 1 LEADER]: Committing config change with OpId 1.4: config changed from index 3 to 4, VOTER bf3fa8a6ef9c4be6a27889a7c3ca2514 (127.22.203.193) evicted. New config: { opid_index: 4 OBSOLETE_local: false peers { permanent_uuid: "96f80099db3a479db360ab5bac5c3e1d" member_type: VOTER last_known_addr { host: "127.22.203.194" port: 35157 } } peers { permanent_uuid: "b5ff463622d74beeac88f91aceb977e9" member_type: VOTER last_known_addr { host: "127.22.203.195" port: 38757 } } peers { permanent_uuid: "c5ff84f3fec6473aafeacc69707d5195" member_type: VOTER last_known_addr { host: "127.22.203.196" port: 46247 } attrs { promote: false } } }
I20260710 11:08:19.047031 24525 raft_consensus.cc:2955] T 27fecf04a2d145b28df777fd38d50407 P 96f80099db3a479db360ab5bac5c3e1d [term 1 FOLLOWER]: Committing config change with OpId 1.4: config changed from index 3 to 4, VOTER bf3fa8a6ef9c4be6a27889a7c3ca2514 (127.22.203.193) evicted. New config: { opid_index: 4 OBSOLETE_local: false peers { permanent_uuid: "96f80099db3a479db360ab5bac5c3e1d" member_type: VOTER last_known_addr { host: "127.22.203.194" port: 35157 } } peers { permanent_uuid: "b5ff463622d74beeac88f91aceb977e9" member_type: VOTER last_known_addr { host: "127.22.203.195" port: 38757 } } peers { permanent_uuid: "c5ff84f3fec6473aafeacc69707d5195" member_type: VOTER last_known_addr { host: "127.22.203.196" port: 46247 } attrs { promote: false } } }
I20260710 11:08:19.047674 24862 raft_consensus.cc:2955] T 27fecf04a2d145b28df777fd38d50407 P c5ff84f3fec6473aafeacc69707d5195 [term 1 FOLLOWER]: Committing config change with OpId 1.4: config changed from index 3 to 4, VOTER bf3fa8a6ef9c4be6a27889a7c3ca2514 (127.22.203.193) evicted. New config: { opid_index: 4 OBSOLETE_local: false peers { permanent_uuid: "96f80099db3a479db360ab5bac5c3e1d" member_type: VOTER last_known_addr { host: "127.22.203.194" port: 35157 } } peers { permanent_uuid: "b5ff463622d74beeac88f91aceb977e9" member_type: VOTER last_known_addr { host: "127.22.203.195" port: 38757 } } peers { permanent_uuid: "c5ff84f3fec6473aafeacc69707d5195" member_type: VOTER last_known_addr { host: "127.22.203.196" port: 46247 } attrs { promote: false } } }
I20260710 11:08:19.063115 24349 catalog_manager.cc:5697] T 27fecf04a2d145b28df777fd38d50407 P 96f80099db3a479db360ab5bac5c3e1d reported cstate change: config changed from index 3 to 4, VOTER bf3fa8a6ef9c4be6a27889a7c3ca2514 (127.22.203.193) evicted. New cstate: current_term: 1 leader_uuid: "b5ff463622d74beeac88f91aceb977e9" committed_config { opid_index: 4 OBSOLETE_local: false peers { permanent_uuid: "96f80099db3a479db360ab5bac5c3e1d" member_type: VOTER last_known_addr { host: "127.22.203.194" port: 35157 } } peers { permanent_uuid: "b5ff463622d74beeac88f91aceb977e9" member_type: VOTER last_known_addr { host: "127.22.203.195" port: 38757 } } peers { permanent_uuid: "c5ff84f3fec6473aafeacc69707d5195" member_type: VOTER last_known_addr { host: "127.22.203.196" port: 46247 } attrs { promote: false } } }
I20260710 11:08:19.065243 24336 catalog_manager.cc:5210] ChangeConfig:REMOVE_PEER RPC for tablet 27fecf04a2d145b28df777fd38d50407 with cas_config_opid_index 3: ChangeConfig:REMOVE_PEER succeeded (attempt 1)
I20260710 11:08:19.075812 24435 tablet_service.cc:1558] Processing DeleteTablet for tablet 27fecf04a2d145b28df777fd38d50407 with delete_type TABLET_DATA_TOMBSTONED (TS bf3fa8a6ef9c4be6a27889a7c3ca2514 not found in new config with opid_index 4) from {username='slave'} at 127.0.0.1:58806
I20260710 11:08:19.078289 25193 tablet_replica.cc:333] T 27fecf04a2d145b28df777fd38d50407 P bf3fa8a6ef9c4be6a27889a7c3ca2514: stopping tablet replica
I20260710 11:08:19.079452 25193 raft_consensus.cc:2243] T 27fecf04a2d145b28df777fd38d50407 P bf3fa8a6ef9c4be6a27889a7c3ca2514 [term 1 FOLLOWER]: Raft consensus shutting down.
I20260710 11:08:19.080255 25193 raft_consensus.cc:2272] T 27fecf04a2d145b28df777fd38d50407 P bf3fa8a6ef9c4be6a27889a7c3ca2514 [term 1 FOLLOWER]: Raft consensus is shut down!
I20260710 11:08:19.083434 25193 ts_tablet_manager.cc:1916] T 27fecf04a2d145b28df777fd38d50407 P bf3fa8a6ef9c4be6a27889a7c3ca2514: Deleting tablet data with delete state TABLET_DATA_TOMBSTONED
I20260710 11:08:19.095738 25193 ts_tablet_manager.cc:1929] T 27fecf04a2d145b28df777fd38d50407 P bf3fa8a6ef9c4be6a27889a7c3ca2514: tablet deleted with delete type TABLET_DATA_TOMBSTONED: last-logged OpId 1.3
I20260710 11:08:19.096246 25193 log.cc:1199] T 27fecf04a2d145b28df777fd38d50407 P bf3fa8a6ef9c4be6a27889a7c3ca2514: Deleting WAL directory at /tmp/dist-test-task7NIzkv/test-tmp/auto_leader_rebalancer-test.0.LeaderRebalancerTest.AddTserver.1783681658019453-23343-0/minicluster-data/ts-0-root/wals/27fecf04a2d145b28df777fd38d50407
I20260710 11:08:19.097806 24334 catalog_manager.cc:5028] TS bf3fa8a6ef9c4be6a27889a7c3ca2514 (127.22.203.193:34067): tablet 27fecf04a2d145b28df777fd38d50407 (table test-workload [id=601e39a49ae94327b87dc178be5e4256]) successfully deleted
I20260710 11:08:19.159777 25108 raft_consensus.cc:1064] T 83eb99ced00f49169036bdc0c98f6718 P b5ff463622d74beeac88f91aceb977e9: attempting to promote NON_VOTER c5ff84f3fec6473aafeacc69707d5195 to VOTER
I20260710 11:08:19.162196 25108 consensus_queue.cc:237] T 83eb99ced00f49169036bdc0c98f6718 P b5ff463622d74beeac88f91aceb977e9 [LEADER]: Queue going to LEADER mode. State: All replicated index: 0, Majority replicated index: 2, Committed index: 2, Last appended: 1.2, Last appended by leader: 0, Current term: 1, Majority size: 3, State: 0, Mode: LEADER, active raft config: opid_index: 3 OBSOLETE_local: false peers { permanent_uuid: "bf3fa8a6ef9c4be6a27889a7c3ca2514" member_type: VOTER last_known_addr { host: "127.22.203.193" port: 34067 } } peers { permanent_uuid: "96f80099db3a479db360ab5bac5c3e1d" member_type: VOTER last_known_addr { host: "127.22.203.194" port: 35157 } attrs { replace: true } } peers { permanent_uuid: "b5ff463622d74beeac88f91aceb977e9" member_type: VOTER last_known_addr { host: "127.22.203.195" port: 38757 } } peers { permanent_uuid: "c5ff84f3fec6473aafeacc69707d5195" member_type: VOTER last_known_addr { host: "127.22.203.196" port: 46247 } attrs { promote: false } }
I20260710 11:08:19.169550 24525 raft_consensus.cc:1275] T 83eb99ced00f49169036bdc0c98f6718 P 96f80099db3a479db360ab5bac5c3e1d [term 1 FOLLOWER]: Refusing update from remote peer b5ff463622d74beeac88f91aceb977e9: Log matching property violated. Preceding OpId in replica: term: 1 index: 2. Preceding OpId from leader: term: 1 index: 3. (index mismatch)
I20260710 11:08:19.172394 24450 raft_consensus.cc:1275] T 83eb99ced00f49169036bdc0c98f6718 P bf3fa8a6ef9c4be6a27889a7c3ca2514 [term 1 FOLLOWER]: Refusing update from remote peer b5ff463622d74beeac88f91aceb977e9: Log matching property violated. Preceding OpId in replica: term: 1 index: 2. Preceding OpId from leader: term: 1 index: 3. (index mismatch)
I20260710 11:08:19.172842 25181 consensus_queue.cc:1048] T 83eb99ced00f49169036bdc0c98f6718 P b5ff463622d74beeac88f91aceb977e9 [LEADER]: Connected to new peer: Peer: permanent_uuid: "96f80099db3a479db360ab5bac5c3e1d" member_type: VOTER last_known_addr { host: "127.22.203.194" port: 35157 } attrs { replace: true }, Status: LMP_MISMATCH, Last received: 0.0, Next index: 3, Last known committed idx: 2, Time since last communication: 0.001s
I20260710 11:08:19.174011 24862 raft_consensus.cc:1275] T 83eb99ced00f49169036bdc0c98f6718 P c5ff84f3fec6473aafeacc69707d5195 [term 1 LEARNER]: Refusing update from remote peer b5ff463622d74beeac88f91aceb977e9: Log matching property violated. Preceding OpId in replica: term: 1 index: 2. Preceding OpId from leader: term: 1 index: 3. (index mismatch)
I20260710 11:08:19.175632 25181 consensus_queue.cc:1048] T 83eb99ced00f49169036bdc0c98f6718 P b5ff463622d74beeac88f91aceb977e9 [LEADER]: Connected to new peer: Peer: permanent_uuid: "bf3fa8a6ef9c4be6a27889a7c3ca2514" member_type: VOTER last_known_addr { host: "127.22.203.193" port: 34067 }, Status: LMP_MISMATCH, Last received: 0.0, Next index: 3, Last known committed idx: 2, Time since last communication: 0.000s
I20260710 11:08:19.177827 25163 consensus_queue.cc:1048] T 83eb99ced00f49169036bdc0c98f6718 P b5ff463622d74beeac88f91aceb977e9 [LEADER]: Connected to new peer: Peer: permanent_uuid: "c5ff84f3fec6473aafeacc69707d5195" member_type: VOTER last_known_addr { host: "127.22.203.196" port: 46247 } attrs { promote: false }, Status: LMP_MISMATCH, Last received: 0.0, Next index: 3, Last known committed idx: 2, Time since last communication: 0.000s
I20260710 11:08:19.196087 25108 raft_consensus.cc:2955] T 83eb99ced00f49169036bdc0c98f6718 P b5ff463622d74beeac88f91aceb977e9 [term 1 LEADER]: Committing config change with OpId 1.3: config changed from index 2 to 3, c5ff84f3fec6473aafeacc69707d5195 (127.22.203.196) changed from NON_VOTER to VOTER. New config: { opid_index: 3 OBSOLETE_local: false peers { permanent_uuid: "bf3fa8a6ef9c4be6a27889a7c3ca2514" member_type: VOTER last_known_addr { host: "127.22.203.193" port: 34067 } } peers { permanent_uuid: "96f80099db3a479db360ab5bac5c3e1d" member_type: VOTER last_known_addr { host: "127.22.203.194" port: 35157 } attrs { replace: true } } peers { permanent_uuid: "b5ff463622d74beeac88f91aceb977e9" member_type: VOTER last_known_addr { host: "127.22.203.195" port: 38757 } } peers { permanent_uuid: "c5ff84f3fec6473aafeacc69707d5195" member_type: VOTER last_known_addr { host: "127.22.203.196" port: 46247 } attrs { promote: false } } }
I20260710 11:08:19.198120 24862 raft_consensus.cc:2955] T 83eb99ced00f49169036bdc0c98f6718 P c5ff84f3fec6473aafeacc69707d5195 [term 1 FOLLOWER]: Committing config change with OpId 1.3: config changed from index 2 to 3, c5ff84f3fec6473aafeacc69707d5195 (127.22.203.196) changed from NON_VOTER to VOTER. New config: { opid_index: 3 OBSOLETE_local: false peers { permanent_uuid: "bf3fa8a6ef9c4be6a27889a7c3ca2514" member_type: VOTER last_known_addr { host: "127.22.203.193" port: 34067 } } peers { permanent_uuid: "96f80099db3a479db360ab5bac5c3e1d" member_type: VOTER last_known_addr { host: "127.22.203.194" port: 35157 } attrs { replace: true } } peers { permanent_uuid: "b5ff463622d74beeac88f91aceb977e9" member_type: VOTER last_known_addr { host: "127.22.203.195" port: 38757 } } peers { permanent_uuid: "c5ff84f3fec6473aafeacc69707d5195" member_type: VOTER last_known_addr { host: "127.22.203.196" port: 46247 } attrs { promote: false } } }
I20260710 11:08:19.200887 24450 raft_consensus.cc:2955] T 83eb99ced00f49169036bdc0c98f6718 P bf3fa8a6ef9c4be6a27889a7c3ca2514 [term 1 FOLLOWER]: Committing config change with OpId 1.3: config changed from index 2 to 3, c5ff84f3fec6473aafeacc69707d5195 (127.22.203.196) changed from NON_VOTER to VOTER. New config: { opid_index: 3 OBSOLETE_local: false peers { permanent_uuid: "bf3fa8a6ef9c4be6a27889a7c3ca2514" member_type: VOTER last_known_addr { host: "127.22.203.193" port: 34067 } } peers { permanent_uuid: "96f80099db3a479db360ab5bac5c3e1d" member_type: VOTER last_known_addr { host: "127.22.203.194" port: 35157 } attrs { replace: true } } peers { permanent_uuid: "b5ff463622d74beeac88f91aceb977e9" member_type: VOTER last_known_addr { host: "127.22.203.195" port: 38757 } } peers { permanent_uuid: "c5ff84f3fec6473aafeacc69707d5195" member_type: VOTER last_known_addr { host: "127.22.203.196" port: 46247 } attrs { promote: false } } }
I20260710 11:08:19.207381 24526 raft_consensus.cc:2955] T 83eb99ced00f49169036bdc0c98f6718 P 96f80099db3a479db360ab5bac5c3e1d [term 1 FOLLOWER]: Committing config change with OpId 1.3: config changed from index 2 to 3, c5ff84f3fec6473aafeacc69707d5195 (127.22.203.196) changed from NON_VOTER to VOTER. New config: { opid_index: 3 OBSOLETE_local: false peers { permanent_uuid: "bf3fa8a6ef9c4be6a27889a7c3ca2514" member_type: VOTER last_known_addr { host: "127.22.203.193" port: 34067 } } peers { permanent_uuid: "96f80099db3a479db360ab5bac5c3e1d" member_type: VOTER last_known_addr { host: "127.22.203.194" port: 35157 } attrs { replace: true } } peers { permanent_uuid: "b5ff463622d74beeac88f91aceb977e9" member_type: VOTER last_known_addr { host: "127.22.203.195" port: 38757 } } peers { permanent_uuid: "c5ff84f3fec6473aafeacc69707d5195" member_type: VOTER last_known_addr { host: "127.22.203.196" port: 46247 } attrs { promote: false } } }
I20260710 11:08:19.212509 24349 catalog_manager.cc:5697] T 83eb99ced00f49169036bdc0c98f6718 P c5ff84f3fec6473aafeacc69707d5195 reported cstate change: config changed from index 2 to 3, c5ff84f3fec6473aafeacc69707d5195 (127.22.203.196) changed from NON_VOTER to VOTER. New cstate: current_term: 1 leader_uuid: "b5ff463622d74beeac88f91aceb977e9" committed_config { opid_index: 3 OBSOLETE_local: false peers { permanent_uuid: "bf3fa8a6ef9c4be6a27889a7c3ca2514" member_type: VOTER last_known_addr { host: "127.22.203.193" port: 34067 } } peers { permanent_uuid: "96f80099db3a479db360ab5bac5c3e1d" member_type: VOTER last_known_addr { host: "127.22.203.194" port: 35157 } attrs { replace: true } } peers { permanent_uuid: "b5ff463622d74beeac88f91aceb977e9" member_type: VOTER last_known_addr { host: "127.22.203.195" port: 38757 } } peers { permanent_uuid: "c5ff84f3fec6473aafeacc69707d5195" member_type: VOTER last_known_addr { host: "127.22.203.196" port: 46247 } attrs { promote: false } } }
I20260710 11:08:19.229048 24598 consensus_queue.cc:237] T 83eb99ced00f49169036bdc0c98f6718 P b5ff463622d74beeac88f91aceb977e9 [LEADER]: Queue going to LEADER mode. State: All replicated index: 0, Majority replicated index: 3, Committed index: 3, Last appended: 1.3, Last appended by leader: 0, Current term: 1, Majority size: 2, State: 0, Mode: LEADER, active raft config: opid_index: 4 OBSOLETE_local: false peers { permanent_uuid: "bf3fa8a6ef9c4be6a27889a7c3ca2514" member_type: VOTER last_known_addr { host: "127.22.203.193" port: 34067 } } peers { permanent_uuid: "b5ff463622d74beeac88f91aceb977e9" member_type: VOTER last_known_addr { host: "127.22.203.195" port: 38757 } } peers { permanent_uuid: "c5ff84f3fec6473aafeacc69707d5195" member_type: VOTER last_known_addr { host: "127.22.203.196" port: 46247 } attrs { promote: false } }
I20260710 11:08:19.233768 24862 raft_consensus.cc:1275] T 83eb99ced00f49169036bdc0c98f6718 P c5ff84f3fec6473aafeacc69707d5195 [term 1 FOLLOWER]: Refusing update from remote peer b5ff463622d74beeac88f91aceb977e9: Log matching property violated. Preceding OpId in replica: term: 1 index: 3. Preceding OpId from leader: term: 1 index: 4. (index mismatch)
I20260710 11:08:19.234066 24450 raft_consensus.cc:1275] T 83eb99ced00f49169036bdc0c98f6718 P bf3fa8a6ef9c4be6a27889a7c3ca2514 [term 1 FOLLOWER]: Refusing update from remote peer b5ff463622d74beeac88f91aceb977e9: Log matching property violated. Preceding OpId in replica: term: 1 index: 3. Preceding OpId from leader: term: 1 index: 4. (index mismatch)
I20260710 11:08:19.235430 25108 consensus_queue.cc:1048] T 83eb99ced00f49169036bdc0c98f6718 P b5ff463622d74beeac88f91aceb977e9 [LEADER]: Connected to new peer: Peer: permanent_uuid: "c5ff84f3fec6473aafeacc69707d5195" member_type: VOTER last_known_addr { host: "127.22.203.196" port: 46247 } attrs { promote: false }, Status: LMP_MISMATCH, Last received: 0.0, Next index: 4, Last known committed idx: 3, Time since last communication: 0.000s
I20260710 11:08:19.236240 25181 consensus_queue.cc:1048] T 83eb99ced00f49169036bdc0c98f6718 P b5ff463622d74beeac88f91aceb977e9 [LEADER]: Connected to new peer: Peer: permanent_uuid: "bf3fa8a6ef9c4be6a27889a7c3ca2514" member_type: VOTER last_known_addr { host: "127.22.203.193" port: 34067 }, Status: LMP_MISMATCH, Last received: 0.0, Next index: 4, Last known committed idx: 3, Time since last communication: 0.000s
I20260710 11:08:19.242481 25108 raft_consensus.cc:2955] T 83eb99ced00f49169036bdc0c98f6718 P b5ff463622d74beeac88f91aceb977e9 [term 1 LEADER]: Committing config change with OpId 1.4: config changed from index 3 to 4, VOTER 96f80099db3a479db360ab5bac5c3e1d (127.22.203.194) evicted. New config: { opid_index: 4 OBSOLETE_local: false peers { permanent_uuid: "bf3fa8a6ef9c4be6a27889a7c3ca2514" member_type: VOTER last_known_addr { host: "127.22.203.193" port: 34067 } } peers { permanent_uuid: "b5ff463622d74beeac88f91aceb977e9" member_type: VOTER last_known_addr { host: "127.22.203.195" port: 38757 } } peers { permanent_uuid: "c5ff84f3fec6473aafeacc69707d5195" member_type: VOTER last_known_addr { host: "127.22.203.196" port: 46247 } attrs { promote: false } } }
I20260710 11:08:19.244684 24450 raft_consensus.cc:2955] T 83eb99ced00f49169036bdc0c98f6718 P bf3fa8a6ef9c4be6a27889a7c3ca2514 [term 1 FOLLOWER]: Committing config change with OpId 1.4: config changed from index 3 to 4, VOTER 96f80099db3a479db360ab5bac5c3e1d (127.22.203.194) evicted. New config: { opid_index: 4 OBSOLETE_local: false peers { permanent_uuid: "bf3fa8a6ef9c4be6a27889a7c3ca2514" member_type: VOTER last_known_addr { host: "127.22.203.193" port: 34067 } } peers { permanent_uuid: "b5ff463622d74beeac88f91aceb977e9" member_type: VOTER last_known_addr { host: "127.22.203.195" port: 38757 } } peers { permanent_uuid: "c5ff84f3fec6473aafeacc69707d5195" member_type: VOTER last_known_addr { host: "127.22.203.196" port: 46247 } attrs { promote: false } } }
I20260710 11:08:19.244680 24862 raft_consensus.cc:2955] T 83eb99ced00f49169036bdc0c98f6718 P c5ff84f3fec6473aafeacc69707d5195 [term 1 FOLLOWER]: Committing config change with OpId 1.4: config changed from index 3 to 4, VOTER 96f80099db3a479db360ab5bac5c3e1d (127.22.203.194) evicted. New config: { opid_index: 4 OBSOLETE_local: false peers { permanent_uuid: "bf3fa8a6ef9c4be6a27889a7c3ca2514" member_type: VOTER last_known_addr { host: "127.22.203.193" port: 34067 } } peers { permanent_uuid: "b5ff463622d74beeac88f91aceb977e9" member_type: VOTER last_known_addr { host: "127.22.203.195" port: 38757 } } peers { permanent_uuid: "c5ff84f3fec6473aafeacc69707d5195" member_type: VOTER last_known_addr { host: "127.22.203.196" port: 46247 } attrs { promote: false } } }
I20260710 11:08:19.250869 24336 catalog_manager.cc:5210] ChangeConfig:REMOVE_PEER RPC for tablet 83eb99ced00f49169036bdc0c98f6718 with cas_config_opid_index 3: ChangeConfig:REMOVE_PEER succeeded (attempt 1)
I20260710 11:08:19.255793 24350 catalog_manager.cc:5697] T 83eb99ced00f49169036bdc0c98f6718 P b5ff463622d74beeac88f91aceb977e9 reported cstate change: config changed from index 3 to 4, VOTER 96f80099db3a479db360ab5bac5c3e1d (127.22.203.194) evicted. New cstate: current_term: 1 leader_uuid: "b5ff463622d74beeac88f91aceb977e9" committed_config { opid_index: 4 OBSOLETE_local: false peers { permanent_uuid: "bf3fa8a6ef9c4be6a27889a7c3ca2514" member_type: VOTER last_known_addr { host: "127.22.203.193" port: 34067 } health_report { overall_health: HEALTHY } } peers { permanent_uuid: "b5ff463622d74beeac88f91aceb977e9" member_type: VOTER last_known_addr { host: "127.22.203.195" port: 38757 } health_report { overall_health: HEALTHY } } peers { permanent_uuid: "c5ff84f3fec6473aafeacc69707d5195" member_type: VOTER last_known_addr { host: "127.22.203.196" port: 46247 } attrs { promote: false } health_report { overall_health: HEALTHY } } }
I20260710 11:08:19.270283 24511 tablet_service.cc:1558] Processing DeleteTablet for tablet 83eb99ced00f49169036bdc0c98f6718 with delete_type TABLET_DATA_TOMBSTONED (TS 96f80099db3a479db360ab5bac5c3e1d not found in new config with opid_index 4) from {username='slave'} at 127.0.0.1:57574
I20260710 11:08:19.272272 25200 tablet_replica.cc:333] T 83eb99ced00f49169036bdc0c98f6718 P 96f80099db3a479db360ab5bac5c3e1d: stopping tablet replica
I20260710 11:08:19.273340 25200 raft_consensus.cc:2243] T 83eb99ced00f49169036bdc0c98f6718 P 96f80099db3a479db360ab5bac5c3e1d [term 1 FOLLOWER]: Raft consensus shutting down.
I20260710 11:08:19.273921 25200 raft_consensus.cc:2272] T 83eb99ced00f49169036bdc0c98f6718 P 96f80099db3a479db360ab5bac5c3e1d [term 1 FOLLOWER]: Raft consensus is shut down!
I20260710 11:08:19.276587 25200 ts_tablet_manager.cc:1916] T 83eb99ced00f49169036bdc0c98f6718 P 96f80099db3a479db360ab5bac5c3e1d: Deleting tablet data with delete state TABLET_DATA_TOMBSTONED
I20260710 11:08:19.287813 25200 ts_tablet_manager.cc:1929] T 83eb99ced00f49169036bdc0c98f6718 P 96f80099db3a479db360ab5bac5c3e1d: tablet deleted with delete type TABLET_DATA_TOMBSTONED: last-logged OpId 1.3
I20260710 11:08:19.288144 25200 log.cc:1199] T 83eb99ced00f49169036bdc0c98f6718 P 96f80099db3a479db360ab5bac5c3e1d: Deleting WAL directory at /tmp/dist-test-task7NIzkv/test-tmp/auto_leader_rebalancer-test.0.LeaderRebalancerTest.AddTserver.1783681658019453-23343-0/minicluster-data/ts-1-root/wals/83eb99ced00f49169036bdc0c98f6718
I20260710 11:08:19.289618 24336 catalog_manager.cc:5028] TS 96f80099db3a479db360ab5bac5c3e1d (127.22.203.194:35157): tablet 83eb99ced00f49169036bdc0c98f6718 (table test-workload [id=601e39a49ae94327b87dc178be5e4256]) successfully deleted
I20260710 11:08:24.774258 23343 auto_leader_rebalancer.cc:141] leader rebalance for table test-workload
I20260710 11:08:24.804574 24598 tablet_service.cc:2072] Received LeaderStepDown RPC: tablet_id: "27fecf04a2d145b28df777fd38d50407"
dest_uuid: "b5ff463622d74beeac88f91aceb977e9"
mode: GRACEFUL
new_leader_uuid: "c5ff84f3fec6473aafeacc69707d5195"
 from {username='slave'} at 127.0.0.1:45946
I20260710 11:08:24.805105 24598 raft_consensus.cc:606] T 27fecf04a2d145b28df777fd38d50407 P b5ff463622d74beeac88f91aceb977e9 [term 1 LEADER]: Received request to transfer leadership to TS c5ff84f3fec6473aafeacc69707d5195
I20260710 11:08:24.807216 24598 tablet_service.cc:2072] Received LeaderStepDown RPC: tablet_id: "4c61b138249c493881880eed6ed325fd"
dest_uuid: "b5ff463622d74beeac88f91aceb977e9"
mode: GRACEFUL
new_leader_uuid: "c5ff84f3fec6473aafeacc69707d5195"
 from {username='slave'} at 127.0.0.1:45946
I20260710 11:08:24.807668 24598 raft_consensus.cc:606] T 4c61b138249c493881880eed6ed325fd P b5ff463622d74beeac88f91aceb977e9 [term 1 LEADER]: Received request to transfer leadership to TS c5ff84f3fec6473aafeacc69707d5195
I20260710 11:08:24.810084 24598 tablet_service.cc:2072] Received LeaderStepDown RPC: tablet_id: "65431de6735b43569c51b1abfe37777d"
dest_uuid: "b5ff463622d74beeac88f91aceb977e9"
mode: GRACEFUL
new_leader_uuid: "c5ff84f3fec6473aafeacc69707d5195"
 from {username='slave'} at 127.0.0.1:45946
I20260710 11:08:24.810649 24598 raft_consensus.cc:606] T 65431de6735b43569c51b1abfe37777d P b5ff463622d74beeac88f91aceb977e9 [term 1 LEADER]: Received request to transfer leadership to TS c5ff84f3fec6473aafeacc69707d5195
I20260710 11:08:24.821367 24450 tablet_service.cc:2072] Received LeaderStepDown RPC: tablet_id: "b2f460ad8f7c4d53ae2c25cc29b9dfb4"
dest_uuid: "bf3fa8a6ef9c4be6a27889a7c3ca2514"
mode: GRACEFUL
new_leader_uuid: "96f80099db3a479db360ab5bac5c3e1d"
 from {username='slave'} at 127.0.0.1:41020
I20260710 11:08:24.821921 24450 raft_consensus.cc:606] T b2f460ad8f7c4d53ae2c25cc29b9dfb4 P bf3fa8a6ef9c4be6a27889a7c3ca2514 [term 1 LEADER]: Received request to transfer leadership to TS 96f80099db3a479db360ab5bac5c3e1d
I20260710 11:08:24.824389 24598 tablet_service.cc:2072] Received LeaderStepDown RPC: tablet_id: "c4377ea0b172428d9d9bb13c31ec7170"
dest_uuid: "b5ff463622d74beeac88f91aceb977e9"
mode: GRACEFUL
new_leader_uuid: "c5ff84f3fec6473aafeacc69707d5195"
 from {username='slave'} at 127.0.0.1:45946
I20260710 11:08:24.824913 24598 raft_consensus.cc:606] T c4377ea0b172428d9d9bb13c31ec7170 P b5ff463622d74beeac88f91aceb977e9 [term 1 LEADER]: Received request to transfer leadership to TS c5ff84f3fec6473aafeacc69707d5195
I20260710 11:08:24.825917 23343 auto_leader_rebalancer.cc:452] table: test-workload, leader rebalance finish, leader transfer count: 5
I20260710 11:08:24.826663 23343 auto_leader_rebalancer.cc:527] All tables' leader rebalancing finished this round
I20260710 11:08:24.890797 25212 raft_consensus.cc:993] T 4c61b138249c493881880eed6ed325fd P b5ff463622d74beeac88f91aceb977e9: : Instructing follower c5ff84f3fec6473aafeacc69707d5195 to start an election
I20260710 11:08:24.891299 25207 raft_consensus.cc:1081] T 4c61b138249c493881880eed6ed325fd P b5ff463622d74beeac88f91aceb977e9 [term 1 LEADER]: Signalling peer c5ff84f3fec6473aafeacc69707d5195 to start an election
I20260710 11:08:24.892580 24862 tablet_service.cc:2044] Received Run Leader Election RPC: tablet_id: "4c61b138249c493881880eed6ed325fd"
dest_uuid: "c5ff84f3fec6473aafeacc69707d5195"
 from {username='slave'} at 127.0.0.1:35598
I20260710 11:08:24.892999 24862 raft_consensus.cc:493] T 4c61b138249c493881880eed6ed325fd P c5ff84f3fec6473aafeacc69707d5195 [term 1 FOLLOWER]: Starting forced leader election (received explicit request)
I20260710 11:08:24.893217 24862 raft_consensus.cc:3060] T 4c61b138249c493881880eed6ed325fd P c5ff84f3fec6473aafeacc69707d5195 [term 1 FOLLOWER]: Advancing to term 2
I20260710 11:08:24.897302 24862 raft_consensus.cc:515] T 4c61b138249c493881880eed6ed325fd P c5ff84f3fec6473aafeacc69707d5195 [term 2 FOLLOWER]: Starting forced leader election with config: opid_index: 4 OBSOLETE_local: false peers { permanent_uuid: "bf3fa8a6ef9c4be6a27889a7c3ca2514" member_type: VOTER last_known_addr { host: "127.22.203.193" port: 34067 } } peers { permanent_uuid: "b5ff463622d74beeac88f91aceb977e9" member_type: VOTER last_known_addr { host: "127.22.203.195" port: 38757 } } peers { permanent_uuid: "c5ff84f3fec6473aafeacc69707d5195" member_type: VOTER last_known_addr { host: "127.22.203.196" port: 46247 } attrs { promote: false } }
I20260710 11:08:24.899199 24862 leader_election.cc:290] T 4c61b138249c493881880eed6ed325fd P c5ff84f3fec6473aafeacc69707d5195 [CANDIDATE]: Term 2 election: Requested vote from peers bf3fa8a6ef9c4be6a27889a7c3ca2514 (127.22.203.193:34067), b5ff463622d74beeac88f91aceb977e9 (127.22.203.195:38757)
I20260710 11:08:24.900076 24450 tablet_service.cc:1917] Received RequestConsensusVote() RPC: tablet_id: "4c61b138249c493881880eed6ed325fd" candidate_uuid: "c5ff84f3fec6473aafeacc69707d5195" candidate_term: 2 candidate_status { last_received { term: 1 index: 4 } } ignore_live_leader: true dest_uuid: "bf3fa8a6ef9c4be6a27889a7c3ca2514"
I20260710 11:08:24.900908 24450 raft_consensus.cc:3060] T 4c61b138249c493881880eed6ed325fd P bf3fa8a6ef9c4be6a27889a7c3ca2514 [term 1 FOLLOWER]: Advancing to term 2
I20260710 11:08:24.900683 24598 tablet_service.cc:1917] Received RequestConsensusVote() RPC: tablet_id: "4c61b138249c493881880eed6ed325fd" candidate_uuid: "c5ff84f3fec6473aafeacc69707d5195" candidate_term: 2 candidate_status { last_received { term: 1 index: 4 } } ignore_live_leader: true dest_uuid: "b5ff463622d74beeac88f91aceb977e9"
I20260710 11:08:24.901664 24598 raft_consensus.cc:3055] T 4c61b138249c493881880eed6ed325fd P b5ff463622d74beeac88f91aceb977e9 [term 1 LEADER]: Stepping down as leader of term 1
I20260710 11:08:24.902032 24598 raft_consensus.cc:740] T 4c61b138249c493881880eed6ed325fd P b5ff463622d74beeac88f91aceb977e9 [term 1 LEADER]: Becoming Follower/Learner. State: Replica: b5ff463622d74beeac88f91aceb977e9, State: Running, Role: LEADER
I20260710 11:08:24.902938 24598 consensus_queue.cc:260] T 4c61b138249c493881880eed6ed325fd P b5ff463622d74beeac88f91aceb977e9 [NON_LEADER]: Queue going to NON_LEADER mode. State: All replicated index: 0, Majority replicated index: 4, Committed index: 4, Last appended: 1.4, Last appended by leader: 4, Current term: 1, Majority size: -1, State: 0, Mode: NON_LEADER, active raft config: opid_index: 4 OBSOLETE_local: false peers { permanent_uuid: "bf3fa8a6ef9c4be6a27889a7c3ca2514" member_type: VOTER last_known_addr { host: "127.22.203.193" port: 34067 } } peers { permanent_uuid: "b5ff463622d74beeac88f91aceb977e9" member_type: VOTER last_known_addr { host: "127.22.203.195" port: 38757 } } peers { permanent_uuid: "c5ff84f3fec6473aafeacc69707d5195" member_type: VOTER last_known_addr { host: "127.22.203.196" port: 46247 } attrs { promote: false } }
I20260710 11:08:24.904367 24598 raft_consensus.cc:3060] T 4c61b138249c493881880eed6ed325fd P b5ff463622d74beeac88f91aceb977e9 [term 1 FOLLOWER]: Advancing to term 2
I20260710 11:08:24.907788 24450 raft_consensus.cc:2468] T 4c61b138249c493881880eed6ed325fd P bf3fa8a6ef9c4be6a27889a7c3ca2514 [term 2 FOLLOWER]: Leader election vote request: Granting yes vote for candidate c5ff84f3fec6473aafeacc69707d5195 in term 2.
I20260710 11:08:24.909327 24822 leader_election.cc:304] T 4c61b138249c493881880eed6ed325fd P c5ff84f3fec6473aafeacc69707d5195 [CANDIDATE]: Term 2 election: Election decided. Result: candidate won. Election summary: received 2 responses out of 3 voters: 2 yes votes; 0 no votes. yes voters: bf3fa8a6ef9c4be6a27889a7c3ca2514, c5ff84f3fec6473aafeacc69707d5195; no voters: 
I20260710 11:08:24.910810 25216 raft_consensus.cc:2804] T 4c61b138249c493881880eed6ed325fd P c5ff84f3fec6473aafeacc69707d5195 [term 2 FOLLOWER]: Leader election won for term 2
I20260710 11:08:24.910921 24598 raft_consensus.cc:2468] T 4c61b138249c493881880eed6ed325fd P b5ff463622d74beeac88f91aceb977e9 [term 2 FOLLOWER]: Leader election vote request: Granting yes vote for candidate c5ff84f3fec6473aafeacc69707d5195 in term 2.
I20260710 11:08:24.911988 25216 raft_consensus.cc:697] T 4c61b138249c493881880eed6ed325fd P c5ff84f3fec6473aafeacc69707d5195 [term 2 LEADER]: Becoming Leader. State: Replica: c5ff84f3fec6473aafeacc69707d5195, State: Running, Role: LEADER
I20260710 11:08:24.912729 25216 consensus_queue.cc:237] T 4c61b138249c493881880eed6ed325fd P c5ff84f3fec6473aafeacc69707d5195 [LEADER]: Queue going to LEADER mode. State: All replicated index: 0, Majority replicated index: 4, Committed index: 4, Last appended: 1.4, Last appended by leader: 4, Current term: 2, Majority size: 2, State: 0, Mode: LEADER, active raft config: opid_index: 4 OBSOLETE_local: false peers { permanent_uuid: "bf3fa8a6ef9c4be6a27889a7c3ca2514" member_type: VOTER last_known_addr { host: "127.22.203.193" port: 34067 } } peers { permanent_uuid: "b5ff463622d74beeac88f91aceb977e9" member_type: VOTER last_known_addr { host: "127.22.203.195" port: 38757 } } peers { permanent_uuid: "c5ff84f3fec6473aafeacc69707d5195" member_type: VOTER last_known_addr { host: "127.22.203.196" port: 46247 } attrs { promote: false } }
