I20260710 11:08:07.142103  5992 raft_consensus.cc:493] T 8acba6a85e0e49b7b54cb67330d94e6e P 3a5ec63e9b9d4d5483db10b861ada04b [term 0 FOLLOWER]: Starting leader election (no leader contacted us within the election timeout)
I20260710 11:08:07.142413  5992 raft_consensus.cc:3060] T 8acba6a85e0e49b7b54cb67330d94e6e P 3a5ec63e9b9d4d5483db10b861ada04b [term 0 FOLLOWER]: Advancing to term 1
I20260710 11:08:07.144969  5952 tablet_bootstrap.cc:654] T 29d952b58a1f4f55bdac15e82e963e70 P 63a8ac1ad6a74f698b62fd774abd0d16: Neither blocks nor log segments found. Creating new log.
I20260710 11:08:07.146099  5954 tablet_bootstrap.cc:492] T 3f9b352bcf574beebd99c69417e228c4 P 908531f5797e4026a6bf7c3219c65d9c: No bootstrap required, opened a new log
I20260710 11:08:07.146607  5954 ts_tablet_manager.cc:1403] T 3f9b352bcf574beebd99c69417e228c4 P 908531f5797e4026a6bf7c3219c65d9c: Time spent bootstrapping tablet: real 0.026s	user 0.010s	sys 0.004s
I20260710 11:08:07.148144  5992 raft_consensus.cc:515] T 8acba6a85e0e49b7b54cb67330d94e6e P 3a5ec63e9b9d4d5483db10b861ada04b [term 1 FOLLOWER]: Starting leader election with config: opid_index: -1 OBSOLETE_local: false peers { permanent_uuid: "908531f5797e4026a6bf7c3219c65d9c" member_type: VOTER last_known_addr { host: "127.4.127.193" port: 42353 } } peers { permanent_uuid: "3a5ec63e9b9d4d5483db10b861ada04b" member_type: VOTER last_known_addr { host: "127.4.127.194" port: 41767 } } peers { permanent_uuid: "63a8ac1ad6a74f698b62fd774abd0d16" member_type: VOTER last_known_addr { host: "127.4.127.195" port: 34913 } }
I20260710 11:08:07.149345  5954 raft_consensus.cc:359] T 3f9b352bcf574beebd99c69417e228c4 P 908531f5797e4026a6bf7c3219c65d9c [term 0 FOLLOWER]: Replica starting. Triggering 0 pending ops. Active config: opid_index: -1 OBSOLETE_local: false peers { permanent_uuid: "908531f5797e4026a6bf7c3219c65d9c" member_type: VOTER last_known_addr { host: "127.4.127.193" port: 42353 } } peers { permanent_uuid: "3a5ec63e9b9d4d5483db10b861ada04b" member_type: VOTER last_known_addr { host: "127.4.127.194" port: 41767 } } peers { permanent_uuid: "63a8ac1ad6a74f698b62fd774abd0d16" member_type: VOTER last_known_addr { host: "127.4.127.195" port: 34913 } }
I20260710 11:08:07.150076  5954 raft_consensus.cc:385] T 3f9b352bcf574beebd99c69417e228c4 P 908531f5797e4026a6bf7c3219c65d9c [term 0 FOLLOWER]: Consensus starting up: Expiring failure detector timer to make a prompt election more likely
I20260710 11:08:07.150393  5954 raft_consensus.cc:740] T 3f9b352bcf574beebd99c69417e228c4 P 908531f5797e4026a6bf7c3219c65d9c [term 0 FOLLOWER]: Becoming Follower/Learner. State: Replica: 908531f5797e4026a6bf7c3219c65d9c, State: Initialized, Role: FOLLOWER
I20260710 11:08:07.151039  5763 tablet_service.cc:1917] Received RequestConsensusVote() RPC: tablet_id: "8acba6a85e0e49b7b54cb67330d94e6e" candidate_uuid: "3a5ec63e9b9d4d5483db10b861ada04b" candidate_term: 1 candidate_status { last_received { term: 0 index: 0 } } ignore_live_leader: false dest_uuid: "908531f5797e4026a6bf7c3219c65d9c"
I20260710 11:08:07.151710  5763 raft_consensus.cc:3060] T 8acba6a85e0e49b7b54cb67330d94e6e P 908531f5797e4026a6bf7c3219c65d9c [term 0 FOLLOWER]: Advancing to term 1
I20260710 11:08:07.151104  5954 consensus_queue.cc:260] T 3f9b352bcf574beebd99c69417e228c4 P 908531f5797e4026a6bf7c3219c65d9c [NON_LEADER]: Queue going to NON_LEADER mode. State: All replicated index: 0, Majority replicated index: 0, Committed index: 0, Last appended: 0.0, Last appended by leader: 0, Current term: 0, Majority size: -1, State: 0, Mode: NON_LEADER, active raft config: opid_index: -1 OBSOLETE_local: false peers { permanent_uuid: "908531f5797e4026a6bf7c3219c65d9c" member_type: VOTER last_known_addr { host: "127.4.127.193" port: 42353 } } peers { permanent_uuid: "3a5ec63e9b9d4d5483db10b861ada04b" member_type: VOTER last_known_addr { host: "127.4.127.194" port: 41767 } } peers { permanent_uuid: "63a8ac1ad6a74f698b62fd774abd0d16" member_type: VOTER last_known_addr { host: "127.4.127.195" port: 34913 } }
I20260710 11:08:07.153713  5954 ts_tablet_manager.cc:1434] T 3f9b352bcf574beebd99c69417e228c4 P 908531f5797e4026a6bf7c3219c65d9c: Time spent starting tablet: real 0.007s	user 0.006s	sys 0.000s
I20260710 11:08:07.154632  5954 tablet_bootstrap.cc:492] T fc6a264294374cb0ac4cd5ce7a4334fa P 908531f5797e4026a6bf7c3219c65d9c: Bootstrap starting.
I20260710 11:08:07.158949  5763 raft_consensus.cc:2468] T 8acba6a85e0e49b7b54cb67330d94e6e P 908531f5797e4026a6bf7c3219c65d9c [term 1 FOLLOWER]: Leader election vote request: Granting yes vote for candidate 3a5ec63e9b9d4d5483db10b861ada04b in term 1.
I20260710 11:08:07.160307  5804 leader_election.cc:304] T 8acba6a85e0e49b7b54cb67330d94e6e P 3a5ec63e9b9d4d5483db10b861ada04b [CANDIDATE]: Term 1 election: Election decided. Result: candidate won. Election summary: received 2 responses out of 3 voters: 2 yes votes; 0 no votes. yes voters: 3a5ec63e9b9d4d5483db10b861ada04b, 908531f5797e4026a6bf7c3219c65d9c; no voters: 
I20260710 11:08:07.160923  5954 tablet_bootstrap.cc:654] T fc6a264294374cb0ac4cd5ce7a4334fa P 908531f5797e4026a6bf7c3219c65d9c: Neither blocks nor log segments found. Creating new log.
I20260710 11:08:07.161226  5985 raft_consensus.cc:2804] T 8acba6a85e0e49b7b54cb67330d94e6e P 3a5ec63e9b9d4d5483db10b861ada04b [term 1 FOLLOWER]: Leader election won for term 1
I20260710 11:08:07.161703  5985 raft_consensus.cc:697] T 8acba6a85e0e49b7b54cb67330d94e6e P 3a5ec63e9b9d4d5483db10b861ada04b [term 1 LEADER]: Becoming Leader. State: Replica: 3a5ec63e9b9d4d5483db10b861ada04b, State: Running, Role: LEADER
I20260710 11:08:07.162546  5985 consensus_queue.cc:237] T 8acba6a85e0e49b7b54cb67330d94e6e P 3a5ec63e9b9d4d5483db10b861ada04b [LEADER]: Queue going to LEADER mode. State: All replicated index: 0, Majority replicated index: 0, Committed index: 0, Last appended: 0.0, Last appended by leader: 0, Current term: 1, Majority size: 2, State: 0, Mode: LEADER, active raft config: opid_index: -1 OBSOLETE_local: false peers { permanent_uuid: "908531f5797e4026a6bf7c3219c65d9c" member_type: VOTER last_known_addr { host: "127.4.127.193" port: 42353 } } peers { permanent_uuid: "3a5ec63e9b9d4d5483db10b861ada04b" member_type: VOTER last_known_addr { host: "127.4.127.194" port: 41767 } } peers { permanent_uuid: "63a8ac1ad6a74f698b62fd774abd0d16" member_type: VOTER last_known_addr { host: "127.4.127.195" port: 34913 } }
I20260710 11:08:07.164458  5953 tablet_bootstrap.cc:492] T f120601bc0954c439bb210b8505e7109 P 3a5ec63e9b9d4d5483db10b861ada04b: No bootstrap required, opened a new log
I20260710 11:08:07.164949  5953 ts_tablet_manager.cc:1403] T f120601bc0954c439bb210b8505e7109 P 3a5ec63e9b9d4d5483db10b861ada04b: Time spent bootstrapping tablet: real 0.078s	user 0.015s	sys 0.020s
I20260710 11:08:07.166392  5952 tablet_bootstrap.cc:492] T 29d952b58a1f4f55bdac15e82e963e70 P 63a8ac1ad6a74f698b62fd774abd0d16: No bootstrap required, opened a new log
I20260710 11:08:07.166836  5952 ts_tablet_manager.cc:1403] T 29d952b58a1f4f55bdac15e82e963e70 P 63a8ac1ad6a74f698b62fd774abd0d16: Time spent bootstrapping tablet: real 0.034s	user 0.010s	sys 0.003s
I20260710 11:08:07.167659  5953 raft_consensus.cc:359] T f120601bc0954c439bb210b8505e7109 P 3a5ec63e9b9d4d5483db10b861ada04b [term 0 FOLLOWER]: Replica starting. Triggering 0 pending ops. Active config: opid_index: -1 OBSOLETE_local: false peers { permanent_uuid: "908531f5797e4026a6bf7c3219c65d9c" member_type: VOTER last_known_addr { host: "127.4.127.193" port: 42353 } } peers { permanent_uuid: "3a5ec63e9b9d4d5483db10b861ada04b" member_type: VOTER last_known_addr { host: "127.4.127.194" port: 41767 } } peers { permanent_uuid: "63a8ac1ad6a74f698b62fd774abd0d16" member_type: VOTER last_known_addr { host: "127.4.127.195" port: 34913 } }
I20260710 11:08:07.168331  5953 raft_consensus.cc:385] T f120601bc0954c439bb210b8505e7109 P 3a5ec63e9b9d4d5483db10b861ada04b [term 0 FOLLOWER]: Consensus starting up: Expiring failure detector timer to make a prompt election more likely
I20260710 11:08:07.168588  5953 raft_consensus.cc:740] T f120601bc0954c439bb210b8505e7109 P 3a5ec63e9b9d4d5483db10b861ada04b [term 0 FOLLOWER]: Becoming Follower/Learner. State: Replica: 3a5ec63e9b9d4d5483db10b861ada04b, State: Initialized, Role: FOLLOWER
I20260710 11:08:07.169273  5953 consensus_queue.cc:260] T f120601bc0954c439bb210b8505e7109 P 3a5ec63e9b9d4d5483db10b861ada04b [NON_LEADER]: Queue going to NON_LEADER mode. State: All replicated index: 0, Majority replicated index: 0, Committed index: 0, Last appended: 0.0, Last appended by leader: 0, Current term: 0, Majority size: -1, State: 0, Mode: NON_LEADER, active raft config: opid_index: -1 OBSOLETE_local: false peers { permanent_uuid: "908531f5797e4026a6bf7c3219c65d9c" member_type: VOTER last_known_addr { host: "127.4.127.193" port: 42353 } } peers { permanent_uuid: "3a5ec63e9b9d4d5483db10b861ada04b" member_type: VOTER last_known_addr { host: "127.4.127.194" port: 41767 } } peers { permanent_uuid: "63a8ac1ad6a74f698b62fd774abd0d16" member_type: VOTER last_known_addr { host: "127.4.127.195" port: 34913 } }
I20260710 11:08:07.169565  5952 raft_consensus.cc:359] T 29d952b58a1f4f55bdac15e82e963e70 P 63a8ac1ad6a74f698b62fd774abd0d16 [term 0 FOLLOWER]: Replica starting. Triggering 0 pending ops. Active config: opid_index: -1 OBSOLETE_local: false peers { permanent_uuid: "908531f5797e4026a6bf7c3219c65d9c" member_type: VOTER last_known_addr { host: "127.4.127.193" port: 42353 } } peers { permanent_uuid: "3a5ec63e9b9d4d5483db10b861ada04b" member_type: VOTER last_known_addr { host: "127.4.127.194" port: 41767 } } peers { permanent_uuid: "63a8ac1ad6a74f698b62fd774abd0d16" member_type: VOTER last_known_addr { host: "127.4.127.195" port: 34913 } }
I20260710 11:08:07.170763  5952 raft_consensus.cc:385] T 29d952b58a1f4f55bdac15e82e963e70 P 63a8ac1ad6a74f698b62fd774abd0d16 [term 0 FOLLOWER]: Consensus starting up: Expiring failure detector timer to make a prompt election more likely
I20260710 11:08:07.171036  5952 raft_consensus.cc:740] T 29d952b58a1f4f55bdac15e82e963e70 P 63a8ac1ad6a74f698b62fd774abd0d16 [term 0 FOLLOWER]: Becoming Follower/Learner. State: Replica: 63a8ac1ad6a74f698b62fd774abd0d16, State: Initialized, Role: FOLLOWER
I20260710 11:08:07.172062  5953 ts_tablet_manager.cc:1434] T f120601bc0954c439bb210b8505e7109 P 3a5ec63e9b9d4d5483db10b861ada04b: Time spent starting tablet: real 0.007s	user 0.008s	sys 0.000s
I20260710 11:08:07.171813  5952 consensus_queue.cc:260] T 29d952b58a1f4f55bdac15e82e963e70 P 63a8ac1ad6a74f698b62fd774abd0d16 [NON_LEADER]: Queue going to NON_LEADER mode. State: All replicated index: 0, Majority replicated index: 0, Committed index: 0, Last appended: 0.0, Last appended by leader: 0, Current term: 0, Majority size: -1, State: 0, Mode: NON_LEADER, active raft config: opid_index: -1 OBSOLETE_local: false peers { permanent_uuid: "908531f5797e4026a6bf7c3219c65d9c" member_type: VOTER last_known_addr { host: "127.4.127.193" port: 42353 } } peers { permanent_uuid: "3a5ec63e9b9d4d5483db10b861ada04b" member_type: VOTER last_known_addr { host: "127.4.127.194" port: 41767 } } peers { permanent_uuid: "63a8ac1ad6a74f698b62fd774abd0d16" member_type: VOTER last_known_addr { host: "127.4.127.195" port: 34913 } }
I20260710 11:08:07.173036  5953 tablet_bootstrap.cc:492] T 3f9b352bcf574beebd99c69417e228c4 P 3a5ec63e9b9d4d5483db10b861ada04b: Bootstrap starting.
I20260710 11:08:07.174060  5952 ts_tablet_manager.cc:1434] T 29d952b58a1f4f55bdac15e82e963e70 P 63a8ac1ad6a74f698b62fd774abd0d16: Time spent starting tablet: real 0.007s	user 0.008s	sys 0.000s
I20260710 11:08:07.173269  5660 catalog_manager.cc:5697] T f120601bc0954c439bb210b8505e7109 P 63a8ac1ad6a74f698b62fd774abd0d16 reported cstate change: term changed from 0 to 1, leader changed from <none> to 63a8ac1ad6a74f698b62fd774abd0d16 (127.4.127.195). New cstate: current_term: 1 leader_uuid: "63a8ac1ad6a74f698b62fd774abd0d16" committed_config { opid_index: -1 OBSOLETE_local: false peers { permanent_uuid: "908531f5797e4026a6bf7c3219c65d9c" member_type: VOTER last_known_addr { host: "127.4.127.193" port: 42353 } health_report { overall_health: UNKNOWN } } peers { permanent_uuid: "3a5ec63e9b9d4d5483db10b861ada04b" member_type: VOTER last_known_addr { host: "127.4.127.194" port: 41767 } health_report { overall_health: UNKNOWN } } peers { permanent_uuid: "63a8ac1ad6a74f698b62fd774abd0d16" member_type: VOTER last_known_addr { host: "127.4.127.195" port: 34913 } health_report { overall_health: HEALTHY } } }
I20260710 11:08:07.174973  5952 tablet_bootstrap.cc:492] T fc6a264294374cb0ac4cd5ce7a4334fa P 63a8ac1ad6a74f698b62fd774abd0d16: Bootstrap starting.
I20260710 11:08:07.169512  5909 tablet_service.cc:1917] Received RequestConsensusVote() RPC: tablet_id: "8acba6a85e0e49b7b54cb67330d94e6e" candidate_uuid: "3a5ec63e9b9d4d5483db10b861ada04b" candidate_term: 1 candidate_status { last_received { term: 0 index: 0 } } ignore_live_leader: false dest_uuid: "63a8ac1ad6a74f698b62fd774abd0d16"
W20260710 11:08:07.178216  5804 leader_election.cc:343] T 8acba6a85e0e49b7b54cb67330d94e6e P 3a5ec63e9b9d4d5483db10b861ada04b [CANDIDATE]: Term 1 election: Tablet error from VoteRequest() call to peer 63a8ac1ad6a74f698b62fd774abd0d16 (127.4.127.195:34913): Illegal state: must be running to vote when last-logged opid is not known
I20260710 11:08:07.178983  6004 raft_consensus.cc:493] T 3be93c9045c443d6bb1351fd8186d0c4 P 908531f5797e4026a6bf7c3219c65d9c [term 0 FOLLOWER]: Starting pre-election (no leader contacted us within the election timeout)
I20260710 11:08:07.179567  5953 tablet_bootstrap.cc:654] T 3f9b352bcf574beebd99c69417e228c4 P 3a5ec63e9b9d4d5483db10b861ada04b: Neither blocks nor log segments found. Creating new log.
I20260710 11:08:07.179452  6004 raft_consensus.cc:515] T 3be93c9045c443d6bb1351fd8186d0c4 P 908531f5797e4026a6bf7c3219c65d9c [term 0 FOLLOWER]: Starting pre-election with config: opid_index: -1 OBSOLETE_local: false peers { permanent_uuid: "908531f5797e4026a6bf7c3219c65d9c" member_type: VOTER last_known_addr { host: "127.4.127.193" port: 42353 } } peers { permanent_uuid: "3a5ec63e9b9d4d5483db10b861ada04b" member_type: VOTER last_known_addr { host: "127.4.127.194" port: 41767 } } peers { permanent_uuid: "63a8ac1ad6a74f698b62fd774abd0d16" member_type: VOTER last_known_addr { host: "127.4.127.195" port: 34913 } }
I20260710 11:08:07.182519  5837 tablet_service.cc:1917] Received RequestConsensusVote() RPC: tablet_id: "3be93c9045c443d6bb1351fd8186d0c4" candidate_uuid: "908531f5797e4026a6bf7c3219c65d9c" candidate_term: 1 candidate_status { last_received { term: 0 index: 0 } } ignore_live_leader: false dest_uuid: "3a5ec63e9b9d4d5483db10b861ada04b" is_pre_election: true
I20260710 11:08:07.184844  5952 tablet_bootstrap.cc:654] T fc6a264294374cb0ac4cd5ce7a4334fa P 63a8ac1ad6a74f698b62fd774abd0d16: Neither blocks nor log segments found. Creating new log.
I20260710 11:08:07.185909  5909 tablet_service.cc:1917] Received RequestConsensusVote() RPC: tablet_id: "3be93c9045c443d6bb1351fd8186d0c4" candidate_uuid: "908531f5797e4026a6bf7c3219c65d9c" candidate_term: 1 candidate_status { last_received { term: 0 index: 0 } } ignore_live_leader: false dest_uuid: "63a8ac1ad6a74f698b62fd774abd0d16" is_pre_election: true
I20260710 11:08:07.186753  5909 raft_consensus.cc:2393] T 3be93c9045c443d6bb1351fd8186d0c4 P 63a8ac1ad6a74f698b62fd774abd0d16 [term 1 FOLLOWER]: Leader pre-election vote request: Denying vote to candidate 908531f5797e4026a6bf7c3219c65d9c in current term 1: Already voted for candidate 3a5ec63e9b9d4d5483db10b861ada04b in this term.
I20260710 11:08:07.193150  5953 tablet_bootstrap.cc:492] T 3f9b352bcf574beebd99c69417e228c4 P 3a5ec63e9b9d4d5483db10b861ada04b: No bootstrap required, opened a new log
I20260710 11:08:07.193862  5953 ts_tablet_manager.cc:1403] T 3f9b352bcf574beebd99c69417e228c4 P 3a5ec63e9b9d4d5483db10b861ada04b: Time spent bootstrapping tablet: real 0.021s	user 0.012s	sys 0.007s
I20260710 11:08:07.197885  5953 raft_consensus.cc:359] T 3f9b352bcf574beebd99c69417e228c4 P 3a5ec63e9b9d4d5483db10b861ada04b [term 0 FOLLOWER]: Replica starting. Triggering 0 pending ops. Active config: opid_index: -1 OBSOLETE_local: false peers { permanent_uuid: "908531f5797e4026a6bf7c3219c65d9c" member_type: VOTER last_known_addr { host: "127.4.127.193" port: 42353 } } peers { permanent_uuid: "3a5ec63e9b9d4d5483db10b861ada04b" member_type: VOTER last_known_addr { host: "127.4.127.194" port: 41767 } } peers { permanent_uuid: "63a8ac1ad6a74f698b62fd774abd0d16" member_type: VOTER last_known_addr { host: "127.4.127.195" port: 34913 } }
I20260710 11:08:07.198863  5953 raft_consensus.cc:385] T 3f9b352bcf574beebd99c69417e228c4 P 3a5ec63e9b9d4d5483db10b861ada04b [term 0 FOLLOWER]: Consensus starting up: Expiring failure detector timer to make a prompt election more likely
I20260710 11:08:07.199213  5953 raft_consensus.cc:740] T 3f9b352bcf574beebd99c69417e228c4 P 3a5ec63e9b9d4d5483db10b861ada04b [term 0 FOLLOWER]: Becoming Follower/Learner. State: Replica: 3a5ec63e9b9d4d5483db10b861ada04b, State: Initialized, Role: FOLLOWER
I20260710 11:08:07.201606  5953 consensus_queue.cc:260] T 3f9b352bcf574beebd99c69417e228c4 P 3a5ec63e9b9d4d5483db10b861ada04b [NON_LEADER]: Queue going to NON_LEADER mode. State: All replicated index: 0, Majority replicated index: 0, Committed index: 0, Last appended: 0.0, Last appended by leader: 0, Current term: 0, Majority size: -1, State: 0, Mode: NON_LEADER, active raft config: opid_index: -1 OBSOLETE_local: false peers { permanent_uuid: "908531f5797e4026a6bf7c3219c65d9c" member_type: VOTER last_known_addr { host: "127.4.127.193" port: 42353 } } peers { permanent_uuid: "3a5ec63e9b9d4d5483db10b861ada04b" member_type: VOTER last_known_addr { host: "127.4.127.194" port: 41767 } } peers { permanent_uuid: "63a8ac1ad6a74f698b62fd774abd0d16" member_type: VOTER last_known_addr { host: "127.4.127.195" port: 34913 } }
I20260710 11:08:07.202857  5952 tablet_bootstrap.cc:492] T fc6a264294374cb0ac4cd5ce7a4334fa P 63a8ac1ad6a74f698b62fd774abd0d16: No bootstrap required, opened a new log
I20260710 11:08:07.203341  5952 ts_tablet_manager.cc:1403] T fc6a264294374cb0ac4cd5ce7a4334fa P 63a8ac1ad6a74f698b62fd774abd0d16: Time spent bootstrapping tablet: real 0.029s	user 0.021s	sys 0.004s
I20260710 11:08:07.202231  5729 leader_election.cc:304] T 3be93c9045c443d6bb1351fd8186d0c4 P 908531f5797e4026a6bf7c3219c65d9c [CANDIDATE]: Term 1 pre-election: Election decided. Result: candidate lost. Election summary: received 3 responses out of 3 voters: 1 yes votes; 2 no votes. yes voters: 908531f5797e4026a6bf7c3219c65d9c; no voters: 3a5ec63e9b9d4d5483db10b861ada04b, 63a8ac1ad6a74f698b62fd774abd0d16
I20260710 11:08:07.204243  5953 ts_tablet_manager.cc:1434] T 3f9b352bcf574beebd99c69417e228c4 P 3a5ec63e9b9d4d5483db10b861ada04b: Time spent starting tablet: real 0.010s	user 0.008s	sys 0.000s
I20260710 11:08:07.204453  6007 raft_consensus.cc:3060] T 3be93c9045c443d6bb1351fd8186d0c4 P 908531f5797e4026a6bf7c3219c65d9c [term 0 FOLLOWER]: Advancing to term 1
I20260710 11:08:07.205189  5953 tablet_bootstrap.cc:492] T 8a8bcb6d7e804699951d7c530f210701 P 3a5ec63e9b9d4d5483db10b861ada04b: Bootstrap starting.
I20260710 11:08:07.206151  6049 raft_consensus.cc:493] T 3f9b352bcf574beebd99c69417e228c4 P 908531f5797e4026a6bf7c3219c65d9c [term 0 FOLLOWER]: Starting pre-election (no leader contacted us within the election timeout)
I20260710 11:08:07.207711  5661 catalog_manager.cc:5697] T c2d1f22335da424c84ce36641804b226 P 63a8ac1ad6a74f698b62fd774abd0d16 reported cstate change: term changed from 0 to 1, leader changed from <none> to 63a8ac1ad6a74f698b62fd774abd0d16 (127.4.127.195). New cstate: current_term: 1 leader_uuid: "63a8ac1ad6a74f698b62fd774abd0d16" committed_config { opid_index: -1 OBSOLETE_local: false peers { permanent_uuid: "908531f5797e4026a6bf7c3219c65d9c" member_type: VOTER last_known_addr { host: "127.4.127.193" port: 42353 } health_report { overall_health: UNKNOWN } } peers { permanent_uuid: "3a5ec63e9b9d4d5483db10b861ada04b" member_type: VOTER last_known_addr { host: "127.4.127.194" port: 41767 } health_report { overall_health: UNKNOWN } } peers { permanent_uuid: "63a8ac1ad6a74f698b62fd774abd0d16" member_type: VOTER last_known_addr { host: "127.4.127.195" port: 34913 } health_report { overall_health: HEALTHY } } }
I20260710 11:08:07.206490  5992 leader_election.cc:290] T 8acba6a85e0e49b7b54cb67330d94e6e P 3a5ec63e9b9d4d5483db10b861ada04b [CANDIDATE]: Term 1 election: Requested vote from peers 908531f5797e4026a6bf7c3219c65d9c (127.4.127.193:42353), 63a8ac1ad6a74f698b62fd774abd0d16 (127.4.127.195:34913)
I20260710 11:08:07.207707  6049 raft_consensus.cc:515] T 3f9b352bcf574beebd99c69417e228c4 P 908531f5797e4026a6bf7c3219c65d9c [term 0 FOLLOWER]: Starting pre-election with config: opid_index: -1 OBSOLETE_local: false peers { permanent_uuid: "908531f5797e4026a6bf7c3219c65d9c" member_type: VOTER last_known_addr { host: "127.4.127.193" port: 42353 } } peers { permanent_uuid: "3a5ec63e9b9d4d5483db10b861ada04b" member_type: VOTER last_known_addr { host: "127.4.127.194" port: 41767 } } peers { permanent_uuid: "63a8ac1ad6a74f698b62fd774abd0d16" member_type: VOTER last_known_addr { host: "127.4.127.195" port: 34913 } }
I20260710 11:08:07.207290  6004 leader_election.cc:290] T 3be93c9045c443d6bb1351fd8186d0c4 P 908531f5797e4026a6bf7c3219c65d9c [CANDIDATE]: Term 1 pre-election: Requested pre-vote from peers 3a5ec63e9b9d4d5483db10b861ada04b (127.4.127.194:41767), 63a8ac1ad6a74f698b62fd774abd0d16 (127.4.127.195:34913)
I20260710 11:08:07.205981  5952 raft_consensus.cc:359] T fc6a264294374cb0ac4cd5ce7a4334fa P 63a8ac1ad6a74f698b62fd774abd0d16 [term 0 FOLLOWER]: Replica starting. Triggering 0 pending ops. Active config: opid_index: -1 OBSOLETE_local: false peers { permanent_uuid: "908531f5797e4026a6bf7c3219c65d9c" member_type: VOTER last_known_addr { host: "127.4.127.193" port: 42353 } } peers { permanent_uuid: "3a5ec63e9b9d4d5483db10b861ada04b" member_type: VOTER last_known_addr { host: "127.4.127.194" port: 41767 } } peers { permanent_uuid: "63a8ac1ad6a74f698b62fd774abd0d16" member_type: VOTER last_known_addr { host: "127.4.127.195" port: 34913 } }
I20260710 11:08:07.213433  5952 raft_consensus.cc:385] T fc6a264294374cb0ac4cd5ce7a4334fa P 63a8ac1ad6a74f698b62fd774abd0d16 [term 0 FOLLOWER]: Consensus starting up: Expiring failure detector timer to make a prompt election more likely
I20260710 11:08:07.213595  5909 tablet_service.cc:1917] Received RequestConsensusVote() RPC: tablet_id: "3f9b352bcf574beebd99c69417e228c4" candidate_uuid: "908531f5797e4026a6bf7c3219c65d9c" candidate_term: 1 candidate_status { last_received { term: 0 index: 0 } } ignore_live_leader: false dest_uuid: "63a8ac1ad6a74f698b62fd774abd0d16" is_pre_election: true
I20260710 11:08:07.211732  6049 leader_election.cc:290] T 3f9b352bcf574beebd99c69417e228c4 P 908531f5797e4026a6bf7c3219c65d9c [CANDIDATE]: Term 1 pre-election: Requested pre-vote from peers 3a5ec63e9b9d4d5483db10b861ada04b (127.4.127.194:41767), 63a8ac1ad6a74f698b62fd774abd0d16 (127.4.127.195:34913)
I20260710 11:08:07.213820  5952 raft_consensus.cc:740] T fc6a264294374cb0ac4cd5ce7a4334fa P 63a8ac1ad6a74f698b62fd774abd0d16 [term 0 FOLLOWER]: Becoming Follower/Learner. State: Replica: 63a8ac1ad6a74f698b62fd774abd0d16, State: Initialized, Role: FOLLOWER
I20260710 11:08:07.215221  5837 tablet_service.cc:1917] Received RequestConsensusVote() RPC: tablet_id: "3f9b352bcf574beebd99c69417e228c4" candidate_uuid: "908531f5797e4026a6bf7c3219c65d9c" candidate_term: 1 candidate_status { last_received { term: 0 index: 0 } } ignore_live_leader: false dest_uuid: "3a5ec63e9b9d4d5483db10b861ada04b" is_pre_election: true
W20260710 11:08:07.216120  5729 leader_election.cc:343] T 3f9b352bcf574beebd99c69417e228c4 P 908531f5797e4026a6bf7c3219c65d9c [CANDIDATE]: Term 1 pre-election: Tablet error from VoteRequest() call to peer 63a8ac1ad6a74f698b62fd774abd0d16 (127.4.127.195:34913): Illegal state: must be running to vote when last-logged opid is not known
I20260710 11:08:07.216368  5837 raft_consensus.cc:2468] T 3f9b352bcf574beebd99c69417e228c4 P 3a5ec63e9b9d4d5483db10b861ada04b [term 0 FOLLOWER]: Leader pre-election vote request: Granting yes vote for candidate 908531f5797e4026a6bf7c3219c65d9c in term 0.
I20260710 11:08:07.217702  5726 leader_election.cc:304] T 3f9b352bcf574beebd99c69417e228c4 P 908531f5797e4026a6bf7c3219c65d9c [CANDIDATE]: Term 1 pre-election: Election decided. Result: candidate won. Election summary: received 3 responses out of 3 voters: 2 yes votes; 1 no votes. yes voters: 3a5ec63e9b9d4d5483db10b861ada04b, 908531f5797e4026a6bf7c3219c65d9c; no voters: 63a8ac1ad6a74f698b62fd774abd0d16
I20260710 11:08:07.218046  5952 consensus_queue.cc:260] T fc6a264294374cb0ac4cd5ce7a4334fa P 63a8ac1ad6a74f698b62fd774abd0d16 [NON_LEADER]: Queue going to NON_LEADER mode. State: All replicated index: 0, Majority replicated index: 0, Committed index: 0, Last appended: 0.0, Last appended by leader: 0, Current term: 0, Majority size: -1, State: 0, Mode: NON_LEADER, active raft config: opid_index: -1 OBSOLETE_local: false peers { permanent_uuid: "908531f5797e4026a6bf7c3219c65d9c" member_type: VOTER last_known_addr { host: "127.4.127.193" port: 42353 } } peers { permanent_uuid: "3a5ec63e9b9d4d5483db10b861ada04b" member_type: VOTER last_known_addr { host: "127.4.127.194" port: 41767 } } peers { permanent_uuid: "63a8ac1ad6a74f698b62fd774abd0d16" member_type: VOTER last_known_addr { host: "127.4.127.195" port: 34913 } }
I20260710 11:08:07.218760  6049 raft_consensus.cc:2804] T 3f9b352bcf574beebd99c69417e228c4 P 908531f5797e4026a6bf7c3219c65d9c [term 0 FOLLOWER]: Leader pre-election won for term 1
I20260710 11:08:07.219120  6049 raft_consensus.cc:493] T 3f9b352bcf574beebd99c69417e228c4 P 908531f5797e4026a6bf7c3219c65d9c [term 0 FOLLOWER]: Starting leader election (no leader contacted us within the election timeout)
I20260710 11:08:07.219452  6049 raft_consensus.cc:3060] T 3f9b352bcf574beebd99c69417e228c4 P 908531f5797e4026a6bf7c3219c65d9c [term 0 FOLLOWER]: Advancing to term 1
I20260710 11:08:07.220546  5952 ts_tablet_manager.cc:1434] T fc6a264294374cb0ac4cd5ce7a4334fa P 63a8ac1ad6a74f698b62fd774abd0d16: Time spent starting tablet: real 0.017s	user 0.006s	sys 0.000s
I20260710 11:08:07.221800  5952 tablet_bootstrap.cc:492] T 8acba6a85e0e49b7b54cb67330d94e6e P 63a8ac1ad6a74f698b62fd774abd0d16: Bootstrap starting.
I20260710 11:08:07.227259  6007 raft_consensus.cc:2749] T 3be93c9045c443d6bb1351fd8186d0c4 P 908531f5797e4026a6bf7c3219c65d9c [term 1 FOLLOWER]: Leader pre-election lost for term 1. Reason: could not achieve majority
I20260710 11:08:07.242671  6074 raft_consensus.cc:493] T 29d952b58a1f4f55bdac15e82e963e70 P 63a8ac1ad6a74f698b62fd774abd0d16 [term 0 FOLLOWER]: Starting pre-election (no leader contacted us within the election timeout)
I20260710 11:08:07.241843  5659 catalog_manager.cc:5697] T 2a63d457e8c14ee390ca6eec87806354 P 908531f5797e4026a6bf7c3219c65d9c reported cstate change: term changed from 0 to 1, leader changed from <none> to 908531f5797e4026a6bf7c3219c65d9c (127.4.127.193). New cstate: current_term: 1 leader_uuid: "908531f5797e4026a6bf7c3219c65d9c" committed_config { opid_index: -1 OBSOLETE_local: false peers { permanent_uuid: "908531f5797e4026a6bf7c3219c65d9c" member_type: VOTER last_known_addr { host: "127.4.127.193" port: 42353 } health_report { overall_health: HEALTHY } } peers { permanent_uuid: "3a5ec63e9b9d4d5483db10b861ada04b" member_type: VOTER last_known_addr { host: "127.4.127.194" port: 41767 } health_report { overall_health: UNKNOWN } } peers { permanent_uuid: "63a8ac1ad6a74f698b62fd774abd0d16" member_type: VOTER last_known_addr { host: "127.4.127.195" port: 34913 } health_report { overall_health: UNKNOWN } } }
I20260710 11:08:07.244599  6049 raft_consensus.cc:515] T 3f9b352bcf574beebd99c69417e228c4 P 908531f5797e4026a6bf7c3219c65d9c [term 1 FOLLOWER]: Starting leader election with config: opid_index: -1 OBSOLETE_local: false peers { permanent_uuid: "908531f5797e4026a6bf7c3219c65d9c" member_type: VOTER last_known_addr { host: "127.4.127.193" port: 42353 } } peers { permanent_uuid: "3a5ec63e9b9d4d5483db10b861ada04b" member_type: VOTER last_known_addr { host: "127.4.127.194" port: 41767 } } peers { permanent_uuid: "63a8ac1ad6a74f698b62fd774abd0d16" member_type: VOTER last_known_addr { host: "127.4.127.195" port: 34913 } }
I20260710 11:08:07.243659  6074 raft_consensus.cc:515] T 29d952b58a1f4f55bdac15e82e963e70 P 63a8ac1ad6a74f698b62fd774abd0d16 [term 0 FOLLOWER]: Starting pre-election with config: opid_index: -1 OBSOLETE_local: false peers { permanent_uuid: "908531f5797e4026a6bf7c3219c65d9c" member_type: VOTER last_known_addr { host: "127.4.127.193" port: 42353 } } peers { permanent_uuid: "3a5ec63e9b9d4d5483db10b861ada04b" member_type: VOTER last_known_addr { host: "127.4.127.194" port: 41767 } } peers { permanent_uuid: "63a8ac1ad6a74f698b62fd774abd0d16" member_type: VOTER last_known_addr { host: "127.4.127.195" port: 34913 } }
I20260710 11:08:07.245889  5953 tablet_bootstrap.cc:654] T 8a8bcb6d7e804699951d7c530f210701 P 3a5ec63e9b9d4d5483db10b861ada04b: Neither blocks nor log segments found. Creating new log.
I20260710 11:08:07.248252  6074 leader_election.cc:290] T 29d952b58a1f4f55bdac15e82e963e70 P 63a8ac1ad6a74f698b62fd774abd0d16 [CANDIDATE]: Term 1 pre-election: Requested pre-vote from peers 908531f5797e4026a6bf7c3219c65d9c (127.4.127.193:42353), 3a5ec63e9b9d4d5483db10b861ada04b (127.4.127.194:41767)
I20260710 11:08:07.248715  6049 leader_election.cc:290] T 3f9b352bcf574beebd99c69417e228c4 P 908531f5797e4026a6bf7c3219c65d9c [CANDIDATE]: Term 1 election: Requested vote from peers 3a5ec63e9b9d4d5483db10b861ada04b (127.4.127.194:41767), 63a8ac1ad6a74f698b62fd774abd0d16 (127.4.127.195:34913)
I20260710 11:08:07.249656  5763 tablet_service.cc:1917] Received RequestConsensusVote() RPC: tablet_id: "29d952b58a1f4f55bdac15e82e963e70" candidate_uuid: "63a8ac1ad6a74f698b62fd774abd0d16" candidate_term: 1 candidate_status { last_received { term: 0 index: 0 } } ignore_live_leader: false dest_uuid: "908531f5797e4026a6bf7c3219c65d9c" is_pre_election: true
I20260710 11:08:07.249692  5837 tablet_service.cc:1917] Received RequestConsensusVote() RPC: tablet_id: "29d952b58a1f4f55bdac15e82e963e70" candidate_uuid: "63a8ac1ad6a74f698b62fd774abd0d16" candidate_term: 1 candidate_status { last_received { term: 0 index: 0 } } ignore_live_leader: false dest_uuid: "3a5ec63e9b9d4d5483db10b861ada04b" is_pre_election: true
I20260710 11:08:07.250875  5910 tablet_service.cc:1917] Received RequestConsensusVote() RPC: tablet_id: "3f9b352bcf574beebd99c69417e228c4" candidate_uuid: "908531f5797e4026a6bf7c3219c65d9c" candidate_term: 1 candidate_status { last_received { term: 0 index: 0 } } ignore_live_leader: false dest_uuid: "63a8ac1ad6a74f698b62fd774abd0d16"
W20260710 11:08:07.251088  5878 leader_election.cc:343] T 29d952b58a1f4f55bdac15e82e963e70 P 63a8ac1ad6a74f698b62fd774abd0d16 [CANDIDATE]: Term 1 pre-election: Tablet error from VoteRequest() call to peer 908531f5797e4026a6bf7c3219c65d9c (127.4.127.193:42353): Illegal state: must be running to vote when last-logged opid is not known
W20260710 11:08:07.252187  5729 leader_election.cc:343] T 3f9b352bcf574beebd99c69417e228c4 P 908531f5797e4026a6bf7c3219c65d9c [CANDIDATE]: Term 1 election: Tablet error from VoteRequest() call to peer 63a8ac1ad6a74f698b62fd774abd0d16 (127.4.127.195:34913): Illegal state: must be running to vote when last-logged opid is not known
W20260710 11:08:07.252225  5875 leader_election.cc:343] T 29d952b58a1f4f55bdac15e82e963e70 P 63a8ac1ad6a74f698b62fd774abd0d16 [CANDIDATE]: Term 1 pre-election: Tablet error from VoteRequest() call to peer 3a5ec63e9b9d4d5483db10b861ada04b (127.4.127.194:41767): Illegal state: must be running to vote when last-logged opid is not known
I20260710 11:08:07.252775  5875 leader_election.cc:304] T 29d952b58a1f4f55bdac15e82e963e70 P 63a8ac1ad6a74f698b62fd774abd0d16 [CANDIDATE]: Term 1 pre-election: Election decided. Result: candidate lost. Election summary: received 3 responses out of 3 voters: 1 yes votes; 2 no votes. yes voters: 63a8ac1ad6a74f698b62fd774abd0d16; no voters: 3a5ec63e9b9d4d5483db10b861ada04b, 908531f5797e4026a6bf7c3219c65d9c
I20260710 11:08:07.253146  5837 tablet_service.cc:1917] Received RequestConsensusVote() RPC: tablet_id: "3f9b352bcf574beebd99c69417e228c4" candidate_uuid: "908531f5797e4026a6bf7c3219c65d9c" candidate_term: 1 candidate_status { last_received { term: 0 index: 0 } } ignore_live_leader: false dest_uuid: "3a5ec63e9b9d4d5483db10b861ada04b"
I20260710 11:08:07.253369  6074 raft_consensus.cc:2749] T 29d952b58a1f4f55bdac15e82e963e70 P 63a8ac1ad6a74f698b62fd774abd0d16 [term 0 FOLLOWER]: Leader pre-election lost for term 1. Reason: could not achieve majority
I20260710 11:08:07.253719  5837 raft_consensus.cc:3060] T 3f9b352bcf574beebd99c69417e228c4 P 3a5ec63e9b9d4d5483db10b861ada04b [term 0 FOLLOWER]: Advancing to term 1
I20260710 11:08:07.260897  5954 tablet_bootstrap.cc:492] T fc6a264294374cb0ac4cd5ce7a4334fa P 908531f5797e4026a6bf7c3219c65d9c: No bootstrap required, opened a new log
I20260710 11:08:07.261333  5954 ts_tablet_manager.cc:1403] T fc6a264294374cb0ac4cd5ce7a4334fa P 908531f5797e4026a6bf7c3219c65d9c: Time spent bootstrapping tablet: real 0.107s	user 0.011s	sys 0.005s
I20260710 11:08:07.263119  5952 tablet_bootstrap.cc:654] T 8acba6a85e0e49b7b54cb67330d94e6e P 63a8ac1ad6a74f698b62fd774abd0d16: Neither blocks nor log segments found. Creating new log.
I20260710 11:08:07.264743  5837 raft_consensus.cc:2468] T 3f9b352bcf574beebd99c69417e228c4 P 3a5ec63e9b9d4d5483db10b861ada04b [term 1 FOLLOWER]: Leader election vote request: Granting yes vote for candidate 908531f5797e4026a6bf7c3219c65d9c in term 1.
I20260710 11:08:07.266144  5726 leader_election.cc:304] T 3f9b352bcf574beebd99c69417e228c4 P 908531f5797e4026a6bf7c3219c65d9c [CANDIDATE]: Term 1 election: Election decided. Result: candidate won. Election summary: received 3 responses out of 3 voters: 2 yes votes; 1 no votes. yes voters: 3a5ec63e9b9d4d5483db10b861ada04b, 908531f5797e4026a6bf7c3219c65d9c; no voters: 63a8ac1ad6a74f698b62fd774abd0d16
I20260710 11:08:07.267916  5954 raft_consensus.cc:359] T fc6a264294374cb0ac4cd5ce7a4334fa P 908531f5797e4026a6bf7c3219c65d9c [term 0 FOLLOWER]: Replica starting. Triggering 0 pending ops. Active config: opid_index: -1 OBSOLETE_local: false peers { permanent_uuid: "908531f5797e4026a6bf7c3219c65d9c" member_type: VOTER last_known_addr { host: "127.4.127.193" port: 42353 } } peers { permanent_uuid: "3a5ec63e9b9d4d5483db10b861ada04b" member_type: VOTER last_known_addr { host: "127.4.127.194" port: 41767 } } peers { permanent_uuid: "63a8ac1ad6a74f698b62fd774abd0d16" member_type: VOTER last_known_addr { host: "127.4.127.195" port: 34913 } }
I20260710 11:08:07.268388  6007 raft_consensus.cc:2804] T 3f9b352bcf574beebd99c69417e228c4 P 908531f5797e4026a6bf7c3219c65d9c [term 1 FOLLOWER]: Leader election won for term 1
I20260710 11:08:07.268738  5954 raft_consensus.cc:385] T fc6a264294374cb0ac4cd5ce7a4334fa P 908531f5797e4026a6bf7c3219c65d9c [term 0 FOLLOWER]: Consensus starting up: Expiring failure detector timer to make a prompt election more likely
I20260710 11:08:07.269089  6007 raft_consensus.cc:697] T 3f9b352bcf574beebd99c69417e228c4 P 908531f5797e4026a6bf7c3219c65d9c [term 1 LEADER]: Becoming Leader. State: Replica: 908531f5797e4026a6bf7c3219c65d9c, State: Running, Role: LEADER
I20260710 11:08:07.269480  5954 raft_consensus.cc:740] T fc6a264294374cb0ac4cd5ce7a4334fa P 908531f5797e4026a6bf7c3219c65d9c [term 0 FOLLOWER]: Becoming Follower/Learner. State: Replica: 908531f5797e4026a6bf7c3219c65d9c, State: Initialized, Role: FOLLOWER
I20260710 11:08:07.269542  5661 catalog_manager.cc:5697] T 008375e6a0b0489ab314d70f7c9061b5 P 3a5ec63e9b9d4d5483db10b861ada04b reported cstate change: term changed from 0 to 1, leader changed from <none> to 3a5ec63e9b9d4d5483db10b861ada04b (127.4.127.194). New cstate: current_term: 1 leader_uuid: "3a5ec63e9b9d4d5483db10b861ada04b" committed_config { opid_index: -1 OBSOLETE_local: false peers { permanent_uuid: "908531f5797e4026a6bf7c3219c65d9c" member_type: VOTER last_known_addr { host: "127.4.127.193" port: 42353 } health_report { overall_health: UNKNOWN } } peers { permanent_uuid: "3a5ec63e9b9d4d5483db10b861ada04b" member_type: VOTER last_known_addr { host: "127.4.127.194" port: 41767 } health_report { overall_health: HEALTHY } } peers { permanent_uuid: "63a8ac1ad6a74f698b62fd774abd0d16" member_type: VOTER last_known_addr { host: "127.4.127.195" port: 34913 } health_report { overall_health: UNKNOWN } } }
I20260710 11:08:07.270272  6007 consensus_queue.cc:237] T 3f9b352bcf574beebd99c69417e228c4 P 908531f5797e4026a6bf7c3219c65d9c [LEADER]: Queue going to LEADER mode. State: All replicated index: 0, Majority replicated index: 0, Committed index: 0, Last appended: 0.0, Last appended by leader: 0, Current term: 1, Majority size: 2, State: 0, Mode: LEADER, active raft config: opid_index: -1 OBSOLETE_local: false peers { permanent_uuid: "908531f5797e4026a6bf7c3219c65d9c" member_type: VOTER last_known_addr { host: "127.4.127.193" port: 42353 } } peers { permanent_uuid: "3a5ec63e9b9d4d5483db10b861ada04b" member_type: VOTER last_known_addr { host: "127.4.127.194" port: 41767 } } peers { permanent_uuid: "63a8ac1ad6a74f698b62fd774abd0d16" member_type: VOTER last_known_addr { host: "127.4.127.195" port: 34913 } }
I20260710 11:08:07.271443  5661 catalog_manager.cc:5697] T 3be93c9045c443d6bb1351fd8186d0c4 P 3a5ec63e9b9d4d5483db10b861ada04b reported cstate change: term changed from 0 to 1, leader changed from <none> to 3a5ec63e9b9d4d5483db10b861ada04b (127.4.127.194). New cstate: current_term: 1 leader_uuid: "3a5ec63e9b9d4d5483db10b861ada04b" committed_config { opid_index: -1 OBSOLETE_local: false peers { permanent_uuid: "908531f5797e4026a6bf7c3219c65d9c" member_type: VOTER last_known_addr { host: "127.4.127.193" port: 42353 } health_report { overall_health: UNKNOWN } } peers { permanent_uuid: "3a5ec63e9b9d4d5483db10b861ada04b" member_type: VOTER last_known_addr { host: "127.4.127.194" port: 41767 } health_report { overall_health: HEALTHY } } peers { permanent_uuid: "63a8ac1ad6a74f698b62fd774abd0d16" member_type: VOTER last_known_addr { host: "127.4.127.195" port: 34913 } health_report { overall_health: UNKNOWN } } }
I20260710 11:08:07.273160  5954 consensus_queue.cc:260] T fc6a264294374cb0ac4cd5ce7a4334fa P 908531f5797e4026a6bf7c3219c65d9c [NON_LEADER]: Queue going to NON_LEADER mode. State: All replicated index: 0, Majority replicated index: 0, Committed index: 0, Last appended: 0.0, Last appended by leader: 0, Current term: 0, Majority size: -1, State: 0, Mode: NON_LEADER, active raft config: opid_index: -1 OBSOLETE_local: false peers { permanent_uuid: "908531f5797e4026a6bf7c3219c65d9c" member_type: VOTER last_known_addr { host: "127.4.127.193" port: 42353 } } peers { permanent_uuid: "3a5ec63e9b9d4d5483db10b861ada04b" member_type: VOTER last_known_addr { host: "127.4.127.194" port: 41767 } } peers { permanent_uuid: "63a8ac1ad6a74f698b62fd774abd0d16" member_type: VOTER last_known_addr { host: "127.4.127.195" port: 34913 } }
I20260710 11:08:07.274971  5985 consensus_queue.cc:1048] T 3be93c9045c443d6bb1351fd8186d0c4 P 3a5ec63e9b9d4d5483db10b861ada04b [LEADER]: Connected to new peer: Peer: permanent_uuid: "63a8ac1ad6a74f698b62fd774abd0d16" member_type: VOTER last_known_addr { host: "127.4.127.195" port: 34913 }, Status: LMP_MISMATCH, Last received: 0.0, Next index: 1, Last known committed idx: 0, Time since last communication: 0.000s
I20260710 11:08:07.276821  5954 ts_tablet_manager.cc:1434] T fc6a264294374cb0ac4cd5ce7a4334fa P 908531f5797e4026a6bf7c3219c65d9c: Time spent starting tablet: real 0.015s	user 0.006s	sys 0.000s
W20260710 11:08:07.278590  5729 consensus_peers.cc:597] T 2a63d457e8c14ee390ca6eec87806354 P 908531f5797e4026a6bf7c3219c65d9c -> Peer 63a8ac1ad6a74f698b62fd774abd0d16 (127.4.127.195:34913): Couldn't send request to peer 63a8ac1ad6a74f698b62fd774abd0d16. Error code: TABLET_NOT_RUNNING (12). Status: Illegal state: Tablet not RUNNING: INITIALIZED. This is attempt 1: this message will repeat every 5th retry.
I20260710 11:08:07.281200  5953 tablet_bootstrap.cc:492] T 8a8bcb6d7e804699951d7c530f210701 P 3a5ec63e9b9d4d5483db10b861ada04b: No bootstrap required, opened a new log
I20260710 11:08:07.281944  5953 ts_tablet_manager.cc:1403] T 8a8bcb6d7e804699951d7c530f210701 P 3a5ec63e9b9d4d5483db10b861ada04b: Time spent bootstrapping tablet: real 0.077s	user 0.014s	sys 0.003s
I20260710 11:08:07.283963  5661 catalog_manager.cc:5697] T 8acba6a85e0e49b7b54cb67330d94e6e P 3a5ec63e9b9d4d5483db10b861ada04b reported cstate change: term changed from 0 to 1, leader changed from <none> to 3a5ec63e9b9d4d5483db10b861ada04b (127.4.127.194). New cstate: current_term: 1 leader_uuid: "3a5ec63e9b9d4d5483db10b861ada04b" committed_config { opid_index: -1 OBSOLETE_local: false peers { permanent_uuid: "908531f5797e4026a6bf7c3219c65d9c" member_type: VOTER last_known_addr { host: "127.4.127.193" port: 42353 } health_report { overall_health: UNKNOWN } } peers { permanent_uuid: "3a5ec63e9b9d4d5483db10b861ada04b" member_type: VOTER last_known_addr { host: "127.4.127.194" port: 41767 } health_report { overall_health: HEALTHY } } peers { permanent_uuid: "63a8ac1ad6a74f698b62fd774abd0d16" member_type: VOTER last_known_addr { host: "127.4.127.195" port: 34913 } health_report { overall_health: UNKNOWN } } }
I20260710 11:08:07.285166  5954 tablet_bootstrap.cc:492] T 1fc4c55259264ccfaf4f08e45143fff0 P 908531f5797e4026a6bf7c3219c65d9c: Bootstrap starting.
I20260710 11:08:07.290047  5953 raft_consensus.cc:359] T 8a8bcb6d7e804699951d7c530f210701 P 3a5ec63e9b9d4d5483db10b861ada04b [term 0 FOLLOWER]: Replica starting. Triggering 0 pending ops. Active config: opid_index: -1 OBSOLETE_local: false peers { permanent_uuid: "908531f5797e4026a6bf7c3219c65d9c" member_type: VOTER last_known_addr { host: "127.4.127.193" port: 42353 } } peers { permanent_uuid: "3a5ec63e9b9d4d5483db10b861ada04b" member_type: VOTER last_known_addr { host: "127.4.127.194" port: 41767 } } peers { permanent_uuid: "63a8ac1ad6a74f698b62fd774abd0d16" member_type: VOTER last_known_addr { host: "127.4.127.195" port: 34913 } }
I20260710 11:08:07.290313  5985 consensus_queue.cc:1048] T 3be93c9045c443d6bb1351fd8186d0c4 P 3a5ec63e9b9d4d5483db10b861ada04b [LEADER]: Connected to new peer: Peer: permanent_uuid: "908531f5797e4026a6bf7c3219c65d9c" member_type: VOTER last_known_addr { host: "127.4.127.193" port: 42353 }, Status: LMP_MISMATCH, Last received: 0.0, Next index: 1, Last known committed idx: 0, Time since last communication: 0.001s
I20260710 11:08:07.294422  5952 tablet_bootstrap.cc:492] T 8acba6a85e0e49b7b54cb67330d94e6e P 63a8ac1ad6a74f698b62fd774abd0d16: No bootstrap required, opened a new log
I20260710 11:08:07.294992  5952 ts_tablet_manager.cc:1403] T 8acba6a85e0e49b7b54cb67330d94e6e P 63a8ac1ad6a74f698b62fd774abd0d16: Time spent bootstrapping tablet: real 0.074s	user 0.023s	sys 0.015s
I20260710 11:08:07.296931  5953 raft_consensus.cc:385] T 8a8bcb6d7e804699951d7c530f210701 P 3a5ec63e9b9d4d5483db10b861ada04b [term 0 FOLLOWER]: Consensus starting up: Expiring failure detector timer to make a prompt election more likely
I20260710 11:08:07.297317  5953 raft_consensus.cc:740] T 8a8bcb6d7e804699951d7c530f210701 P 3a5ec63e9b9d4d5483db10b861ada04b [term 0 FOLLOWER]: Becoming Follower/Learner. State: Replica: 3a5ec63e9b9d4d5483db10b861ada04b, State: Initialized, Role: FOLLOWER
I20260710 11:08:07.297760  5952 raft_consensus.cc:359] T 8acba6a85e0e49b7b54cb67330d94e6e P 63a8ac1ad6a74f698b62fd774abd0d16 [term 0 FOLLOWER]: Replica starting. Triggering 0 pending ops. Active config: opid_index: -1 OBSOLETE_local: false peers { permanent_uuid: "908531f5797e4026a6bf7c3219c65d9c" member_type: VOTER last_known_addr { host: "127.4.127.193" port: 42353 } } peers { permanent_uuid: "3a5ec63e9b9d4d5483db10b861ada04b" member_type: VOTER last_known_addr { host: "127.4.127.194" port: 41767 } } peers { permanent_uuid: "63a8ac1ad6a74f698b62fd774abd0d16" member_type: VOTER last_known_addr { host: "127.4.127.195" port: 34913 } }
I20260710 11:08:07.298481  5952 raft_consensus.cc:385] T 8acba6a85e0e49b7b54cb67330d94e6e P 63a8ac1ad6a74f698b62fd774abd0d16 [term 0 FOLLOWER]: Consensus starting up: Expiring failure detector timer to make a prompt election more likely
I20260710 11:08:07.298761  5952 raft_consensus.cc:740] T 8acba6a85e0e49b7b54cb67330d94e6e P 63a8ac1ad6a74f698b62fd774abd0d16 [term 0 FOLLOWER]: Becoming Follower/Learner. State: Replica: 63a8ac1ad6a74f698b62fd774abd0d16, State: Initialized, Role: FOLLOWER
I20260710 11:08:07.298213  5953 consensus_queue.cc:260] T 8a8bcb6d7e804699951d7c530f210701 P 3a5ec63e9b9d4d5483db10b861ada04b [NON_LEADER]: Queue going to NON_LEADER mode. State: All replicated index: 0, Majority replicated index: 0, Committed index: 0, Last appended: 0.0, Last appended by leader: 0, Current term: 0, Majority size: -1, State: 0, Mode: NON_LEADER, active raft config: opid_index: -1 OBSOLETE_local: false peers { permanent_uuid: "908531f5797e4026a6bf7c3219c65d9c" member_type: VOTER last_known_addr { host: "127.4.127.193" port: 42353 } } peers { permanent_uuid: "3a5ec63e9b9d4d5483db10b861ada04b" member_type: VOTER last_known_addr { host: "127.4.127.194" port: 41767 } } peers { permanent_uuid: "63a8ac1ad6a74f698b62fd774abd0d16" member_type: VOTER last_known_addr { host: "127.4.127.195" port: 34913 } }
I20260710 11:08:07.299562  5952 consensus_queue.cc:260] T 8acba6a85e0e49b7b54cb67330d94e6e P 63a8ac1ad6a74f698b62fd774abd0d16 [NON_LEADER]: Queue going to NON_LEADER mode. State: All replicated index: 0, Majority replicated index: 0, Committed index: 0, Last appended: 0.0, Last appended by leader: 0, Current term: 0, Majority size: -1, State: 0, Mode: NON_LEADER, active raft config: opid_index: -1 OBSOLETE_local: false peers { permanent_uuid: "908531f5797e4026a6bf7c3219c65d9c" member_type: VOTER last_known_addr { host: "127.4.127.193" port: 42353 } } peers { permanent_uuid: "3a5ec63e9b9d4d5483db10b861ada04b" member_type: VOTER last_known_addr { host: "127.4.127.194" port: 41767 } } peers { permanent_uuid: "63a8ac1ad6a74f698b62fd774abd0d16" member_type: VOTER last_known_addr { host: "127.4.127.195" port: 34913 } }
I20260710 11:08:07.302232  5952 ts_tablet_manager.cc:1434] T 8acba6a85e0e49b7b54cb67330d94e6e P 63a8ac1ad6a74f698b62fd774abd0d16: Time spent starting tablet: real 0.007s	user 0.007s	sys 0.000s
I20260710 11:08:07.303187  5952 tablet_bootstrap.cc:492] T 3f9b352bcf574beebd99c69417e228c4 P 63a8ac1ad6a74f698b62fd774abd0d16: Bootstrap starting.
I20260710 11:08:07.304315  5953 ts_tablet_manager.cc:1434] T 8a8bcb6d7e804699951d7c530f210701 P 3a5ec63e9b9d4d5483db10b861ada04b: Time spent starting tablet: real 0.022s	user 0.006s	sys 0.000s
I20260710 11:08:07.309093  5952 tablet_bootstrap.cc:654] T 3f9b352bcf574beebd99c69417e228c4 P 63a8ac1ad6a74f698b62fd774abd0d16: Neither blocks nor log segments found. Creating new log.
I20260710 11:08:07.309882  5953 tablet_bootstrap.cc:492] T 29d952b58a1f4f55bdac15e82e963e70 P 3a5ec63e9b9d4d5483db10b861ada04b: Bootstrap starting.
I20260710 11:08:07.307188  5954 tablet_bootstrap.cc:654] T 1fc4c55259264ccfaf4f08e45143fff0 P 908531f5797e4026a6bf7c3219c65d9c: Neither blocks nor log segments found. Creating new log.
I20260710 11:08:07.314850  5659 catalog_manager.cc:5697] T 3f9b352bcf574beebd99c69417e228c4 P 908531f5797e4026a6bf7c3219c65d9c reported cstate change: term changed from 0 to 1, leader changed from <none> to 908531f5797e4026a6bf7c3219c65d9c (127.4.127.193). New cstate: current_term: 1 leader_uuid: "908531f5797e4026a6bf7c3219c65d9c" committed_config { opid_index: -1 OBSOLETE_local: false peers { permanent_uuid: "908531f5797e4026a6bf7c3219c65d9c" member_type: VOTER last_known_addr { host: "127.4.127.193" port: 42353 } health_report { overall_health: HEALTHY } } peers { permanent_uuid: "3a5ec63e9b9d4d5483db10b861ada04b" member_type: VOTER last_known_addr { host: "127.4.127.194" port: 41767 } health_report { overall_health: UNKNOWN } } peers { permanent_uuid: "63a8ac1ad6a74f698b62fd774abd0d16" member_type: VOTER last_known_addr { host: "127.4.127.195" port: 34913 } health_report { overall_health: UNKNOWN } } }
I20260710 11:08:07.328604  5953 tablet_bootstrap.cc:654] T 29d952b58a1f4f55bdac15e82e963e70 P 3a5ec63e9b9d4d5483db10b861ada04b: Neither blocks nor log segments found. Creating new log.
I20260710 11:08:07.328910  5952 tablet_bootstrap.cc:492] T 3f9b352bcf574beebd99c69417e228c4 P 63a8ac1ad6a74f698b62fd774abd0d16: No bootstrap required, opened a new log
I20260710 11:08:07.329341  5952 ts_tablet_manager.cc:1403] T 3f9b352bcf574beebd99c69417e228c4 P 63a8ac1ad6a74f698b62fd774abd0d16: Time spent bootstrapping tablet: real 0.026s	user 0.022s	sys 0.000s
I20260710 11:08:07.332317  5952 raft_consensus.cc:359] T 3f9b352bcf574beebd99c69417e228c4 P 63a8ac1ad6a74f698b62fd774abd0d16 [term 0 FOLLOWER]: Replica starting. Triggering 0 pending ops. Active config: opid_index: -1 OBSOLETE_local: false peers { permanent_uuid: "908531f5797e4026a6bf7c3219c65d9c" member_type: VOTER last_known_addr { host: "127.4.127.193" port: 42353 } } peers { permanent_uuid: "3a5ec63e9b9d4d5483db10b861ada04b" member_type: VOTER last_known_addr { host: "127.4.127.194" port: 41767 } } peers { permanent_uuid: "63a8ac1ad6a74f698b62fd774abd0d16" member_type: VOTER last_known_addr { host: "127.4.127.195" port: 34913 } }
I20260710 11:08:07.333259  5952 raft_consensus.cc:385] T 3f9b352bcf574beebd99c69417e228c4 P 63a8ac1ad6a74f698b62fd774abd0d16 [term 0 FOLLOWER]: Consensus starting up: Expiring failure detector timer to make a prompt election more likely
I20260710 11:08:07.333632  5952 raft_consensus.cc:740] T 3f9b352bcf574beebd99c69417e228c4 P 63a8ac1ad6a74f698b62fd774abd0d16 [term 0 FOLLOWER]: Becoming Follower/Learner. State: Replica: 63a8ac1ad6a74f698b62fd774abd0d16, State: Initialized, Role: FOLLOWER
