I20260710 11:07:53.693759  4607 fs_manager.cc:368] Using write-ahead log directory (fs_wal_dir) as metadata directory
I20260710 11:07:53.694073  4607 server_base.cc:909] This appears to be a new deployment of Kudu; creating new FS layout
I20260710 11:07:53.694928  5186 master_service.cc:502] Signed X509 certificate for tserver {username='slave'} at 127.0.0.1:39632
I20260710 11:07:53.695600  4607 fs_manager.cc:1068] Generated new instance metadata in path /tmp/dist-test-taskcA7d07/test-tmp/auto_leader_rebalancer-test.0.LeaderRebalancerTest.FunctionalTestForNotDivided.1783681657700641-4607-0/minicluster-data/ts-2-root/instance:
uuid: "69ae3a8ca9304566bd7658c457714e88"
format_stamp: "Formatted at 2026-07-10 11:07:53 on dist-test-slave-mqr7"
I20260710 11:07:53.700816  4607 fs_manager.cc:696] Time spent creating directory manager: real 0.004s	user 0.006s	sys 0.000s
I20260710 11:07:53.704499  5399 log_block_manager.cc:4127] Time spent loading block containers with low live blocks: real 0.000s	user 0.000s	sys 0.000s
I20260710 11:07:53.705291  4607 fs_manager.cc:730] Time spent opening block manager: real 0.002s	user 0.003s	sys 0.000s
I20260710 11:07:53.705644  4607 fs_manager.cc:647] Opened local filesystem: /tmp/dist-test-taskcA7d07/test-tmp/auto_leader_rebalancer-test.0.LeaderRebalancerTest.FunctionalTestForNotDivided.1783681657700641-4607-0/minicluster-data/ts-2-root
uuid: "69ae3a8ca9304566bd7658c457714e88"
format_stamp: "Formatted at 2026-07-10 11:07:53 on dist-test-slave-mqr7"
I20260710 11:07:53.705964  4607 fs_report.cc:389] FS layout report
--------------------
wal directory: /tmp/dist-test-taskcA7d07/test-tmp/auto_leader_rebalancer-test.0.LeaderRebalancerTest.FunctionalTestForNotDivided.1783681657700641-4607-0/minicluster-data/ts-2-root
metadata directory: /tmp/dist-test-taskcA7d07/test-tmp/auto_leader_rebalancer-test.0.LeaderRebalancerTest.FunctionalTestForNotDivided.1783681657700641-4607-0/minicluster-data/ts-2-root
1 data directories: /tmp/dist-test-taskcA7d07/test-tmp/auto_leader_rebalancer-test.0.LeaderRebalancerTest.FunctionalTestForNotDivided.1783681657700641-4607-0/minicluster-data/ts-2-root/data
Total live blocks: 0
Total live bytes: 0
Total live bytes (after alignment): 0
Total number of LBM containers: 0 (0 full)
Did not check for missing blocks
Did not check for orphaned blocks
Total full LBM containers with extra space: 0 (0 repaired)
Total full LBM container extra space in bytes: 0 (0 repaired)
Total incomplete LBM containers: 0 (0 repaired)
Total LBM partial records: 0 (0 repaired)
Total corrupted LBM metadata records in RocksDB: 0 (0 repaired)
I20260710 11:07:53.728188  4607 rpc_server.cc:225] running with OpenSSL 1.1.1  11 Sep 2018
I20260710 11:07:53.729396  4607 kserver.cc:163] Server-wide thread pool size limit: 3276
I20260710 11:07:53.730868  4607 txn_system_client.cc:432] TxnSystemClient initialization is disabled...
I20260710 11:07:53.733026  4607 ts_tablet_manager.cc:585] Loaded tablet metadata (0 total tablets, 0 live tablets)
I20260710 11:07:53.733246  4607 ts_tablet_manager.cc:531] Time spent load tablet metadata: real 0.000s	user 0.000s	sys 0.000s
I20260710 11:07:53.733551  4607 ts_tablet_manager.cc:616] Registered 0 tablets
I20260710 11:07:53.733728  4607 ts_tablet_manager.cc:595] Time spent register tablets: real 0.000s	user 0.000s	sys 0.000s
I20260710 11:07:53.778859  4607 rpc_server.cc:307] RPC server started. Bound to: 127.4.127.195:39761
I20260710 11:07:53.778944  5461 acceptor_pool.cc:272] collecting diagnostics on the listening RPC socket 127.4.127.195:39761 every 8 connection(s)
I20260710 11:07:53.792605  5462 heartbeater.cc:344] Connected to a master server at 127.4.127.254:37759
I20260710 11:07:53.793021  5462 heartbeater.cc:461] Registering TS with master...
I20260710 11:07:53.793830  5462 heartbeater.cc:507] Master 127.4.127.254:37759 requested a full tablet report, sending...
I20260710 11:07:53.795776  5186 ts_manager.cc:194] Registered new tserver with Master: 69ae3a8ca9304566bd7658c457714e88 (127.4.127.195:39761)
I20260710 11:07:53.796619  4607 internal_mini_cluster.cc:371] 3 TS(s) registered with all masters after 0.014455764s
I20260710 11:07:53.797154  5186 master_service.cc:502] Signed X509 certificate for tserver {username='slave'} at 127.0.0.1:39644
I20260710 11:07:53.821878  5186 catalog_manager.cc:2283] Servicing CreateTable request from {username='slave'} at 127.0.0.1:39650:
name: "test-workload"
schema {
  columns {
    name: "key"
    type: INT32
    is_key: true
    is_nullable: false
    encoding: AUTO_ENCODING
    compression: DEFAULT_COMPRESSION
    cfile_block_size: 0
    immutable: false
  }
  columns {
    name: "int_val"
    type: INT32
    is_key: false
    is_nullable: false
    encoding: AUTO_ENCODING
    compression: DEFAULT_COMPRESSION
    cfile_block_size: 0
    immutable: false
  }
  columns {
    name: "string_val"
    type: STRING
    is_key: false
    is_nullable: true
    encoding: AUTO_ENCODING
    compression: DEFAULT_COMPRESSION
    cfile_block_size: 0
    immutable: false
  }
}
num_replicas: 3
split_rows_range_bounds {
  rows: "\004\001\000\314\314\314\014\004\001\000\230\231\231\031\004\001\000dff&\004\001\0000333\004\001\000\374\377\377?\004\001\000\310\314\314L\004\001\000\224\231\231Y\004\001\000`fff\004\001\000,33s""\004\001\000\314\314\314\014\004\001\000\230\231\231\031\004\001\000dff&\004\001\0000333\004\001\000\374\377\377?\004\001\000\310\314\314L\004\001\000\224\231\231Y\004\001\000`fff\004\001\000,33s"
  indirect_data: """"
}
partition_schema {
  range_schema {
    columns {
      name: "key"
    }
  }
}
W20260710 11:07:53.824677  5186 catalog_manager.cc:7077] The number of live tablet servers is not enough to re-replicate a tablet replica of the newly created table test-workload in case of a server failure: 4 tablet servers would be needed, 3 are available. Consider bringing up more tablet servers.
I20260710 11:07:53.894882  5278 tablet_service.cc:1511] Processing CreateTablet for tablet a3c3f687f9eb4044b04c6bb8541296b1 (DEFAULT_TABLE table=test-workload [id=bd93e98c8b9644e483ba6f006ddb507a]), partition=RANGE (key) PARTITION VALUES < 214748364
I20260710 11:07:53.896420  5278 data_dirs.cc:400] Could only allocate 1 dirs of requested 3 for tablet a3c3f687f9eb4044b04c6bb8541296b1. 1 dirs total, 0 dirs full, 0 dirs failed
I20260710 11:07:53.896835  5277 tablet_service.cc:1511] Processing CreateTablet for tablet 947f419bfb374cfdb0b317707aca1f9c (DEFAULT_TABLE table=test-workload [id=bd93e98c8b9644e483ba6f006ddb507a]), partition=RANGE (key) PARTITION 214748364 <= VALUES < 429496728
I20260710 11:07:53.898258  5277 data_dirs.cc:400] Could only allocate 1 dirs of requested 3 for tablet 947f419bfb374cfdb0b317707aca1f9c. 1 dirs total, 0 dirs full, 0 dirs failed
I20260710 11:07:53.903421  5276 tablet_service.cc:1511] Processing CreateTablet for tablet d92dfc50c2f14824b9ca4557a9c50630 (DEFAULT_TABLE table=test-workload [id=bd93e98c8b9644e483ba6f006ddb507a]), partition=RANGE (key) PARTITION 429496728 <= VALUES < 644245092
I20260710 11:07:53.905611  5276 data_dirs.cc:400] Could only allocate 1 dirs of requested 3 for tablet d92dfc50c2f14824b9ca4557a9c50630. 1 dirs total, 0 dirs full, 0 dirs failed
I20260710 11:07:53.928334  5275 tablet_service.cc:1511] Processing CreateTablet for tablet cf0b8c2751ba4f04a86d561a0cc5cfb5 (DEFAULT_TABLE table=test-workload [id=bd93e98c8b9644e483ba6f006ddb507a]), partition=RANGE (key) PARTITION 644245092 <= VALUES < 858993456
I20260710 11:07:53.929813  5275 data_dirs.cc:400] Could only allocate 1 dirs of requested 3 for tablet cf0b8c2751ba4f04a86d561a0cc5cfb5. 1 dirs total, 0 dirs full, 0 dirs failed
I20260710 11:07:53.933389  5274 tablet_service.cc:1511] Processing CreateTablet for tablet 5a3a7d483ddd4ef0ad6af1a1954ae4e9 (DEFAULT_TABLE table=test-workload [id=bd93e98c8b9644e483ba6f006ddb507a]), partition=RANGE (key) PARTITION 858993456 <= VALUES < 1073741820
I20260710 11:07:53.934855  5274 data_dirs.cc:400] Could only allocate 1 dirs of requested 3 for tablet 5a3a7d483ddd4ef0ad6af1a1954ae4e9. 1 dirs total, 0 dirs full, 0 dirs failed
I20260710 11:07:53.943984  5273 tablet_service.cc:1511] Processing CreateTablet for tablet 2c2db3d987054a79845e2836f04144d2 (DEFAULT_TABLE table=test-workload [id=bd93e98c8b9644e483ba6f006ddb507a]), partition=RANGE (key) PARTITION 1288490184 <= VALUES < 1503238548
I20260710 11:07:53.946300  5273 data_dirs.cc:400] Could only allocate 1 dirs of requested 3 for tablet 2c2db3d987054a79845e2836f04144d2. 1 dirs total, 0 dirs full, 0 dirs failed
I20260710 11:07:53.950376  5272 tablet_service.cc:1511] Processing CreateTablet for tablet 17e6bc8850344ed3a18c8e51fce0e3df (DEFAULT_TABLE table=test-workload [id=bd93e98c8b9644e483ba6f006ddb507a]), partition=RANGE (key) PARTITION 1503238548 <= VALUES < 1717986912
I20260710 11:07:53.952359  5272 data_dirs.cc:400] Could only allocate 1 dirs of requested 3 for tablet 17e6bc8850344ed3a18c8e51fce0e3df. 1 dirs total, 0 dirs full, 0 dirs failed
I20260710 11:07:53.954707  5427 tablet_service.cc:1511] Processing CreateTablet for tablet a3c3f687f9eb4044b04c6bb8541296b1 (DEFAULT_TABLE table=test-workload [id=bd93e98c8b9644e483ba6f006ddb507a]), partition=RANGE (key) PARTITION VALUES < 214748364
I20260710 11:07:53.956215  5427 data_dirs.cc:400] Could only allocate 1 dirs of requested 3 for tablet a3c3f687f9eb4044b04c6bb8541296b1. 1 dirs total, 0 dirs full, 0 dirs failed
I20260710 11:07:53.958787  5426 tablet_service.cc:1511] Processing CreateTablet for tablet 947f419bfb374cfdb0b317707aca1f9c (DEFAULT_TABLE table=test-workload [id=bd93e98c8b9644e483ba6f006ddb507a]), partition=RANGE (key) PARTITION 214748364 <= VALUES < 429496728
I20260710 11:07:53.959643  5271 tablet_service.cc:1511] Processing CreateTablet for tablet 392c67af211343e7b36d8c8bde0d148d (DEFAULT_TABLE table=test-workload [id=bd93e98c8b9644e483ba6f006ddb507a]), partition=RANGE (key) PARTITION 1717986912 <= VALUES < 1932735276
I20260710 11:07:53.960472  5426 data_dirs.cc:400] Could only allocate 1 dirs of requested 3 for tablet 947f419bfb374cfdb0b317707aca1f9c. 1 dirs total, 0 dirs full, 0 dirs failed
I20260710 11:07:53.961081  5271 data_dirs.cc:400] Could only allocate 1 dirs of requested 3 for tablet 392c67af211343e7b36d8c8bde0d148d. 1 dirs total, 0 dirs full, 0 dirs failed
I20260710 11:07:53.962785  5425 tablet_service.cc:1511] Processing CreateTablet for tablet d92dfc50c2f14824b9ca4557a9c50630 (DEFAULT_TABLE table=test-workload [id=bd93e98c8b9644e483ba6f006ddb507a]), partition=RANGE (key) PARTITION 429496728 <= VALUES < 644245092
I20260710 11:07:53.964301  5425 data_dirs.cc:400] Could only allocate 1 dirs of requested 3 for tablet d92dfc50c2f14824b9ca4557a9c50630. 1 dirs total, 0 dirs full, 0 dirs failed
I20260710 11:07:53.966718  5424 tablet_service.cc:1511] Processing CreateTablet for tablet cf0b8c2751ba4f04a86d561a0cc5cfb5 (DEFAULT_TABLE table=test-workload [id=bd93e98c8b9644e483ba6f006ddb507a]), partition=RANGE (key) PARTITION 644245092 <= VALUES < 858993456
I20260710 11:07:53.968181  5424 data_dirs.cc:400] Could only allocate 1 dirs of requested 3 for tablet cf0b8c2751ba4f04a86d561a0cc5cfb5. 1 dirs total, 0 dirs full, 0 dirs failed
I20260710 11:07:53.969971  5270 tablet_service.cc:1511] Processing CreateTablet for tablet 8fb31c5349794cf2abd61a8ebe123550 (DEFAULT_TABLE table=test-workload [id=bd93e98c8b9644e483ba6f006ddb507a]), partition=RANGE (key) PARTITION 1932735276 <= VALUES
I20260710 11:07:53.970873  5423 tablet_service.cc:1511] Processing CreateTablet for tablet 5a3a7d483ddd4ef0ad6af1a1954ae4e9 (DEFAULT_TABLE table=test-workload [id=bd93e98c8b9644e483ba6f006ddb507a]), partition=RANGE (key) PARTITION 858993456 <= VALUES < 1073741820
I20260710 11:07:53.971443  5270 data_dirs.cc:400] Could only allocate 1 dirs of requested 3 for tablet 8fb31c5349794cf2abd61a8ebe123550. 1 dirs total, 0 dirs full, 0 dirs failed
I20260710 11:07:53.972203  5423 data_dirs.cc:400] Could only allocate 1 dirs of requested 3 for tablet 5a3a7d483ddd4ef0ad6af1a1954ae4e9. 1 dirs total, 0 dirs full, 0 dirs failed
I20260710 11:07:53.975613  5420 tablet_service.cc:1511] Processing CreateTablet for tablet 17e6bc8850344ed3a18c8e51fce0e3df (DEFAULT_TABLE table=test-workload [id=bd93e98c8b9644e483ba6f006ddb507a]), partition=RANGE (key) PARTITION 1503238548 <= VALUES < 1717986912
I20260710 11:07:53.977857  5422 tablet_service.cc:1511] Processing CreateTablet for tablet 1cd6b714da2146e8bc402e3e21622865 (DEFAULT_TABLE table=test-workload [id=bd93e98c8b9644e483ba6f006ddb507a]), partition=RANGE (key) PARTITION 1073741820 <= VALUES < 1288490184
I20260710 11:07:53.980123  5421 tablet_service.cc:1511] Processing CreateTablet for tablet 2c2db3d987054a79845e2836f04144d2 (DEFAULT_TABLE table=test-workload [id=bd93e98c8b9644e483ba6f006ddb507a]), partition=RANGE (key) PARTITION 1288490184 <= VALUES < 1503238548
I20260710 11:07:53.981904  5277 tablet_service.cc:1511] Processing CreateTablet for tablet 1cd6b714da2146e8bc402e3e21622865 (DEFAULT_TABLE table=test-workload [id=bd93e98c8b9644e483ba6f006ddb507a]), partition=RANGE (key) PARTITION 1073741820 <= VALUES < 1288490184
I20260710 11:07:53.982860  5419 tablet_service.cc:1511] Processing CreateTablet for tablet 392c67af211343e7b36d8c8bde0d148d (DEFAULT_TABLE table=test-workload [id=bd93e98c8b9644e483ba6f006ddb507a]), partition=RANGE (key) PARTITION 1717986912 <= VALUES < 1932735276
I20260710 11:07:53.983705  5277 data_dirs.cc:400] Could only allocate 1 dirs of requested 3 for tablet 1cd6b714da2146e8bc402e3e21622865. 1 dirs total, 0 dirs full, 0 dirs failed
I20260710 11:07:53.984156  5419 data_dirs.cc:400] Could only allocate 1 dirs of requested 3 for tablet 392c67af211343e7b36d8c8bde0d148d. 1 dirs total, 0 dirs full, 0 dirs failed
I20260710 11:07:53.985946  5422 data_dirs.cc:400] Could only allocate 1 dirs of requested 3 for tablet 1cd6b714da2146e8bc402e3e21622865. 1 dirs total, 0 dirs full, 0 dirs failed
I20260710 11:07:53.987434  5421 data_dirs.cc:400] Could only allocate 1 dirs of requested 3 for tablet 2c2db3d987054a79845e2836f04144d2. 1 dirs total, 0 dirs full, 0 dirs failed
I20260710 11:07:53.989456  5420 data_dirs.cc:400] Could only allocate 1 dirs of requested 3 for tablet 17e6bc8850344ed3a18c8e51fce0e3df. 1 dirs total, 0 dirs full, 0 dirs failed
I20260710 11:07:54.014118  5418 tablet_service.cc:1511] Processing CreateTablet for tablet 8fb31c5349794cf2abd61a8ebe123550 (DEFAULT_TABLE table=test-workload [id=bd93e98c8b9644e483ba6f006ddb507a]), partition=RANGE (key) PARTITION 1932735276 <= VALUES
I20260710 11:07:54.015564  5418 data_dirs.cc:400] Could only allocate 1 dirs of requested 3 for tablet 8fb31c5349794cf2abd61a8ebe123550. 1 dirs total, 0 dirs full, 0 dirs failed
I20260710 11:07:54.049304  5353 tablet_service.cc:1511] Processing CreateTablet for tablet a3c3f687f9eb4044b04c6bb8541296b1 (DEFAULT_TABLE table=test-workload [id=bd93e98c8b9644e483ba6f006ddb507a]), partition=RANGE (key) PARTITION VALUES < 214748364
I20260710 11:07:54.050827  5353 data_dirs.cc:400] Could only allocate 1 dirs of requested 3 for tablet a3c3f687f9eb4044b04c6bb8541296b1. 1 dirs total, 0 dirs full, 0 dirs failed
I20260710 11:07:54.052285  5346 tablet_service.cc:1511] Processing CreateTablet for tablet 17e6bc8850344ed3a18c8e51fce0e3df (DEFAULT_TABLE table=test-workload [id=bd93e98c8b9644e483ba6f006ddb507a]), partition=RANGE (key) PARTITION 1503238548 <= VALUES < 1717986912
I20260710 11:07:54.054466  5347 tablet_service.cc:1511] Processing CreateTablet for tablet 2c2db3d987054a79845e2836f04144d2 (DEFAULT_TABLE table=test-workload [id=bd93e98c8b9644e483ba6f006ddb507a]), partition=RANGE (key) PARTITION 1288490184 <= VALUES < 1503238548
I20260710 11:07:54.056406  5345 tablet_service.cc:1511] Processing CreateTablet for tablet 392c67af211343e7b36d8c8bde0d148d (DEFAULT_TABLE table=test-workload [id=bd93e98c8b9644e483ba6f006ddb507a]), partition=RANGE (key) PARTITION 1717986912 <= VALUES < 1932735276
I20260710 11:07:54.058284  5344 tablet_service.cc:1511] Processing CreateTablet for tablet 8fb31c5349794cf2abd61a8ebe123550 (DEFAULT_TABLE table=test-workload [id=bd93e98c8b9644e483ba6f006ddb507a]), partition=RANGE (key) PARTITION 1932735276 <= VALUES
I20260710 11:07:54.062139  5352 tablet_service.cc:1511] Processing CreateTablet for tablet 947f419bfb374cfdb0b317707aca1f9c (DEFAULT_TABLE table=test-workload [id=bd93e98c8b9644e483ba6f006ddb507a]), partition=RANGE (key) PARTITION 214748364 <= VALUES < 429496728
I20260710 11:07:54.064064  5350 tablet_service.cc:1511] Processing CreateTablet for tablet cf0b8c2751ba4f04a86d561a0cc5cfb5 (DEFAULT_TABLE table=test-workload [id=bd93e98c8b9644e483ba6f006ddb507a]), partition=RANGE (key) PARTITION 644245092 <= VALUES < 858993456
I20260710 11:07:54.066004  5349 tablet_service.cc:1511] Processing CreateTablet for tablet 5a3a7d483ddd4ef0ad6af1a1954ae4e9 (DEFAULT_TABLE table=test-workload [id=bd93e98c8b9644e483ba6f006ddb507a]), partition=RANGE (key) PARTITION 858993456 <= VALUES < 1073741820
I20260710 11:07:54.067775  5348 tablet_service.cc:1511] Processing CreateTablet for tablet 1cd6b714da2146e8bc402e3e21622865 (DEFAULT_TABLE table=test-workload [id=bd93e98c8b9644e483ba6f006ddb507a]), partition=RANGE (key) PARTITION 1073741820 <= VALUES < 1288490184
I20260710 11:07:54.069614  5351 tablet_service.cc:1511] Processing CreateTablet for tablet d92dfc50c2f14824b9ca4557a9c50630 (DEFAULT_TABLE table=test-workload [id=bd93e98c8b9644e483ba6f006ddb507a]), partition=RANGE (key) PARTITION 429496728 <= VALUES < 644245092
I20260710 11:07:54.070958  5346 data_dirs.cc:400] Could only allocate 1 dirs of requested 3 for tablet 17e6bc8850344ed3a18c8e51fce0e3df. 1 dirs total, 0 dirs full, 0 dirs failed
I20260710 11:07:54.074960  5348 data_dirs.cc:400] Could only allocate 1 dirs of requested 3 for tablet 1cd6b714da2146e8bc402e3e21622865. 1 dirs total, 0 dirs full, 0 dirs failed
I20260710 11:07:54.082029  5351 data_dirs.cc:400] Could only allocate 1 dirs of requested 3 for tablet d92dfc50c2f14824b9ca4557a9c50630. 1 dirs total, 0 dirs full, 0 dirs failed
I20260710 11:07:54.086012  5344 data_dirs.cc:400] Could only allocate 1 dirs of requested 3 for tablet 8fb31c5349794cf2abd61a8ebe123550. 1 dirs total, 0 dirs full, 0 dirs failed
I20260710 11:07:54.090037  5347 data_dirs.cc:400] Could only allocate 1 dirs of requested 3 for tablet 2c2db3d987054a79845e2836f04144d2. 1 dirs total, 0 dirs full, 0 dirs failed
I20260710 11:07:54.094331  5345 data_dirs.cc:400] Could only allocate 1 dirs of requested 3 for tablet 392c67af211343e7b36d8c8bde0d148d. 1 dirs total, 0 dirs full, 0 dirs failed
I20260710 11:07:54.122545  5350 data_dirs.cc:400] Could only allocate 1 dirs of requested 3 for tablet cf0b8c2751ba4f04a86d561a0cc5cfb5. 1 dirs total, 0 dirs full, 0 dirs failed
I20260710 11:07:54.127233  5477 tablet_bootstrap.cc:492] T a3c3f687f9eb4044b04c6bb8541296b1 P 0942a33921cb48d789e7ecaea0469aa1: Bootstrap starting.
I20260710 11:07:54.127671  5352 data_dirs.cc:400] Could only allocate 1 dirs of requested 3 for tablet 947f419bfb374cfdb0b317707aca1f9c. 1 dirs total, 0 dirs full, 0 dirs failed
I20260710 11:07:54.128337  5349 data_dirs.cc:400] Could only allocate 1 dirs of requested 3 for tablet 5a3a7d483ddd4ef0ad6af1a1954ae4e9. 1 dirs total, 0 dirs full, 0 dirs failed
I20260710 11:07:54.135181  5477 tablet_bootstrap.cc:654] T a3c3f687f9eb4044b04c6bb8541296b1 P 0942a33921cb48d789e7ecaea0469aa1: Neither blocks nor log segments found. Creating new log.
I20260710 11:07:54.142113  5478 tablet_bootstrap.cc:492] T 392c67af211343e7b36d8c8bde0d148d P 69ae3a8ca9304566bd7658c457714e88: Bootstrap starting.
I20260710 11:07:54.156070  5478 tablet_bootstrap.cc:654] T 392c67af211343e7b36d8c8bde0d148d P 69ae3a8ca9304566bd7658c457714e88: Neither blocks nor log segments found. Creating new log.
I20260710 11:07:54.169189  5477 tablet_bootstrap.cc:492] T a3c3f687f9eb4044b04c6bb8541296b1 P 0942a33921cb48d789e7ecaea0469aa1: No bootstrap required, opened a new log
I20260710 11:07:54.169706  5477 ts_tablet_manager.cc:1403] T a3c3f687f9eb4044b04c6bb8541296b1 P 0942a33921cb48d789e7ecaea0469aa1: Time spent bootstrapping tablet: real 0.043s	user 0.011s	sys 0.002s
I20260710 11:07:54.172616  5477 raft_consensus.cc:359] T a3c3f687f9eb4044b04c6bb8541296b1 P 0942a33921cb48d789e7ecaea0469aa1 [term 0 FOLLOWER]: Replica starting. Triggering 0 pending ops. Active config: opid_index: -1 OBSOLETE_local: false peers { permanent_uuid: "0942a33921cb48d789e7ecaea0469aa1" member_type: VOTER last_known_addr { host: "127.4.127.193" port: 43921 } } peers { permanent_uuid: "cf88db25a13e4087b3bb121f00170d5c" member_type: VOTER last_known_addr { host: "127.4.127.194" port: 46609 } } peers { permanent_uuid: "69ae3a8ca9304566bd7658c457714e88" member_type: VOTER last_known_addr { host: "127.4.127.195" port: 39761 } }
I20260710 11:07:54.173326  5477 raft_consensus.cc:385] T a3c3f687f9eb4044b04c6bb8541296b1 P 0942a33921cb48d789e7ecaea0469aa1 [term 0 FOLLOWER]: Consensus starting up: Expiring failure detector timer to make a prompt election more likely
I20260710 11:07:54.173659  5477 raft_consensus.cc:740] T a3c3f687f9eb4044b04c6bb8541296b1 P 0942a33921cb48d789e7ecaea0469aa1 [term 0 FOLLOWER]: Becoming Follower/Learner. State: Replica: 0942a33921cb48d789e7ecaea0469aa1, State: Initialized, Role: FOLLOWER
I20260710 11:07:54.175427  5479 tablet_bootstrap.cc:492] T d92dfc50c2f14824b9ca4557a9c50630 P cf88db25a13e4087b3bb121f00170d5c: Bootstrap starting.
I20260710 11:07:54.177709  5477 consensus_queue.cc:260] T a3c3f687f9eb4044b04c6bb8541296b1 P 0942a33921cb48d789e7ecaea0469aa1 [NON_LEADER]: Queue going to NON_LEADER mode. State: All replicated index: 0, Majority replicated index: 0, Committed index: 0, Last appended: 0.0, Last appended by leader: 0, Current term: 0, Majority size: -1, State: 0, Mode: NON_LEADER, active raft config: opid_index: -1 OBSOLETE_local: false peers { permanent_uuid: "0942a33921cb48d789e7ecaea0469aa1" member_type: VOTER last_known_addr { host: "127.4.127.193" port: 43921 } } peers { permanent_uuid: "cf88db25a13e4087b3bb121f00170d5c" member_type: VOTER last_known_addr { host: "127.4.127.194" port: 46609 } } peers { permanent_uuid: "69ae3a8ca9304566bd7658c457714e88" member_type: VOTER last_known_addr { host: "127.4.127.195" port: 39761 } }
I20260710 11:07:54.184777  5479 tablet_bootstrap.cc:654] T d92dfc50c2f14824b9ca4557a9c50630 P cf88db25a13e4087b3bb121f00170d5c: Neither blocks nor log segments found. Creating new log.
I20260710 11:07:54.187139  5478 tablet_bootstrap.cc:492] T 392c67af211343e7b36d8c8bde0d148d P 69ae3a8ca9304566bd7658c457714e88: No bootstrap required, opened a new log
I20260710 11:07:54.187635  5478 ts_tablet_manager.cc:1403] T 392c67af211343e7b36d8c8bde0d148d P 69ae3a8ca9304566bd7658c457714e88: Time spent bootstrapping tablet: real 0.046s	user 0.014s	sys 0.005s
I20260710 11:07:54.189481  5313 heartbeater.cc:499] Master 127.4.127.254:37759 was elected leader, sending a full tablet report...
I20260710 11:07:54.190295  5477 ts_tablet_manager.cc:1434] T a3c3f687f9eb4044b04c6bb8541296b1 P 0942a33921cb48d789e7ecaea0469aa1: Time spent starting tablet: real 0.020s	user 0.013s	sys 0.003s
I20260710 11:07:54.190428  5478 raft_consensus.cc:359] T 392c67af211343e7b36d8c8bde0d148d P 69ae3a8ca9304566bd7658c457714e88 [term 0 FOLLOWER]: Replica starting. Triggering 0 pending ops. Active config: opid_index: -1 OBSOLETE_local: false peers { permanent_uuid: "0942a33921cb48d789e7ecaea0469aa1" member_type: VOTER last_known_addr { host: "127.4.127.193" port: 43921 } } peers { permanent_uuid: "cf88db25a13e4087b3bb121f00170d5c" member_type: VOTER last_known_addr { host: "127.4.127.194" port: 46609 } } peers { permanent_uuid: "69ae3a8ca9304566bd7658c457714e88" member_type: VOTER last_known_addr { host: "127.4.127.195" port: 39761 } }
I20260710 11:07:54.191332  5478 raft_consensus.cc:385] T 392c67af211343e7b36d8c8bde0d148d P 69ae3a8ca9304566bd7658c457714e88 [term 0 FOLLOWER]: Consensus starting up: Expiring failure detector timer to make a prompt election more likely
I20260710 11:07:54.191654  5478 raft_consensus.cc:740] T 392c67af211343e7b36d8c8bde0d148d P 69ae3a8ca9304566bd7658c457714e88 [term 0 FOLLOWER]: Becoming Follower/Learner. State: Replica: 69ae3a8ca9304566bd7658c457714e88, State: Initialized, Role: FOLLOWER
I20260710 11:07:54.191908  5477 tablet_bootstrap.cc:492] T 947f419bfb374cfdb0b317707aca1f9c P 0942a33921cb48d789e7ecaea0469aa1: Bootstrap starting.
I20260710 11:07:54.192665  5478 consensus_queue.cc:260] T 392c67af211343e7b36d8c8bde0d148d P 69ae3a8ca9304566bd7658c457714e88 [NON_LEADER]: Queue going to NON_LEADER mode. State: All replicated index: 0, Majority replicated index: 0, Committed index: 0, Last appended: 0.0, Last appended by leader: 0, Current term: 0, Majority size: -1, State: 0, Mode: NON_LEADER, active raft config: opid_index: -1 OBSOLETE_local: false peers { permanent_uuid: "0942a33921cb48d789e7ecaea0469aa1" member_type: VOTER last_known_addr { host: "127.4.127.193" port: 43921 } } peers { permanent_uuid: "cf88db25a13e4087b3bb121f00170d5c" member_type: VOTER last_known_addr { host: "127.4.127.194" port: 46609 } } peers { permanent_uuid: "69ae3a8ca9304566bd7658c457714e88" member_type: VOTER last_known_addr { host: "127.4.127.195" port: 39761 } }
I20260710 11:07:54.194654  5479 tablet_bootstrap.cc:492] T d92dfc50c2f14824b9ca4557a9c50630 P cf88db25a13e4087b3bb121f00170d5c: No bootstrap required, opened a new log
I20260710 11:07:54.195161  5479 ts_tablet_manager.cc:1403] T d92dfc50c2f14824b9ca4557a9c50630 P cf88db25a13e4087b3bb121f00170d5c: Time spent bootstrapping tablet: real 0.020s	user 0.008s	sys 0.008s
I20260710 11:07:54.198690  5477 tablet_bootstrap.cc:654] T 947f419bfb374cfdb0b317707aca1f9c P 0942a33921cb48d789e7ecaea0469aa1: Neither blocks nor log segments found. Creating new log.
I20260710 11:07:54.198263  5479 raft_consensus.cc:359] T d92dfc50c2f14824b9ca4557a9c50630 P cf88db25a13e4087b3bb121f00170d5c [term 0 FOLLOWER]: Replica starting. Triggering 0 pending ops. Active config: opid_index: -1 OBSOLETE_local: false peers { permanent_uuid: "0942a33921cb48d789e7ecaea0469aa1" member_type: VOTER last_known_addr { host: "127.4.127.193" port: 43921 } } peers { permanent_uuid: "cf88db25a13e4087b3bb121f00170d5c" member_type: VOTER last_known_addr { host: "127.4.127.194" port: 46609 } } peers { permanent_uuid: "69ae3a8ca9304566bd7658c457714e88" member_type: VOTER last_known_addr { host: "127.4.127.195" port: 39761 } }
I20260710 11:07:54.199129  5479 raft_consensus.cc:385] T d92dfc50c2f14824b9ca4557a9c50630 P cf88db25a13e4087b3bb121f00170d5c [term 0 FOLLOWER]: Consensus starting up: Expiring failure detector timer to make a prompt election more likely
I20260710 11:07:54.199440  5479 raft_consensus.cc:740] T d92dfc50c2f14824b9ca4557a9c50630 P cf88db25a13e4087b3bb121f00170d5c [term 0 FOLLOWER]: Becoming Follower/Learner. State: Replica: cf88db25a13e4087b3bb121f00170d5c, State: Initialized, Role: FOLLOWER
I20260710 11:07:54.200315  5479 consensus_queue.cc:260] T d92dfc50c2f14824b9ca4557a9c50630 P cf88db25a13e4087b3bb121f00170d5c [NON_LEADER]: Queue going to NON_LEADER mode. State: All replicated index: 0, Majority replicated index: 0, Committed index: 0, Last appended: 0.0, Last appended by leader: 0, Current term: 0, Majority size: -1, State: 0, Mode: NON_LEADER, active raft config: opid_index: -1 OBSOLETE_local: false peers { permanent_uuid: "0942a33921cb48d789e7ecaea0469aa1" member_type: VOTER last_known_addr { host: "127.4.127.193" port: 43921 } } peers { permanent_uuid: "cf88db25a13e4087b3bb121f00170d5c" member_type: VOTER last_known_addr { host: "127.4.127.194" port: 46609 } } peers { permanent_uuid: "69ae3a8ca9304566bd7658c457714e88" member_type: VOTER last_known_addr { host: "127.4.127.195" port: 39761 } }
I20260710 11:07:54.226749  5388 heartbeater.cc:499] Master 127.4.127.254:37759 was elected leader, sending a full tablet report...
I20260710 11:07:54.226922  5462 heartbeater.cc:499] Master 127.4.127.254:37759 was elected leader, sending a full tablet report...
I20260710 11:07:54.227383  5478 ts_tablet_manager.cc:1434] T 392c67af211343e7b36d8c8bde0d148d P 69ae3a8ca9304566bd7658c457714e88: Time spent starting tablet: real 0.039s	user 0.014s	sys 0.025s
I20260710 11:07:54.228279  5478 tablet_bootstrap.cc:492] T 1cd6b714da2146e8bc402e3e21622865 P 69ae3a8ca9304566bd7658c457714e88: Bootstrap starting.
I20260710 11:07:54.232230  5477 tablet_bootstrap.cc:492] T 947f419bfb374cfdb0b317707aca1f9c P 0942a33921cb48d789e7ecaea0469aa1: No bootstrap required, opened a new log
I20260710 11:07:54.232836  5477 ts_tablet_manager.cc:1403] T 947f419bfb374cfdb0b317707aca1f9c P 0942a33921cb48d789e7ecaea0469aa1: Time spent bootstrapping tablet: real 0.041s	user 0.015s	sys 0.020s
I20260710 11:07:54.234530  5478 tablet_bootstrap.cc:654] T 1cd6b714da2146e8bc402e3e21622865 P 69ae3a8ca9304566bd7658c457714e88: Neither blocks nor log segments found. Creating new log.
I20260710 11:07:54.236313  5479 ts_tablet_manager.cc:1434] T d92dfc50c2f14824b9ca4557a9c50630 P cf88db25a13e4087b3bb121f00170d5c: Time spent starting tablet: real 0.041s	user 0.006s	sys 0.015s
I20260710 11:07:54.236023  5477 raft_consensus.cc:359] T 947f419bfb374cfdb0b317707aca1f9c P 0942a33921cb48d789e7ecaea0469aa1 [term 0 FOLLOWER]: Replica starting. Triggering 0 pending ops. Active config: opid_index: -1 OBSOLETE_local: false peers { permanent_uuid: "0942a33921cb48d789e7ecaea0469aa1" member_type: VOTER last_known_addr { host: "127.4.127.193" port: 43921 } } peers { permanent_uuid: "cf88db25a13e4087b3bb121f00170d5c" member_type: VOTER last_known_addr { host: "127.4.127.194" port: 46609 } } peers { permanent_uuid: "69ae3a8ca9304566bd7658c457714e88" member_type: VOTER last_known_addr { host: "127.4.127.195" port: 39761 } }
I20260710 11:07:54.236797  5477 raft_consensus.cc:385] T 947f419bfb374cfdb0b317707aca1f9c P 0942a33921cb48d789e7ecaea0469aa1 [term 0 FOLLOWER]: Consensus starting up: Expiring failure detector timer to make a prompt election more likely
I20260710 11:07:54.238456  5479 tablet_bootstrap.cc:492] T 947f419bfb374cfdb0b317707aca1f9c P cf88db25a13e4087b3bb121f00170d5c: Bootstrap starting.
I20260710 11:07:54.237109  5477 raft_consensus.cc:740] T 947f419bfb374cfdb0b317707aca1f9c P 0942a33921cb48d789e7ecaea0469aa1 [term 0 FOLLOWER]: Becoming Follower/Learner. State: Replica: 0942a33921cb48d789e7ecaea0469aa1, State: Initialized, Role: FOLLOWER
I20260710 11:07:54.240854  5477 consensus_queue.cc:260] T 947f419bfb374cfdb0b317707aca1f9c P 0942a33921cb48d789e7ecaea0469aa1 [NON_LEADER]: Queue going to NON_LEADER mode. State: All replicated index: 0, Majority replicated index: 0, Committed index: 0, Last appended: 0.0, Last appended by leader: 0, Current term: 0, Majority size: -1, State: 0, Mode: NON_LEADER, active raft config: opid_index: -1 OBSOLETE_local: false peers { permanent_uuid: "0942a33921cb48d789e7ecaea0469aa1" member_type: VOTER last_known_addr { host: "127.4.127.193" port: 43921 } } peers { permanent_uuid: "cf88db25a13e4087b3bb121f00170d5c" member_type: VOTER last_known_addr { host: "127.4.127.194" port: 46609 } } peers { permanent_uuid: "69ae3a8ca9304566bd7658c457714e88" member_type: VOTER last_known_addr { host: "127.4.127.195" port: 39761 } }
I20260710 11:07:54.244089  5477 ts_tablet_manager.cc:1434] T 947f419bfb374cfdb0b317707aca1f9c P 0942a33921cb48d789e7ecaea0469aa1: Time spent starting tablet: real 0.011s	user 0.003s	sys 0.003s
I20260710 11:07:54.245268  5477 tablet_bootstrap.cc:492] T d92dfc50c2f14824b9ca4557a9c50630 P 0942a33921cb48d789e7ecaea0469aa1: Bootstrap starting.
I20260710 11:07:54.245396  5479 tablet_bootstrap.cc:654] T 947f419bfb374cfdb0b317707aca1f9c P cf88db25a13e4087b3bb121f00170d5c: Neither blocks nor log segments found. Creating new log.
I20260710 11:07:54.254899  5477 tablet_bootstrap.cc:654] T d92dfc50c2f14824b9ca4557a9c50630 P 0942a33921cb48d789e7ecaea0469aa1: Neither blocks nor log segments found. Creating new log.
I20260710 11:07:54.256297  5478 tablet_bootstrap.cc:492] T 1cd6b714da2146e8bc402e3e21622865 P 69ae3a8ca9304566bd7658c457714e88: No bootstrap required, opened a new log
I20260710 11:07:54.256804  5478 ts_tablet_manager.cc:1403] T 1cd6b714da2146e8bc402e3e21622865 P 69ae3a8ca9304566bd7658c457714e88: Time spent bootstrapping tablet: real 0.029s	user 0.007s	sys 0.019s
I20260710 11:07:54.256894  5479 tablet_bootstrap.cc:492] T 947f419bfb374cfdb0b317707aca1f9c P cf88db25a13e4087b3bb121f00170d5c: No bootstrap required, opened a new log
I20260710 11:07:54.257395  5479 ts_tablet_manager.cc:1403] T 947f419bfb374cfdb0b317707aca1f9c P cf88db25a13e4087b3bb121f00170d5c: Time spent bootstrapping tablet: real 0.019s	user 0.012s	sys 0.004s
I20260710 11:07:54.260300  5479 raft_consensus.cc:359] T 947f419bfb374cfdb0b317707aca1f9c P cf88db25a13e4087b3bb121f00170d5c [term 0 FOLLOWER]: Replica starting. Triggering 0 pending ops. Active config: opid_index: -1 OBSOLETE_local: false peers { permanent_uuid: "0942a33921cb48d789e7ecaea0469aa1" member_type: VOTER last_known_addr { host: "127.4.127.193" port: 43921 } } peers { permanent_uuid: "cf88db25a13e4087b3bb121f00170d5c" member_type: VOTER last_known_addr { host: "127.4.127.194" port: 46609 } } peers { permanent_uuid: "69ae3a8ca9304566bd7658c457714e88" member_type: VOTER last_known_addr { host: "127.4.127.195" port: 39761 } }
I20260710 11:07:54.261096  5479 raft_consensus.cc:385] T 947f419bfb374cfdb0b317707aca1f9c P cf88db25a13e4087b3bb121f00170d5c [term 0 FOLLOWER]: Consensus starting up: Expiring failure detector timer to make a prompt election more likely
I20260710 11:07:54.260919  5478 raft_consensus.cc:359] T 1cd6b714da2146e8bc402e3e21622865 P 69ae3a8ca9304566bd7658c457714e88 [term 0 FOLLOWER]: Replica starting. Triggering 0 pending ops. Active config: opid_index: -1 OBSOLETE_local: false peers { permanent_uuid: "0942a33921cb48d789e7ecaea0469aa1" member_type: VOTER last_known_addr { host: "127.4.127.193" port: 43921 } } peers { permanent_uuid: "cf88db25a13e4087b3bb121f00170d5c" member_type: VOTER last_known_addr { host: "127.4.127.194" port: 46609 } } peers { permanent_uuid: "69ae3a8ca9304566bd7658c457714e88" member_type: VOTER last_known_addr { host: "127.4.127.195" port: 39761 } }
I20260710 11:07:54.261624  5479 raft_consensus.cc:740] T 947f419bfb374cfdb0b317707aca1f9c P cf88db25a13e4087b3bb121f00170d5c [term 0 FOLLOWER]: Becoming Follower/Learner. State: Replica: cf88db25a13e4087b3bb121f00170d5c, State: Initialized, Role: FOLLOWER
I20260710 11:07:54.262090  5478 raft_consensus.cc:385] T 1cd6b714da2146e8bc402e3e21622865 P 69ae3a8ca9304566bd7658c457714e88 [term 0 FOLLOWER]: Consensus starting up: Expiring failure detector timer to make a prompt election more likely
I20260710 11:07:54.262516  5478 raft_consensus.cc:740] T 1cd6b714da2146e8bc402e3e21622865 P 69ae3a8ca9304566bd7658c457714e88 [term 0 FOLLOWER]: Becoming Follower/Learner. State: Replica: 69ae3a8ca9304566bd7658c457714e88, State: Initialized, Role: FOLLOWER
I20260710 11:07:54.262506  5479 consensus_queue.cc:260] T 947f419bfb374cfdb0b317707aca1f9c P cf88db25a13e4087b3bb121f00170d5c [NON_LEADER]: Queue going to NON_LEADER mode. State: All replicated index: 0, Majority replicated index: 0, Committed index: 0, Last appended: 0.0, Last appended by leader: 0, Current term: 0, Majority size: -1, State: 0, Mode: NON_LEADER, active raft config: opid_index: -1 OBSOLETE_local: false peers { permanent_uuid: "0942a33921cb48d789e7ecaea0469aa1" member_type: VOTER last_known_addr { host: "127.4.127.193" port: 43921 } } peers { permanent_uuid: "cf88db25a13e4087b3bb121f00170d5c" member_type: VOTER last_known_addr { host: "127.4.127.194" port: 46609 } } peers { permanent_uuid: "69ae3a8ca9304566bd7658c457714e88" member_type: VOTER last_known_addr { host: "127.4.127.195" port: 39761 } }
I20260710 11:07:54.263865  5478 consensus_queue.cc:260] T 1cd6b714da2146e8bc402e3e21622865 P 69ae3a8ca9304566bd7658c457714e88 [NON_LEADER]: Queue going to NON_LEADER mode. State: All replicated index: 0, Majority replicated index: 0, Committed index: 0, Last appended: 0.0, Last appended by leader: 0, Current term: 0, Majority size: -1, State: 0, Mode: NON_LEADER, active raft config: opid_index: -1 OBSOLETE_local: false peers { permanent_uuid: "0942a33921cb48d789e7ecaea0469aa1" member_type: VOTER last_known_addr { host: "127.4.127.193" port: 43921 } } peers { permanent_uuid: "cf88db25a13e4087b3bb121f00170d5c" member_type: VOTER last_known_addr { host: "127.4.127.194" port: 46609 } } peers { permanent_uuid: "69ae3a8ca9304566bd7658c457714e88" member_type: VOTER last_known_addr { host: "127.4.127.195" port: 39761 } }
I20260710 11:07:54.265273  5479 ts_tablet_manager.cc:1434] T 947f419bfb374cfdb0b317707aca1f9c P cf88db25a13e4087b3bb121f00170d5c: Time spent starting tablet: real 0.008s	user 0.002s	sys 0.004s
I20260710 11:07:54.266287  5479 tablet_bootstrap.cc:492] T cf0b8c2751ba4f04a86d561a0cc5cfb5 P cf88db25a13e4087b3bb121f00170d5c: Bootstrap starting.
I20260710 11:07:54.267135  5478 ts_tablet_manager.cc:1434] T 1cd6b714da2146e8bc402e3e21622865 P 69ae3a8ca9304566bd7658c457714e88: Time spent starting tablet: real 0.010s	user 0.005s	sys 0.005s
I20260710 11:07:54.268395  5478 tablet_bootstrap.cc:492] T 5a3a7d483ddd4ef0ad6af1a1954ae4e9 P 69ae3a8ca9304566bd7658c457714e88: Bootstrap starting.
I20260710 11:07:54.272863  5479 tablet_bootstrap.cc:654] T cf0b8c2751ba4f04a86d561a0cc5cfb5 P cf88db25a13e4087b3bb121f00170d5c: Neither blocks nor log segments found. Creating new log.
I20260710 11:07:54.274454  5485 raft_consensus.cc:493] T d92dfc50c2f14824b9ca4557a9c50630 P cf88db25a13e4087b3bb121f00170d5c [term 0 FOLLOWER]: Starting pre-election (no leader contacted us within the election timeout)
I20260710 11:07:54.274993  5485 raft_consensus.cc:515] T d92dfc50c2f14824b9ca4557a9c50630 P cf88db25a13e4087b3bb121f00170d5c [term 0 FOLLOWER]: Starting pre-election with config: opid_index: -1 OBSOLETE_local: false peers { permanent_uuid: "0942a33921cb48d789e7ecaea0469aa1" member_type: VOTER last_known_addr { host: "127.4.127.193" port: 43921 } } peers { permanent_uuid: "cf88db25a13e4087b3bb121f00170d5c" member_type: VOTER last_known_addr { host: "127.4.127.194" port: 46609 } } peers { permanent_uuid: "69ae3a8ca9304566bd7658c457714e88" member_type: VOTER last_known_addr { host: "127.4.127.195" port: 39761 } }
I20260710 11:07:54.276400  5478 tablet_bootstrap.cc:654] T 5a3a7d483ddd4ef0ad6af1a1954ae4e9 P 69ae3a8ca9304566bd7658c457714e88: Neither blocks nor log segments found. Creating new log.
I20260710 11:07:54.286851  5479 tablet_bootstrap.cc:492] T cf0b8c2751ba4f04a86d561a0cc5cfb5 P cf88db25a13e4087b3bb121f00170d5c: No bootstrap required, opened a new log
I20260710 11:07:54.287356  5479 ts_tablet_manager.cc:1403] T cf0b8c2751ba4f04a86d561a0cc5cfb5 P cf88db25a13e4087b3bb121f00170d5c: Time spent bootstrapping tablet: real 0.021s	user 0.009s	sys 0.007s
I20260710 11:07:54.290398  5479 raft_consensus.cc:359] T cf0b8c2751ba4f04a86d561a0cc5cfb5 P cf88db25a13e4087b3bb121f00170d5c [term 0 FOLLOWER]: Replica starting. Triggering 0 pending ops. Active config: opid_index: -1 OBSOLETE_local: false peers { permanent_uuid: "0942a33921cb48d789e7ecaea0469aa1" member_type: VOTER last_known_addr { host: "127.4.127.193" port: 43921 } } peers { permanent_uuid: "cf88db25a13e4087b3bb121f00170d5c" member_type: VOTER last_known_addr { host: "127.4.127.194" port: 46609 } } peers { permanent_uuid: "69ae3a8ca9304566bd7658c457714e88" member_type: VOTER last_known_addr { host: "127.4.127.195" port: 39761 } }
I20260710 11:07:54.287145  5485 leader_election.cc:290] T d92dfc50c2f14824b9ca4557a9c50630 P cf88db25a13e4087b3bb121f00170d5c [CANDIDATE]: Term 1 pre-election: Requested pre-vote from peers 0942a33921cb48d789e7ecaea0469aa1 (127.4.127.193:43921), 69ae3a8ca9304566bd7658c457714e88 (127.4.127.195:39761)
I20260710 11:07:54.291122  5479 raft_consensus.cc:385] T cf0b8c2751ba4f04a86d561a0cc5cfb5 P cf88db25a13e4087b3bb121f00170d5c [term 0 FOLLOWER]: Consensus starting up: Expiring failure detector timer to make a prompt election more likely
I20260710 11:07:54.292374  5479 raft_consensus.cc:740] T cf0b8c2751ba4f04a86d561a0cc5cfb5 P cf88db25a13e4087b3bb121f00170d5c [term 0 FOLLOWER]: Becoming Follower/Learner. State: Replica: cf88db25a13e4087b3bb121f00170d5c, State: Initialized, Role: FOLLOWER
I20260710 11:07:54.293233  5479 consensus_queue.cc:260] T cf0b8c2751ba4f04a86d561a0cc5cfb5 P cf88db25a13e4087b3bb121f00170d5c [NON_LEADER]: Queue going to NON_LEADER mode. State: All replicated index: 0, Majority replicated index: 0, Committed index: 0, Last appended: 0.0, Last appended by leader: 0, Current term: 0, Majority size: -1, State: 0, Mode: NON_LEADER, active raft config: opid_index: -1 OBSOLETE_local: false peers { permanent_uuid: "0942a33921cb48d789e7ecaea0469aa1" member_type: VOTER last_known_addr { host: "127.4.127.193" port: 43921 } } peers { permanent_uuid: "cf88db25a13e4087b3bb121f00170d5c" member_type: VOTER last_known_addr { host: "127.4.127.194" port: 46609 } } peers { permanent_uuid: "69ae3a8ca9304566bd7658c457714e88" member_type: VOTER last_known_addr { host: "127.4.127.195" port: 39761 } }
I20260710 11:07:54.295667  5479 ts_tablet_manager.cc:1434] T cf0b8c2751ba4f04a86d561a0cc5cfb5 P cf88db25a13e4087b3bb121f00170d5c: Time spent starting tablet: real 0.008s	user 0.002s	sys 0.003s
I20260710 11:07:54.296654  5479 tablet_bootstrap.cc:492] T 392c67af211343e7b36d8c8bde0d148d P cf88db25a13e4087b3bb121f00170d5c: Bootstrap starting.
I20260710 11:07:54.299996  5477 tablet_bootstrap.cc:492] T d92dfc50c2f14824b9ca4557a9c50630 P 0942a33921cb48d789e7ecaea0469aa1: No bootstrap required, opened a new log
I20260710 11:07:54.300688  5477 ts_tablet_manager.cc:1403] T d92dfc50c2f14824b9ca4557a9c50630 P 0942a33921cb48d789e7ecaea0469aa1: Time spent bootstrapping tablet: real 0.056s	user 0.010s	sys 0.019s
I20260710 11:07:54.303361  5479 tablet_bootstrap.cc:654] T 392c67af211343e7b36d8c8bde0d148d P cf88db25a13e4087b3bb121f00170d5c: Neither blocks nor log segments found. Creating new log.
I20260710 11:07:54.304625  5477 raft_consensus.cc:359] T d92dfc50c2f14824b9ca4557a9c50630 P 0942a33921cb48d789e7ecaea0469aa1 [term 0 FOLLOWER]: Replica starting. Triggering 0 pending ops. Active config: opid_index: -1 OBSOLETE_local: false peers { permanent_uuid: "0942a33921cb48d789e7ecaea0469aa1" member_type: VOTER last_known_addr { host: "127.4.127.193" port: 43921 } } peers { permanent_uuid: "cf88db25a13e4087b3bb121f00170d5c" member_type: VOTER last_known_addr { host: "127.4.127.194" port: 46609 } } peers { permanent_uuid: "69ae3a8ca9304566bd7658c457714e88" member_type: VOTER last_known_addr { host: "127.4.127.195" port: 39761 } }
I20260710 11:07:54.308806  5477 raft_consensus.cc:385] T d92dfc50c2f14824b9ca4557a9c50630 P 0942a33921cb48d789e7ecaea0469aa1 [term 0 FOLLOWER]: Consensus starting up: Expiring failure detector timer to make a prompt election more likely
I20260710 11:07:54.309274  5477 raft_consensus.cc:740] T d92dfc50c2f14824b9ca4557a9c50630 P 0942a33921cb48d789e7ecaea0469aa1 [term 0 FOLLOWER]: Becoming Follower/Learner. State: Replica: 0942a33921cb48d789e7ecaea0469aa1, State: Initialized, Role: FOLLOWER
I20260710 11:07:54.312101  5477 consensus_queue.cc:260] T d92dfc50c2f14824b9ca4557a9c50630 P 0942a33921cb48d789e7ecaea0469aa1 [NON_LEADER]: Queue going to NON_LEADER mode. State: All replicated index: 0, Majority replicated index: 0, Committed index: 0, Last appended: 0.0, Last appended by leader: 0, Current term: 0, Majority size: -1, State: 0, Mode: NON_LEADER, active raft config: opid_index: -1 OBSOLETE_local: false peers { permanent_uuid: "0942a33921cb48d789e7ecaea0469aa1" member_type: VOTER last_known_addr { host: "127.4.127.193" port: 43921 } } peers { permanent_uuid: "cf88db25a13e4087b3bb121f00170d5c" member_type: VOTER last_known_addr { host: "127.4.127.194" port: 46609 } } peers { permanent_uuid: "69ae3a8ca9304566bd7658c457714e88" member_type: VOTER last_known_addr { host: "127.4.127.195" port: 39761 } }
I20260710 11:07:54.312824  5478 tablet_bootstrap.cc:492] T 5a3a7d483ddd4ef0ad6af1a1954ae4e9 P 69ae3a8ca9304566bd7658c457714e88: No bootstrap required, opened a new log
I20260710 11:07:54.313297  5478 ts_tablet_manager.cc:1403] T 5a3a7d483ddd4ef0ad6af1a1954ae4e9 P 69ae3a8ca9304566bd7658c457714e88: Time spent bootstrapping tablet: real 0.045s	user 0.027s	sys 0.015s
I20260710 11:07:54.315049  5477 ts_tablet_manager.cc:1434] T d92dfc50c2f14824b9ca4557a9c50630 P 0942a33921cb48d789e7ecaea0469aa1: Time spent starting tablet: real 0.014s	user 0.012s	sys 0.000s
I20260710 11:07:54.316082  5477 tablet_bootstrap.cc:492] T 8fb31c5349794cf2abd61a8ebe123550 P 0942a33921cb48d789e7ecaea0469aa1: Bootstrap starting.
I20260710 11:07:54.316509  5479 tablet_bootstrap.cc:492] T 392c67af211343e7b36d8c8bde0d148d P cf88db25a13e4087b3bb121f00170d5c: No bootstrap required, opened a new log
I20260710 11:07:54.317087  5479 ts_tablet_manager.cc:1403] T 392c67af211343e7b36d8c8bde0d148d P cf88db25a13e4087b3bb121f00170d5c: Time spent bootstrapping tablet: real 0.021s	user 0.012s	sys 0.005s
I20260710 11:07:54.316520  5478 raft_consensus.cc:359] T 5a3a7d483ddd4ef0ad6af1a1954ae4e9 P 69ae3a8ca9304566bd7658c457714e88 [term 0 FOLLOWER]: Replica starting. Triggering 0 pending ops. Active config: opid_index: -1 OBSOLETE_local: false peers { permanent_uuid: "0942a33921cb48d789e7ecaea0469aa1" member_type: VOTER last_known_addr { host: "127.4.127.193" port: 43921 } } peers { permanent_uuid: "cf88db25a13e4087b3bb121f00170d5c" member_type: VOTER last_known_addr { host: "127.4.127.194" port: 46609 } } peers { permanent_uuid: "69ae3a8ca9304566bd7658c457714e88" member_type: VOTER last_known_addr { host: "127.4.127.195" port: 39761 } }
I20260710 11:07:54.317559  5478 raft_consensus.cc:385] T 5a3a7d483ddd4ef0ad6af1a1954ae4e9 P 69ae3a8ca9304566bd7658c457714e88 [term 0 FOLLOWER]: Consensus starting up: Expiring failure detector timer to make a prompt election more likely
I20260710 11:07:54.317896  5478 raft_consensus.cc:740] T 5a3a7d483ddd4ef0ad6af1a1954ae4e9 P 69ae3a8ca9304566bd7658c457714e88 [term 0 FOLLOWER]: Becoming Follower/Learner. State: Replica: 69ae3a8ca9304566bd7658c457714e88, State: Initialized, Role: FOLLOWER
I20260710 11:07:54.318811  5478 consensus_queue.cc:260] T 5a3a7d483ddd4ef0ad6af1a1954ae4e9 P 69ae3a8ca9304566bd7658c457714e88 [NON_LEADER]: Queue going to NON_LEADER mode. State: All replicated index: 0, Majority replicated index: 0, Committed index: 0, Last appended: 0.0, Last appended by leader: 0, Current term: 0, Majority size: -1, State: 0, Mode: NON_LEADER, active raft config: opid_index: -1 OBSOLETE_local: false peers { permanent_uuid: "0942a33921cb48d789e7ecaea0469aa1" member_type: VOTER last_known_addr { host: "127.4.127.193" port: 43921 } } peers { permanent_uuid: "cf88db25a13e4087b3bb121f00170d5c" member_type: VOTER last_known_addr { host: "127.4.127.194" port: 46609 } } peers { permanent_uuid: "69ae3a8ca9304566bd7658c457714e88" member_type: VOTER last_known_addr { host: "127.4.127.195" port: 39761 } }
I20260710 11:07:54.320135  5479 raft_consensus.cc:359] T 392c67af211343e7b36d8c8bde0d148d P cf88db25a13e4087b3bb121f00170d5c [term 0 FOLLOWER]: Replica starting. Triggering 0 pending ops. Active config: opid_index: -1 OBSOLETE_local: false peers { permanent_uuid: "0942a33921cb48d789e7ecaea0469aa1" member_type: VOTER last_known_addr { host: "127.4.127.193" port: 43921 } } peers { permanent_uuid: "cf88db25a13e4087b3bb121f00170d5c" member_type: VOTER last_known_addr { host: "127.4.127.194" port: 46609 } } peers { permanent_uuid: "69ae3a8ca9304566bd7658c457714e88" member_type: VOTER last_known_addr { host: "127.4.127.195" port: 39761 } }
I20260710 11:07:54.320854  5479 raft_consensus.cc:385] T 392c67af211343e7b36d8c8bde0d148d P cf88db25a13e4087b3bb121f00170d5c [term 0 FOLLOWER]: Consensus starting up: Expiring failure detector timer to make a prompt election more likely
I20260710 11:07:54.321209  5479 raft_consensus.cc:740] T 392c67af211343e7b36d8c8bde0d148d P cf88db25a13e4087b3bb121f00170d5c [term 0 FOLLOWER]: Becoming Follower/Learner. State: Replica: cf88db25a13e4087b3bb121f00170d5c, State: Initialized, Role: FOLLOWER
I20260710 11:07:54.321440  5478 ts_tablet_manager.cc:1434] T 5a3a7d483ddd4ef0ad6af1a1954ae4e9 P 69ae3a8ca9304566bd7658c457714e88: Time spent starting tablet: real 0.008s	user 0.006s	sys 0.001s
I20260710 11:07:54.322489  5478 tablet_bootstrap.cc:492] T 947f419bfb374cfdb0b317707aca1f9c P 69ae3a8ca9304566bd7658c457714e88: Bootstrap starting.
I20260710 11:07:54.322144  5479 consensus_queue.cc:260] T 392c67af211343e7b36d8c8bde0d148d P cf88db25a13e4087b3bb121f00170d5c [NON_LEADER]: Queue going to NON_LEADER mode. State: All replicated index: 0, Majority replicated index: 0, Committed index: 0, Last appended: 0.0, Last appended by leader: 0, Current term: 0, Majority size: -1, State: 0, Mode: NON_LEADER, active raft config: opid_index: -1 OBSOLETE_local: false peers { permanent_uuid: "0942a33921cb48d789e7ecaea0469aa1" member_type: VOTER last_known_addr { host: "127.4.127.193" port: 43921 } } peers { permanent_uuid: "cf88db25a13e4087b3bb121f00170d5c" member_type: VOTER last_known_addr { host: "127.4.127.194" port: 46609 } } peers { permanent_uuid: "69ae3a8ca9304566bd7658c457714e88" member_type: VOTER last_known_addr { host: "127.4.127.195" port: 39761 } }
I20260710 11:07:54.322784  5477 tablet_bootstrap.cc:654] T 8fb31c5349794cf2abd61a8ebe123550 P 0942a33921cb48d789e7ecaea0469aa1: Neither blocks nor log segments found. Creating new log.
I20260710 11:07:54.324744  5479 ts_tablet_manager.cc:1434] T 392c67af211343e7b36d8c8bde0d148d P cf88db25a13e4087b3bb121f00170d5c: Time spent starting tablet: real 0.007s	user 0.005s	sys 0.001s
I20260710 11:07:54.325739  5479 tablet_bootstrap.cc:492] T 1cd6b714da2146e8bc402e3e21622865 P cf88db25a13e4087b3bb121f00170d5c: Bootstrap starting.
I20260710 11:07:54.332157  5479 tablet_bootstrap.cc:654] T 1cd6b714da2146e8bc402e3e21622865 P cf88db25a13e4087b3bb121f00170d5c: Neither blocks nor log segments found. Creating new log.
