I20260710 11:08:15.248927 29641 consensus_queue.cc:237] T 6d1e37af162b492b857c384678b3b949 P 598140b3c2c04d89a4427593b057dd17 [LEADER]: Queue going to LEADER mode. State: All replicated index: 0, Majority replicated index: 3, Committed index: 3, Last appended: 1.3, Last appended by leader: 0, Current term: 1, Majority size: 2, State: 0, Mode: LEADER, active raft config: opid_index: 4 OBSOLETE_local: false peers { permanent_uuid: "98eb0c6d2bdf49dea8c48d3aeb5a8477" member_type: VOTER last_known_addr { host: "127.27.184.194" port: 33519 } } peers { permanent_uuid: "598140b3c2c04d89a4427593b057dd17" member_type: VOTER last_known_addr { host: "127.27.184.195" port: 36711 } } peers { permanent_uuid: "054317971ac64fc48406649f125dd605" member_type: VOTER last_known_addr { host: "127.27.184.196" port: 35479 } attrs { promote: false } }
I20260710 11:08:15.260840 29377 catalog_manager.cc:5210] ChangeConfig:REMOVE_PEER RPC for tablet f9ca2b173e054d94bf9b6c0b180d5348 with cas_config_opid_index 3: ChangeConfig:REMOVE_PEER succeeded (attempt 1)
I20260710 11:08:15.265385 29565 raft_consensus.cc:1275] T 6d1e37af162b492b857c384678b3b949 P 98eb0c6d2bdf49dea8c48d3aeb5a8477 [term 1 FOLLOWER]: Refusing update from remote peer 598140b3c2c04d89a4427593b057dd17: Log matching property violated. Preceding OpId in replica: term: 1 index: 3. Preceding OpId from leader: term: 1 index: 4. (index mismatch)
I20260710 11:08:15.265179 29389 catalog_manager.cc:5697] T f9ca2b173e054d94bf9b6c0b180d5348 P 98eb0c6d2bdf49dea8c48d3aeb5a8477 reported cstate change: config changed from index 3 to 4, VOTER 9ed47629a6694c9488c2bf6221148356 (127.27.184.193) evicted. New cstate: current_term: 1 leader_uuid: "98eb0c6d2bdf49dea8c48d3aeb5a8477" committed_config { opid_index: 4 OBSOLETE_local: false peers { permanent_uuid: "98eb0c6d2bdf49dea8c48d3aeb5a8477" member_type: VOTER last_known_addr { host: "127.27.184.194" port: 33519 } health_report { overall_health: HEALTHY } } peers { permanent_uuid: "598140b3c2c04d89a4427593b057dd17" member_type: VOTER last_known_addr { host: "127.27.184.195" port: 36711 } health_report { overall_health: HEALTHY } } peers { permanent_uuid: "054317971ac64fc48406649f125dd605" member_type: VOTER last_known_addr { host: "127.27.184.196" port: 35479 } attrs { promote: false } health_report { overall_health: HEALTHY } } }
I20260710 11:08:15.267993 30178 consensus_queue.cc:1048] T 6d1e37af162b492b857c384678b3b949 P 598140b3c2c04d89a4427593b057dd17 [LEADER]: Connected to new peer: Peer: permanent_uuid: "98eb0c6d2bdf49dea8c48d3aeb5a8477" member_type: VOTER last_known_addr { host: "127.27.184.194" port: 33519 }, Status: LMP_MISMATCH, Last received: 0.0, Next index: 4, Last known committed idx: 3, Time since last communication: 0.000s
I20260710 11:08:15.270728 29912 raft_consensus.cc:1275] T 6d1e37af162b492b857c384678b3b949 P 054317971ac64fc48406649f125dd605 [term 1 FOLLOWER]: Refusing update from remote peer 598140b3c2c04d89a4427593b057dd17: Log matching property violated. Preceding OpId in replica: term: 1 index: 3. Preceding OpId from leader: term: 1 index: 4. (index mismatch)
I20260710 11:08:15.274356 30141 consensus_queue.cc:1048] T 6d1e37af162b492b857c384678b3b949 P 598140b3c2c04d89a4427593b057dd17 [LEADER]: Connected to new peer: Peer: permanent_uuid: "054317971ac64fc48406649f125dd605" member_type: VOTER last_known_addr { host: "127.27.184.196" port: 35479 } attrs { promote: false }, Status: LMP_MISMATCH, Last received: 0.0, Next index: 4, Last known committed idx: 3, Time since last communication: 0.000s
I20260710 11:08:15.278251 29481 tablet_service.cc:1558] Processing DeleteTablet for tablet f9ca2b173e054d94bf9b6c0b180d5348 with delete_type TABLET_DATA_TOMBSTONED (TS 9ed47629a6694c9488c2bf6221148356 not found in new config with opid_index 4) from {username='slave'} at 127.0.0.1:46886
I20260710 11:08:15.292340 30177 raft_consensus.cc:1064] T 7b444c11c1424d1198fb5ac5dbe31c99 P 98eb0c6d2bdf49dea8c48d3aeb5a8477: attempting to promote NON_VOTER 054317971ac64fc48406649f125dd605 to VOTER
I20260710 11:08:15.295428 30177 consensus_queue.cc:237] T 7b444c11c1424d1198fb5ac5dbe31c99 P 98eb0c6d2bdf49dea8c48d3aeb5a8477 [LEADER]: Queue going to LEADER mode. State: All replicated index: 0, Majority replicated index: 2, Committed index: 2, Last appended: 1.2, Last appended by leader: 0, Current term: 1, Majority size: 3, State: 0, Mode: LEADER, active raft config: opid_index: 3 OBSOLETE_local: false peers { permanent_uuid: "9ed47629a6694c9488c2bf6221148356" member_type: VOTER last_known_addr { host: "127.27.184.193" port: 33469 } } peers { permanent_uuid: "98eb0c6d2bdf49dea8c48d3aeb5a8477" member_type: VOTER last_known_addr { host: "127.27.184.194" port: 33519 } } peers { permanent_uuid: "598140b3c2c04d89a4427593b057dd17" member_type: VOTER last_known_addr { host: "127.27.184.195" port: 36711 } attrs { replace: true } } peers { permanent_uuid: "054317971ac64fc48406649f125dd605" member_type: VOTER last_known_addr { host: "127.27.184.196" port: 35479 } attrs { promote: false } }
I20260710 11:08:15.302629 30179 raft_consensus.cc:2955] T 6d1e37af162b492b857c384678b3b949 P 598140b3c2c04d89a4427593b057dd17 [term 1 LEADER]: Committing config change with OpId 1.4: config changed from index 3 to 4, VOTER 9ed47629a6694c9488c2bf6221148356 (127.27.184.193) evicted. New config: { opid_index: 4 OBSOLETE_local: false peers { permanent_uuid: "98eb0c6d2bdf49dea8c48d3aeb5a8477" member_type: VOTER last_known_addr { host: "127.27.184.194" port: 33519 } } peers { permanent_uuid: "598140b3c2c04d89a4427593b057dd17" member_type: VOTER last_known_addr { host: "127.27.184.195" port: 36711 } } peers { permanent_uuid: "054317971ac64fc48406649f125dd605" member_type: VOTER last_known_addr { host: "127.27.184.196" port: 35479 } attrs { promote: false } } }
I20260710 11:08:15.313418 29912 raft_consensus.cc:2955] T 6d1e37af162b492b857c384678b3b949 P 054317971ac64fc48406649f125dd605 [term 1 FOLLOWER]: Committing config change with OpId 1.4: config changed from index 3 to 4, VOTER 9ed47629a6694c9488c2bf6221148356 (127.27.184.193) evicted. New config: { opid_index: 4 OBSOLETE_local: false peers { permanent_uuid: "98eb0c6d2bdf49dea8c48d3aeb5a8477" member_type: VOTER last_known_addr { host: "127.27.184.194" port: 33519 } } peers { permanent_uuid: "598140b3c2c04d89a4427593b057dd17" member_type: VOTER last_known_addr { host: "127.27.184.195" port: 36711 } } peers { permanent_uuid: "054317971ac64fc48406649f125dd605" member_type: VOTER last_known_addr { host: "127.27.184.196" port: 35479 } attrs { promote: false } } }
I20260710 11:08:15.322775 29567 raft_consensus.cc:2955] T 6d1e37af162b492b857c384678b3b949 P 98eb0c6d2bdf49dea8c48d3aeb5a8477 [term 1 FOLLOWER]: Committing config change with OpId 1.4: config changed from index 3 to 4, VOTER 9ed47629a6694c9488c2bf6221148356 (127.27.184.193) evicted. New config: { opid_index: 4 OBSOLETE_local: false peers { permanent_uuid: "98eb0c6d2bdf49dea8c48d3aeb5a8477" member_type: VOTER last_known_addr { host: "127.27.184.194" port: 33519 } } peers { permanent_uuid: "598140b3c2c04d89a4427593b057dd17" member_type: VOTER last_known_addr { host: "127.27.184.195" port: 36711 } } peers { permanent_uuid: "054317971ac64fc48406649f125dd605" member_type: VOTER last_known_addr { host: "127.27.184.196" port: 35479 } attrs { promote: false } } }
I20260710 11:08:15.325366 29376 catalog_manager.cc:5210] ChangeConfig:REMOVE_PEER RPC for tablet 6d1e37af162b492b857c384678b3b949 with cas_config_opid_index 3: ChangeConfig:REMOVE_PEER succeeded (attempt 1)
I20260710 11:08:15.339708 30133 raft_consensus.cc:1064] T 06e0c017b703431a93c946f2e45a5a8a P 9ed47629a6694c9488c2bf6221148356: attempting to promote NON_VOTER 054317971ac64fc48406649f125dd605 to VOTER
I20260710 11:08:15.342597 30133 consensus_queue.cc:237] T 06e0c017b703431a93c946f2e45a5a8a P 9ed47629a6694c9488c2bf6221148356 [LEADER]: Queue going to LEADER mode. State: All replicated index: 0, Majority replicated index: 2, Committed index: 2, Last appended: 1.2, Last appended by leader: 0, Current term: 1, Majority size: 3, State: 0, Mode: LEADER, active raft config: opid_index: 3 OBSOLETE_local: false peers { permanent_uuid: "9ed47629a6694c9488c2bf6221148356" member_type: VOTER last_known_addr { host: "127.27.184.193" port: 33469 } } peers { permanent_uuid: "98eb0c6d2bdf49dea8c48d3aeb5a8477" member_type: VOTER last_known_addr { host: "127.27.184.194" port: 33519 } attrs { replace: true } } peers { permanent_uuid: "598140b3c2c04d89a4427593b057dd17" member_type: VOTER last_known_addr { host: "127.27.184.195" port: 36711 } } peers { permanent_uuid: "054317971ac64fc48406649f125dd605" member_type: VOTER last_known_addr { host: "127.27.184.196" port: 35479 } attrs { promote: false } }
I20260710 11:08:15.351505 29389 catalog_manager.cc:5697] T 6d1e37af162b492b857c384678b3b949 P 598140b3c2c04d89a4427593b057dd17 reported cstate change: config changed from index 3 to 4, VOTER 9ed47629a6694c9488c2bf6221148356 (127.27.184.193) evicted. New cstate: current_term: 1 leader_uuid: "598140b3c2c04d89a4427593b057dd17" committed_config { opid_index: 4 OBSOLETE_local: false peers { permanent_uuid: "98eb0c6d2bdf49dea8c48d3aeb5a8477" member_type: VOTER last_known_addr { host: "127.27.184.194" port: 33519 } health_report { overall_health: HEALTHY } } peers { permanent_uuid: "598140b3c2c04d89a4427593b057dd17" member_type: VOTER last_known_addr { host: "127.27.184.195" port: 36711 } health_report { overall_health: HEALTHY } } peers { permanent_uuid: "054317971ac64fc48406649f125dd605" member_type: VOTER last_known_addr { host: "127.27.184.196" port: 35479 } attrs { promote: false } health_report { overall_health: HEALTHY } } }
I20260710 11:08:15.367323 29912 raft_consensus.cc:1275] T 06e0c017b703431a93c946f2e45a5a8a P 054317971ac64fc48406649f125dd605 [term 1 LEARNER]: Refusing update from remote peer 9ed47629a6694c9488c2bf6221148356: Log matching property violated. Preceding OpId in replica: term: 1 index: 2. Preceding OpId from leader: term: 1 index: 3. (index mismatch)
I20260710 11:08:15.368089 29638 raft_consensus.cc:1275] T 06e0c017b703431a93c946f2e45a5a8a P 598140b3c2c04d89a4427593b057dd17 [term 1 FOLLOWER]: Refusing update from remote peer 9ed47629a6694c9488c2bf6221148356: Log matching property violated. Preceding OpId in replica: term: 1 index: 2. Preceding OpId from leader: term: 1 index: 3. (index mismatch)
I20260710 11:08:15.369047 30133 consensus_queue.cc:1048] T 06e0c017b703431a93c946f2e45a5a8a P 9ed47629a6694c9488c2bf6221148356 [LEADER]: Connected to new peer: Peer: permanent_uuid: "054317971ac64fc48406649f125dd605" member_type: VOTER last_known_addr { host: "127.27.184.196" port: 35479 } attrs { promote: false }, Status: LMP_MISMATCH, Last received: 0.0, Next index: 3, Last known committed idx: 2, Time since last communication: 0.000s
I20260710 11:08:15.371707 30197 consensus_queue.cc:1048] T 06e0c017b703431a93c946f2e45a5a8a P 9ed47629a6694c9488c2bf6221148356 [LEADER]: Connected to new peer: Peer: permanent_uuid: "598140b3c2c04d89a4427593b057dd17" member_type: VOTER last_known_addr { host: "127.27.184.195" port: 36711 }, Status: LMP_MISMATCH, Last received: 0.0, Next index: 3, Last known committed idx: 2, Time since last communication: 0.000s
I20260710 11:08:15.381021 29567 raft_consensus.cc:1275] T 06e0c017b703431a93c946f2e45a5a8a P 98eb0c6d2bdf49dea8c48d3aeb5a8477 [term 1 FOLLOWER]: Refusing update from remote peer 9ed47629a6694c9488c2bf6221148356: Log matching property violated. Preceding OpId in replica: term: 1 index: 2. Preceding OpId from leader: term: 1 index: 3. (index mismatch)
I20260710 11:08:15.384508 30180 consensus_queue.cc:1048] T 06e0c017b703431a93c946f2e45a5a8a P 9ed47629a6694c9488c2bf6221148356 [LEADER]: Connected to new peer: Peer: permanent_uuid: "98eb0c6d2bdf49dea8c48d3aeb5a8477" member_type: VOTER last_known_addr { host: "127.27.184.194" port: 33519 } attrs { replace: true }, Status: LMP_MISMATCH, Last received: 0.0, Next index: 3, Last known committed idx: 2, Time since last communication: 0.001s
I20260710 11:08:15.388948 30193 tablet_replica.cc:333] T f9ca2b173e054d94bf9b6c0b180d5348 P 9ed47629a6694c9488c2bf6221148356: stopping tablet replica
I20260710 11:08:15.390332 30193 raft_consensus.cc:2243] T f9ca2b173e054d94bf9b6c0b180d5348 P 9ed47629a6694c9488c2bf6221148356 [term 1 FOLLOWER]: Raft consensus shutting down.
I20260710 11:08:15.397236 30193 raft_consensus.cc:2272] T f9ca2b173e054d94bf9b6c0b180d5348 P 9ed47629a6694c9488c2bf6221148356 [term 1 FOLLOWER]: Raft consensus is shut down!
I20260710 11:08:15.407593 30193 ts_tablet_manager.cc:1916] T f9ca2b173e054d94bf9b6c0b180d5348 P 9ed47629a6694c9488c2bf6221148356: Deleting tablet data with delete state TABLET_DATA_TOMBSTONED
I20260710 11:08:15.412788 30180 raft_consensus.cc:2955] T 06e0c017b703431a93c946f2e45a5a8a P 9ed47629a6694c9488c2bf6221148356 [term 1 LEADER]: Committing config change with OpId 1.3: config changed from index 2 to 3, 054317971ac64fc48406649f125dd605 (127.27.184.196) changed from NON_VOTER to VOTER. New config: { opid_index: 3 OBSOLETE_local: false peers { permanent_uuid: "9ed47629a6694c9488c2bf6221148356" member_type: VOTER last_known_addr { host: "127.27.184.193" port: 33469 } } peers { permanent_uuid: "98eb0c6d2bdf49dea8c48d3aeb5a8477" member_type: VOTER last_known_addr { host: "127.27.184.194" port: 33519 } attrs { replace: true } } peers { permanent_uuid: "598140b3c2c04d89a4427593b057dd17" member_type: VOTER last_known_addr { host: "127.27.184.195" port: 36711 } } peers { permanent_uuid: "054317971ac64fc48406649f125dd605" member_type: VOTER last_known_addr { host: "127.27.184.196" port: 35479 } attrs { promote: false } } }
I20260710 11:08:15.416738 29481 tablet_service.cc:1558] Processing DeleteTablet for tablet 6d1e37af162b492b857c384678b3b949 with delete_type TABLET_DATA_TOMBSTONED (TS 9ed47629a6694c9488c2bf6221148356 not found in new config with opid_index 4) from {username='slave'} at 127.0.0.1:46886
I20260710 11:08:15.420315 29912 raft_consensus.cc:1275] T 7b444c11c1424d1198fb5ac5dbe31c99 P 054317971ac64fc48406649f125dd605 [term 1 LEARNER]: Refusing update from remote peer 98eb0c6d2bdf49dea8c48d3aeb5a8477: Log matching property violated. Preceding OpId in replica: term: 1 index: 2. Preceding OpId from leader: term: 1 index: 3. (index mismatch)
I20260710 11:08:15.421911 30176 consensus_queue.cc:1048] T 7b444c11c1424d1198fb5ac5dbe31c99 P 98eb0c6d2bdf49dea8c48d3aeb5a8477 [LEADER]: Connected to new peer: Peer: permanent_uuid: "054317971ac64fc48406649f125dd605" member_type: VOTER last_known_addr { host: "127.27.184.196" port: 35479 } attrs { promote: false }, Status: LMP_MISMATCH, Last received: 0.0, Next index: 3, Last known committed idx: 2, Time since last communication: 0.000s
I20260710 11:08:15.425235 29912 raft_consensus.cc:2955] T 06e0c017b703431a93c946f2e45a5a8a P 054317971ac64fc48406649f125dd605 [term 1 FOLLOWER]: Committing config change with OpId 1.3: config changed from index 2 to 3, 054317971ac64fc48406649f125dd605 (127.27.184.196) changed from NON_VOTER to VOTER. New config: { opid_index: 3 OBSOLETE_local: false peers { permanent_uuid: "9ed47629a6694c9488c2bf6221148356" member_type: VOTER last_known_addr { host: "127.27.184.193" port: 33469 } } peers { permanent_uuid: "98eb0c6d2bdf49dea8c48d3aeb5a8477" member_type: VOTER last_known_addr { host: "127.27.184.194" port: 33519 } attrs { replace: true } } peers { permanent_uuid: "598140b3c2c04d89a4427593b057dd17" member_type: VOTER last_known_addr { host: "127.27.184.195" port: 36711 } } peers { permanent_uuid: "054317971ac64fc48406649f125dd605" member_type: VOTER last_known_addr { host: "127.27.184.196" port: 35479 } attrs { promote: false } } }
I20260710 11:08:15.431051 29567 raft_consensus.cc:2955] T 06e0c017b703431a93c946f2e45a5a8a P 98eb0c6d2bdf49dea8c48d3aeb5a8477 [term 1 FOLLOWER]: Committing config change with OpId 1.3: config changed from index 2 to 3, 054317971ac64fc48406649f125dd605 (127.27.184.196) changed from NON_VOTER to VOTER. New config: { opid_index: 3 OBSOLETE_local: false peers { permanent_uuid: "9ed47629a6694c9488c2bf6221148356" member_type: VOTER last_known_addr { host: "127.27.184.193" port: 33469 } } peers { permanent_uuid: "98eb0c6d2bdf49dea8c48d3aeb5a8477" member_type: VOTER last_known_addr { host: "127.27.184.194" port: 33519 } attrs { replace: true } } peers { permanent_uuid: "598140b3c2c04d89a4427593b057dd17" member_type: VOTER last_known_addr { host: "127.27.184.195" port: 36711 } } peers { permanent_uuid: "054317971ac64fc48406649f125dd605" member_type: VOTER last_known_addr { host: "127.27.184.196" port: 35479 } attrs { promote: false } } }
I20260710 11:08:15.437008 29641 raft_consensus.cc:1275] T 7b444c11c1424d1198fb5ac5dbe31c99 P 598140b3c2c04d89a4427593b057dd17 [term 1 FOLLOWER]: Refusing update from remote peer 98eb0c6d2bdf49dea8c48d3aeb5a8477: Log matching property violated. Preceding OpId in replica: term: 1 index: 2. Preceding OpId from leader: term: 1 index: 3. (index mismatch)
I20260710 11:08:15.439033 30099 consensus_queue.cc:1048] T 7b444c11c1424d1198fb5ac5dbe31c99 P 98eb0c6d2bdf49dea8c48d3aeb5a8477 [LEADER]: Connected to new peer: Peer: permanent_uuid: "598140b3c2c04d89a4427593b057dd17" member_type: VOTER last_known_addr { host: "127.27.184.195" port: 36711 } attrs { replace: true }, Status: LMP_MISMATCH, Last received: 0.0, Next index: 3, Last known committed idx: 2, Time since last communication: 0.001s
I20260710 11:08:15.447109 29492 raft_consensus.cc:1275] T 7b444c11c1424d1198fb5ac5dbe31c99 P 9ed47629a6694c9488c2bf6221148356 [term 1 FOLLOWER]: Refusing update from remote peer 98eb0c6d2bdf49dea8c48d3aeb5a8477: Log matching property violated. Preceding OpId in replica: term: 1 index: 2. Preceding OpId from leader: term: 1 index: 3. (index mismatch)
I20260710 11:08:15.446949 29389 catalog_manager.cc:5697] T 06e0c017b703431a93c946f2e45a5a8a P 98eb0c6d2bdf49dea8c48d3aeb5a8477 reported cstate change: config changed from index 2 to 3, 054317971ac64fc48406649f125dd605 (127.27.184.196) changed from NON_VOTER to VOTER. New cstate: current_term: 1 leader_uuid: "9ed47629a6694c9488c2bf6221148356" committed_config { opid_index: 3 OBSOLETE_local: false peers { permanent_uuid: "9ed47629a6694c9488c2bf6221148356" member_type: VOTER last_known_addr { host: "127.27.184.193" port: 33469 } } peers { permanent_uuid: "98eb0c6d2bdf49dea8c48d3aeb5a8477" member_type: VOTER last_known_addr { host: "127.27.184.194" port: 33519 } attrs { replace: true } } peers { permanent_uuid: "598140b3c2c04d89a4427593b057dd17" member_type: VOTER last_known_addr { host: "127.27.184.195" port: 36711 } } peers { permanent_uuid: "054317971ac64fc48406649f125dd605" member_type: VOTER last_known_addr { host: "127.27.184.196" port: 35479 } attrs { promote: false } } }
I20260710 11:08:15.451843 30099 consensus_queue.cc:1048] T 7b444c11c1424d1198fb5ac5dbe31c99 P 98eb0c6d2bdf49dea8c48d3aeb5a8477 [LEADER]: Connected to new peer: Peer: permanent_uuid: "9ed47629a6694c9488c2bf6221148356" member_type: VOTER last_known_addr { host: "127.27.184.193" port: 33469 }, Status: LMP_MISMATCH, Last received: 0.0, Next index: 3, Last known committed idx: 2, Time since last communication: 0.000s
I20260710 11:08:15.454589 29638 raft_consensus.cc:2955] T 06e0c017b703431a93c946f2e45a5a8a P 598140b3c2c04d89a4427593b057dd17 [term 1 FOLLOWER]: Committing config change with OpId 1.3: config changed from index 2 to 3, 054317971ac64fc48406649f125dd605 (127.27.184.196) changed from NON_VOTER to VOTER. New config: { opid_index: 3 OBSOLETE_local: false peers { permanent_uuid: "9ed47629a6694c9488c2bf6221148356" member_type: VOTER last_known_addr { host: "127.27.184.193" port: 33469 } } peers { permanent_uuid: "98eb0c6d2bdf49dea8c48d3aeb5a8477" member_type: VOTER last_known_addr { host: "127.27.184.194" port: 33519 } attrs { replace: true } } peers { permanent_uuid: "598140b3c2c04d89a4427593b057dd17" member_type: VOTER last_known_addr { host: "127.27.184.195" port: 36711 } } peers { permanent_uuid: "054317971ac64fc48406649f125dd605" member_type: VOTER last_known_addr { host: "127.27.184.196" port: 35479 } attrs { promote: false } } }
I20260710 11:08:15.474126 29490 consensus_queue.cc:237] T 06e0c017b703431a93c946f2e45a5a8a P 9ed47629a6694c9488c2bf6221148356 [LEADER]: Queue going to LEADER mode. State: All replicated index: 0, Majority replicated index: 3, Committed index: 3, Last appended: 1.3, Last appended by leader: 0, Current term: 1, Majority size: 2, State: 0, Mode: LEADER, active raft config: opid_index: 4 OBSOLETE_local: false peers { permanent_uuid: "9ed47629a6694c9488c2bf6221148356" member_type: VOTER last_known_addr { host: "127.27.184.193" port: 33469 } } peers { permanent_uuid: "598140b3c2c04d89a4427593b057dd17" member_type: VOTER last_known_addr { host: "127.27.184.195" port: 36711 } } peers { permanent_uuid: "054317971ac64fc48406649f125dd605" member_type: VOTER last_known_addr { host: "127.27.184.196" port: 35479 } attrs { promote: false } }
I20260710 11:08:15.477406 30099 raft_consensus.cc:2955] T 7b444c11c1424d1198fb5ac5dbe31c99 P 98eb0c6d2bdf49dea8c48d3aeb5a8477 [term 1 LEADER]: Committing config change with OpId 1.3: config changed from index 2 to 3, 054317971ac64fc48406649f125dd605 (127.27.184.196) changed from NON_VOTER to VOTER. New config: { opid_index: 3 OBSOLETE_local: false peers { permanent_uuid: "9ed47629a6694c9488c2bf6221148356" member_type: VOTER last_known_addr { host: "127.27.184.193" port: 33469 } } peers { permanent_uuid: "98eb0c6d2bdf49dea8c48d3aeb5a8477" member_type: VOTER last_known_addr { host: "127.27.184.194" port: 33519 } } peers { permanent_uuid: "598140b3c2c04d89a4427593b057dd17" member_type: VOTER last_known_addr { host: "127.27.184.195" port: 36711 } attrs { replace: true } } peers { permanent_uuid: "054317971ac64fc48406649f125dd605" member_type: VOTER last_known_addr { host: "127.27.184.196" port: 35479 } attrs { promote: false } } }
I20260710 11:08:15.495479 29912 raft_consensus.cc:1275] T 06e0c017b703431a93c946f2e45a5a8a P 054317971ac64fc48406649f125dd605 [term 1 FOLLOWER]: Refusing update from remote peer 9ed47629a6694c9488c2bf6221148356: Log matching property violated. Preceding OpId in replica: term: 1 index: 3. Preceding OpId from leader: term: 1 index: 4. (index mismatch)
I20260710 11:08:15.497355 30133 consensus_queue.cc:1048] T 06e0c017b703431a93c946f2e45a5a8a P 9ed47629a6694c9488c2bf6221148356 [LEADER]: Connected to new peer: Peer: permanent_uuid: "054317971ac64fc48406649f125dd605" member_type: VOTER last_known_addr { host: "127.27.184.196" port: 35479 } attrs { promote: false }, Status: LMP_MISMATCH, Last received: 0.0, Next index: 4, Last known committed idx: 3, Time since last communication: 0.000s
I20260710 11:08:15.498694 29641 raft_consensus.cc:1275] T 06e0c017b703431a93c946f2e45a5a8a P 598140b3c2c04d89a4427593b057dd17 [term 1 FOLLOWER]: Refusing update from remote peer 9ed47629a6694c9488c2bf6221148356: Log matching property violated. Preceding OpId in replica: term: 1 index: 3. Preceding OpId from leader: term: 1 index: 4. (index mismatch)
I20260710 11:08:15.504904 30197 consensus_queue.cc:1048] T 06e0c017b703431a93c946f2e45a5a8a P 9ed47629a6694c9488c2bf6221148356 [LEADER]: Connected to new peer: Peer: permanent_uuid: "598140b3c2c04d89a4427593b057dd17" member_type: VOTER last_known_addr { host: "127.27.184.195" port: 36711 }, Status: LMP_MISMATCH, Last received: 0.0, Next index: 4, Last known committed idx: 3, Time since last communication: 0.000s
I20260710 11:08:15.518734 29913 raft_consensus.cc:2955] T 06e0c017b703431a93c946f2e45a5a8a P 054317971ac64fc48406649f125dd605 [term 1 FOLLOWER]: Committing config change with OpId 1.4: config changed from index 3 to 4, VOTER 98eb0c6d2bdf49dea8c48d3aeb5a8477 (127.27.184.194) evicted. New config: { opid_index: 4 OBSOLETE_local: false peers { permanent_uuid: "9ed47629a6694c9488c2bf6221148356" member_type: VOTER last_known_addr { host: "127.27.184.193" port: 33469 } } peers { permanent_uuid: "598140b3c2c04d89a4427593b057dd17" member_type: VOTER last_known_addr { host: "127.27.184.195" port: 36711 } } peers { permanent_uuid: "054317971ac64fc48406649f125dd605" member_type: VOTER last_known_addr { host: "127.27.184.196" port: 35479 } attrs { promote: false } } }
I20260710 11:08:15.531114 29641 raft_consensus.cc:2955] T 06e0c017b703431a93c946f2e45a5a8a P 598140b3c2c04d89a4427593b057dd17 [term 1 FOLLOWER]: Committing config change with OpId 1.4: config changed from index 3 to 4, VOTER 98eb0c6d2bdf49dea8c48d3aeb5a8477 (127.27.184.194) evicted. New config: { opid_index: 4 OBSOLETE_local: false peers { permanent_uuid: "9ed47629a6694c9488c2bf6221148356" member_type: VOTER last_known_addr { host: "127.27.184.193" port: 33469 } } peers { permanent_uuid: "598140b3c2c04d89a4427593b057dd17" member_type: VOTER last_known_addr { host: "127.27.184.195" port: 36711 } } peers { permanent_uuid: "054317971ac64fc48406649f125dd605" member_type: VOTER last_known_addr { host: "127.27.184.196" port: 35479 } attrs { promote: false } } }
I20260710 11:08:15.536826 29912 raft_consensus.cc:2955] T 7b444c11c1424d1198fb5ac5dbe31c99 P 054317971ac64fc48406649f125dd605 [term 1 FOLLOWER]: Committing config change with OpId 1.3: config changed from index 2 to 3, 054317971ac64fc48406649f125dd605 (127.27.184.196) changed from NON_VOTER to VOTER. New config: { opid_index: 3 OBSOLETE_local: false peers { permanent_uuid: "9ed47629a6694c9488c2bf6221148356" member_type: VOTER last_known_addr { host: "127.27.184.193" port: 33469 } } peers { permanent_uuid: "98eb0c6d2bdf49dea8c48d3aeb5a8477" member_type: VOTER last_known_addr { host: "127.27.184.194" port: 33519 } } peers { permanent_uuid: "598140b3c2c04d89a4427593b057dd17" member_type: VOTER last_known_addr { host: "127.27.184.195" port: 36711 } attrs { replace: true } } peers { permanent_uuid: "054317971ac64fc48406649f125dd605" member_type: VOTER last_known_addr { host: "127.27.184.196" port: 35479 } attrs { promote: false } } }
I20260710 11:08:15.540457 30180 raft_consensus.cc:2955] T 06e0c017b703431a93c946f2e45a5a8a P 9ed47629a6694c9488c2bf6221148356 [term 1 LEADER]: Committing config change with OpId 1.4: config changed from index 3 to 4, VOTER 98eb0c6d2bdf49dea8c48d3aeb5a8477 (127.27.184.194) evicted. New config: { opid_index: 4 OBSOLETE_local: false peers { permanent_uuid: "9ed47629a6694c9488c2bf6221148356" member_type: VOTER last_known_addr { host: "127.27.184.193" port: 33469 } } peers { permanent_uuid: "598140b3c2c04d89a4427593b057dd17" member_type: VOTER last_known_addr { host: "127.27.184.195" port: 36711 } } peers { permanent_uuid: "054317971ac64fc48406649f125dd605" member_type: VOTER last_known_addr { host: "127.27.184.196" port: 35479 } attrs { promote: false } } }
I20260710 11:08:15.545118 29638 raft_consensus.cc:2955] T 7b444c11c1424d1198fb5ac5dbe31c99 P 598140b3c2c04d89a4427593b057dd17 [term 1 FOLLOWER]: Committing config change with OpId 1.3: config changed from index 2 to 3, 054317971ac64fc48406649f125dd605 (127.27.184.196) changed from NON_VOTER to VOTER. New config: { opid_index: 3 OBSOLETE_local: false peers { permanent_uuid: "9ed47629a6694c9488c2bf6221148356" member_type: VOTER last_known_addr { host: "127.27.184.193" port: 33469 } } peers { permanent_uuid: "98eb0c6d2bdf49dea8c48d3aeb5a8477" member_type: VOTER last_known_addr { host: "127.27.184.194" port: 33519 } } peers { permanent_uuid: "598140b3c2c04d89a4427593b057dd17" member_type: VOTER last_known_addr { host: "127.27.184.195" port: 36711 } attrs { replace: true } } peers { permanent_uuid: "054317971ac64fc48406649f125dd605" member_type: VOTER last_known_addr { host: "127.27.184.196" port: 35479 } attrs { promote: false } } }
I20260710 11:08:15.558403 29389 catalog_manager.cc:5697] T 7b444c11c1424d1198fb5ac5dbe31c99 P 98eb0c6d2bdf49dea8c48d3aeb5a8477 reported cstate change: config changed from index 2 to 3, 054317971ac64fc48406649f125dd605 (127.27.184.196) changed from NON_VOTER to VOTER. New cstate: current_term: 1 leader_uuid: "98eb0c6d2bdf49dea8c48d3aeb5a8477" committed_config { opid_index: 3 OBSOLETE_local: false peers { permanent_uuid: "9ed47629a6694c9488c2bf6221148356" member_type: VOTER last_known_addr { host: "127.27.184.193" port: 33469 } health_report { overall_health: UNKNOWN } } peers { permanent_uuid: "98eb0c6d2bdf49dea8c48d3aeb5a8477" member_type: VOTER last_known_addr { host: "127.27.184.194" port: 33519 } health_report { overall_health: HEALTHY } } peers { permanent_uuid: "598140b3c2c04d89a4427593b057dd17" member_type: VOTER last_known_addr { host: "127.27.184.195" port: 36711 } attrs { replace: true } health_report { overall_health: HEALTHY } } peers { permanent_uuid: "054317971ac64fc48406649f125dd605" member_type: VOTER last_known_addr { host: "127.27.184.196" port: 35479 } attrs { promote: false } health_report { overall_health: HEALTHY } } }
I20260710 11:08:15.572050 29388 catalog_manager.cc:5697] T 06e0c017b703431a93c946f2e45a5a8a P 054317971ac64fc48406649f125dd605 reported cstate change: config changed from index 3 to 4, VOTER 98eb0c6d2bdf49dea8c48d3aeb5a8477 (127.27.184.194) evicted. New cstate: current_term: 1 leader_uuid: "9ed47629a6694c9488c2bf6221148356" committed_config { opid_index: 4 OBSOLETE_local: false peers { permanent_uuid: "9ed47629a6694c9488c2bf6221148356" member_type: VOTER last_known_addr { host: "127.27.184.193" port: 33469 } } peers { permanent_uuid: "598140b3c2c04d89a4427593b057dd17" member_type: VOTER last_known_addr { host: "127.27.184.195" port: 36711 } } peers { permanent_uuid: "054317971ac64fc48406649f125dd605" member_type: VOTER last_known_addr { host: "127.27.184.196" port: 35479 } attrs { promote: false } } }
I20260710 11:08:15.583041 29376 catalog_manager.cc:5210] ChangeConfig:REMOVE_PEER RPC for tablet 06e0c017b703431a93c946f2e45a5a8a with cas_config_opid_index 3: ChangeConfig:REMOVE_PEER succeeded (attempt 1)
I20260710 11:08:15.587704 29492 raft_consensus.cc:2955] T 7b444c11c1424d1198fb5ac5dbe31c99 P 9ed47629a6694c9488c2bf6221148356 [term 1 FOLLOWER]: Committing config change with OpId 1.3: config changed from index 2 to 3, 054317971ac64fc48406649f125dd605 (127.27.184.196) changed from NON_VOTER to VOTER. New config: { opid_index: 3 OBSOLETE_local: false peers { permanent_uuid: "9ed47629a6694c9488c2bf6221148356" member_type: VOTER last_known_addr { host: "127.27.184.193" port: 33469 } } peers { permanent_uuid: "98eb0c6d2bdf49dea8c48d3aeb5a8477" member_type: VOTER last_known_addr { host: "127.27.184.194" port: 33519 } } peers { permanent_uuid: "598140b3c2c04d89a4427593b057dd17" member_type: VOTER last_known_addr { host: "127.27.184.195" port: 36711 } attrs { replace: true } } peers { permanent_uuid: "054317971ac64fc48406649f125dd605" member_type: VOTER last_known_addr { host: "127.27.184.196" port: 35479 } attrs { promote: false } } }
I20260710 11:08:15.590104 29550 tablet_service.cc:1558] Processing DeleteTablet for tablet 06e0c017b703431a93c946f2e45a5a8a with delete_type TABLET_DATA_TOMBSTONED (TS 98eb0c6d2bdf49dea8c48d3aeb5a8477 not found in new config with opid_index 4) from {username='slave'} at 127.0.0.1:42494
I20260710 11:08:15.591769 30193 ts_tablet_manager.cc:1929] T f9ca2b173e054d94bf9b6c0b180d5348 P 9ed47629a6694c9488c2bf6221148356: tablet deleted with delete type TABLET_DATA_TOMBSTONED: last-logged OpId 1.3
I20260710 11:08:15.592201 30193 log.cc:1199] T f9ca2b173e054d94bf9b6c0b180d5348 P 9ed47629a6694c9488c2bf6221148356: Deleting WAL directory at /tmp/dist-test-taska__Rc1/test-tmp/auto_leader_rebalancer-test.0.LeaderRebalancerTest.AddTserver.1783681657572645-28387-0/minicluster-data/ts-0-root/wals/f9ca2b173e054d94bf9b6c0b180d5348
I20260710 11:08:15.598376 29376 catalog_manager.cc:5028] TS 9ed47629a6694c9488c2bf6221148356 (127.27.184.193:33469): tablet f9ca2b173e054d94bf9b6c0b180d5348 (table test-workload [id=100578a29cc6425da52cc6e62aca9a3a]) successfully deleted
I20260710 11:08:15.597541 30193 tablet_replica.cc:333] T 6d1e37af162b492b857c384678b3b949 P 9ed47629a6694c9488c2bf6221148356: stopping tablet replica
I20260710 11:08:15.599830 30193 raft_consensus.cc:2243] T 6d1e37af162b492b857c384678b3b949 P 9ed47629a6694c9488c2bf6221148356 [term 1 FOLLOWER]: Raft consensus shutting down.
I20260710 11:08:15.600703 30193 raft_consensus.cc:2272] T 6d1e37af162b492b857c384678b3b949 P 9ed47629a6694c9488c2bf6221148356 [term 1 FOLLOWER]: Raft consensus is shut down!
I20260710 11:08:15.604672 30193 ts_tablet_manager.cc:1916] T 6d1e37af162b492b857c384678b3b949 P 9ed47629a6694c9488c2bf6221148356: Deleting tablet data with delete state TABLET_DATA_TOMBSTONED
I20260710 11:08:15.613667 29567 consensus_queue.cc:237] T 7b444c11c1424d1198fb5ac5dbe31c99 P 98eb0c6d2bdf49dea8c48d3aeb5a8477 [LEADER]: Queue going to LEADER mode. State: All replicated index: 0, Majority replicated index: 3, Committed index: 3, Last appended: 1.3, Last appended by leader: 0, Current term: 1, Majority size: 2, State: 0, Mode: LEADER, active raft config: opid_index: 4 OBSOLETE_local: false peers { permanent_uuid: "9ed47629a6694c9488c2bf6221148356" member_type: VOTER last_known_addr { host: "127.27.184.193" port: 33469 } } peers { permanent_uuid: "98eb0c6d2bdf49dea8c48d3aeb5a8477" member_type: VOTER last_known_addr { host: "127.27.184.194" port: 33519 } } peers { permanent_uuid: "054317971ac64fc48406649f125dd605" member_type: VOTER last_known_addr { host: "127.27.184.196" port: 35479 } attrs { promote: false } }
I20260710 11:08:15.621232 29913 raft_consensus.cc:1275] T 7b444c11c1424d1198fb5ac5dbe31c99 P 054317971ac64fc48406649f125dd605 [term 1 FOLLOWER]: Refusing update from remote peer 98eb0c6d2bdf49dea8c48d3aeb5a8477: Log matching property violated. Preceding OpId in replica: term: 1 index: 3. Preceding OpId from leader: term: 1 index: 4. (index mismatch)
I20260710 11:08:15.622874 30177 consensus_queue.cc:1048] T 7b444c11c1424d1198fb5ac5dbe31c99 P 98eb0c6d2bdf49dea8c48d3aeb5a8477 [LEADER]: Connected to new peer: Peer: permanent_uuid: "054317971ac64fc48406649f125dd605" member_type: VOTER last_known_addr { host: "127.27.184.196" port: 35479 } attrs { promote: false }, Status: LMP_MISMATCH, Last received: 0.0, Next index: 4, Last known committed idx: 3, Time since last communication: 0.000s
I20260710 11:08:15.625181 29492 raft_consensus.cc:1275] T 7b444c11c1424d1198fb5ac5dbe31c99 P 9ed47629a6694c9488c2bf6221148356 [term 1 FOLLOWER]: Refusing update from remote peer 98eb0c6d2bdf49dea8c48d3aeb5a8477: Log matching property violated. Preceding OpId in replica: term: 1 index: 3. Preceding OpId from leader: term: 1 index: 4. (index mismatch)
I20260710 11:08:15.626941 30177 consensus_queue.cc:1048] T 7b444c11c1424d1198fb5ac5dbe31c99 P 98eb0c6d2bdf49dea8c48d3aeb5a8477 [LEADER]: Connected to new peer: Peer: permanent_uuid: "9ed47629a6694c9488c2bf6221148356" member_type: VOTER last_known_addr { host: "127.27.184.193" port: 33469 }, Status: LMP_MISMATCH, Last received: 0.0, Next index: 4, Last known committed idx: 3, Time since last communication: 0.000s
I20260710 11:08:15.631095 30099 raft_consensus.cc:2955] T 7b444c11c1424d1198fb5ac5dbe31c99 P 98eb0c6d2bdf49dea8c48d3aeb5a8477 [term 1 LEADER]: Committing config change with OpId 1.4: config changed from index 3 to 4, VOTER 598140b3c2c04d89a4427593b057dd17 (127.27.184.195) evicted. New config: { opid_index: 4 OBSOLETE_local: false peers { permanent_uuid: "9ed47629a6694c9488c2bf6221148356" member_type: VOTER last_known_addr { host: "127.27.184.193" port: 33469 } } peers { permanent_uuid: "98eb0c6d2bdf49dea8c48d3aeb5a8477" member_type: VOTER last_known_addr { host: "127.27.184.194" port: 33519 } } peers { permanent_uuid: "054317971ac64fc48406649f125dd605" member_type: VOTER last_known_addr { host: "127.27.184.196" port: 35479 } attrs { promote: false } } }
I20260710 11:08:15.639775 30204 tablet_replica.cc:333] T 06e0c017b703431a93c946f2e45a5a8a P 98eb0c6d2bdf49dea8c48d3aeb5a8477: stopping tablet replica
I20260710 11:08:15.642005 29912 raft_consensus.cc:2955] T 7b444c11c1424d1198fb5ac5dbe31c99 P 054317971ac64fc48406649f125dd605 [term 1 FOLLOWER]: Committing config change with OpId 1.4: config changed from index 3 to 4, VOTER 598140b3c2c04d89a4427593b057dd17 (127.27.184.195) evicted. New config: { opid_index: 4 OBSOLETE_local: false peers { permanent_uuid: "9ed47629a6694c9488c2bf6221148356" member_type: VOTER last_known_addr { host: "127.27.184.193" port: 33469 } } peers { permanent_uuid: "98eb0c6d2bdf49dea8c48d3aeb5a8477" member_type: VOTER last_known_addr { host: "127.27.184.194" port: 33519 } } peers { permanent_uuid: "054317971ac64fc48406649f125dd605" member_type: VOTER last_known_addr { host: "127.27.184.196" port: 35479 } attrs { promote: false } } }
I20260710 11:08:15.649331 29492 raft_consensus.cc:2955] T 7b444c11c1424d1198fb5ac5dbe31c99 P 9ed47629a6694c9488c2bf6221148356 [term 1 FOLLOWER]: Committing config change with OpId 1.4: config changed from index 3 to 4, VOTER 598140b3c2c04d89a4427593b057dd17 (127.27.184.195) evicted. New config: { opid_index: 4 OBSOLETE_local: false peers { permanent_uuid: "9ed47629a6694c9488c2bf6221148356" member_type: VOTER last_known_addr { host: "127.27.184.193" port: 33469 } } peers { permanent_uuid: "98eb0c6d2bdf49dea8c48d3aeb5a8477" member_type: VOTER last_known_addr { host: "127.27.184.194" port: 33519 } } peers { permanent_uuid: "054317971ac64fc48406649f125dd605" member_type: VOTER last_known_addr { host: "127.27.184.196" port: 35479 } attrs { promote: false } } }
I20260710 11:08:15.659721 30204 raft_consensus.cc:2243] T 06e0c017b703431a93c946f2e45a5a8a P 98eb0c6d2bdf49dea8c48d3aeb5a8477 [term 1 FOLLOWER]: Raft consensus shutting down.
I20260710 11:08:15.660610 30204 raft_consensus.cc:2272] T 06e0c017b703431a93c946f2e45a5a8a P 98eb0c6d2bdf49dea8c48d3aeb5a8477 [term 1 FOLLOWER]: Raft consensus is shut down!
I20260710 11:08:15.664983 30193 ts_tablet_manager.cc:1929] T 6d1e37af162b492b857c384678b3b949 P 9ed47629a6694c9488c2bf6221148356: tablet deleted with delete type TABLET_DATA_TOMBSTONED: last-logged OpId 1.3
I20260710 11:08:15.667695 30193 log.cc:1199] T 6d1e37af162b492b857c384678b3b949 P 9ed47629a6694c9488c2bf6221148356: Deleting WAL directory at /tmp/dist-test-taska__Rc1/test-tmp/auto_leader_rebalancer-test.0.LeaderRebalancerTest.AddTserver.1783681657572645-28387-0/minicluster-data/ts-0-root/wals/6d1e37af162b492b857c384678b3b949
I20260710 11:08:15.668298 29377 catalog_manager.cc:5210] ChangeConfig:REMOVE_PEER RPC for tablet 7b444c11c1424d1198fb5ac5dbe31c99 with cas_config_opid_index 3: ChangeConfig:REMOVE_PEER succeeded (attempt 1)
I20260710 11:08:15.668457 29389 catalog_manager.cc:5697] T 7b444c11c1424d1198fb5ac5dbe31c99 P 9ed47629a6694c9488c2bf6221148356 reported cstate change: config changed from index 3 to 4, VOTER 598140b3c2c04d89a4427593b057dd17 (127.27.184.195) evicted. New cstate: current_term: 1 leader_uuid: "98eb0c6d2bdf49dea8c48d3aeb5a8477" committed_config { opid_index: 4 OBSOLETE_local: false peers { permanent_uuid: "9ed47629a6694c9488c2bf6221148356" member_type: VOTER last_known_addr { host: "127.27.184.193" port: 33469 } } peers { permanent_uuid: "98eb0c6d2bdf49dea8c48d3aeb5a8477" member_type: VOTER last_known_addr { host: "127.27.184.194" port: 33519 } } peers { permanent_uuid: "054317971ac64fc48406649f125dd605" member_type: VOTER last_known_addr { host: "127.27.184.196" port: 35479 } attrs { promote: false } } }
I20260710 11:08:15.672806 29376 catalog_manager.cc:5028] TS 9ed47629a6694c9488c2bf6221148356 (127.27.184.193:33469): tablet 6d1e37af162b492b857c384678b3b949 (table test-workload [id=100578a29cc6425da52cc6e62aca9a3a]) successfully deleted
I20260710 11:08:15.674819 30204 ts_tablet_manager.cc:1916] T 06e0c017b703431a93c946f2e45a5a8a P 98eb0c6d2bdf49dea8c48d3aeb5a8477: Deleting tablet data with delete state TABLET_DATA_TOMBSTONED
I20260710 11:08:15.686379 29631 tablet_service.cc:1558] Processing DeleteTablet for tablet 7b444c11c1424d1198fb5ac5dbe31c99 with delete_type TABLET_DATA_TOMBSTONED (TS 598140b3c2c04d89a4427593b057dd17 not found in new config with opid_index 4) from {username='slave'} at 127.0.0.1:47982
I20260710 11:08:15.691958 30205 tablet_replica.cc:333] T 7b444c11c1424d1198fb5ac5dbe31c99 P 598140b3c2c04d89a4427593b057dd17: stopping tablet replica
I20260710 11:08:15.692987 30205 raft_consensus.cc:2243] T 7b444c11c1424d1198fb5ac5dbe31c99 P 598140b3c2c04d89a4427593b057dd17 [term 1 FOLLOWER]: Raft consensus shutting down.
I20260710 11:08:15.693796 30205 raft_consensus.cc:2272] T 7b444c11c1424d1198fb5ac5dbe31c99 P 598140b3c2c04d89a4427593b057dd17 [term 1 FOLLOWER]: Raft consensus is shut down!
I20260710 11:08:15.696467 30204 ts_tablet_manager.cc:1929] T 06e0c017b703431a93c946f2e45a5a8a P 98eb0c6d2bdf49dea8c48d3aeb5a8477: tablet deleted with delete type TABLET_DATA_TOMBSTONED: last-logged OpId 1.3
I20260710 11:08:15.697016 30204 log.cc:1199] T 06e0c017b703431a93c946f2e45a5a8a P 98eb0c6d2bdf49dea8c48d3aeb5a8477: Deleting WAL directory at /tmp/dist-test-taska__Rc1/test-tmp/auto_leader_rebalancer-test.0.LeaderRebalancerTest.AddTserver.1783681657572645-28387-0/minicluster-data/ts-1-root/wals/06e0c017b703431a93c946f2e45a5a8a
I20260710 11:08:15.697106 30205 ts_tablet_manager.cc:1916] T 7b444c11c1424d1198fb5ac5dbe31c99 P 598140b3c2c04d89a4427593b057dd17: Deleting tablet data with delete state TABLET_DATA_TOMBSTONED
I20260710 11:08:15.698848 29377 catalog_manager.cc:5028] TS 98eb0c6d2bdf49dea8c48d3aeb5a8477 (127.27.184.194:33519): tablet 06e0c017b703431a93c946f2e45a5a8a (table test-workload [id=100578a29cc6425da52cc6e62aca9a3a]) successfully deleted
I20260710 11:08:15.711865 30205 ts_tablet_manager.cc:1929] T 7b444c11c1424d1198fb5ac5dbe31c99 P 598140b3c2c04d89a4427593b057dd17: tablet deleted with delete type TABLET_DATA_TOMBSTONED: last-logged OpId 1.3
I20260710 11:08:15.712353 30205 log.cc:1199] T 7b444c11c1424d1198fb5ac5dbe31c99 P 598140b3c2c04d89a4427593b057dd17: Deleting WAL directory at /tmp/dist-test-taska__Rc1/test-tmp/auto_leader_rebalancer-test.0.LeaderRebalancerTest.AddTserver.1783681657572645-28387-0/minicluster-data/ts-2-root/wals/7b444c11c1424d1198fb5ac5dbe31c99
I20260710 11:08:15.713877 29376 catalog_manager.cc:5028] TS 598140b3c2c04d89a4427593b057dd17 (127.27.184.195:36711): tablet 7b444c11c1424d1198fb5ac5dbe31c99 (table test-workload [id=100578a29cc6425da52cc6e62aca9a3a]) successfully deleted
I20260710 11:08:16.711086 29492 consensus_queue.cc:237] T 5614c72cebba4d779b77aaef35e77929 P 9ed47629a6694c9488c2bf6221148356 [LEADER]: Queue going to LEADER mode. State: All replicated index: 0, Majority replicated index: 1, Committed index: 1, Last appended: 1.1, Last appended by leader: 0, Current term: 1, Majority size: 2, State: 0, Mode: LEADER, active raft config: opid_index: 2 OBSOLETE_local: false peers { permanent_uuid: "9ed47629a6694c9488c2bf6221148356" member_type: VOTER last_known_addr { host: "127.27.184.193" port: 33469 } } peers { permanent_uuid: "98eb0c6d2bdf49dea8c48d3aeb5a8477" member_type: VOTER last_known_addr { host: "127.27.184.194" port: 33519 } } peers { permanent_uuid: "598140b3c2c04d89a4427593b057dd17" member_type: VOTER last_known_addr { host: "127.27.184.195" port: 36711 } attrs { replace: true } } peers { permanent_uuid: "054317971ac64fc48406649f125dd605" member_type: NON_VOTER last_known_addr { host: "127.27.184.196" port: 35479 } attrs { promote: true } }
W20260710 11:08:16.719435 29455 consensus_peers.cc:597] T 5614c72cebba4d779b77aaef35e77929 P 9ed47629a6694c9488c2bf6221148356 -> Peer 054317971ac64fc48406649f125dd605 (127.27.184.196:35479): Couldn't send request to peer 054317971ac64fc48406649f125dd605. Error code: TABLET_NOT_FOUND (6). Status: Not found: Tablet not found: 5614c72cebba4d779b77aaef35e77929. This is attempt 1: this message will repeat every 5th retry.
I20260710 11:08:16.719632 29638 raft_consensus.cc:1275] T 5614c72cebba4d779b77aaef35e77929 P 598140b3c2c04d89a4427593b057dd17 [term 1 FOLLOWER]: Refusing update from remote peer 9ed47629a6694c9488c2bf6221148356: Log matching property violated. Preceding OpId in replica: term: 1 index: 1. Preceding OpId from leader: term: 1 index: 2. (index mismatch)
I20260710 11:08:16.719632 29565 raft_consensus.cc:1275] T 5614c72cebba4d779b77aaef35e77929 P 98eb0c6d2bdf49dea8c48d3aeb5a8477 [term 1 FOLLOWER]: Refusing update from remote peer 9ed47629a6694c9488c2bf6221148356: Log matching property violated. Preceding OpId in replica: term: 1 index: 1. Preceding OpId from leader: term: 1 index: 2. (index mismatch)
I20260710 11:08:16.721071 30206 consensus_queue.cc:1048] T 5614c72cebba4d779b77aaef35e77929 P 9ed47629a6694c9488c2bf6221148356 [LEADER]: Connected to new peer: Peer: permanent_uuid: "598140b3c2c04d89a4427593b057dd17" member_type: VOTER last_known_addr { host: "127.27.184.195" port: 36711 } attrs { replace: true }, Status: LMP_MISMATCH, Last received: 0.0, Next index: 2, Last known committed idx: 1, Time since last communication: 0.000s
I20260710 11:08:16.721828 30180 consensus_queue.cc:1048] T 5614c72cebba4d779b77aaef35e77929 P 9ed47629a6694c9488c2bf6221148356 [LEADER]: Connected to new peer: Peer: permanent_uuid: "98eb0c6d2bdf49dea8c48d3aeb5a8477" member_type: VOTER last_known_addr { host: "127.27.184.194" port: 33519 }, Status: LMP_MISMATCH, Last received: 0.0, Next index: 2, Last known committed idx: 1, Time since last communication: 0.000s
I20260710 11:08:16.728927 30206 raft_consensus.cc:2955] T 5614c72cebba4d779b77aaef35e77929 P 9ed47629a6694c9488c2bf6221148356 [term 1 LEADER]: Committing config change with OpId 1.2: config changed from index -1 to 2, NON_VOTER 054317971ac64fc48406649f125dd605 (127.27.184.196) added. New config: { opid_index: 2 OBSOLETE_local: false peers { permanent_uuid: "9ed47629a6694c9488c2bf6221148356" member_type: VOTER last_known_addr { host: "127.27.184.193" port: 33469 } } peers { permanent_uuid: "98eb0c6d2bdf49dea8c48d3aeb5a8477" member_type: VOTER last_known_addr { host: "127.27.184.194" port: 33519 } } peers { permanent_uuid: "598140b3c2c04d89a4427593b057dd17" member_type: VOTER last_known_addr { host: "127.27.184.195" port: 36711 } attrs { replace: true } } peers { permanent_uuid: "054317971ac64fc48406649f125dd605" member_type: NON_VOTER last_known_addr { host: "127.27.184.196" port: 35479 } attrs { promote: true } } }
I20260710 11:08:16.730681 29565 raft_consensus.cc:2955] T 5614c72cebba4d779b77aaef35e77929 P 98eb0c6d2bdf49dea8c48d3aeb5a8477 [term 1 FOLLOWER]: Committing config change with OpId 1.2: config changed from index -1 to 2, NON_VOTER 054317971ac64fc48406649f125dd605 (127.27.184.196) added. New config: { opid_index: 2 OBSOLETE_local: false peers { permanent_uuid: "9ed47629a6694c9488c2bf6221148356" member_type: VOTER last_known_addr { host: "127.27.184.193" port: 33469 } } peers { permanent_uuid: "98eb0c6d2bdf49dea8c48d3aeb5a8477" member_type: VOTER last_known_addr { host: "127.27.184.194" port: 33519 } } peers { permanent_uuid: "598140b3c2c04d89a4427593b057dd17" member_type: VOTER last_known_addr { host: "127.27.184.195" port: 36711 } attrs { replace: true } } peers { permanent_uuid: "054317971ac64fc48406649f125dd605" member_type: NON_VOTER last_known_addr { host: "127.27.184.196" port: 35479 } attrs { promote: true } } }
I20260710 11:08:16.731419 29638 raft_consensus.cc:2955] T 5614c72cebba4d779b77aaef35e77929 P 598140b3c2c04d89a4427593b057dd17 [term 1 FOLLOWER]: Committing config change with OpId 1.2: config changed from index -1 to 2, NON_VOTER 054317971ac64fc48406649f125dd605 (127.27.184.196) added. New config: { opid_index: 2 OBSOLETE_local: false peers { permanent_uuid: "9ed47629a6694c9488c2bf6221148356" member_type: VOTER last_known_addr { host: "127.27.184.193" port: 33469 } } peers { permanent_uuid: "98eb0c6d2bdf49dea8c48d3aeb5a8477" member_type: VOTER last_known_addr { host: "127.27.184.194" port: 33519 } } peers { permanent_uuid: "598140b3c2c04d89a4427593b057dd17" member_type: VOTER last_known_addr { host: "127.27.184.195" port: 36711 } attrs { replace: true } } peers { permanent_uuid: "054317971ac64fc48406649f125dd605" member_type: NON_VOTER last_known_addr { host: "127.27.184.196" port: 35479 } attrs { promote: true } } }
I20260710 11:08:16.740630 29641 consensus_queue.cc:237] T 8c594b8bfb7549ea8c9041defc6d17d5 P 598140b3c2c04d89a4427593b057dd17 [LEADER]: Queue going to LEADER mode. State: All replicated index: 0, Majority replicated index: 1, Committed index: 1, Last appended: 1.1, Last appended by leader: 0, Current term: 1, Majority size: 2, State: 0, Mode: LEADER, active raft config: opid_index: 2 OBSOLETE_local: false peers { permanent_uuid: "9ed47629a6694c9488c2bf6221148356" member_type: VOTER last_known_addr { host: "127.27.184.193" port: 33469 } } peers { permanent_uuid: "98eb0c6d2bdf49dea8c48d3aeb5a8477" member_type: VOTER last_known_addr { host: "127.27.184.194" port: 33519 } attrs { replace: true } } peers { permanent_uuid: "598140b3c2c04d89a4427593b057dd17" member_type: VOTER last_known_addr { host: "127.27.184.195" port: 36711 } } peers { permanent_uuid: "054317971ac64fc48406649f125dd605" member_type: NON_VOTER last_known_addr { host: "127.27.184.196" port: 35479 } attrs { promote: true } }
